000
CDUS41 KCAR 190535
CLIBGR


CLIMATE REPORT
NATIONAL WEATHER SERVICE CARIBOU, ME
1231 AM EST FRI JAN 19 2018


...................................

...THE BANGOR ME CLIMATE SUMMARY FOR JANUARY 18 2018...

CLIMATE NORMAL PERIOD 1981 TO 2010
CLIMATE RECORD PERIOD 1925 TO 2018


WEATHER ITEM   OBSERVED TIME   RECORD YEAR NORMAL DEPARTURE LAST
                VALUE   (LST)  VALUE       VALUE  FROM      YEAR
                                                  NORMAL
..................................................................
TEMPERATURE (F)
 YESTERDAY
  MAXIMUM         29    212 PM  55    2006  27      2       27
                                      1990
  MINIMUM          2    616 AM -24    1971   6     -4       19
                                      1957
  AVERAGE         16                        16      0       23

PRECIPITATION (IN)
  YESTERDAY        0.02          1.06 1926   0.10  -0.08     0.01
  MONTH TO DATE    4.08                      1.69   2.39     1.81
  SINCE DEC 1      7.91                      5.17   2.74     5.58
  SINCE JAN 1      4.08                      1.69   2.39     1.81

SNOWFALL (IN)
  YESTERDAY        0.5          11.5  2009   0.6             0.5
  MONTH TO DATE   26.4                      11.3             3.4
  SINCE DEC 1     54.1                      25.7            21.8
  SINCE JUL 1     54.1                      28.1            23.3
  SNOW DEPTH       6

DEGREE DAYS
 HEATING
  YESTERDAY       49                        49      0       42
  MONTH TO DATE  892                       859     33      783
  SINCE DEC 1   2339                      2111    228     2102
  SINCE JUL 1   3598                      3780   -182     3521

 COOLING
  YESTERDAY        0                         0      0        0
  MONTH TO DATE    0                         0      0        0
  SINCE DEC 1      0                         0      0        0
  SINCE JAN 1      0                         0      0        0
..................................................................


WIND (MPH)
  RESULTANT WIND SPEED   4   RESULTANT WIND DIRECTION  NW (300)
  HIGHEST WIND SPEED    12   HIGHEST WIND DIRECTION    NW (310)
  HIGHEST GUST SPEED    16   HIGHEST GUST DIRECTION    NW (310)


SKY COVER
  POSSIBLE SUNSHINE  MM
  AVERAGE SKY COVER 0.5


WEATHER CONDITIONS
 THE FOLLOWING WEATHER WAS RECORDED YESTERDAY.
  LIGHT SNOW
  FOG
  FOG W/VISIBILITY <= 1/4 MILE


RELATIVE HUMIDITY (PERCENT)
 HIGHEST   100
 LOWEST     68
 AVERAGE    84

..........................................................


THE BANGOR ME CLIMATE NORMALS FOR TODAY
                         NORMAL    RECORD    YEAR
 MAXIMUM TEMPERATURE (F)   27        52      1996
 MINIMUM TEMPERATURE (F)    6       -28      1971


SUNRISE AND SUNSET
JANUARY 19 2018.......SUNRISE   707 AM EST   SUNSET   426 PM EST
JANUARY 20 2018.......SUNRISE   706 AM EST   SUNSET   427 PM EST


-  INDICATES NEGATIVE NUMBERS.
R  INDICATES RECORD WAS SET OR TIED.
MM INDICATES DATA IS MISSING.
T  INDICATES TRACE AMOUNT.




$$
