000
CDUS41 KCAR 250537
CLIBGR


CLIMATE REPORT
NATIONAL WEATHER SERVICE CARIBOU, ME
1229 AM EST THU DEC 25 2014


...................................

...THE BANGOR ME CLIMATE SUMMARY FOR DECEMBER 24 2014...

CLIMATE NORMAL PERIOD 1981 TO 2010
CLIMATE RECORD PERIOD 1925 TO 2014


WEATHER ITEM   OBSERVED TIME   RECORD YEAR NORMAL DEPARTURE LAST
                VALUE   (LST)  VALUE       VALUE  FROM      YEAR
                                                  NORMAL
..................................................................
TEMPERATURE (F)
 YESTERDAY
  MAXIMUM         38   1159 PM  56    2003  31      7       29
  MINIMUM         34    923 AM -16    1943  12     22        9
  AVERAGE         36                        21     15       19

PRECIPITATION (IN)
  YESTERDAY        0.52          2.18 1952   0.11   0.41      T
  MONTH TO DATE    4.62                      2.83   1.79     2.25
  SINCE DEC 1      4.62                      2.83   1.79     2.25
  SINCE JAN 1     43.31                     41.28   2.03    39.38

SNOWFALL (IN)
  YESTERDAY        0.0           8.3  1961   0.5              T
  MONTH TO DATE    6.5                      10.5            16.6
  SINCE DEC 1      6.5                      10.5            16.6
  SINCE JUL 1     32.4                      12.9            17.3
  SNOW DEPTH       T

DEGREE DAYS
 HEATING
  YESTERDAY       29                        44    -15       46
  MONTH TO DATE  872                       936    -64     1058
  SINCE DEC 1    872                       936    -64     1058
  SINCE JUL 1   2456                      2605   -149     2643

 COOLING
  YESTERDAY        0                         0      0        0
  MONTH TO DATE    0                         0      0        0
  SINCE DEC 1      0                         0      0        0
  SINCE JAN 1    363                       318     45      355
..................................................................


WIND (MPH)
  RESULTANT WIND SPEED   4   RESULTANT WIND DIRECTION   N (10)
  HIGHEST WIND SPEED     9   HIGHEST WIND DIRECTION    NE (30)
  HIGHEST GUST SPEED    12   HIGHEST GUST DIRECTION    NE (30)


SKY COVER
  POSSIBLE SUNSHINE  MM
  AVERAGE SKY COVER 1.0


WEATHER CONDITIONS
 THE FOLLOWING WEATHER WAS RECORDED YESTERDAY.
  LIGHT RAIN
  FOG


RELATIVE HUMIDITY (PERCENT)
 HIGHEST   100
 LOWEST     92
 AVERAGE    96

..........................................................


THE BANGOR ME CLIMATE NORMALS FOR TODAY
                         NORMAL    RECORD    YEAR
 MAXIMUM TEMPERATURE (F)   31        51      2003
 MINIMUM TEMPERATURE (F)   11       -17      1980
                                             1975


SUNRISE AND SUNSET
DECEMBER 25 2014......SUNRISE   711 AM EST   SUNSET   359 PM EST
DECEMBER 26 2014......SUNRISE   712 AM EST   SUNSET   400 PM EST


-  INDICATES NEGATIVE NUMBERS.
R  INDICATES RECORD WAS SET OR TIED.
MM INDICATES DATA IS MISSING.
T  INDICATES TRACE AMOUNT.




$$
