000
CDUS41 KCAR 090535
CLIBGR


CLIMATE REPORT
NATIONAL WEATHER SERVICE CARIBOU, ME
1235 AM EST TUE FEB 9 2016


...................................

...THE BANGOR ME CLIMATE SUMMARY FOR FEBRUARY 8 2016...

CLIMATE NORMAL PERIOD 1981 TO 2010
CLIMATE RECORD PERIOD 1925 TO 2016


WEATHER ITEM   OBSERVED TIME   RECORD YEAR NORMAL DEPARTURE LAST
                VALUE   (LST)  VALUE       VALUE  FROM      YEAR
                                                  NORMAL
..................................................................
TEMPERATURE (F)
 YESTERDAY
  MAXIMUM         20    539 PM  47    2009  30    -10       12
  MINIMUM          9    727 AM -19    1934   8      1        2
  AVERAGE         15                        19     -4        7

PRECIPITATION (IN)
  YESTERDAY        0.05          1.08 1958   0.08  -0.03     0.08
  MONTH TO DATE    1.12                      0.70   0.42     1.22
  SINCE DEC 1      7.56                      7.07   0.49     9.14
  SINCE JAN 1      3.50                      3.59  -0.09     3.91

SNOWFALL (IN)
  YESTERDAY        1.0           6.1  1971   0.5             2.5
  MONTH TO DATE   11.9                       4.2            21.8
  SINCE DEC 1     28.4                      37.8            70.6
  SINCE JUL 1     30.9                      40.2            96.5
  SNOW DEPTH       9

DEGREE DAYS
 HEATING
  YESTERDAY       50                        46      4       58
  MONTH TO DATE  285                       373    -88      482
  SINCE DEC 1   2551                      3111   -560     3148
  SINCE JUL 1   4052                      4780   -728     4732

 COOLING
  YESTERDAY        0                         0      0        0
  MONTH TO DATE    0                         0      0        0
  SINCE DEC 1      0                         0      0        0
  SINCE JAN 1      0                         0      0        0
..................................................................


WIND (MPH)
  RESULTANT WIND SPEED  16   RESULTANT WIND DIRECTION   N (20)
  HIGHEST WIND SPEED    25   HIGHEST WIND DIRECTION    NE (30)
  HIGHEST GUST SPEED    34   HIGHEST GUST DIRECTION    NE (30)


SKY COVER
  POSSIBLE SUNSHINE  MM
  AVERAGE SKY COVER 0.8


WEATHER CONDITIONS
 THE FOLLOWING WEATHER WAS RECORDED YESTERDAY.
  SNOW
  LIGHT SNOW
  FOG
  HAZE


RELATIVE HUMIDITY (PERCENT)
 HIGHEST    84
 LOWEST     48
 AVERAGE    66

..........................................................


THE BANGOR ME CLIMATE NORMALS FOR TODAY
                         NORMAL    RECORD    YEAR
 MAXIMUM TEMPERATURE (F)   30        51      1990
 MINIMUM TEMPERATURE (F)    9       -24      1934


SUNRISE AND SUNSET
FEBRUARY  9 2016......SUNRISE   645 AM EST   SUNSET   454 PM EST
FEBRUARY 10 2016......SUNRISE   644 AM EST   SUNSET   456 PM EST


-  INDICATES NEGATIVE NUMBERS.
R  INDICATES RECORD WAS SET OR TIED.
MM INDICATES DATA IS MISSING.
T  INDICATES TRACE AMOUNT.




$$
