000
CDUS41 KCAR 050536
CLIBGR


CLIMATE REPORT
NATIONAL WEATHER SERVICE CARIBOU, ME
1232 AM EST THU MAR 5 2015


...................................

...THE BANGOR ME CLIMATE SUMMARY FOR MARCH 4 2015...

CLIMATE NORMAL PERIOD 1981 TO 2010
CLIMATE RECORD PERIOD 1925 TO 2015


WEATHER ITEM   OBSERVED TIME   RECORD YEAR NORMAL DEPARTURE LAST
                VALUE   (LST)  VALUE       VALUE  FROM      YEAR
                                                  NORMAL
..................................................................
TEMPERATURE (F)
 YESTERDAY
  MAXIMUM         43    337 PM  55    1974  36      7       24
  MINIMUM         27   1040 PM -15    2011  16     11       -7
  AVERAGE         35                        26      9        9

PRECIPITATION (IN)
  YESTERDAY        0.09          1.16 1959   0.10  -0.01      T
  MONTH TO DATE    0.28                      0.38  -0.10      T
  SINCE MAR 1      0.28                      0.38  -0.10      T
  SINCE JAN 1      5.17                      5.79  -0.62     5.17

SNOWFALL (IN)
  YESTERDAY        1.4          11.6  1959   0.4              T
  MONTH TO DATE    3.9                       1.8              T
  SINCE MAR 1      3.9                       1.8              T
  SINCE JUL 1    121.0                      52.5            63.2
  SNOW DEPTH      MM

DEGREE DAYS
 HEATING
  YESTERDAY       30                        39     -9       56
  MONTH TO DATE  179                       158     21      205
  SINCE MAR 1    179                       158     21      205
  SINCE JUL 1   6069                      5804    265     5957

 COOLING
  YESTERDAY        0                         0      0        0
  MONTH TO DATE    0                         0      0        0
  SINCE MAR 1      0                         0      0        0
  SINCE JAN 1      0                         0      0        0
..................................................................


WIND (MPH)
  RESULTANT WIND SPEED   6   RESULTANT WIND DIRECTION  SW (220)
  HIGHEST WIND SPEED    18   HIGHEST WIND DIRECTION     S (180)
  HIGHEST GUST SPEED    26   HIGHEST GUST DIRECTION     W (280)


SKY COVER
  POSSIBLE SUNSHINE  MM
  AVERAGE SKY COVER 0.8


WEATHER CONDITIONS
 THE FOLLOWING WEATHER WAS RECORDED YESTERDAY.
  LIGHT SNOW
  FOG


RELATIVE HUMIDITY (PERCENT)
 HIGHEST    92
 LOWEST     43
 AVERAGE    68

..........................................................


THE BANGOR ME CLIMATE NORMALS FOR TODAY
                         NORMAL    RECORD    YEAR
 MAXIMUM TEMPERATURE (F)   36        55      1934
 MINIMUM TEMPERATURE (F)   16        -9      1948


SUNRISE AND SUNSET
MARCH  5 2015.........SUNRISE   606 AM EST   SUNSET   528 PM EST
MARCH  6 2015.........SUNRISE   605 AM EST   SUNSET   529 PM EST


-  INDICATES NEGATIVE NUMBERS.
R  INDICATES RECORD WAS SET OR TIED.
MM INDICATES DATA IS MISSING.
T  INDICATES TRACE AMOUNT.




$$
