000
CDUS41 KCAR 200527
CLIBGR


CLIMATE REPORT
NATIONAL WEATHER SERVICE CARIBOU, ME
1226 AM EST MON NOV 20 2017


...................................

...THE BANGOR ME CLIMATE SUMMARY FOR NOVEMBER 19 2017...

CLIMATE NORMAL PERIOD 1981 TO 2010
CLIMATE RECORD PERIOD 1925 TO 2017


WEATHER ITEM   OBSERVED TIME   RECORD YEAR NORMAL DEPARTURE LAST
                VALUE   (LST)  VALUE       VALUE  FROM      YEAR
                                                  NORMAL
..................................................................
TEMPERATURE (F)
 YESTERDAY
  MAXIMUM         56    240 PM  65    1953  44     12       45
  MINIMUM         32   1154 PM   8    1936  28      4       35
  AVERAGE         44                        36      8       40

PRECIPITATION (IN)
  YESTERDAY        0.64          0.67 1926   0.15   0.49     0.01
  MONTH TO DATE    2.11                      2.64  -0.53     1.99
  SINCE SEP 1     10.39                     10.64  -0.25     6.42
  SINCE JAN 1     36.56                     36.89  -0.33    28.41

SNOWFALL (IN)
  YESTERDAY        0.0           6.0  1995   0.1             0.0
  MONTH TO DATE    T                         0.6             0.0
  SINCE SEP 1      T                         0.7             0.0
  SINCE JUL 1      T                         0.7             0.0
  SNOW DEPTH       0

DEGREE DAYS
 HEATING
  YESTERDAY       21                        29     -8       25
  MONTH TO DATE  507                       494     13      426
  SINCE SEP 1    869                      1257   -388     1065
  SINCE JUL 1    916                      1320   -404     1092

 COOLING
  YESTERDAY        0                         0      0        0
  MONTH TO DATE    0                         0      0        0
  SINCE SEP 1     86                        24     62       59
  SINCE JAN 1    368                       318     50      448
..................................................................


WIND (MPH)
  RESULTANT WIND SPEED   5   RESULTANT WIND DIRECTION  SW (220)
  HIGHEST WIND SPEED    23   HIGHEST WIND DIRECTION     W (280)
  HIGHEST GUST SPEED    33   HIGHEST GUST DIRECTION    NW (310)


SKY COVER
  POSSIBLE SUNSHINE  MM
  AVERAGE SKY COVER 1.0


WEATHER CONDITIONS
 THE FOLLOWING WEATHER WAS RECORDED YESTERDAY.
  RAIN
  LIGHT RAIN
  FOG


RELATIVE HUMIDITY (PERCENT)
 HIGHEST   100
 LOWEST     56
 AVERAGE    78

..........................................................


THE BANGOR ME CLIMATE NORMALS FOR TODAY
                         NORMAL    RECORD    YEAR
 MAXIMUM TEMPERATURE (F)   44        72      1953
 MINIMUM TEMPERATURE (F)   27         6      1939


SUNRISE AND SUNSET
NOVEMBER 20 2017......SUNRISE   639 AM EST   SUNSET   402 PM EST
NOVEMBER 21 2017......SUNRISE   641 AM EST   SUNSET   401 PM EST


-  INDICATES NEGATIVE NUMBERS.
R  INDICATES RECORD WAS SET OR TIED.
MM INDICATES DATA IS MISSING.
T  INDICATES TRACE AMOUNT.




$$
