000
CDUS41 KCAR 280546
CLIBGR


CLIMATE REPORT
NATIONAL WEATHER SERVICE CARIBOU, ME
144 AM EDT TUE JUL 28 2015


...................................

...THE BANGOR ME CLIMATE SUMMARY FOR JULY 27 2015...

CLIMATE NORMAL PERIOD 1981 TO 2010
CLIMATE RECORD PERIOD 1925 TO 2015


WEATHER ITEM   OBSERVED TIME   RECORD YEAR NORMAL DEPARTURE LAST
                VALUE   (LST)  VALUE       VALUE  FROM      YEAR
                                                  NORMAL
..................................................................
TEMPERATURE (F)
 YESTERDAY
  MAXIMUM         78    239 PM  94    1963  80     -2       77
                                      1949
  MINIMUM         61    347 AM  42    1946  58      3       60
  AVERAGE         70                        69      1       69

PRECIPITATION (IN)
  YESTERDAY        0.01          2.18 2005   0.12  -0.11     0.37
  MONTH TO DATE    0.92                      2.99  -2.07     6.27
  SINCE JUN 1      5.82                      6.75  -0.93     9.86
  SINCE JAN 1     16.87                     22.80  -5.93    24.27

SNOWFALL (IN)
  YESTERDAY        0.0           0.0  2002   0.0             0.0
                                      2001
  MONTH TO DATE    0.0                       0.0             0.0
  SINCE JUN 1      0.0                       0.0             0.0
  SINCE JUL 1      0.0                       0.0             0.0
  SNOW DEPTH       0

DEGREE DAYS
 HEATING
  YESTERDAY        0                         1     -1        0
  MONTH TO DATE   29                        27      2        5
  SINCE JUN 1    205                       134     71       76
  SINCE JUL 1     29                        27      2        5

 COOLING
  YESTERDAY        5                         5      0        4
  MONTH TO DATE   69                       116    -47      161
  SINCE JUN 1     93                       168    -75      207
  SINCE JAN 1    116                       174    -58      207
..................................................................


WIND (MPH)
  RESULTANT WIND SPEED   4   RESULTANT WIND DIRECTION   S (180)
  HIGHEST WIND SPEED    14   HIGHEST WIND DIRECTION     S (160)
  HIGHEST GUST SPEED    16   HIGHEST GUST DIRECTION     S (170)


SKY COVER
  POSSIBLE SUNSHINE  MM
  AVERAGE SKY COVER 0.9


WEATHER CONDITIONS
 THE FOLLOWING WEATHER WAS RECORDED YESTERDAY.
  LIGHT RAIN
  FOG


RELATIVE HUMIDITY (PERCENT)
 HIGHEST   100
 LOWEST     69
 AVERAGE    85

..........................................................


THE BANGOR ME CLIMATE NORMALS FOR TODAY
                         NORMAL    RECORD    YEAR
 MAXIMUM TEMPERATURE (F)   80        96      1949
 MINIMUM TEMPERATURE (F)   58        43      1946


SUNRISE AND SUNSET
JULY 28 2015..........SUNRISE   516 AM EDT   SUNSET   806 PM EDT
JULY 29 2015..........SUNRISE   518 AM EDT   SUNSET   805 PM EDT


-  INDICATES NEGATIVE NUMBERS.
R  INDICATES RECORD WAS SET OR TIED.
MM INDICATES DATA IS MISSING.
T  INDICATES TRACE AMOUNT.




$$
