000
CDUS41 KCAR 260530
CLIBGR


CLIMATE REPORT
NATIONAL WEATHER SERVICE CARIBOU, ME
128 AM EDT TUE JUL 26 2016


...................................

...THE BANGOR ME CLIMATE SUMMARY FOR JULY 25 2016...

CLIMATE NORMAL PERIOD 1981 TO 2010
CLIMATE RECORD PERIOD 1925 TO 2016


WEATHER ITEM   OBSERVED TIME   RECORD YEAR NORMAL DEPARTURE LAST
                VALUE   (LST)  VALUE       VALUE  FROM      YEAR
                                                  NORMAL
..................................................................
TEMPERATURE (F)
 YESTERDAY
  MAXIMUM         89    125 PM  98    1941  80      9       71
  MINIMUM         64    527 AM  44    2002  58      6       54
  AVERAGE         77                        69      8       63

PRECIPITATION (IN)
  YESTERDAY        T             1.05 1967   0.12  -0.12     0.00
  MONTH TO DATE    2.66                      2.75  -0.09     0.89
  SINCE JUN 1      5.51                      6.51  -1.00     5.79
  SINCE JAN 1     19.72                     22.56  -2.84    16.84

SNOWFALL (IN)
  YESTERDAY        0.0           0.0  2002   0.0             0.0
                                      2001
  MONTH TO DATE    0.0                       0.0             0.0
  SINCE JUN 1      0.0                       0.0             0.0
  SINCE JUL 1      0.0                       0.0             0.0
  SNOW DEPTH       0

DEGREE DAYS
 HEATING
  YESTERDAY        0                         1     -1        2
  MONTH TO DATE   11                        25    -14       21
  SINCE JUN 1     58                       132    -74      197
  SINCE JUL 1     11                        25    -14       21

 COOLING
  YESTERDAY       12                         5      7        0
  MONTH TO DATE  204                       106     98       64
  SINCE JUN 1    260                       158    102       88
  SINCE JAN 1    285                       164    121      111
..................................................................


WIND (MPH)
  RESULTANT WIND SPEED   4   RESULTANT WIND DIRECTION   S (180)
  HIGHEST WIND SPEED    16   HIGHEST WIND DIRECTION     S (170)
  HIGHEST GUST SPEED    22   HIGHEST GUST DIRECTION     S (170)


SKY COVER
  POSSIBLE SUNSHINE  MM
  AVERAGE SKY COVER 0.8


WEATHER CONDITIONS
 THE FOLLOWING WEATHER WAS RECORDED YESTERDAY.
  LIGHT RAIN


RELATIVE HUMIDITY (PERCENT)
 HIGHEST    78
 LOWEST     36
 AVERAGE    57

..........................................................


THE BANGOR ME CLIMATE NORMALS FOR TODAY
                         NORMAL    RECORD    YEAR
 MAXIMUM TEMPERATURE (F)   80        96      1963
 MINIMUM TEMPERATURE (F)   58        44      1929
                                             1926


SUNRISE AND SUNSET
JULY 26 2016..........SUNRISE   515 AM EDT   SUNSET   808 PM EDT
JULY 27 2016..........SUNRISE   516 AM EDT   SUNSET   807 PM EDT


-  INDICATES NEGATIVE NUMBERS.
R  INDICATES RECORD WAS SET OR TIED.
MM INDICATES DATA IS MISSING.
T  INDICATES TRACE AMOUNT.




$$
