000
CDUS41 KCAR 270529
CLIBGR


CLIMATE REPORT
NATIONAL WEATHER SERVICE CARIBOU, ME
127 AM EDT FRI MAY 27 2016


...................................

...THE BANGOR ME CLIMATE SUMMARY FOR MAY 26 2016...

CLIMATE NORMAL PERIOD 1981 TO 2010
CLIMATE RECORD PERIOD 1925 TO 2016


WEATHER ITEM   OBSERVED TIME   RECORD YEAR NORMAL DEPARTURE LAST
                VALUE   (LST)  VALUE       VALUE  FROM      YEAR
                                                  NORMAL
..................................................................
TEMPERATURE (F)
 YESTERDAY
  MAXIMUM         82    349 PM  88    2010  68     14       81
                                      1933
  MINIMUM         55   1202 AM  32    2009  46      9       56
  AVERAGE         69                        57     12       69

PRECIPITATION (IN)
  YESTERDAY        0.00          2.41 2005   0.13  -0.13     0.19
  MONTH TO DATE    1.84                      3.03  -1.19     1.20
  SINCE MAR 1      7.69                     10.03  -2.34     5.04
  SINCE JAN 1     13.96                     15.44  -1.48     9.93

SNOWFALL (IN)
  YESTERDAY        0.0           0.0  2002   0.0             0.0
                                      2001
  MONTH TO DATE    T                         0.1             0.0
  SINCE MAR 1      6.0                      15.5            21.9
  SINCE JUL 1     44.6                      66.2           139.0
  SNOW DEPTH       0

DEGREE DAYS
 HEATING
  YESTERDAY        0                         8     -8        0
  MONTH TO DATE  216                       318   -102      244
  SINCE MAR 1   1929                      2070   -141     2219
  SINCE JUL 1   6844                      7716   -872     8109

 COOLING
  YESTERDAY        4                         0      4        4
  MONTH TO DATE   10                         0     10        7
  SINCE MAR 1     10                         0     10        7
  SINCE JAN 1     10                         0     10        7
..................................................................


WIND (MPH)
  RESULTANT WIND SPEED   2   RESULTANT WIND DIRECTION   N (340)
  HIGHEST WIND SPEED    16   HIGHEST WIND DIRECTION    SE (130)
  HIGHEST GUST SPEED    20   HIGHEST GUST DIRECTION    SE (130)


SKY COVER
  POSSIBLE SUNSHINE  MM
  AVERAGE SKY COVER 0.4


WEATHER CONDITIONS
 THE FOLLOWING WEATHER WAS RECORDED YESTERDAY.
  NO SIGNIFICANT WEATHER WAS OBSERVED.


RELATIVE HUMIDITY (PERCENT)
 HIGHEST    86
 LOWEST     33
 AVERAGE    60

..........................................................


THE BANGOR ME CLIMATE NORMALS FOR TODAY
                         NORMAL    RECORD    YEAR
 MAXIMUM TEMPERATURE (F)   69        89      1933
 MINIMUM TEMPERATURE (F)   46        31      1969
                                             1939


SUNRISE AND SUNSET
MAY 27 2016...........SUNRISE   455 AM EDT   SUNSET   810 PM EDT
MAY 28 2016...........SUNRISE   455 AM EDT   SUNSET   811 PM EDT


-  INDICATES NEGATIVE NUMBERS.
R  INDICATES RECORD WAS SET OR TIED.
MM INDICATES DATA IS MISSING.
T  INDICATES TRACE AMOUNT.




$$
