571
CDUS44 KBMX 291037
CLIBHM


CLIMATE REPORT
NATIONAL WEATHER SERVICE BIRMINGHAM, AL
537 AM CDT SAT APR 29 2017


...................................

...THE BIRMINGHAM CLIMATE SUMMARY FOR APRIL 28 2017...

CLIMATE NORMAL PERIOD 1981 TO 2010
CLIMATE RECORD PERIOD 1895 TO 2017


WEATHER ITEM   OBSERVED TIME   RECORD YEAR NORMAL DEPARTURE LAST
                VALUE   (LST)  VALUE       VALUE  FROM      YEAR
                                                  NORMAL
..................................................................
TEMPERATURE (F)
 YESTERDAY
  MAXIMUM         88    426 PM  89    1899  77     11       85
  MINIMUM         62   1226 AM  37    1973  54      8       66
  AVERAGE         75                        66      9       76

PRECIPITATION (IN)
  YESTERDAY        0.00          1.60 1984   0.14  -0.14     0.00
  MONTH TO DATE    5.23                      4.09   1.14     2.87
  SINCE MAR 1     10.47                      9.32   1.15     8.57
  SINCE JAN 1     20.13                     18.69   1.44    19.31

SNOWFALL (IN)
  YESTERDAY        0.0                       0.0    0.0      0.0
  MONTH TO DATE    0.0                       0.2   -0.2      0.0
  SINCE MAR 1      0.0                       0.8   -0.8      0.0
  SINCE JUL 1      0.3                       1.6   -1.3       T
  SNOW DEPTH       0

DEGREE DAYS
 HEATING
  YESTERDAY        0                         2     -2        0
  MONTH TO DATE   38                       136    -98       78
  SINCE MAR 1    289                       458   -169      269
  SINCE JUL 1   1661                      2648   -987     1939

 COOLING
  YESTERDAY       10                         3      7       11
  MONTH TO DATE  146                        56     90       49
  SINCE MAR 1    200                        74    126       90
  SINCE JAN 1    215                        78    137       97
..................................................................


WIND (MPH)
  HIGHEST WIND SPEED    24   HIGHEST WIND DIRECTION     S (190)
  HIGHEST GUST SPEED    33   HIGHEST GUST DIRECTION     S (180)
  AVERAGE WIND SPEED    10.9


SKY COVER
  AVERAGE SKY COVER 0.6


WEATHER CONDITIONS
 THE FOLLOWING WEATHER WAS RECORDED YESTERDAY.
  FOG


RELATIVE HUMIDITY (PERCENT)
 HIGHEST    90           600 AM
 LOWEST     50           100 PM
 AVERAGE    70

..........................................................


THE BIRMINGHAM CLIMATE NORMALS FOR TODAY
                         NORMAL    RECORD    YEAR
 MAXIMUM TEMPERATURE (F)   78        89      1915
 MINIMUM TEMPERATURE (F)   54        37      1992


SUNRISE AND SUNSET
APRIL 29 2017.........SUNRISE   600 AM CDT   SUNSET   729 PM CDT
APRIL 30 2017.........SUNRISE   559 AM CDT   SUNSET   729 PM CDT


-  INDICATES NEGATIVE NUMBERS.
R  INDICATES RECORD WAS SET OR TIED.
MM INDICATES DATA IS MISSING.
T  INDICATES TRACE AMOUNT.




$$
