000
CDUS44 KBMX 122111
CLIBHM


CLIMATE REPORT
NATIONAL WEATHER SERVICE BIRMINGHAM, AL
411 PM CDT SAT JUL 12 2014


...................................

...THE BIRMINGHAM CLIMATE SUMMARY FOR JULY 12 2014...
VALID AS OF 0400 PM LOCAL TIME.

CLIMATE NORMAL PERIOD 1981 TO 2010
CLIMATE RECORD PERIOD 1895 TO 2014


WEATHER ITEM   OBSERVED TIME   RECORD YEAR NORMAL DEPARTURE LAST
                VALUE   (LST)  VALUE       VALUE  FROM      YEAR
                                                  NORMAL
..................................................................
TEMPERATURE (F)
 TODAY
  MAXIMUM         94    244 PM 106    1930  91      3       89
  MINIMUM         74    253 AM  58    1975  71      3       71
  AVERAGE         84                        81      3       80

PRECIPITATION (IN)
  TODAY            0.00          3.14 1961   0.16  -0.16     0.00
  MONTH TO DATE    T                         1.89  -1.89     2.21
  SINCE JUN 1      4.81                      6.27  -1.46    10.87
  SINCE JAN 1     27.67                     30.24  -2.57    41.38

DEGREE DAYS
 COOLING
  TODAY           19                        16      3       15
  MONTH TO DATE  184                       189     -5      149
  SINCE JUN 1    590                       571     19      570
  SINCE JAN 1    883                       853     30      835
..................................................................


WIND (MPH)
  HIGHEST WIND SPEED    13   HIGHEST WIND DIRECTION     E (90)
  HIGHEST GUST SPEED    16   HIGHEST GUST DIRECTION    NE (60)
  AVERAGE WIND SPEED     3.6


SKY COVER
  AVERAGE SKY COVER 0.2


WEATHER CONDITIONS
 THE FOLLOWING WEATHER WAS RECORDED TODAY.
  NO SIGNIFICANT WEATHER WAS OBSERVED.


RELATIVE HUMIDITY (PERCENT)
 HIGHEST    87           300 AM
 LOWEST     41           100 PM
 AVERAGE    64

..........................................................


THE BIRMINGHAM CLIMATE NORMALS FOR TOMORROW
                         NORMAL    RECORD    YEAR
 MAXIMUM TEMPERATURE (F)   91       106      1980
 MINIMUM TEMPERATURE (F)   72        60      1918
                                             1898


SUNRISE AND SUNSET
JULY 12 2014..........SUNRISE   546 AM CDT   SUNSET   759 PM CDT
JULY 13 2014..........SUNRISE   547 AM CDT   SUNSET   759 PM CDT


-  INDICATES NEGATIVE NUMBERS.
R  INDICATES RECORD WAS SET OR TIED.
MM INDICATES DATA IS MISSING.
T  INDICATES TRACE AMOUNT.




$$
