000
CDUS44 KBMX 300852
CLIBHM


CLIMATE REPORT
NATIONAL WEATHER SERVICE BIRMINGHAM, AL
352 AM CDT TUE AUG 30 2016


...................................

...THE BIRMINGHAM CLIMATE SUMMARY FOR AUGUST 29 2016...

CLIMATE NORMAL PERIOD 1981 TO 2010
CLIMATE RECORD PERIOD 1895 TO 2016


WEATHER ITEM   OBSERVED TIME   RECORD YEAR NORMAL DEPARTURE LAST
                VALUE   (LST)  VALUE       VALUE  FROM      YEAR
                                                  NORMAL
..................................................................
TEMPERATURE (F)
 YESTERDAY
  MAXIMUM         96    209 PM 101    1990  90      6       84
  MINIMUM         75    610 AM  52    1992  70      5       70
  AVERAGE         86                        80      6       77

PRECIPITATION (IN)
  YESTERDAY        0.00          2.69 1950   0.11  -0.11     1.16
  MONTH TO DATE    2.52                      3.69  -1.17     7.04
  SINCE JUN 1     13.56                     12.87   0.69    16.15
  SINCE JAN 1     35.17                     36.84  -1.67    41.88

DEGREE DAYS
 COOLING
  YESTERDAY       21                        15      6       12
  MONTH TO DATE  533                       456     77      436
  SINCE JUN 1   1602                      1337    265     1460
  SINCE JAN 1   1925                      1619    306     1795
..................................................................


WIND (MPH)
  HIGHEST WIND SPEED    15   HIGHEST WIND DIRECTION    NE (50)
  HIGHEST GUST SPEED    19   HIGHEST GUST DIRECTION    NE (50)
  AVERAGE WIND SPEED     6.4


SKY COVER
  AVERAGE SKY COVER 0.2


WEATHER CONDITIONS
 THE FOLLOWING WEATHER WAS RECORDED YESTERDAY.
  NO SIGNIFICANT WEATHER WAS OBSERVED.


RELATIVE HUMIDITY (PERCENT)
 HIGHEST    82           100 AM
 LOWEST     36           300 PM
 AVERAGE    59

..........................................................


THE BIRMINGHAM CLIMATE NORMALS FOR TODAY
                         NORMAL    RECORD    YEAR
 MAXIMUM TEMPERATURE (F)   89       100      1995
                                             1951
 MINIMUM TEMPERATURE (F)   69        54      1992


SUNRISE AND SUNSET
AUGUST 30 2016........SUNRISE   620 AM CDT   SUNSET   714 PM CDT
AUGUST 31 2016........SUNRISE   621 AM CDT   SUNSET   713 PM CDT


-  INDICATES NEGATIVE NUMBERS.
R  INDICATES RECORD WAS SET OR TIED.
MM INDICATES DATA IS MISSING.
T  INDICATES TRACE AMOUNT.




$$
