000
CDUS44 KBMX 210834
CLIBHM


CLIMATE REPORT
NATIONAL WEATHER SERVICE BIRMINGHAM, AL
233 AM CST TUE FEB 21 2017


...................................

...THE BIRMINGHAM CLIMATE SUMMARY FOR FEBRUARY 20 2017...

CLIMATE NORMAL PERIOD 1981 TO 2010
CLIMATE RECORD PERIOD 1895 TO 2017


WEATHER ITEM   OBSERVED TIME   RECORD YEAR NORMAL DEPARTURE LAST
                VALUE   (LST)  VALUE       VALUE  FROM      YEAR
                                                  NORMAL
..................................................................
TEMPERATURE (F)
 YESTERDAY
  MAXIMUM         77    232 PM  78    1986  60     17       67
  MINIMUM         49    547 AM  16    1958  38     11       57
  AVERAGE         63                        49     14       62

PRECIPITATION (IN)
  YESTERDAY        0.00          3.02 1961   0.17  -0.17     0.00
  MONTH TO DATE    2.25                      3.18  -0.93     4.26
  SINCE DEC 1     11.35                     12.47  -1.12    18.07
  SINCE JAN 1      8.96                      8.02   0.94     7.54

SNOWFALL (IN)
  YESTERDAY        0.0                       0.0    0.0      0.0
  MONTH TO DATE    0.0                       0.1   -0.1       T
  SINCE DEC 1      0.3                       0.8   -0.5       T
  SINCE JUL 1      0.3                       0.8   -0.5       T
  SNOW DEPTH       0

DEGREE DAYS
 HEATING
  YESTERDAY        2                        16    -14        3
  MONTH TO DATE  221                       367   -146      338
  SINCE DEC 1   1094                      1614   -520     1308
  SINCE JUL 1   1326                      2072   -746     1579
..................................................................


WIND (MPH)
  HIGHEST WIND SPEED    14   HIGHEST WIND DIRECTION     E (100)
  HIGHEST GUST SPEED    17   HIGHEST GUST DIRECTION     E (110)
  AVERAGE WIND SPEED     3.2


SKY COVER
  AVERAGE SKY COVER 0.5


WEATHER CONDITIONS
 THE FOLLOWING WEATHER WAS RECORDED YESTERDAY.
  NO SIGNIFICANT WEATHER WAS OBSERVED.


RELATIVE HUMIDITY (PERCENT)
 HIGHEST    89          1200 AM
 LOWEST     33           100 PM
 AVERAGE    61

..........................................................


THE BIRMINGHAM CLIMATE NORMALS FOR TODAY
                         NORMAL    RECORD    YEAR
 MAXIMUM TEMPERATURE (F)   60        78      1922
 MINIMUM TEMPERATURE (F)   39        18      1963
                                             1959


SUNRISE AND SUNSET
FEBRUARY 21 2017......SUNRISE   624 AM CST   SUNSET   537 PM CST
FEBRUARY 22 2017......SUNRISE   623 AM CST   SUNSET   538 PM CST


-  INDICATES NEGATIVE NUMBERS.
R  INDICATES RECORD WAS SET OR TIED.
MM INDICATES DATA IS MISSING.
T  INDICATES TRACE AMOUNT.




$$
