000
CDUS44 KBMX 240802
CLIBHM


CLIMATE REPORT
NATIONAL WEATHER SERVICE BIRMINGHAM, AL
300 AM CDT SUN JUL 24 2016


...................................

...THE BIRMINGHAM CLIMATE SUMMARY FOR JULY 23 2016...

CLIMATE NORMAL PERIOD 1981 TO 2010
CLIMATE RECORD PERIOD 1895 TO 2016


WEATHER ITEM   OBSERVED TIME   RECORD YEAR NORMAL DEPARTURE LAST
                VALUE   (LST)  VALUE       VALUE  FROM      YEAR
                                                  NORMAL
..................................................................
TEMPERATURE (F)
 YESTERDAY
  MAXIMUM         92   1258 PM 105    1952  91      1       87
  MINIMUM         76    508 AM  60    1915  72      4       75
  AVERAGE         84                        81      3       81

PRECIPITATION (IN)
  YESTERDAY        0.49          1.77 1930   0.16   0.33     0.88
  MONTH TO DATE    5.74                      3.62   2.12     5.65
  SINCE JUN 1      9.70                      8.00   1.70     7.35
  SINCE JAN 1     31.31                     31.97  -0.66    33.08

DEGREE DAYS
 COOLING
  YESTERDAY       19                        16      3       16
  MONTH TO DATE  444                       365     79      411
  SINCE JUN 1    923                       747    176      877
  SINCE JAN 1   1246                      1029    217     1212
..................................................................


WIND (MPH)
  HIGHEST WIND SPEED    20   HIGHEST WIND DIRECTION    NE (50)
  HIGHEST GUST SPEED    23   HIGHEST GUST DIRECTION    SE (150)
  AVERAGE WIND SPEED     2.3


SKY COVER
  AVERAGE SKY COVER 0.8


WEATHER CONDITIONS
 THE FOLLOWING WEATHER WAS RECORDED YESTERDAY.
  THUNDERSTORM
  RAIN
  LIGHT RAIN
  FOG


RELATIVE HUMIDITY (PERCENT)
 HIGHEST    94           600 PM
 LOWEST     52          1200 PM
 AVERAGE    73

..........................................................


THE BIRMINGHAM CLIMATE NORMALS FOR TODAY
                         NORMAL    RECORD    YEAR
 MAXIMUM TEMPERATURE (F)   91       104      1952
 MINIMUM TEMPERATURE (F)   72        62      1966
                                             1909


SUNRISE AND SUNSET
JULY 24 2016..........SUNRISE   554 AM CDT   SUNSET   753 PM CDT
JULY 25 2016..........SUNRISE   555 AM CDT   SUNSET   752 PM CDT


-  INDICATES NEGATIVE NUMBERS.
R  INDICATES RECORD WAS SET OR TIED.
MM INDICATES DATA IS MISSING.
T  INDICATES TRACE AMOUNT.




$$
