000
CDUS45 KVEF 260840
CLIBIH


CLIMATE REPORT
NATIONAL WEATHER SERVICE LAS VEGAS, NV
140 AM PDT TUE JUL 26 2016


...................................

...THE BISHOP CA CLIMATE SUMMARY FOR JULY 25 2016...

CLIMATE NORMAL PERIOD 1981 TO 2010
CLIMATE RECORD PERIOD 1943 TO 2016


WEATHER ITEM   OBSERVED TIME   RECORD YEAR NORMAL DEPARTURE LAST
                VALUE   (LST)  VALUE       VALUE  FROM      YEAR
                                                  NORMAL
..................................................................
TEMPERATURE (F)
 YESTERDAY
  MAXIMUM        107R   403 PM 107    1980  99      8       97
                                      1975
  MINIMUM         57    528 AM  46    1995  57      0       54
                                      1972
  AVERAGE         82                        78      4       76

PRECIPITATION (IN)
  YESTERDAY        0.00          0.50 1946   0.01  -0.01     0.00
  MONTH TO DATE    T                         0.13  -0.13     0.46
  SINCE OCT 1      3.88                      4.82  -0.94     2.98
  SINCE JAN 1      3.07                      3.20  -0.13     2.52

SNOWFALL (IN)
  YESTERDAY        0.0          MM      MM   0.0    0.0      0.0
  MONTH TO DATE    0.0                       0.0    0.0      0.0
  SINCE JUN 1      0.0                       0.0    0.0      0.0
  SINCE JUL 1      0.0                       0.0    0.0      0.0
  SNOW DEPTH       0

DEGREE DAYS
 HEATING
  YESTERDAY        0                         0      0        0
  MONTH TO DATE    0                         0      0        0
  SINCE JUN 1      3                        19    -16        0
  SINCE JUL 1      0                         0      0        0

 COOLING
  YESTERDAY       17                        13      4       11
  MONTH TO DATE  310                       308      2      284
  SINCE JUN 1    670                       522    148      618
  SINCE JAN 1    717                       590    127      669
..................................................................


WIND (MPH)
  RESULTANT WIND SPEED   1   RESULTANT WIND DIRECTION  NW (320)
  HIGHEST WIND SPEED    17   HIGHEST WIND DIRECTION     N (350)
  HIGHEST GUST SPEED    21   HIGHEST GUST DIRECTION     S (160)
  AVERAGE WIND SPEED     5.8


SKY COVER
  POSSIBLE SUNSHINE  MM
  AVERAGE SKY COVER 0.0


WEATHER CONDITIONS
 THE FOLLOWING WEATHER WAS RECORDED YESTERDAY.
  NO SIGNIFICANT WEATHER WAS OBSERVED.


RELATIVE HUMIDITY (PERCENT)
 HIGHEST    27           500 AM
 LOWEST      4           200 PM
 AVERAGE    16

..........................................................


THE BISHOP CA CLIMATE NORMALS FOR TODAY
                         NORMAL    RECORD    YEAR
 MAXIMUM TEMPERATURE (F)   99       108      1975
                                             1945
 MINIMUM TEMPERATURE (F)   57        46      1947


SUNRISE AND SUNSET
JULY 26 2016..........SUNRISE   553 AM PDT   SUNSET   806 PM PDT
JULY 27 2016..........SUNRISE   554 AM PDT   SUNSET   805 PM PDT


-  INDICATES NEGATIVE NUMBERS.
R  INDICATES RECORD WAS SET OR TIED.
MM INDICATES DATA IS MISSING.
T  INDICATES TRACE AMOUNT.




$$
