000
CDUS45 KVEF 270828
CLIBIH


CLIMATE REPORT
NATIONAL WEATHER SERVICE LAS VEGAS, NV
1227 AM PST TUE JAN 27 2015


...................................

...THE BISHOP CA CLIMATE SUMMARY FOR JANUARY 26 2015...

CLIMATE NORMAL PERIOD 1981 TO 2010
CLIMATE RECORD PERIOD 1943 TO 2015


WEATHER ITEM   OBSERVED TIME   RECORD YEAR NORMAL DEPARTURE LAST
                VALUE   (LST)  VALUE       VALUE  FROM      YEAR
                                                  NORMAL
..................................................................
TEMPERATURE (F)
 YESTERDAY
  MAXIMUM         73R   251 PM  72    1951  55     18       63
  MINIMUM         29    704 AM   4    1949  24      5       23
  AVERAGE         51                        39     12       43

PRECIPITATION (IN)
  YESTERDAY        T             1.08 1969   0.03  -0.03     0.00
  MONTH TO DATE    T                         0.93  -0.93     0.00
  SINCE OCT 1      0.46                      2.55  -2.09     0.22
  SINCE JAN 1      T                         0.93  -0.93     0.00

SNOWFALL (IN)
  YESTERDAY       MM             T    2001   0.1   MM        0.0
                                      1985
  MONTH TO DATE    0.0                       3.6   -3.6      0.0
  SINCE DEC 1      0.0                       4.9   -4.9      0.5
  SINCE JUL 1      0.0                       5.3   -5.3      0.5
  SNOW DEPTH       0

DEGREE DAYS
 HEATING
  YESTERDAY       14                        26    -12       22
  MONTH TO DATE  546                       694   -148      531
  SINCE DEC 1   1307                      1540   -233     1336
  SINCE JUL 1   1958                      2441   -483     2339

 COOLING
  YESTERDAY        0                         0      0        0
  MONTH TO DATE    0                         0      0        0
  SINCE DEC 1      0                         0      0        0
  SINCE JAN 1      0                         0      0        0
..................................................................


WIND (MPH)
  RESULTANT WIND SPEED   6   RESULTANT WIND DIRECTION   S (160)
  HIGHEST WIND SPEED    33   HIGHEST WIND DIRECTION    SE (150)
  HIGHEST GUST SPEED    42   HIGHEST GUST DIRECTION    SE (150)
  AVERAGE WIND SPEED    12.4


SKY COVER
  POSSIBLE SUNSHINE  MM
  AVERAGE SKY COVER 0.2


WEATHER CONDITIONS
 THE FOLLOWING WEATHER WAS RECORDED YESTERDAY.
  NO SIGNIFICANT WEATHER WAS OBSERVED.


RELATIVE HUMIDITY (PERCENT)
 HIGHEST    71          1100 PM
 LOWEST     14           300 PM
 AVERAGE    43

..........................................................


THE BISHOP CA CLIMATE NORMALS FOR TODAY
                         NORMAL    RECORD    YEAR
 MAXIMUM TEMPERATURE (F)   55        72      1971
 MINIMUM TEMPERATURE (F)   24         9      1979


SUNRISE AND SUNSET
JANUARY 27 2015.......SUNRISE   701 AM PST   SUNSET   512 PM PST
JANUARY 28 2015.......SUNRISE   700 AM PST   SUNSET   513 PM PST


-  INDICATES NEGATIVE NUMBERS.
R  INDICATES RECORD WAS SET OR TIED.
MM INDICATES DATA IS MISSING.
T  INDICATES TRACE AMOUNT.




$$
