000
CDUS45 KVEF 050830
CLIBIH


CLIMATE REPORT
NATIONAL WEATHER SERVICE LAS VEGAS, NV
128 AM PDT THU MAY 5 2016


...................................

...THE BISHOP CA CLIMATE SUMMARY FOR MAY 4 2016...

CLIMATE NORMAL PERIOD 1981 TO 2010
CLIMATE RECORD PERIOD 1943 TO 2016


WEATHER ITEM   OBSERVED TIME   RECORD YEAR NORMAL DEPARTURE LAST
                VALUE   (LST)  VALUE       VALUE  FROM      YEAR
                                                  NORMAL
..................................................................
TEMPERATURE (F)
 YESTERDAY
  MAXIMUM         82    305 PM  93    1947  78      4       85
  MINIMUM         49    525 AM  29    1965  41      8       43
  AVERAGE         66                        60      6       64

PRECIPITATION (IN)
  YESTERDAY        0.00          0.45 1995   0.00   0.00     0.00
  MONTH TO DATE    T                         0.02  -0.02     0.00
  SINCE OCT 1      3.04                      4.33  -1.29     0.74
  SINCE JAN 1      2.23                      2.71  -0.48     0.28

SNOWFALL (IN)
  YESTERDAY        0.0           2.3  1964   0.0    0.0      0.0
  MONTH TO DATE    0.0                       0.0    0.0      0.0
  SINCE MAR 1      T                         0.6   -0.6       T
  SINCE JUL 1      2.0                       8.0   -6.0       T
  SNOW DEPTH       0

DEGREE DAYS
 HEATING
  YESTERDAY        0                         6     -6        1
  MONTH TO DATE   21                        25     -4        2
  SINCE MAR 1    623                       860   -237      552
  SINCE JUL 1   3679                      4067   -388     2993

 COOLING
  YESTERDAY        1                         1      0        0
  MONTH TO DATE    1                         2     -1        1
  SINCE MAR 1      1                         6     -5        5
  SINCE JAN 1      1                         6     -5        5
..................................................................


WIND (MPH)
  RESULTANT WIND SPEED  11   RESULTANT WIND DIRECTION   S (160)
  HIGHEST WIND SPEED    30   HIGHEST WIND DIRECTION     S (170)
  HIGHEST GUST SPEED    41   HIGHEST GUST DIRECTION     S (160)
  AVERAGE WIND SPEED    13.5


SKY COVER
  POSSIBLE SUNSHINE  MM
  AVERAGE SKY COVER 0.1


WEATHER CONDITIONS
 THE FOLLOWING WEATHER WAS RECORDED YESTERDAY.
  NO SIGNIFICANT WEATHER WAS OBSERVED.


RELATIVE HUMIDITY (PERCENT)
 HIGHEST    41           400 AM
 LOWEST     11           200 PM
 AVERAGE    26

..........................................................


THE BISHOP CA CLIMATE NORMALS FOR TODAY
                         NORMAL    RECORD    YEAR
 MAXIMUM TEMPERATURE (F)   79       100      1946
 MINIMUM TEMPERATURE (F)   42        28      1983
                                             1975


SUNRISE AND SUNSET
MAY  5 2016...........SUNRISE   553 AM PDT   SUNSET   747 PM PDT
MAY  6 2016...........SUNRISE   552 AM PDT   SUNSET   748 PM PDT


-  INDICATES NEGATIVE NUMBERS.
R  INDICATES RECORD WAS SET OR TIED.
MM INDICATES DATA IS MISSING.
T  INDICATES TRACE AMOUNT.




$$
