000
CDUS45 KVEF 230028
CLIBIH


CLIMATE REPORT
NATIONAL WEATHER SERVICE LAS VEGAS, NV
428 PM PST WED FEB 22 2017


...................................

...THE BISHOP CA CLIMATE SUMMARY FOR FEBRUARY 22 2017...
VALID TODAY AS OF 0400 PM LOCAL TIME.

CLIMATE NORMAL PERIOD 1981 TO 2010
CLIMATE RECORD PERIOD 1943 TO 2017


WEATHER ITEM   OBSERVED RECORD YEAR NORMAL DEPARTURE LAST
                VALUE   VALUE       VALUE  FROM      YEAR
                                           NORMAL
...........................................................
TEMPERATURE (F)
 TODAY
  MAXIMUM         56     75    2012  60     -4       68
  MINIMUM         33     14    1953  28      5       34
  AVERAGE         45

PRECIPITATION (IN)
  TODAY            0.00   0.92 1944   0.04  -0.04     0.00
  MONTH TO DATE    2.21               0.67   1.54     0.06
  SINCE OCT 1      7.80               3.34   4.46     1.93
  SINCE JAN 1      7.44               1.72   5.72     1.12

SNOWFALL (IN)
  TODAY            0.0    7.0  1944   0.0    0.0      0.0
  MONTH TO DATE    0.0                0.6   -0.6      0.0
  SINCE DEC 1      8.6                7.0    1.6      2.0
  SINCE JUL 1      8.6                7.3    1.3      2.0
  SNOW DEPTH       0

DEGREE DAYS
 HEATING
  TODAY           20                 21     -1       14
  MONTH TO DATE  427                515    -88      425
  SINCE DEC 1   2091               2183    -92     2151
  SINCE JUL 1   2834               3084   -250     2965

 COOLING
  TODAY            0                  0      0        0
  MONTH TO DATE    0                  0      0        0
  SINCE DEC 1      0                  0      0        0
  SINCE JAN 1      0                  0      0        0
...........................................................


WIND (MPH)
  RESULTANT WIND SPEED  10   RESULTANT WIND DIRECTION   N (340)
  HIGHEST WIND SPEED    28   HIGHEST WIND DIRECTION     N (10)
  HIGHEST GUST SPEED    36   HIGHEST GUST DIRECTION     N (350)
  AVERAGE WIND SPEED    11.1


SKY COVER
  POSSIBLE SUNSHINE  MM
  AVERAGE SKY COVER 0.1


WEATHER CONDITIONS
 THE FOLLOWING WEATHER WAS RECORDED TODAY.
  NO SIGNIFICANT WEATHER WAS OBSERVED.


RELATIVE HUMIDITY (PERCENT)
 HIGHEST    70          1200 AM
 LOWEST     16           300 PM
 AVERAGE    43

..........................................................


THE BISHOP CA CLIMATE NORMALS FOR TOMORROW
                         NORMAL    RECORD    YEAR
 MAXIMUM TEMPERATURE (F)   60        74      1995
                                             1989
 MINIMUM TEMPERATURE (F)   28        14      1951
                                             1944


SUNRISE AND SUNSET
FEBRUARY 22 2017......SUNRISE   634 AM PST   SUNSET   541 PM PST
FEBRUARY 23 2017......SUNRISE   632 AM PST   SUNSET   542 PM PST


-  INDICATES NEGATIVE NUMBERS.
R  INDICATES RECORD WAS SET OR TIED.
MM INDICATES DATA IS MISSING.
T  INDICATES TRACE AMOUNT.




$$
