000
CDUS45 KVEF 020830
CLIBIH


CLIMATE REPORT
NATIONAL WEATHER SERVICE LAS VEGAS, NV
129 AM PDT THU JUL 2 2015


...................................

...THE BISHOP CA CLIMATE SUMMARY FOR JULY 1 2015...

CLIMATE NORMAL PERIOD 1981 TO 2010
CLIMATE RECORD PERIOD 1943 TO 2015


WEATHER ITEM   OBSERVED TIME   RECORD YEAR NORMAL DEPARTURE LAST
                VALUE   (LST)  VALUE       VALUE  FROM      YEAR
                                                  NORMAL
..................................................................
TEMPERATURE (F)
 YESTERDAY
  MAXIMUM         96    418 PM 109    2013  97     -1      106
  MINIMUM         68    532 AM  42    1982  55     13       57
  AVERAGE         82                        76      6       82

PRECIPITATION (IN)
  YESTERDAY        T             0.10 1980   0.00   0.00     0.00
  MONTH TO DATE    T                         0.00   0.00     0.00
  SINCE OCT 1      2.52                      4.69  -2.17     2.48
  SINCE JAN 1      2.06                      3.07  -1.01     2.26

SNOWFALL (IN)
  YESTERDAY        0.0          MM      MM   0.0    0.0      0.0
  MONTH TO DATE    0.0                       0.0    0.0      0.0
  SINCE JUN 1      0.0                       0.0    0.0      0.0
  SINCE JUL 1      0.0                       0.0    0.0      0.0
  SNOW DEPTH       0

DEGREE DAYS
 HEATING
  YESTERDAY        0                         0      0        0
  MONTH TO DATE    0                         0      0        0
  SINCE JUN 1      0                        19    -19        0
  SINCE JUL 1      0                         0      0        0

 COOLING
  YESTERDAY       17                        11      6       17
  MONTH TO DATE   17                        11      6       17
  SINCE JUN 1    351                       225    126      313
  SINCE JAN 1    402                       293    109      398
..................................................................


WIND (MPH)
  RESULTANT WIND SPEED   5   RESULTANT WIND DIRECTION  SE (150)
  HIGHEST WIND SPEED    43   HIGHEST WIND DIRECTION    SE (150)
  HIGHEST GUST SPEED    52   HIGHEST GUST DIRECTION    SE (140)
  AVERAGE WIND SPEED    11.6


SKY COVER
  POSSIBLE SUNSHINE  MM
  AVERAGE SKY COVER 0.1


WEATHER CONDITIONS
 THE FOLLOWING WEATHER WAS RECORDED YESTERDAY.
  LIGHT RAIN
  HAZE


RELATIVE HUMIDITY (PERCENT)
 HIGHEST    64           700 AM
 LOWEST     22           500 PM
 AVERAGE    43

..........................................................


THE BISHOP CA CLIMATE NORMALS FOR TODAY
                         NORMAL    RECORD    YEAR
 MAXIMUM TEMPERATURE (F)   97       105      2014
                                             2013
                                             1984
 MINIMUM TEMPERATURE (F)   55        44      1978
                                             1947


SUNRISE AND SUNSET
JULY  2 2015..........SUNRISE   537 AM PDT   SUNSET   818 PM PDT
JULY  3 2015..........SUNRISE   537 AM PDT   SUNSET   818 PM PDT


-  INDICATES NEGATIVE NUMBERS.
R  INDICATES RECORD WAS SET OR TIED.
MM INDICATES DATA IS MISSING.
T  INDICATES TRACE AMOUNT.




$$
