000
CDUS45 KVEF 260027
CLIBIH


CLIMATE REPORT
NATIONAL WEATHER SERVICE LAS VEGAS, NV
527 PM PDT MON MAY 25 2015


...................................

...THE BISHOP CA CLIMATE SUMMARY FOR MAY 25 2015...
VALID TODAY AS OF 0500 PM LOCAL TIME.

CLIMATE NORMAL PERIOD 1981 TO 2010
CLIMATE RECORD PERIOD 1943 TO 2015


WEATHER ITEM   OBSERVED RECORD YEAR NORMAL DEPARTURE LAST
                VALUE   VALUE       VALUE  FROM      YEAR
                                           NORMAL
...........................................................
TEMPERATURE (F)
 TODAY
  MAXIMUM         83    100    1951  85     -2       94
  MINIMUM         52     26    1980  46      6       50
  AVERAGE         68

PRECIPITATION (IN)
  TODAY            T      0.28 1964   0.01  -0.01     0.00
  MONTH TO DATE    1.39               0.15   1.24     0.24
  SINCE OCT 1      2.13               4.46  -2.33     2.48
  SINCE JAN 1      1.67               2.84  -1.17     2.26

SNOWFALL (IN)
  TODAY            0.0   MM      MM   0.0    0.0      0.0
  MONTH TO DATE    T                  0.0    0.0      0.0
  SINCE MAR 1      T                  0.9   -0.9      0.1
  SINCE JUL 1      T                  6.8   -6.8      0.6
  SNOW DEPTH       0

DEGREE DAYS
 HEATING
  TODAY            0                  2     -2        0
  MONTH TO DATE  127                105     22       88
  SINCE MAR 1    677                940   -263      732
  SINCE JUL 1   3118               4147  -1029     3682

 COOLING
  TODAY            3                  3      0        7
  MONTH TO DATE    4                 41    -37       40
  SINCE MAR 1      8                 45    -37       44
  SINCE JAN 1      8                 45    -37       44
...........................................................


WIND (MPH)
  RESULTANT WIND SPEED   2   RESULTANT WIND DIRECTION   S (180)
  HIGHEST WIND SPEED    21   HIGHEST WIND DIRECTION     S (180)
  HIGHEST GUST SPEED    29   HIGHEST GUST DIRECTION     S (180)
  AVERAGE WIND SPEED     8.3


SKY COVER
  POSSIBLE SUNSHINE  MM
  AVERAGE SKY COVER 0.2


WEATHER CONDITIONS
 THE FOLLOWING WEATHER WAS RECORDED TODAY.
  NO SIGNIFICANT WEATHER WAS OBSERVED.


RELATIVE HUMIDITY (PERCENT)
 HIGHEST    77           400 AM
 LOWEST     20           400 PM
 AVERAGE    49

..........................................................


THE BISHOP CA CLIMATE NORMALS FOR TOMORROW
                         NORMAL    RECORD    YEAR
 MAXIMUM TEMPERATURE (F)   86       101      1951
 MINIMUM TEMPERATURE (F)   47        33      1980


SUNRISE AND SUNSET
MAY 25 2015...........SUNRISE   538 AM PDT   SUNSET   803 PM PDT
MAY 26 2015...........SUNRISE   537 AM PDT   SUNSET   804 PM PDT


-  INDICATES NEGATIVE NUMBERS.
R  INDICATES RECORD WAS SET OR TIED.
MM INDICATES DATA IS MISSING.
T  INDICATES TRACE AMOUNT.




$$
