000
CDUS45 KVEF 260826
CLIBIH


CLIMATE REPORT
NATIONAL WEATHER SERVICE LAS VEGAS, NV
126 AM PDT FRI MAY 26 2017


...................................

...THE BISHOP CA CLIMATE SUMMARY FOR MAY 25 2017...

CLIMATE NORMAL PERIOD 1981 TO 2010
CLIMATE RECORD PERIOD 1943 TO 2017


WEATHER ITEM   OBSERVED TIME   RECORD YEAR NORMAL DEPARTURE LAST
                VALUE   (LST)  VALUE       VALUE  FROM      YEAR
                                                  NORMAL
..................................................................
TEMPERATURE (F)
 YESTERDAY
  MAXIMUM         89    213 PM 100    1951  85      4       70
  MINIMUM         54    408 AM  26    1980  46      8       48
  AVERAGE         72                        66      6       59

PRECIPITATION (IN)
  YESTERDAY        0.00          0.28 1964   0.01  -0.01     0.01
  MONTH TO DATE    0.35                      0.15   0.20     0.34
  SINCE OCT 1      9.16                      4.46   4.70     3.38
  SINCE JAN 1      8.80                      2.84   5.96     2.57

SNOWFALL (IN)
  YESTERDAY        0.0          MM      MM   0.0    0.0     MM
  MONTH TO DATE    0.0                       0.0    0.0      0.0
  SINCE MAR 1      T                         0.6   -0.6       T
  SINCE JUL 1      8.6                       8.0    0.6      2.0
  SNOW DEPTH       0

DEGREE DAYS
 HEATING
  YESTERDAY        0                         2     -2        6
  MONTH TO DATE   97                       105     -8       91
  SINCE MAR 1    781                       940   -159      693
  SINCE JUL 1   3781                      4147   -366     3749

 COOLING
  YESTERDAY        7                         3      4        0
  MONTH TO DATE   44                        41      3       28
  SINCE MAR 1     44                        45     -1       28
  SINCE JAN 1     44                        45     -1       28
..................................................................


WIND (MPH)
  RESULTANT WIND SPEED   5   RESULTANT WIND DIRECTION  NW (320)
  HIGHEST WIND SPEED    25   HIGHEST WIND DIRECTION     W (250)
  HIGHEST GUST SPEED    32   HIGHEST GUST DIRECTION    SW (240)
  AVERAGE WIND SPEED     9.7


SKY COVER
  POSSIBLE SUNSHINE  MM
  AVERAGE SKY COVER 0.0


WEATHER CONDITIONS
 THE FOLLOWING WEATHER WAS RECORDED YESTERDAY.
  NO SIGNIFICANT WEATHER WAS OBSERVED.


RELATIVE HUMIDITY (PERCENT)
 HIGHEST    35           400 AM
 LOWEST      4           200 PM
 AVERAGE    20

..........................................................


THE BISHOP CA CLIMATE NORMALS FOR TODAY
                         NORMAL    RECORD    YEAR
 MAXIMUM TEMPERATURE (F)   86       101      1951
 MINIMUM TEMPERATURE (F)   47        33      1980


SUNRISE AND SUNSET
MAY 26 2017...........SUNRISE   537 AM PDT   SUNSET   805 PM PDT
MAY 27 2017...........SUNRISE   536 AM PDT   SUNSET   805 PM PDT


-  INDICATES NEGATIVE NUMBERS.
R  INDICATES RECORD WAS SET OR TIED.
MM INDICATES DATA IS MISSING.
T  INDICATES TRACE AMOUNT.




$$
