000
CDUS45 KVEF 220845
CLIBIH


CLIMATE REPORT
NATIONAL WEATHER SERVICE LAS VEGAS, NV
1245 AM PST SUN JAN 22 2017


...................................

...THE BISHOP CA CLIMATE SUMMARY FOR JANUARY 21 2017...

CLIMATE NORMAL PERIOD 1981 TO 2010
CLIMATE RECORD PERIOD 1943 TO 2017


WEATHER ITEM   OBSERVED TIME   RECORD YEAR NORMAL DEPARTURE LAST
                VALUE   (LST)  VALUE       VALUE  FROM      YEAR
                                                  NORMAL
..................................................................
TEMPERATURE (F)
 YESTERDAY
  MAXIMUM         42    414 PM  70    1968  54    -12       52
  MINIMUM         31    724 AM  -3    1955  23      8       26
  AVERAGE         37                        39     -2       39

PRECIPITATION (IN)
  YESTERDAY        0.00          1.73 1969   0.02  -0.02     0.00
  MONTH TO DATE    4.01                      0.80   3.21     0.35
  SINCE OCT 1      4.37                      2.42   1.95     1.16
  SINCE JAN 1      4.01                      0.80   3.21     0.35

SNOWFALL (IN)
  YESTERDAY        0.0           1.8  2010   0.2   -0.2      0.0
  MONTH TO DATE    3.3                       4.2   -0.9      0.0
  SINCE DEC 1      3.3                       5.4   -2.1       T
  SINCE JUL 1      3.3                       5.7   -2.4       T
  SNOW DEPTH       0

DEGREE DAYS
 HEATING
  YESTERDAY       28                        26      2       26
  MONTH TO DATE  551                       564    -13      598
  SINCE DEC 1   1340                      1410    -70     1509
  SINCE JUL 1   2083                      2311   -228     2323

 COOLING
  YESTERDAY        0                         0      0        0
  MONTH TO DATE    0                         0      0        0
  SINCE DEC 1      0                         0      0        0
  SINCE JAN 1      0                         0      0        0
..................................................................


WIND (MPH)
  RESULTANT WIND SPEED   1   RESULTANT WIND DIRECTION   N (350)
  HIGHEST WIND SPEED    12   HIGHEST WIND DIRECTION     S (190)
  HIGHEST GUST SPEED    18   HIGHEST GUST DIRECTION     S (190)
  AVERAGE WIND SPEED     3.7


SKY COVER
  POSSIBLE SUNSHINE  MM
  AVERAGE SKY COVER 0.7


WEATHER CONDITIONS
 THE FOLLOWING WEATHER WAS RECORDED YESTERDAY.
  FOG


RELATIVE HUMIDITY (PERCENT)
 HIGHEST   100           600 AM
 LOWEST     65           400 PM
 AVERAGE    83

..........................................................


THE BISHOP CA CLIMATE NORMALS FOR TODAY
                         NORMAL    RECORD    YEAR
 MAXIMUM TEMPERATURE (F)   54        73      1950
                                             1948
 MINIMUM TEMPERATURE (F)   23         5      1982


SUNRISE AND SUNSET
JANUARY 22 2017.......SUNRISE   703 AM PST   SUNSET   507 PM PST
JANUARY 23 2017.......SUNRISE   703 AM PST   SUNSET   508 PM PST


-  INDICATES NEGATIVE NUMBERS.
R  INDICATES RECORD WAS SET OR TIED.
MM INDICATES DATA IS MISSING.
T  INDICATES TRACE AMOUNT.




$$
