469
CDUS45 KVEF 240830
CLIBIH


CLIMATE REPORT
NATIONAL WEATHER SERVICE LAS VEGAS, NV
130 AM PDT MON JUL 24 2017


...................................

...THE BISHOP CA CLIMATE SUMMARY FOR JULY 23 2017...

CLIMATE NORMAL PERIOD 1981 TO 2010
CLIMATE RECORD PERIOD 1943 TO 2017


WEATHER ITEM   OBSERVED TIME   RECORD YEAR NORMAL DEPARTURE LAST
                VALUE   (LST)  VALUE       VALUE  FROM      YEAR
                                                  NORMAL
..................................................................
TEMPERATURE (F)
 YESTERDAY
  MAXIMUM        104    341 PM 106    2016  99      5      106
  MINIMUM         60    433 AM  44    1947  57      3       64
  AVERAGE         82                        78      4       85

PRECIPITATION (IN)
  YESTERDAY        0.00          0.17 1997   0.01  -0.01     0.00
  MONTH TO DATE    T                         0.12  -0.12      T
  SINCE OCT 1      9.16                      4.81   4.35     3.88
  SINCE JAN 1      8.80                      3.19   5.61     3.07

SNOWFALL (IN)
  YESTERDAY        0.0          MM      MM   0.0    0.0      0.0
  MONTH TO DATE    0.0                       0.0    0.0      0.0
  SINCE JUN 1      0.0                       0.0    0.0      0.0
  SINCE JUL 1      0.0                       0.0    0.0      0.0
  SNOW DEPTH       0

DEGREE DAYS
 HEATING
  YESTERDAY        0                         0      0        0
  MONTH TO DATE    0                         0      0        0
  SINCE JUN 1     14                        19     -5        3
  SINCE JUL 1      0                         0      0        0

 COOLING
  YESTERDAY       17                        13      4       20
  MONTH TO DATE  377                       282     95      310
  SINCE JUN 1    710                       496    214      670
  SINCE JAN 1    767                       564    203      717
..................................................................


WIND (MPH)
  RESULTANT WIND SPEED   5   RESULTANT WIND DIRECTION   S (170)
  HIGHEST WIND SPEED    26   HIGHEST WIND DIRECTION    SE (150)
  HIGHEST GUST SPEED    34   HIGHEST GUST DIRECTION    SE (140)
  AVERAGE WIND SPEED     8.3


SKY COVER
  POSSIBLE SUNSHINE  MM
  AVERAGE SKY COVER 0.0


WEATHER CONDITIONS
 THE FOLLOWING WEATHER WAS RECORDED YESTERDAY.
  NO SIGNIFICANT WEATHER WAS OBSERVED.


RELATIVE HUMIDITY (PERCENT)
 HIGHEST    43           400 AM
 LOWEST     11          1100 AM
 AVERAGE    27

..........................................................


THE BISHOP CA CLIMATE NORMALS FOR TODAY
                         NORMAL    RECORD    YEAR
 MAXIMUM TEMPERATURE (F)   99       107      2016
 MINIMUM TEMPERATURE (F)   57        46      1987
                                             1947


SUNRISE AND SUNSET
JULY 24 2017..........SUNRISE   552 AM PDT   SUNSET   808 PM PDT
JULY 25 2017..........SUNRISE   552 AM PDT   SUNSET   807 PM PDT


-  INDICATES NEGATIVE NUMBERS.
R  INDICATES RECORD WAS SET OR TIED.
MM INDICATES DATA IS MISSING.
T  INDICATES TRACE AMOUNT.




$$
