000
CDUS45 KBYZ 162239
CLIBIL


CLIMATE REPORT
NATIONAL WEATHER SERVICE BILLINGS MT
439 PM MDT TUE SEP 16 2014


...................................

...THE BILLINGS MT CLIMATE SUMMARY FOR SEPTEMBER 16 2014...
VALID TODAY AS OF 0400 PM LOCAL TIME.

CLIMATE NORMAL PERIOD 1981 TO 2010
CLIMATE RECORD PERIOD 1934 TO 2014


WEATHER ITEM   OBSERVED TIME   RECORD YEAR NORMAL DEPARTURE LAST
                VALUE   (LST)  VALUE       VALUE  FROM      YEAR
                                                  NORMAL
..................................................................
TEMPERATURE (F)
 TODAY
  MAXIMUM         85    259 PM  94    1979  73     12       83
  MINIMUM         47    331 AM  29    1965  47      0       55
  AVERAGE         66                        60      6       69

PRECIPITATION (IN)
  TODAY            0.00          1.05 1959   0.05  -0.05     0.00
  MONTH TO DATE    0.24                      0.66  -0.42     2.94
  SINCE OCT 1     17.02                     13.02   4.00    13.17
  SINCE JAN 1     12.13                     10.71   1.42    11.12

SNOWFALL (IN)
  TODAY            0.0           1.3  1965   0.0    0.0      0.0
  MONTH TO DATE    T                         0.3   -0.3       T
  SINCE SEP 1      T                         0.3   -0.3       T
  SINCE JUL 1      T                         0.3   -0.3       T
  SNOW DEPTH       0

DEGREE DAYS
 HEATING
  TODAY            0                         6     -6        0
  MONTH TO DATE  142                        66     76        2
  SINCE SEP 1    142                        66     76        2
  SINCE JUL 1    190                       103     87        2

 COOLING
  TODAY            1                         1      0        4
  MONTH TO DATE   16                        40    -24      101
  SINCE SEP 1     16                        40    -24      101
  SINCE JAN 1    568                       622    -54      838
..................................................................


WIND (MPH)
  HIGHEST WIND SPEED    21   HIGHEST WIND DIRECTION    SW (230)
  HIGHEST GUST SPEED    25   HIGHEST GUST DIRECTION     S (170)
  AVERAGE WIND SPEED    12.8


SKY COVER
  POSSIBLE SUNSHINE  MM
  AVERAGE SKY COVER 0.5


WEATHER CONDITIONS
 THE FOLLOWING WEATHER WAS RECORDED TODAY.
  NO SIGNIFICANT WEATHER WAS OBSERVED.


RELATIVE HUMIDITY (PERCENT)
 HIGHEST    80           500 AM
 LOWEST     16           300 PM
 AVERAGE    48

..........................................................


THE BILLINGS MT CLIMATE NORMALS FOR TOMORROW
                         NORMAL    RECORD    YEAR
 MAXIMUM TEMPERATURE (F)   72        91      2009
 MINIMUM TEMPERATURE (F)   47        26      1965


SUNRISE AND SUNSET
SEPTEMBER 16 2014.....SUNRISE   654 AM MDT   SUNSET   723 PM MDT
SEPTEMBER 17 2014.....SUNRISE   655 AM MDT   SUNSET   721 PM MDT


-  INDICATES NEGATIVE NUMBERS.
R  INDICATES RECORD WAS SET OR TIED.
MM INDICATES DATA IS MISSING.
T  INDICATES TRACE AMOUNT.




$$
