000
CDUS45 KBYZ 240722
CLIBIL


CLIMATE REPORT
NATIONAL WEATHER SERVICE BILLINGS MT
1221 AM MST WED JAN 24 2018


...................................

...THE BILLINGS MT CLIMATE SUMMARY FOR JANUARY 23 2018...

CLIMATE NORMAL PERIOD 1981 TO 2010
CLIMATE RECORD PERIOD 1934 TO 2018


WEATHER ITEM   OBSERVED TIME   RECORD YEAR NORMAL DEPARTURE LAST
                VALUE   (LST)  VALUE       VALUE  FROM      YEAR
                                                  NORMAL
..................................................................
TEMPERATURE (F)
 YESTERDAY
  MAXIMUM         38    326 PM  61    1981  37      1       25
                                      1961
  MINIMUM         23    615 AM -23    1969  18      5       16
  AVERAGE         31                        28      3       21

PRECIPITATION (IN)
  YESTERDAY        0.00          0.44 1989   0.02  -0.02      T
  MONTH TO DATE    0.58                      0.36   0.22     0.34
  SINCE OCT 1      4.23                      2.67   1.56     5.90
  SINCE JAN 1      0.58                      0.36   0.22     0.34

SNOWFALL (IN)
  YESTERDAY        0.0           7.3  1989   0.3   -0.3      0.2
  MONTH TO DATE    6.8                       6.5    0.3      6.4
  SINCE DEC 1     32.1                      14.7   17.4     36.8
  SINCE JUL 1     44.3                      26.4   17.9     42.1
  SNOW DEPTH       0

DEGREE DAYS
 HEATING
  YESTERDAY       34                        37     -3       44
  MONTH TO DATE  914                       879     35     1135
  SINCE DEC 1   2165                      2072     93     2562
  SINCE JUL 1   3767                      3700     67     3821

 COOLING
  YESTERDAY        0                         0      0        0
  MONTH TO DATE    0                         0      0        0
  SINCE DEC 1      0                         0      0        0
  SINCE JAN 1      0                         0      0        0
..................................................................


WIND (MPH)
  HIGHEST WIND SPEED    23   HIGHEST WIND DIRECTION     W (250)
  HIGHEST GUST SPEED    28   HIGHEST GUST DIRECTION    SW (240)
  AVERAGE WIND SPEED    13.1


SKY COVER
  POSSIBLE SUNSHINE  MM
  AVERAGE SKY COVER 0.2


WEATHER CONDITIONS
 THE FOLLOWING WEATHER WAS RECORDED YESTERDAY.
  NO SIGNIFICANT WEATHER WAS OBSERVED.


RELATIVE HUMIDITY (PERCENT)
 HIGHEST    74           700 AM
 LOWEST     40           400 PM
 AVERAGE    57

..........................................................


THE BILLINGS MT CLIMATE NORMALS FOR TODAY
                         NORMAL    RECORD    YEAR
 MAXIMUM TEMPERATURE (F)   37        62      2005
 MINIMUM TEMPERATURE (F)   18       -26      1949


SUNRISE AND SUNSET
JANUARY 24 2018.......SUNRISE   744 AM MST   SUNSET   509 PM MST
JANUARY 25 2018.......SUNRISE   743 AM MST   SUNSET   510 PM MST


-  INDICATES NEGATIVE NUMBERS.
R  INDICATES RECORD WAS SET OR TIED.
MM INDICATES DATA IS MISSING.
T  INDICATES TRACE AMOUNT.




$$
