000
CDUS45 KBYZ 241041
CLIBIL


CLIMATE REPORT
NATIONAL WEATHER SERVICE BILLINGS MT
340 AM MST TUE JAN 24 2017


...................................

...THE BILLINGS MT CLIMATE SUMMARY FOR JANUARY 23 2017...

CLIMATE NORMAL PERIOD 1981 TO 2010
CLIMATE RECORD PERIOD 1934 TO 2017


WEATHER ITEM   OBSERVED TIME   RECORD YEAR NORMAL DEPARTURE LAST
                VALUE   (LST)  VALUE       VALUE  FROM      YEAR
                                                  NORMAL
..................................................................
TEMPERATURE (F)
 YESTERDAY
  MAXIMUM         25    900 PM  61    1981  37    -12       44
                                      1961
  MINIMUM         16    907 AM -23    1969  18     -2       33
  AVERAGE         21                        28     -7       39

PRECIPITATION (IN)
  YESTERDAY        T             0.44 1989   0.02  -0.02     0.00
  MONTH TO DATE    0.34                      0.36  -0.02     0.36
  SINCE OCT 1      5.90                      2.67   3.23     3.21
  SINCE JAN 1      0.34                      0.36  -0.02     0.36

SNOWFALL (IN)
  YESTERDAY        0.2           7.3  1989   0.3   -0.1      0.0
  MONTH TO DATE    6.4                       6.5   -0.1      6.4
  SINCE DEC 1     36.8                      14.7   22.1     20.1
  SINCE JUL 1     42.1                      26.4   15.7     24.2
  SNOW DEPTH       2

DEGREE DAYS
 HEATING
  YESTERDAY       44                        37      7       26
  MONTH TO DATE 1135                       879    256      873
  SINCE DEC 1   2562                      2072    490     1976
  SINCE JUL 1   3821                      3700    121     3364

 COOLING
  YESTERDAY        0                         0      0        0
  MONTH TO DATE    0                         0      0        0
  SINCE DEC 1      0                         0      0        0
  SINCE JAN 1      0                         0      0        0
..................................................................


WIND (MPH)
  HIGHEST WIND SPEED    12   HIGHEST WIND DIRECTION    NW (320)
  HIGHEST GUST SPEED    13   HIGHEST GUST DIRECTION    NW (320)
  AVERAGE WIND SPEED     3.2


SKY COVER
  POSSIBLE SUNSHINE  MM
  AVERAGE SKY COVER 0.9


WEATHER CONDITIONS
 THE FOLLOWING WEATHER WAS RECORDED YESTERDAY.
  LIGHT SNOW
  FOG


RELATIVE HUMIDITY (PERCENT)
 HIGHEST    92          1200 AM
 LOWEST     81           300 PM
 AVERAGE    87

..........................................................


THE BILLINGS MT CLIMATE NORMALS FOR TODAY
                         NORMAL    RECORD    YEAR
 MAXIMUM TEMPERATURE (F)   37        62      2005
 MINIMUM TEMPERATURE (F)   18       -26      1949


SUNRISE AND SUNSET
JANUARY 24 2017.......SUNRISE   744 AM MST   SUNSET   509 PM MST
JANUARY 25 2017.......SUNRISE   743 AM MST   SUNSET   510 PM MST


-  INDICATES NEGATIVE NUMBERS.
R  INDICATES RECORD WAS SET OR TIED.
MM INDICATES DATA IS MISSING.
T  INDICATES TRACE AMOUNT.





&&

...THE CLIMATE SUMMARY FOR SOUTHWEST BILLINGS FOR 23 JANUARY 2017...

HIGH TEMPERATURE........................25
LOW TEMPERATURE.........................14

PRECIPITATION...........................0.01
MONTHLY PRECIPITATION TOTAL.............0.39
YEARLY PRECIPITATION TOTAL..............0.39

SNOWFALL................................0.2
MONTHLY SNOWFALL TOTAL..................6.3
TOTAL SNOWFALL SINCE JULY 1.............34.8

SNOW DEPTH AT MIDNIGHT..................6

$$
