000
CDUS45 KBYZ 202324
CLIBIL


CLIMATE REPORT
NATIONAL WEATHER SERVICE BILLINGS MT
424 PM MST MON NOV 20 2017


...................................

...THE BILLINGS MT CLIMATE SUMMARY FOR NOVEMBER 20 2017...
VALID TODAY AS OF 0400 PM LOCAL TIME.

CLIMATE NORMAL PERIOD 1981 TO 2010
CLIMATE RECORD PERIOD 1934 TO 2017


WEATHER ITEM   OBSERVED TIME   RECORD YEAR NORMAL DEPARTURE LAST
                VALUE   (LST)  VALUE       VALUE  FROM      YEAR
                                                  NORMAL
..................................................................
TEMPERATURE (F)
 TODAY
  MAXIMUM         56   1202 PM  66    2002  43     13       48
  MINIMUM         41    410 AM -13    1977  25     16       25
  AVERAGE         49                        34     15       37

PRECIPITATION (IN)
  TODAY            0.00          0.40 2010   0.03  -0.03     0.00
  MONTH TO DATE    1.17                      0.44   0.73     0.38
  SINCE OCT 1      1.66                      1.62   0.04     3.89
  SINCE JAN 1     15.64                     12.97   2.67    13.22

DEGREE DAYS
 HEATING
  TODAY           16                        31    -15       28
  MONTH TO DATE  655                       539    116      359
  SINCE SEP 1   1389                      1254    135      971
  SINCE JUL 1   1391                      1291    100      999

 COOLING
  TODAY            0                         0      0        0
  MONTH TO DATE    0                         0      0        0
  SINCE SEP 1    100                        54     46       54
  SINCE JAN 1    840                       636    204      738
..................................................................


WIND (MPH)
  HIGHEST WIND SPEED    25   HIGHEST WIND DIRECTION    SW (240)
  HIGHEST GUST SPEED    30   HIGHEST GUST DIRECTION    SW (240)
  AVERAGE WIND SPEED    14.4


SKY COVER
  POSSIBLE SUNSHINE  MM
  AVERAGE SKY COVER 0.7


WEATHER CONDITIONS
 THE FOLLOWING WEATHER WAS RECORDED TODAY.
  NO SIGNIFICANT WEATHER WAS OBSERVED.


RELATIVE HUMIDITY (PERCENT)
 HIGHEST    50           400 PM
 LOWEST     26           100 AM
 AVERAGE    38

..........................................................


THE BILLINGS MT CLIMATE NORMALS FOR TOMORROW
                         NORMAL    RECORD    YEAR
 MAXIMUM TEMPERATURE (F)   42        65      1954
 MINIMUM TEMPERATURE (F)   24       -18      1977


SUNRISE AND SUNSET
NOVEMBER 20 2017......SUNRISE   721 AM MST   SUNSET   438 PM MST
NOVEMBER 21 2017......SUNRISE   723 AM MST   SUNSET   437 PM MST


-  INDICATES NEGATIVE NUMBERS.
R  INDICATES RECORD WAS SET OR TIED.
MM INDICATES DATA IS MISSING.
T  INDICATES TRACE AMOUNT.




$$
