639
CDUS45 KBYZ 091039
CLIBIL


CLIMATE REPORT
NATIONAL WEATHER SERVICE BILLINGS MT
339 AM MST TUE FEB 9 2016


...................................

...THE BILLINGS MT CLIMATE SUMMARY FOR FEBRUARY 8 2016...

CLIMATE NORMAL PERIOD 1981 TO 2010
CLIMATE RECORD PERIOD 1934 TO 2016


WEATHER ITEM   OBSERVED TIME   RECORD YEAR NORMAL DEPARTURE LAST
                VALUE   (LST)  VALUE       VALUE  FROM      YEAR
                                                  NORMAL
..................................................................
TEMPERATURE (F)
 YESTERDAY
  MAXIMUM         59    315 PM  68    1954  39     20       62
  MINIMUM         26    315 AM -33    1936  20      6       41
  AVERAGE         43                        29     14       52

PRECIPITATION (IN)
  YESTERDAY        0.00          0.43 1943   0.01  -0.01     0.00
  MONTH TO DATE    T                         0.12  -0.12     0.09
  SINCE OCT 1      3.29                      2.91   0.38     2.75
  SINCE JAN 1      0.44                      0.60  -0.16     1.18

SNOWFALL (IN)
  YESTERDAY        0.0           6.3  1955   0.2   -0.2      0.0
  MONTH TO DATE    T                         1.7   -1.7      1.7
  SINCE DEC 1     20.1                      18.3    1.8     28.8
  SINCE JUL 1     24.2                      30.0   -5.8     42.0
  SNOW DEPTH       0

DEGREE DAYS
 HEATING
  YESTERDAY       22                        36    -14       13
  MONTH TO DATE  246                       291    -45      216
  SINCE DEC 1   2429                      2659   -230     2380
  SINCE JUL 1   3817                      4287   -470     3981

 COOLING
  YESTERDAY        0                         0      0        0
  MONTH TO DATE    0                         0      0        0
  SINCE DEC 1      0                         0      0        0
  SINCE JAN 1      0                         0      0        0
..................................................................


WIND (MPH)
  HIGHEST WIND SPEED    30   HIGHEST WIND DIRECTION    NW (320)
  HIGHEST GUST SPEED    36   HIGHEST GUST DIRECTION    NW (320)
  AVERAGE WIND SPEED    14.8


SKY COVER
  POSSIBLE SUNSHINE  MM
  AVERAGE SKY COVER 0.3


WEATHER CONDITIONS
 THE FOLLOWING WEATHER WAS RECORDED YESTERDAY.
  NO SIGNIFICANT WEATHER WAS OBSERVED.


RELATIVE HUMIDITY (PERCENT)
 HIGHEST    55           400 AM
 LOWEST     25           100 PM
 AVERAGE    40

..........................................................


THE BILLINGS MT CLIMATE NORMALS FOR TODAY
                         NORMAL    RECORD    YEAR
 MAXIMUM TEMPERATURE (F)   39        70      1996
 MINIMUM TEMPERATURE (F)   20       -24      1939


SUNRISE AND SUNSET
FEBRUARY  9 2016......SUNRISE   726 AM MST   SUNSET   531 PM MST
FEBRUARY 10 2016......SUNRISE   724 AM MST   SUNSET   533 PM MST


-  INDICATES NEGATIVE NUMBERS.
R  INDICATES RECORD WAS SET OR TIED.
MM INDICATES DATA IS MISSING.
T  INDICATES TRACE AMOUNT.





&&

...THE CLIMATE SUMMARY FOR SOUTHWEST BILLINGS FOR 08 FEBRUARY 2016...

HIGH TEMPERATURE........................61
LOW TEMPERATURE.........................22

PRECIPITATION...........................0.00
MONTHLY PRECIPITATION TOTAL.............T
YEARLY PRECIPITATION TOTAL..............0.35

SNOWFALL................................0.0
MONTHLY SNOWFALL TOTAL..................T
TOTAL SNOWFALL SINCE JULY 1.............23.8

SNOW DEPTH AT MIDNIGHT..................0

$$
