000
CDUS45 KBYZ 250936
CLIBIL


CLIMATE REPORT
NATIONAL WEATHER SERVICE BILLINGS MT
333 AM MDT MON MAY 25 2015


...................................

...THE BILLINGS MT CLIMATE SUMMARY FOR MAY 24 2015...

CLIMATE NORMAL PERIOD 1981 TO 2010
CLIMATE RECORD PERIOD 1934 TO 2015


WEATHER ITEM   OBSERVED TIME   RECORD YEAR NORMAL DEPARTURE LAST
                VALUE   (LST)  VALUE       VALUE  FROM      YEAR
                                                  NORMAL
..................................................................
TEMPERATURE (F)
 YESTERDAY
  MAXIMUM         63    435 PM  90    1941  70     -7       81
  MINIMUM         49    747 AM  34    1975  46      3       54
  AVERAGE         56                        58     -2       68

PRECIPITATION (IN)
  YESTERDAY        0.03          3.12 2011   0.07  -0.04     0.42
  MONTH TO DATE    1.56                      1.65  -0.09     1.72
  SINCE OCT 1      6.37                      7.64  -1.27    12.19
  SINCE JAN 1      4.80                      5.33  -0.53     7.30

SNOWFALL (IN)
  YESTERDAY        0.0           0.4  1975   0.0    0.0      0.0
  MONTH TO DATE    T                         1.9   -1.9      2.1
  SINCE MAR 1     11.3                      20.4   -9.1     13.3
  SINCE JUL 1     55.4                      54.9    0.5    103.5
  SNOW DEPTH       0

DEGREE DAYS
 HEATING
  YESTERDAY        9                         8      1        0
  MONTH TO DATE  308                       262     46      291
  SINCE MAR 1   1374                      1674   -300     1800
  SINCE JUL 1   6015                      6639   -624     7073

 COOLING
  YESTERDAY        0                         1     -1        3
  MONTH TO DATE    0                         6     -6        6
  SINCE MAR 1      0                         7     -7        6
  SINCE JAN 1      0                         7     -7        6
..................................................................


WIND (MPH)
  HIGHEST WIND SPEED    16   HIGHEST WIND DIRECTION    NE (30)
  HIGHEST GUST SPEED    21   HIGHEST GUST DIRECTION     E (80)
  AVERAGE WIND SPEED     8.6


SKY COVER
  POSSIBLE SUNSHINE  MM
  AVERAGE SKY COVER 0.9


WEATHER CONDITIONS
 THE FOLLOWING WEATHER WAS RECORDED YESTERDAY.
  LIGHT RAIN
  FOG


RELATIVE HUMIDITY (PERCENT)
 HIGHEST    93           900 AM
 LOWEST     55           400 PM
 AVERAGE    74

..........................................................


THE BILLINGS MT CLIMATE NORMALS FOR TODAY
                         NORMAL    RECORD    YEAR
 MAXIMUM TEMPERATURE (F)   70        88      1983
 MINIMUM TEMPERATURE (F)   46        31      2012


SUNRISE AND SUNSET
MAY 25 2015...........SUNRISE   533 AM MDT   SUNSET   850 PM MDT
MAY 26 2015...........SUNRISE   532 AM MDT   SUNSET   851 PM MDT


-  INDICATES NEGATIVE NUMBERS.
R  INDICATES RECORD WAS SET OR TIED.
MM INDICATES DATA IS MISSING.
T  INDICATES TRACE AMOUNT.





&&

...THE CLIMATE SUMMARY FOR SOUTHWEST BILLINGS FOR 24 MAY 2015...

HIGH TEMPERATURE........................65
LOW TEMPERATURE.........................50

PRECIPITATION...........................0.09
MONTHLY PRECIPITATION TOTAL.............1.98
YEARLY PRECIPITATION TOTAL..............5.23

SNOWFALL................................0.0
MONTHLY SNOWFALL TOTAL..................0.0
TOTAL SNOWFALL SINCE JULY 1.............53.3

SNOW DEPTH AT MIDNIGHT..................0

$$
