000
CDUS45 KBYZ 070932
CLIBIL


CLIMATE REPORT
NATIONAL WEATHER SERVICE BILLINGS MT
331 AM MDT TUE JUL 7 2015


...................................

...THE BILLINGS MT CLIMATE SUMMARY FOR JULY 6 2015...

CLIMATE NORMAL PERIOD 1981 TO 2010
CLIMATE RECORD PERIOD 1934 TO 2015


WEATHER ITEM   OBSERVED TIME   RECORD YEAR NORMAL DEPARTURE LAST
                VALUE   (LST)  VALUE       VALUE  FROM      YEAR
                                                  NORMAL
..................................................................
TEMPERATURE (F)
 YESTERDAY
  MAXIMUM         74    547 PM 104    2007  85    -11       96
  MINIMUM         54    550 AM  47    1958  57     -3       62
  AVERAGE         64                        71     -7       79

PRECIPITATION (IN)
  YESTERDAY        T             0.89 1955   0.05  -0.05      T
  MONTH TO DATE    0.04                      0.30  -0.26     0.08
  SINCE OCT 1      8.88                     10.59  -1.71    14.55
  SINCE JAN 1      7.31                      8.28  -0.97     9.66

SNOWFALL (IN)
  YESTERDAY        0.0           1.0  1955   0.0    0.0      0.0
  MONTH TO DATE    0.0                       0.0    0.0      0.0
  SINCE JUN 1      0.0                       0.0    0.0       T
  SINCE JUL 1      0.0                       0.0    0.0      0.0
  SNOW DEPTH       0

DEGREE DAYS
 HEATING
  YESTERDAY        1                         1      0        0
  MONTH TO DATE    1                         6     -5        0
  SINCE JUN 1     19                       102    -83       89
  SINCE JUL 1      1                         6     -5        0

 COOLING
  YESTERDAY        0                         7     -7       14
  MONTH TO DATE   53                        38     15       52
  SINCE JUN 1    226                       123    103       71
  SINCE JAN 1    229                       140     89       87
..................................................................


WIND (MPH)
  HIGHEST WIND SPEED    16   HIGHEST WIND DIRECTION    SE (120)
  HIGHEST GUST SPEED    22   HIGHEST GUST DIRECTION     E (110)
  AVERAGE WIND SPEED     7.0


SKY COVER
  POSSIBLE SUNSHINE  MM
  AVERAGE SKY COVER 0.6


WEATHER CONDITIONS
 THE FOLLOWING WEATHER WAS RECORDED YESTERDAY.
  HAZE


RELATIVE HUMIDITY (PERCENT)
 HIGHEST    77           500 AM
 LOWEST     38           400 PM
 AVERAGE    58

..........................................................


THE BILLINGS MT CLIMATE NORMALS FOR TODAY
                         NORMAL    RECORD    YEAR
 MAXIMUM TEMPERATURE (F)   85       101      1989
 MINIMUM TEMPERATURE (F)   58        42      1952


SUNRISE AND SUNSET
JULY  7 2015..........SUNRISE   532 AM MDT   SUNSET   906 PM MDT
JULY  8 2015..........SUNRISE   533 AM MDT   SUNSET   905 PM MDT


-  INDICATES NEGATIVE NUMBERS.
R  INDICATES RECORD WAS SET OR TIED.
MM INDICATES DATA IS MISSING.
T  INDICATES TRACE AMOUNT.





&&

...THE CLIMATE SUMMARY FOR SOUTHWEST BILLINGS FOR 06 JULY 2015...

HIGH TEMPERATURE........................77
LOW TEMPERATURE.........................56

PRECIPITATION...........................0.01
MONTHLY PRECIPITATION TOTAL.............0.02
YEARLY PRECIPITATION TOTAL..............8.08

SNOWFALL................................0.0
MONTHLY SNOWFALL TOTAL..................0.0
TOTAL SNOWFALL SINCE JULY 1.............0.0

SNOW DEPTH AT MIDNIGHT..................0

$$
