000
CDUS45 KBYZ 230940
CLIBIL


CLIMATE REPORT
NATIONAL WEATHER SERVICE BILLINGS MT
338 AM MDT THU MAR 23 2017


...................................

...THE BILLINGS MT CLIMATE SUMMARY FOR MARCH 22 2017...

CLIMATE NORMAL PERIOD 1981 TO 2010
CLIMATE RECORD PERIOD 1934 TO 2017


WEATHER ITEM   OBSERVED TIME   RECORD YEAR NORMAL DEPARTURE LAST
                VALUE   (LST)  VALUE       VALUE  FROM      YEAR
                                                  NORMAL
..................................................................
TEMPERATURE (F)
 YESTERDAY
  MAXIMUM         64    424 PM  76    1960  50     14       50
  MINIMUM         36    400 AM   1    1965  29      7       29
  AVERAGE         50                        39     11       40

PRECIPITATION (IN)
  YESTERDAY        0.14          0.95 1973   0.04   0.10     0.20
                                      1964
  MONTH TO DATE    1.23                      0.68   0.55     0.25
  SINCE OCT 1      8.25                      3.95   4.30     3.63
  SINCE JAN 1      2.69                      1.64   1.05     0.78

SNOWFALL (IN)
  YESTERDAY        0.0          10.5  1964   0.3   -0.3      1.0
  MONTH TO DATE   10.4                       7.1    3.3      1.2
  SINCE MAR 1     10.4                       7.1    3.3      1.2
  SINCE JUL 1     70.7                      41.6   29.1     25.6
  SNOW DEPTH       0

DEGREE DAYS
 HEATING
  YESTERDAY       15                        26    -11       25
  MONTH TO DATE  568                       626    -58      451
  SINCE MAR 1    568                       626    -58      451
  SINCE JUL 1   5653                      5591     62     4712

 COOLING
  YESTERDAY        0                         0      0        0
  MONTH TO DATE    0                         0      0        0
  SINCE MAR 1      0                         0      0        0
  SINCE JAN 1      0                         0      0        0
..................................................................


WIND (MPH)
  HIGHEST WIND SPEED    20   HIGHEST WIND DIRECTION    SW (220)
  HIGHEST GUST SPEED    22   HIGHEST GUST DIRECTION    SW (220)
  AVERAGE WIND SPEED     8.0


SKY COVER
  POSSIBLE SUNSHINE  MM
  AVERAGE SKY COVER 0.7


WEATHER CONDITIONS
 THE FOLLOWING WEATHER WAS RECORDED YESTERDAY.
  THUNDERSTORM
  RAIN
  LIGHT RAIN
  FOG
  FOG W/VISIBILITY <= 1/4 MILE


RELATIVE HUMIDITY (PERCENT)
 HIGHEST   100           200 AM
 LOWEST     37           400 PM
 AVERAGE    69

..........................................................


THE BILLINGS MT CLIMATE NORMALS FOR TODAY
                         NORMAL    RECORD    YEAR
 MAXIMUM TEMPERATURE (F)   51        77      1993
 MINIMUM TEMPERATURE (F)   29        -9      1965


SUNRISE AND SUNSET
MARCH 23 2017.........SUNRISE   711 AM MDT   SUNSET   731 PM MDT
MARCH 24 2017.........SUNRISE   709 AM MDT   SUNSET   732 PM MDT


-  INDICATES NEGATIVE NUMBERS.
R  INDICATES RECORD WAS SET OR TIED.
MM INDICATES DATA IS MISSING.
T  INDICATES TRACE AMOUNT.





&&

...THE CLIMATE SUMMARY FOR SOUTHWEST BILLINGS FOR 22 MARCH 2017...

HIGH TEMPERATURE........................68
LOW TEMPERATURE.........................38

PRECIPITATION...........................0.14
MONTHLY PRECIPITATION TOTAL.............1.26
YEARLY PRECIPITATION TOTAL..............2.72

SNOWFALL................................0.0
MONTHLY SNOWFALL TOTAL..................6.7
TOTAL SNOWFALL SINCE JULY 1.............53.9

SNOW DEPTH AT MIDNIGHT..................0

$$
