000
CDUS43 KBIS 100736
CLIBIS


CLIMATE REPORT
NATIONAL WEATHER SERVICE BISMARCK ND
236 AM CDT THU JUL 10 2014


...................................

...THE BISMARCK ND CLIMATE SUMMARY FOR JULY 9 2014...

CLIMATE NORMAL PERIOD 1981 TO 2010
CLIMATE RECORD PERIOD 1875 TO 2014


WEATHER ITEM   OBSERVED TIME   RECORD YEAR NORMAL DEPARTURE LAST
                VALUE   (LST)  VALUE       VALUE  FROM      YEAR
                                                  NORMAL
..................................................................
TEMPERATURE (F)
 YESTERDAY
  MAXIMUM         80    410 PM 108    1921  84     -4       82
  MINIMUM         51    353 AM  39    1981  57     -6       57
  AVERAGE         66                        70     -4       70

PRECIPITATION (IN)
  YESTERDAY        0.00          1.38 1935   0.10  -0.10     0.18
  MONTH TO DATE    0.42                      0.89  -0.47     0.38
  SINCE JUN 1      3.44                      4.06  -0.62     3.09
  SINCE JAN 1      7.63                      9.53  -1.90    13.69

SNOWFALL (IN)
  YESTERDAY        0.0           0.0  2002   0.0    0.0      0.0
                                      2001
  MONTH TO DATE    0.0                       0.0    0.0      0.0
  SINCE JUN 1      0.0                       0.0    0.0      0.0
  SINCE JUL 1      0.0                       0.0    0.0      0.0
  SNOW DEPTH       0

DEGREE DAYS
 HEATING
  YESTERDAY        0                         1     -1        0
  MONTH TO DATE   12                         9      3        0
  SINCE JUN 1    106                       102      4       86
  SINCE JUL 1     12                         9      3        0

 COOLING
  YESTERDAY        1                         6     -5        5
  MONTH TO DATE   39                        49    -10       60
  SINCE JUN 1     92                       132    -40      144
  SINCE JAN 1    143                       149     -6      156
..................................................................


WIND (MPH)
  HIGHEST WIND SPEED    13   HIGHEST WIND DIRECTION     S (170)
  HIGHEST GUST SPEED    15   HIGHEST GUST DIRECTION     S (170)
  AVERAGE WIND SPEED     4.5


SKY COVER
  POSSIBLE SUNSHINE  MM
  AVERAGE SKY COVER 0.2


WEATHER CONDITIONS
 THE FOLLOWING WEATHER WAS RECORDED YESTERDAY.
  FOG
  FOG W/VISIBILITY <= 1/4 MILE
  HAZE


RELATIVE HUMIDITY (PERCENT)
 HIGHEST    93           600 AM
 LOWEST     42           400 PM
 AVERAGE    68

..........................................................


THE BISMARCK ND CLIMATE NORMALS FOR TODAY
                         NORMAL    RECORD    YEAR
 MAXIMUM TEMPERATURE (F)   84       110      1936
 MINIMUM TEMPERATURE (F)   57        43      1951


SUNRISE AND SUNSET
JULY 10 2014..........SUNRISE   600 AM CDT   SUNSET   937 PM CDT
JULY 11 2014..........SUNRISE   600 AM CDT   SUNSET   936 PM CDT


-  INDICATES NEGATIVE NUMBERS.
R  INDICATES RECORD WAS SET OR TIED.
MM INDICATES DATA IS MISSING.
T  INDICATES TRACE AMOUNT.




$$
