000
CDUS43 KBIS 060905
CLIBIS


CLIMATE REPORT
NATIONAL WEATHER SERVICE BISMARCK ND
405 AM CDT MON JUL 6 2015


...................................

...THE BISMARCK ND CLIMATE SUMMARY FOR JULY 5 2015...

CLIMATE NORMAL PERIOD 1981 TO 2010
CLIMATE RECORD PERIOD 1875 TO 2015


WEATHER ITEM   OBSERVED TIME   RECORD YEAR NORMAL DEPARTURE LAST
                VALUE   (LST)  VALUE       VALUE  FROM      YEAR
                                                  NORMAL
..................................................................
TEMPERATURE (F)
 YESTERDAY
  MAXIMUM         79    153 PM 106    1936  83     -4       96
  MINIMUM         65   1159 PM  33    1884  56      9       61
  AVERAGE         72                        70      2       79

PRECIPITATION (IN)
  YESTERDAY        T             1.05 1964   0.10  -0.10     0.00
  MONTH TO DATE    0.56                      0.49   0.07     0.14
  SINCE JUN 1      5.54                      3.66   1.88     3.16
  SINCE JAN 1     12.81                      9.13   3.68     7.35

SNOWFALL (IN)
  YESTERDAY        0.0           0.0  2002   0.0    0.0      0.0
                                      2001
  MONTH TO DATE    0.0                       0.0    0.0      0.0
  SINCE JUN 1      0.0                       0.0    0.0      0.0
  SINCE JUL 1      0.0                       0.0    0.0      0.0
  SNOW DEPTH       0

DEGREE DAYS
 HEATING
  YESTERDAY        0                         1     -1        0
  MONTH TO DATE    0                         5     -5       12
  SINCE JUN 1     43                        98    -55      106
  SINCE JUL 1      0                         5     -5       12

 COOLING
  YESTERDAY        7                         5      2       14
  MONTH TO DATE   39                        25     14       22
  SINCE JUN 1    133                       108     25       75
  SINCE JAN 1    139                       125     14      126
..................................................................


WIND (MPH)
  HIGHEST WIND SPEED    22   HIGHEST WIND DIRECTION     N (10)
  HIGHEST GUST SPEED    29   HIGHEST GUST DIRECTION     N (360)
  AVERAGE WIND SPEED     8.9


SKY COVER
  POSSIBLE SUNSHINE  MM
  AVERAGE SKY COVER 0.4


WEATHER CONDITIONS
 THE FOLLOWING WEATHER WAS RECORDED YESTERDAY.
  THUNDERSTORM
  LIGHT RAIN
  FOG
  HAZE


RELATIVE HUMIDITY (PERCENT)
 HIGHEST   100           500 AM
 LOWEST     54           400 PM
 AVERAGE    77

..........................................................


THE BISMARCK ND CLIMATE NORMALS FOR TODAY
                         NORMAL    RECORD    YEAR
 MAXIMUM TEMPERATURE (F)   83       114      1936
 MINIMUM TEMPERATURE (F)   57        32      1884


SUNRISE AND SUNSET
JULY  6 2015..........SUNRISE   556 AM CDT   SUNSET   939 PM CDT
JULY  7 2015..........SUNRISE   557 AM CDT   SUNSET   939 PM CDT


-  INDICATES NEGATIVE NUMBERS.
R  INDICATES RECORD WAS SET OR TIED.
MM INDICATES DATA IS MISSING.
T  INDICATES TRACE AMOUNT.




$$
