000
CDUS43 KBIS 200825
CLIBIS


CLIMATE REPORT
NATIONAL WEATHER SERVICE BISMARCK ND
225 AM CST FRI JAN 20 2017


...................................

...THE BISMARCK ND CLIMATE SUMMARY FOR JANUARY 19 2017...

CLIMATE NORMAL PERIOD 1981 TO 2010
CLIMATE RECORD PERIOD 1875 TO 2017


WEATHER ITEM   OBSERVED TIME   RECORD YEAR NORMAL DEPARTURE LAST
                VALUE   (LST)  VALUE       VALUE  FROM      YEAR
                                                  NORMAL
..................................................................
TEMPERATURE (F)
 YESTERDAY
  MAXIMUM         27    202 PM  60    1908  23      4       22
  MINIMUM          8    741 AM -39    1996   2      6        8
  AVERAGE         18                        13      5       15

PRECIPITATION (IN)
  YESTERDAY        0.00          0.23 1880   0.01  -0.01     0.06
  MONTH TO DATE    0.61                      0.28   0.33     0.18
  SINCE DEC 1      2.66                      0.77   1.89     1.09
  SINCE JAN 1      0.61                      0.28   0.33     0.18

SNOWFALL (IN)
  YESTERDAY        0.0           3.7  1979   0.3   -0.3      1.0
  MONTH TO DATE   14.0                       5.9    8.1      2.6
  SINCE DEC 1     38.5                      15.2   23.3     15.4
  SINCE JUL 1     57.5                      26.4   31.1     17.2
  SNOW DEPTH      11

DEGREE DAYS
 HEATING
  YESTERDAY       47                        52     -5       50
  MONTH TO DATE 1214                      1000    214     1025
  SINCE DEC 1   2894                      2514    380     2348
  SINCE JUL 1   4374                      4500   -126     3933

 COOLING
  YESTERDAY        0                         0      0        0
  MONTH TO DATE    0                         0      0        0
  SINCE DEC 1      0                         0      0        0
  SINCE JAN 1      0                         0      0        0
..................................................................


WIND (MPH)
  HIGHEST WIND SPEED    10   HIGHEST WIND DIRECTION    SE (130)
  HIGHEST GUST SPEED    11   HIGHEST GUST DIRECTION    SE (130)
  AVERAGE WIND SPEED     4.3


SKY COVER
  POSSIBLE SUNSHINE  MM
  AVERAGE SKY COVER 0.0


WEATHER CONDITIONS
 THE FOLLOWING WEATHER WAS RECORDED YESTERDAY.
  FOG
  FOG W/VISIBILITY <= 1/4 MILE
  HAZE


RELATIVE HUMIDITY (PERCENT)
 HIGHEST    92           800 AM
 LOWEST     70           800 PM
 AVERAGE    81

..........................................................


THE BISMARCK ND CLIMATE NORMALS FOR TODAY
                         NORMAL    RECORD    YEAR
 MAXIMUM TEMPERATURE (F)   23        53      1964
 MINIMUM TEMPERATURE (F)    2       -37      1883


SUNRISE AND SUNSET
JANUARY 20 2017.......SUNRISE   820 AM CST   SUNSET   529 PM CST
JANUARY 21 2017.......SUNRISE   819 AM CST   SUNSET   531 PM CST


-  INDICATES NEGATIVE NUMBERS.
R  INDICATES RECORD WAS SET OR TIED.
MM INDICATES DATA IS MISSING.
T  INDICATES TRACE AMOUNT.




$$
