000
CDUS43 KBIS 260734
CLIBIS


CLIMATE REPORT
NATIONAL WEATHER SERVICE BISMARCK ND
233 AM CDT FRI MAY 26 2017


...................................

...THE BISMARCK ND CLIMATE SUMMARY FOR MAY 25 2017...

CLIMATE NORMAL PERIOD 1981 TO 2010
CLIMATE RECORD PERIOD 1875 TO 2017


WEATHER ITEM   OBSERVED TIME   RECORD YEAR NORMAL DEPARTURE LAST
                VALUE   (LST)  VALUE       VALUE  FROM      YEAR
                                                  NORMAL
..................................................................
TEMPERATURE (F)
 YESTERDAY
  MAXIMUM         77    314 PM  96    1941  71      6       71
  MINIMUM         48    533 AM  26    1924  46      2       51
  AVERAGE         63                        58      5       61

PRECIPITATION (IN)
  YESTERDAY        0.01          1.51 1960   0.08  -0.07     0.63
  MONTH TO DATE    0.25                      1.86  -1.61     1.03
  SINCE MAR 1      1.73                      3.99  -2.26     5.61
  SINCE JAN 1      3.13                      4.93  -1.80     6.25

SNOWFALL (IN)
  YESTERDAY        0.0           0.0  2002   0.0    0.0      0.0
                                      2001
  MONTH TO DATE    0.0                       0.4   -0.4       T
  SINCE MAR 1      8.7                      13.7   -5.0      3.5
  SINCE JUL 1     71.6                      51.2   20.4     24.1
  SNOW DEPTH       0

DEGREE DAYS
 HEATING
  YESTERDAY        2                         7     -5        4
  MONTH TO DATE  204                       271    -67      219
  SINCE MAR 1   1834                      1995   -161     1612
  SINCE JUL 1   7836                      8426   -590     6932

 COOLING
  YESTERDAY        0                         1     -1        0
  MONTH TO DATE   14                         7      7       10
  SINCE MAR 1     14                         8      6       10
  SINCE JAN 1     14                         8      6       10
..................................................................


WIND (MPH)
  HIGHEST WIND SPEED    25   HIGHEST WIND DIRECTION     W (280)
  HIGHEST GUST SPEED    30   HIGHEST GUST DIRECTION     W (280)
  AVERAGE WIND SPEED    11.0


SKY COVER
  POSSIBLE SUNSHINE  MM
  AVERAGE SKY COVER 0.4


WEATHER CONDITIONS
 THE FOLLOWING WEATHER WAS RECORDED YESTERDAY.
  LIGHT RAIN


RELATIVE HUMIDITY (PERCENT)
 HIGHEST    93           600 AM
 LOWEST     23           100 PM
 AVERAGE    58

..........................................................


THE BISMARCK ND CLIMATE NORMALS FOR TODAY
                         NORMAL    RECORD    YEAR
 MAXIMUM TEMPERATURE (F)   71        92      2006
                                             1934
 MINIMUM TEMPERATURE (F)   46        25      1984


SUNRISE AND SUNSET
MAY 26 2017...........SUNRISE   557 AM CDT   SUNSET   924 PM CDT
MAY 27 2017...........SUNRISE   556 AM CDT   SUNSET   925 PM CDT


-  INDICATES NEGATIVE NUMBERS.
R  INDICATES RECORD WAS SET OR TIED.
MM INDICATES DATA IS MISSING.
T  INDICATES TRACE AMOUNT.




$$
