000
CDUS43 KBIS 140743
CLIBIS


CLIMATE REPORT
NATIONAL WEATHER SERVICE BISMARCK ND
142 AM CST SUN FEB 14 2016


...................................

...THE BISMARCK ND CLIMATE SUMMARY FOR FEBRUARY 13 2016...

CLIMATE NORMAL PERIOD 1981 TO 2010
CLIMATE RECORD PERIOD 1875 TO 2016


WEATHER ITEM   OBSERVED TIME   RECORD YEAR NORMAL DEPARTURE LAST
                VALUE   (LST)  VALUE       VALUE  FROM      YEAR
                                                  NORMAL
..................................................................
TEMPERATURE (F)
 YESTERDAY
  MAXIMUM         19   1159 PM  56    1901  28     -9       38
  MINIMUM          5   1213 AM -27    1970   7     -2        5
                                      1951
  AVERAGE         12                        17     -5       22

PRECIPITATION (IN)
  YESTERDAY        0.13          0.26 1876   0.01   0.12     0.01
  MONTH TO DATE    0.24                      0.18   0.06     0.30
  SINCE DEC 1      1.36                      1.10   0.26     1.16
  SINCE JAN 1      0.45                      0.61  -0.16     1.05

SNOWFALL (IN)
  YESTERDAY        1.2           2.5  1936   0.3    0.9      0.2
  MONTH TO DATE    2.4                       3.3   -0.9      3.2
  SINCE DEC 1     18.2                      21.5   -3.3     12.8
  SINCE JUL 1     20.0                      32.7  -12.7     20.7
  SNOW DEPTH       1

DEGREE DAYS
 HEATING
  YESTERDAY       53                        48      5       43
  MONTH TO DATE  488                       641   -153      653
  SINCE DEC 1   3288                      3773   -485     3466
  SINCE JUL 1   4873                      5759   -886     5538

 COOLING
  YESTERDAY        0                         0      0        0
  MONTH TO DATE    0                         0      0        0
  SINCE DEC 1      0                         0      0        0
  SINCE JAN 1      0                         0      0        0
..................................................................


WIND (MPH)
  HIGHEST WIND SPEED    25   HIGHEST WIND DIRECTION     S (160)
  HIGHEST GUST SPEED    30   HIGHEST GUST DIRECTION     S (160)
  AVERAGE WIND SPEED    15.3


SKY COVER
  POSSIBLE SUNSHINE  MM
  AVERAGE SKY COVER 1.0


WEATHER CONDITIONS
 THE FOLLOWING WEATHER WAS RECORDED YESTERDAY.
  HEAVY SNOW
  SNOW
  LIGHT SNOW
  FOG
  HAZE


RELATIVE HUMIDITY (PERCENT)
 HIGHEST    80           600 PM
 LOWEST     58           700 AM
 AVERAGE    69

..........................................................


THE BISMARCK ND CLIMATE NORMALS FOR TODAY
                         NORMAL    RECORD    YEAR
 MAXIMUM TEMPERATURE (F)   28        53      1901
 MINIMUM TEMPERATURE (F)    8       -33      1936


SUNRISE AND SUNSET
FEBRUARY 14 2016......SUNRISE   749 AM CST   SUNSET   606 PM CST
FEBRUARY 15 2016......SUNRISE   748 AM CST   SUNSET   607 PM CST


-  INDICATES NEGATIVE NUMBERS.
R  INDICATES RECORD WAS SET OR TIED.
MM INDICATES DATA IS MISSING.
T  INDICATES TRACE AMOUNT.




$$
