000
CDUS43 KBIS 280731
CLIBIS


CLIMATE REPORT
NATIONAL WEATHER SERVICE BISMARCK ND
230 AM CDT TUE MAR 28 2017


...................................

...THE BISMARCK ND CLIMATE SUMMARY FOR MARCH 27 2017...

CLIMATE NORMAL PERIOD 1981 TO 2010
CLIMATE RECORD PERIOD 1875 TO 2017


WEATHER ITEM   OBSERVED TIME   RECORD YEAR NORMAL DEPARTURE LAST
                VALUE   (LST)  VALUE       VALUE  FROM      YEAR
                                                  NORMAL
..................................................................
TEMPERATURE (F)
 YESTERDAY
  MAXIMUM         65    414 PM  81    1946  46     19       61
  MINIMUM         29    618 AM -10    1914  24      5       22
  AVERAGE         47                        35     12       42

PRECIPITATION (IN)
  YESTERDAY        0.00          0.87 1975   0.03  -0.03     0.00
  MONTH TO DATE    0.52                      0.74  -0.22     0.22
  SINCE MAR 1      0.52                      0.74  -0.22     0.22
  SINCE JAN 1      1.92                      1.68   0.24     0.86

SNOWFALL (IN)
  YESTERDAY        0.0           7.8  1975   0.3   -0.3      0.0
  MONTH TO DATE    8.7                       8.1    0.6      2.8
  SINCE MAR 1      8.7                       8.1    0.6      2.8
  SINCE JUL 1     71.6                      45.6   26.0     23.4
  SNOW DEPTH       0

DEGREE DAYS
 HEATING
  YESTERDAY       18                        30    -12       23
  MONTH TO DATE  974                       973      1      725
  SINCE MAR 1    974                       973      1      725
  SINCE JUL 1   6976                      7404   -428     6045

 COOLING
  YESTERDAY        0                         0      0        0
  MONTH TO DATE    0                         0      0        0
  SINCE MAR 1      0                         0      0        0
  SINCE JAN 1      0                         0      0        0
..................................................................


WIND (MPH)
  HIGHEST WIND SPEED    13   HIGHEST WIND DIRECTION    SE (120)
  HIGHEST GUST SPEED    15   HIGHEST GUST DIRECTION    SE (150)
  AVERAGE WIND SPEED     5.1


SKY COVER
  POSSIBLE SUNSHINE  MM
  AVERAGE SKY COVER 0.1


WEATHER CONDITIONS
 THE FOLLOWING WEATHER WAS RECORDED YESTERDAY.
  NO SIGNIFICANT WEATHER WAS OBSERVED.


RELATIVE HUMIDITY (PERCENT)
 HIGHEST    92           300 AM
 LOWEST     24           300 PM
 AVERAGE    58

..........................................................


THE BISMARCK ND CLIMATE NORMALS FOR TODAY
                         NORMAL    RECORD    YEAR
 MAXIMUM TEMPERATURE (F)   47        78      1986
 MINIMUM TEMPERATURE (F)   24        -7      1964


SUNRISE AND SUNSET
MARCH 28 2017.........SUNRISE   730 AM CDT   SUNSET   807 PM CDT
MARCH 29 2017.........SUNRISE   728 AM CDT   SUNSET   808 PM CDT


-  INDICATES NEGATIVE NUMBERS.
R  INDICATES RECORD WAS SET OR TIED.
MM INDICATES DATA IS MISSING.
T  INDICATES TRACE AMOUNT.




$$
