000
CDUS43 KBIS 241245
CLIBIS


CLIMATE REPORT
NATIONAL WEATHER SERVICE BISMARCK ND
745 AM CDT TUE MAY 24 2016


...................................

...THE BISMARCK ND CLIMATE SUMMARY FOR MAY 23 2016...

CLIMATE NORMAL PERIOD 1981 TO 2010
CLIMATE RECORD PERIOD 1875 TO 2016


WEATHER ITEM   OBSERVED TIME   RECORD YEAR NORMAL DEPARTURE LAST
                VALUE   (LST)  VALUE       VALUE  FROM      YEAR
                                                  NORMAL
..................................................................
TEMPERATURE (F)
 YESTERDAY
  MAXIMUM         81    146 PM  96    1928  70     11       67
  MINIMUM         50    534 AM  28    2002  45      5       42
                                      1992
  AVERAGE         66                        58      8       55

PRECIPITATION (IN)
  YESTERDAY        0.01          1.81 1982   0.08  -0.07      T
  MONTH TO DATE    0.40                      1.69  -1.29     4.89
  SINCE MAR 1      4.98                      3.82   1.16     5.71
  SINCE JAN 1      5.62                      4.76   0.86     6.85

SNOWFALL (IN)
  YESTERDAY        0.0           0.5  1924   0.0    0.0      0.0
  MONTH TO DATE    T                         0.4   -0.4      0.2
  SINCE MAR 1      3.5                      13.7  -10.2      1.2
  SINCE JUL 1     24.1                      51.2  -27.1     24.1
  SNOW DEPTH       0

DEGREE DAYS
 HEATING
  YESTERDAY        0                         8     -8       10
  MONTH TO DATE  211                       256    -45      290
  SINCE MAR 1   1604                      1980   -376     1759
  SINCE JUL 1   6924                      8411  -1487     8120

 COOLING
  YESTERDAY        1                         1      0        0
  MONTH TO DATE   10                         5      5        0
  SINCE MAR 1     10                         6      4        0
  SINCE JAN 1     10                         6      4        0
..................................................................


WIND (MPH)
  HIGHEST WIND SPEED    26   HIGHEST WIND DIRECTION     W (260)
  HIGHEST GUST SPEED    34   HIGHEST GUST DIRECTION     W (260)
  AVERAGE WIND SPEED     8.2


SKY COVER
  POSSIBLE SUNSHINE  MM
  AVERAGE SKY COVER 0.2


WEATHER CONDITIONS
 THE FOLLOWING WEATHER WAS RECORDED YESTERDAY.
  LIGHT RAIN


RELATIVE HUMIDITY (PERCENT)
 HIGHEST    93           300 AM
 LOWEST     20           200 PM
 AVERAGE    57

..........................................................


THE BISMARCK ND CLIMATE NORMALS FOR TODAY
                         NORMAL    RECORD    YEAR
 MAXIMUM TEMPERATURE (F)   71        96      1926
 MINIMUM TEMPERATURE (F)   46        24      2002


SUNRISE AND SUNSET
MAY 24 2016...........SUNRISE   558 AM CDT   SUNSET   922 PM CDT
MAY 25 2016...........SUNRISE   558 AM CDT   SUNSET   923 PM CDT


-  INDICATES NEGATIVE NUMBERS.
R  INDICATES RECORD WAS SET OR TIED.
MM INDICATES DATA IS MISSING.
T  INDICATES TRACE AMOUNT.




$$
