000
CDUS43 KBIS 250019
CLIBIS


CLIMATE REPORT
NATIONAL WEATHER SERVICE BISMARCK ND
619 PM CST WED DEC 24 2014


...................................

...THE BISMARCK ND CLIMATE SUMMARY FOR DECEMBER 24 2014...
VALID TODAY AS OF 0600 PM LOCAL TIME.

CLIMATE NORMAL PERIOD 1981 TO 2010
CLIMATE RECORD PERIOD 1875 TO 2014


WEATHER ITEM   OBSERVED TIME   RECORD YEAR NORMAL DEPARTURE LAST
                VALUE   (LST)  VALUE       VALUE  FROM      YEAR
                                                  NORMAL
..................................................................
TEMPERATURE (F)
 TODAY
  MAXIMUM         33    502 PM  49    1881  24      9       32
  MINIMUM         23    949 AM -38    1879   4     19        1
  AVERAGE         28                        14     14       17

PRECIPITATION (IN)
  TODAY            T             0.18 1950   0.02  -0.02     0.06
                                      1888
  MONTH TO DATE    0.10                      0.37  -0.27     1.01
  SINCE DEC 1      0.10                      0.37  -0.27     1.01
  SINCE JAN 1     13.91                     17.73  -3.82    26.50

SNOWFALL (IN)
  TODAY            0.0           4.0  1888   0.3   -0.3      0.9
  MONTH TO DATE    1.6                       6.9   -5.3     12.2
  SINCE DEC 1      1.6                       6.9   -5.3     12.2
  SINCE JUL 1      9.5                      18.1   -8.6     13.8
  SNOW DEPTH       2

DEGREE DAYS
 HEATING
  TODAY           37                        51    -14       48
  MONTH TO DATE 1008                      1152   -144     1420
  SINCE DEC 1   1008                      1152   -144     1420
  SINCE JUL 1   3080                      3138    -58     3375

 COOLING
  TODAY            0                         0      0        0
  MONTH TO DATE    0                         0      0        0
  SINCE DEC 1      0                         0      0        0
  SINCE JAN 1    457                       520    -63      555
..................................................................


WIND (MPH)
  RESULTANT WIND SPEED   6   RESULTANT WIND DIRECTION   S (190)
  HIGHEST WIND SPEED    16   HIGHEST WIND DIRECTION     S (200)
  HIGHEST GUST SPEED    19   HIGHEST GUST DIRECTION     S (200)
  AVERAGE WIND SPEED     6.3


SKY COVER
  POSSIBLE SUNSHINE  MM
  AVERAGE SKY COVER 1.0


WEATHER CONDITIONS
 THE FOLLOWING WEATHER WAS RECORDED TODAY.
  LIGHT RAIN
  FOG
  HAZE


RELATIVE HUMIDITY (PERCENT)
 HIGHEST   100           700 AM
 LOWEST     66           300 PM
 AVERAGE    83

..........................................................


THE BISMARCK ND CLIMATE NORMALS FOR TOMORROW
                         NORMAL    RECORD    YEAR
 MAXIMUM TEMPERATURE (F)   24        49      1999
 MINIMUM TEMPERATURE (F)    4       -35      1884


SUNRISE AND SUNSET
DECEMBER 24 2014......SUNRISE   826 AM CST   SUNSET   459 PM CST
DECEMBER 25 2014......SUNRISE   827 AM CST   SUNSET   500 PM CST


-  INDICATES NEGATIVE NUMBERS.
R  INDICATES RECORD WAS SET OR TIED.
MM INDICATES DATA IS MISSING.
T  INDICATES TRACE AMOUNT.




$$
