000
CDUS43 KBIS 010720
CLIBIS


CLIMATE REPORT
NATIONAL WEATHER SERVICE BISMARCK ND
219 AM CDT FRI AUG 1 2014


...................................

...THE BISMARCK ND CLIMATE SUMMARY FOR JULY 31 2014...

CLIMATE NORMAL PERIOD 1981 TO 2010
CLIMATE RECORD PERIOD 1875 TO 2014


WEATHER ITEM   OBSERVED TIME   RECORD YEAR NORMAL DEPARTURE LAST
                VALUE   (LST)  VALUE       VALUE  FROM      YEAR
                                                  NORMAL
..................................................................
TEMPERATURE (F)
 YESTERDAY
  MAXIMUM         88    422 PM 104    1946  86      2       80
  MINIMUM         55    610 AM  43    1905  58     -3       58
  AVERAGE         72                        72      0       69

PRECIPITATION (IN)
  YESTERDAY        0.00          1.89 1975   0.08  -0.08     0.14
  MONTH TO DATE    0.73                      2.89  -2.16     1.63
  SINCE JUN 1      3.75                      6.06  -2.31     4.34
  SINCE JAN 1      7.94                     11.53  -3.59    14.94

SNOWFALL (IN)
  YESTERDAY        0.0           T    2008   0.0    0.0      0.0
  MONTH TO DATE    0.0                       0.0    0.0      0.0
  SINCE JUN 1      0.0                       0.0    0.0      0.0
  SINCE JUL 1      0.0                       0.0    0.0      0.0
  SNOW DEPTH       0

DEGREE DAYS
 HEATING
  YESTERDAY        0                         0      0        0
  MONTH TO DATE   28                        13     15       22
  SINCE JUN 1    122                       110     12      108
  SINCE JUL 1     28                        17     11       22

 COOLING
  YESTERDAY        7                         7      0        4
  MONTH TO DATE  148                       204    -56      185
  SINCE JUN 1    201                       287    -86      269
  SINCE JAN 1    252                       304    -52      281
..................................................................


WIND (MPH)
  HIGHEST WIND SPEED    10   HIGHEST WIND DIRECTION     W (250)
  HIGHEST GUST SPEED    14   HIGHEST GUST DIRECTION    SW (230)
  AVERAGE WIND SPEED     3.4


SKY COVER
  POSSIBLE SUNSHINE  MM
  AVERAGE SKY COVER 0.1


WEATHER CONDITIONS
 THE FOLLOWING WEATHER WAS RECORDED YESTERDAY.
  FOG
  HAZE


RELATIVE HUMIDITY (PERCENT)
 HIGHEST    93           400 AM
 LOWEST     26           400 PM
 AVERAGE    60

..........................................................


THE BISMARCK ND CLIMATE NORMALS FOR TODAY
                         NORMAL    RECORD    YEAR
 MAXIMUM TEMPERATURE (F)   86       105      1900
 MINIMUM TEMPERATURE (F)   58        40      1968


SUNRISE AND SUNSET
AUGUST  1 2014........SUNRISE   623 AM CDT   SUNSET   915 PM CDT
AUGUST  2 2014........SUNRISE   624 AM CDT   SUNSET   913 PM CDT


-  INDICATES NEGATIVE NUMBERS.
R  INDICATES RECORD WAS SET OR TIED.
MM INDICATES DATA IS MISSING.
T  INDICATES TRACE AMOUNT.




$$
