000
CDUS43 KBIS 290735
CLIBIS


CLIMATE REPORT
NATIONAL WEATHER SERVICE BISMARCK ND
234 AM CDT SAT JUL 29 2017


...................................

...THE BISMARCK ND CLIMATE SUMMARY FOR JULY 28 2017...

CLIMATE NORMAL PERIOD 1981 TO 2010
CLIMATE RECORD PERIOD 1875 TO 2017


WEATHER ITEM   OBSERVED TIME   RECORD YEAR NORMAL DEPARTURE LAST
                VALUE   (LST)  VALUE       VALUE  FROM      YEAR
                                                  NORMAL
..................................................................
TEMPERATURE (F)
 YESTERDAY
  MAXIMUM         89    322 PM 107    1917  86      3       75
  MINIMUM         66    553 AM  41    1976  58      8       62
  AVERAGE         78                        72      6       69

PRECIPITATION (IN)
  YESTERDAY        0.00          1.33 1989   0.08  -0.08      T
  MONTH TO DATE    1.60                      2.63  -1.03     3.89
  SINCE JUN 1      3.34                      5.80  -2.46     8.27
  SINCE JAN 1      6.47                     11.27  -4.80    15.45

DEGREE DAYS
 HEATING
  YESTERDAY        0                         0      0        0
  MONTH TO DATE    0                        13    -13        8
  SINCE JUN 1     30                       106    -76       34
  SINCE JUL 1      0                        13    -13        8

 COOLING
  YESTERDAY       13                         7      6        4
  MONTH TO DATE  300                       179    121      199
  SINCE JUN 1    425                       262    163      325
  SINCE JAN 1    439                       279    160      335
..................................................................


WIND (MPH)
  HIGHEST WIND SPEED    18   HIGHEST WIND DIRECTION    SE (150)
  HIGHEST GUST SPEED    23   HIGHEST GUST DIRECTION    SE (140)
  AVERAGE WIND SPEED     9.0


SKY COVER
  POSSIBLE SUNSHINE  MM
  AVERAGE SKY COVER 0.3


WEATHER CONDITIONS
 THE FOLLOWING WEATHER WAS RECORDED YESTERDAY.
  NO SIGNIFICANT WEATHER WAS OBSERVED.


RELATIVE HUMIDITY (PERCENT)
 HIGHEST    81           400 AM
 LOWEST     40           300 PM
 AVERAGE    61

..........................................................


THE BISMARCK ND CLIMATE NORMALS FOR TODAY
                         NORMAL    RECORD    YEAR
 MAXIMUM TEMPERATURE (F)   86       104      1999
                                             1975
 MINIMUM TEMPERATURE (F)   58        41      1899


SUNRISE AND SUNSET
JULY 29 2017..........SUNRISE   620 AM CDT   SUNSET   918 PM CDT
JULY 30 2017..........SUNRISE   621 AM CDT   SUNSET   917 PM CDT


-  INDICATES NEGATIVE NUMBERS.
R  INDICATES RECORD WAS SET OR TIED.
MM INDICATES DATA IS MISSING.
T  INDICATES TRACE AMOUNT.




$$
