000
CDUS43 KBIS 010724
CLIBIS


CLIMATE REPORT
NATIONAL WEATHER SERVICE BISMARCK ND
123 AM CST SUN MAR 1 2015


...................................

...THE BISMARCK ND CLIMATE SUMMARY FOR FEBRUARY 28 2015...

CLIMATE NORMAL PERIOD 1981 TO 2010
CLIMATE RECORD PERIOD 1875 TO 2015


WEATHER ITEM   OBSERVED TIME   RECORD YEAR NORMAL DEPARTURE LAST
                VALUE   (LST)  VALUE       VALUE  FROM      YEAR
                                                  NORMAL
..................................................................
TEMPERATURE (F)
 YESTERDAY
  MAXIMUM         22    211 PM  59    1924  33    -11       15
  MINIMUM          2    724 AM -34    1962  13    -11       -6
  AVERAGE         12                        23    -11        5

PRECIPITATION (IN)
  YESTERDAY        0.00          0.57 1951   0.03  -0.03     0.00
  MONTH TO DATE    0.39                      0.51  -0.12     0.19
  SINCE DEC 1      1.25                      1.43  -0.18     1.83
  SINCE JAN 1      1.14                      0.94   0.20     0.57

SNOWFALL (IN)
  YESTERDAY        0.0           7.9  1951   0.3   -0.3      0.0
  MONTH TO DATE    5.4                       8.1   -2.7      2.3
  SINCE DEC 1     15.0                      26.3  -11.3     23.6
  SINCE JUL 1     22.9                      37.5  -14.6     25.2
  SNOW DEPTH       1

DEGREE DAYS
 HEATING
  YESTERDAY       53                        42     11       60
  MONTH TO DATE 1476                      1314    162     1543
  SINCE DEC 1   4289                      4445   -156     4897
  SINCE JUL 1   6361                      6431    -70     6852

 COOLING
  YESTERDAY        0                         0      0        0
  MONTH TO DATE    0                         0      0        0
  SINCE DEC 1      0                         0      0        0
  SINCE JAN 1      0                         0      0        0
..................................................................


WIND (MPH)
  HIGHEST WIND SPEED    21   HIGHEST WIND DIRECTION    NW (320)
  HIGHEST GUST SPEED    28   HIGHEST GUST DIRECTION    NW (330)
  AVERAGE WIND SPEED     9.4


SKY COVER
  POSSIBLE SUNSHINE  MM
  AVERAGE SKY COVER 0.5


WEATHER CONDITIONS
 THE FOLLOWING WEATHER WAS RECORDED YESTERDAY.
  NO SIGNIFICANT WEATHER WAS OBSERVED.


RELATIVE HUMIDITY (PERCENT)
 HIGHEST    86           700 AM
 LOWEST     49           500 PM
 AVERAGE    68

..........................................................


THE BISMARCK ND CLIMATE NORMALS FOR TODAY
                         NORMAL    RECORD    YEAR
 MAXIMUM TEMPERATURE (F)   33        70      1992
 MINIMUM TEMPERATURE (F)   13       -28      1962


SUNRISE AND SUNSET
MARCH  1 2015.........SUNRISE   723 AM CST   SUNSET   628 PM CST
MARCH  2 2015.........SUNRISE   721 AM CST   SUNSET   630 PM CST


-  INDICATES NEGATIVE NUMBERS.
R  INDICATES RECORD WAS SET OR TIED.
MM INDICATES DATA IS MISSING.
T  INDICATES TRACE AMOUNT.




$$
