000
CDUS43 KGRR 260518
CLIBIV


CLIMATE REPORT
NATIONAL WEATHER SERVICE GRAND RAPIDS, MI
117 AM EDT FRI MAY 26 2017


...................................

...THE HOLLAND/TULIP CITY MI CLIMATE SUMMARY FOR MAY 25 2017...

CLIMATE NORMAL PERIOD 1981 TO 2010
CLIMATE RECORD PERIOD 1996 TO 2017


WEATHER ITEM   OBSERVED TIME   NORMAL DEPARTURE LAST
                VALUE   (LST)  VALUE  FROM      YEAR
                                      NORMAL
......................................................
TEMPERATURE (F)
 YESTERDAY
  MAXIMUM         68    310 PM  72     -4       85
  MINIMUM         50   1125 PM  52     -2       64
  AVERAGE         59            62     -3       75

PRECIPITATION (IN)
  YESTERDAY        T             0.10  -0.10     0.25
  MONTH TO DATE    1.55          2.67  -1.12     2.30
  SINCE MAR 1     10.43          8.19   2.24     9.22
  SINCE JAN 1     15.09         12.08   3.01    13.08

DEGREE DAYS
 HEATING
  YESTERDAY        6             5      1        0
  MONTH TO DATE  250           205     45      209
  SINCE MAR 1   1545          1584    -39     1512
  SINCE JUL 1   5407          6084   -677     5502

 COOLING
  YESTERDAY        0             2     -2       10
  MONTH TO DATE   21            24     -3       14
  SINCE MAR 1     29            28      1       15
  SINCE JAN 1     29            28      1       15
......................................................


WIND (MPH)
  RESULTANT WIND SPEED   4   RESULTANT WIND DIRECTION   N (350)
  HIGHEST WIND SPEED    15   HIGHEST WIND DIRECTION    NW (320)
  HIGHEST GUST SPEED    19   HIGHEST GUST DIRECTION    NW (310)
  AVERAGE WIND SPEED     6.9


SKY COVER
  AVERAGE SKY COVER 0.8


WEATHER CONDITIONS
 THE FOLLOWING WEATHER WAS RECORDED YESTERDAY.
  LIGHT RAIN


RELATIVE HUMIDITY (PERCENT)
 HIGHEST    96          1100 PM
 LOWEST     63           500 PM
 AVERAGE    80

..........................................................


THE HOLLAND/TULIP CITY MI CLIMATE NORMALS FOR TODAY
                         NORMAL
 MAXIMUM TEMPERATURE (F)   72
 MINIMUM TEMPERATURE (F)   52


SUNRISE AND SUNSET
MAY 26 2017...........SUNRISE   612 AM EDT   SUNSET   912 PM EDT
MAY 27 2017...........SUNRISE   612 AM EDT   SUNSET   913 PM EDT


-  INDICATES NEGATIVE NUMBERS.
R  INDICATES RECORD WAS SET OR TIED.
MM INDICATES DATA IS MISSING.
T  INDICATES TRACE AMOUNT.




$$
