000
CDUS43 KGRR 170516
CLIBIV


CLIMATE REPORT
NATIONAL WEATHER SERVICE GRAND RAPIDS, MI
116 AM EDT WED SEP 17 2014


...................................

...THE HOLLAND/TULIP CITY MI CLIMATE SUMMARY FOR SEPTEMBER 16 2014...

CLIMATE NORMAL PERIOD 1981 TO 2010
CLIMATE RECORD PERIOD 1996 TO 2014


WEATHER ITEM   OBSERVED TIME   NORMAL DEPARTURE LAST
                VALUE   (LST)  VALUE  FROM      YEAR
                                      NORMAL
......................................................
TEMPERATURE (F)
 YESTERDAY
  MAXIMUM         64    225 PM  74    -10       64
  MINIMUM         42    452 AM  53    -11       46
  AVERAGE         53            63    -10       55

PRECIPITATION (IN)
  YESTERDAY        0.00          0.11  -0.11     0.00
  MONTH TO DATE    2.88          1.79   1.09     0.17
  SINCE SEP 1      2.88          1.79   1.09     0.17
  SINCE JAN 1     23.91         25.00  -1.09    28.18

DEGREE DAYS
 HEATING
  YESTERDAY       12             4      8       10
  MONTH TO DATE   69            33     36       44
  SINCE SEP 1     69            33     36       44
  SINCE JUL 1    105            48     57       63

 COOLING
  YESTERDAY        0             2     -2        0
  MONTH TO DATE   49            46      3       72
  SINCE SEP 1     49            46      3       72
  SINCE JAN 1    566           664    -98      779
......................................................


WIND (MPH)
  RESULTANT WIND SPEED   2   RESULTANT WIND DIRECTION   W (290)
  HIGHEST WIND SPEED    13   HIGHEST WIND DIRECTION     W (260)
  HIGHEST GUST SPEED    18   HIGHEST GUST DIRECTION     W (270)
  AVERAGE WIND SPEED     3.1


SKY COVER
  AVERAGE SKY COVER 0.2


WEATHER CONDITIONS
 THE FOLLOWING WEATHER WAS RECORDED YESTERDAY.
  FOG
  FOG W/VISIBILITY <= 1/4 MILE


RELATIVE HUMIDITY (PERCENT)
 HIGHEST    96           300 AM
 LOWEST     52          1200 PM
 AVERAGE    74

..........................................................


THE HOLLAND/TULIP CITY MI CLIMATE NORMALS FOR TODAY
                         NORMAL
 MAXIMUM TEMPERATURE (F)   73
 MINIMUM TEMPERATURE (F)   53


SUNRISE AND SUNSET
SEPTEMBER 17 2014.....SUNRISE   726 AM EDT   SUNSET   751 PM EDT
SEPTEMBER 18 2014.....SUNRISE   728 AM EDT   SUNSET   749 PM EDT


-  INDICATES NEGATIVE NUMBERS.
R  INDICATES RECORD WAS SET OR TIED.
MM INDICATES DATA IS MISSING.
T  INDICATES TRACE AMOUNT.




$$
