000
CDUS43 KGRR 271359
CLIBIV


CLIMATE REPORT
NATIONAL WEATHER SERVICE GRAND RAPIDS, MI
959 AM EDT THU JUL 27 2017


...................................

...THE HOLLAND/TULIP CITY MI CLIMATE SUMMARY FOR JULY 27 2017...
VALID AS OF 0900 AM LOCAL TIME.

CLIMATE NORMAL PERIOD 1981 TO 2010
CLIMATE RECORD PERIOD 1996 TO 2017


WEATHER ITEM   OBSERVED TIME   NORMAL DEPARTURE LAST
                VALUE   (LST)  VALUE  FROM      YEAR
                                      NORMAL
......................................................
TEMPERATURE (F)
 TODAY
  MAXIMUM         76    752 AM  82     -6       85
  MINIMUM         70    614 AM  63      7       61
  AVERAGE         73            72      1       73

PRECIPITATION (IN)
  TODAY            0.00          0.08  -0.08     0.00
  MONTH TO DATE    3.27          2.45   0.82     1.17
  SINCE JUN 1      6.58          6.67  -0.09     3.45
  SINCE JAN 1     21.75         19.26   2.49    16.58

DEGREE DAYS
 HEATING
  TODAY            0             0      0        0
  MONTH TO DATE    1             0      1        7
  SINCE JUN 1     21            48    -27       43
  SINCE JUL 1      1             0      1        7

 COOLING
  TODAY            8             8      0        8
  MONTH TO DATE  176           210    -34      215
  SINCE JUN 1    329           356    -27      347
  SINCE JAN 1    360           398    -38      406
......................................................


WIND (MPH)
  RESULTANT WIND SPEED   1   RESULTANT WIND DIRECTION  SE (140)
  HIGHEST WIND SPEED     7   HIGHEST WIND DIRECTION     S (170)
  HIGHEST GUST SPEED     8   HIGHEST GUST DIRECTION    NW (300)
  AVERAGE WIND SPEED     1.7


SKY COVER
  AVERAGE SKY COVER 0.2


WEATHER CONDITIONS
 THE FOLLOWING WEATHER WAS RECORDED TODAY.
  NO SIGNIFICANT WEATHER WAS OBSERVED.


RELATIVE HUMIDITY (PERCENT)
 HIGHEST    90           500 AM
 LOWEST     79          1200 AM
 AVERAGE    85

..........................................................


THE HOLLAND/TULIP CITY MI CLIMATE NORMALS FOR TOMORROW
                         NORMAL
 MAXIMUM TEMPERATURE (F)   82
 MINIMUM TEMPERATURE (F)   63


SUNRISE AND SUNSET
JULY 27 2017..........SUNRISE   631 AM EDT   SUNSET   911 PM EDT
JULY 28 2017..........SUNRISE   632 AM EDT   SUNSET   910 PM EDT


-  INDICATES NEGATIVE NUMBERS.
R  INDICATES RECORD WAS SET OR TIED.
MM INDICATES DATA IS MISSING.
T  INDICATES TRACE AMOUNT.




$$
