000
CDUS43 KGRR 030526
CLIBIV


CLIMATE REPORT
NATIONAL WEATHER SERVICE GRAND RAPIDS, MI
126 AM EDT MON AUG 3 2015


...................................

...THE HOLLAND/TULIP CITY MI CLIMATE SUMMARY FOR AUGUST 2 2015...

CLIMATE NORMAL PERIOD 1981 TO 2010
CLIMATE RECORD PERIOD 1996 TO 2015


WEATHER ITEM   OBSERVED TIME   NORMAL DEPARTURE LAST
                VALUE   (LST)  VALUE  FROM      YEAR
                                      NORMAL
......................................................
TEMPERATURE (F)
 YESTERDAY
  MAXIMUM         91    409 PM  82      9       81
  MINIMUM         63    334 AM  63      0       54
  AVERAGE         77            72      5       68

PRECIPITATION (IN)
  YESTERDAY        0.74          0.11   0.63     0.00
  MONTH TO DATE    0.74          0.20   0.54     0.00
  SINCE JUN 1      4.47          7.25  -2.78     6.56
  SINCE JAN 1     15.28         19.84  -4.56    16.09

DEGREE DAYS
 HEATING
  YESTERDAY        0             0      0        0
  MONTH TO DATE    0             0      0        0
  SINCE JUN 1     34            54    -20       45
  SINCE JUL 1     10             6      4       22

 COOLING
  YESTERDAY       12             7      5        3
  MONTH TO DATE   19            14      5        9
  SINCE JUN 1    286           395   -109      296
  SINCE JAN 1    335           437   -102      335
......................................................


WIND (MPH)
  RESULTANT WIND SPEED  16   RESULTANT WIND DIRECTION  SW (220)
  HIGHEST WIND SPEED    35   HIGHEST WIND DIRECTION    SW (220)
  HIGHEST GUST SPEED    45   HIGHEST GUST DIRECTION    SW (230)
  AVERAGE WIND SPEED    15.8


SKY COVER
  AVERAGE SKY COVER 0.0


WEATHER CONDITIONS
 THE FOLLOWING WEATHER WAS RECORDED YESTERDAY.
  THUNDERSTORM
  HEAVY RAIN
  RAIN
  LIGHT RAIN
  FOG


RELATIVE HUMIDITY (PERCENT)
 HIGHEST    87           400 AM
 LOWEST     41           400 PM
 AVERAGE    64

..........................................................


THE HOLLAND/TULIP CITY MI CLIMATE NORMALS FOR TODAY
                         NORMAL
 MAXIMUM TEMPERATURE (F)   82
 MINIMUM TEMPERATURE (F)   63


SUNRISE AND SUNSET
AUGUST  3 2015........SUNRISE   638 AM EDT   SUNSET   903 PM EDT
AUGUST  4 2015........SUNRISE   639 AM EDT   SUNSET   902 PM EDT


-  INDICATES NEGATIVE NUMBERS.
R  INDICATES RECORD WAS SET OR TIED.
MM INDICATES DATA IS MISSING.
T  INDICATES TRACE AMOUNT.




$$
