000
CDUS43 KGRR 280515
CLIBIV


CLIMATE REPORT
NATIONAL WEATHER SERVICE GRAND RAPIDS, MI
1215 AM EST FRI NOV 28 2014


...................................

...THE HOLLAND/TULIP CITY MI CLIMATE SUMMARY FOR NOVEMBER 27 2014...

CLIMATE NORMAL PERIOD 1981 TO 2010
CLIMATE RECORD PERIOD 1996 TO 2014


WEATHER ITEM   OBSERVED TIME   NORMAL DEPARTURE LAST
                VALUE   (LST)  VALUE  FROM      YEAR
                                      NORMAL
......................................................
TEMPERATURE (F)
 YESTERDAY
  MAXIMUM         33   1002 AM  43    -10       31
  MINIMUM         21   1159 PM  32    -11       21
  AVERAGE         27            37    -10       26

PRECIPITATION (IN)
  YESTERDAY        0.13          0.10   0.03      T
  MONTH TO DATE    3.16          3.19  -0.03     4.11
  SINCE SEP 1     11.09         10.68   0.41    10.46
  SINCE JAN 1     32.12         33.89  -1.77    38.47

DEGREE DAYS
 HEATING
  YESTERDAY       38            28     10       39
  MONTH TO DATE  757           612    145      637
  SINCE SEP 1   1272          1122    150     1112
  SINCE JUL 1   1308          1137    171     1131

 COOLING
  YESTERDAY        0             0      0        0
  MONTH TO DATE    0             0      0        2
  SINCE SEP 1     53            75    -22      106
  SINCE JAN 1    570           693   -123      813
......................................................


WIND (MPH)
  RESULTANT WIND SPEED   3   RESULTANT WIND DIRECTION   N (340)
  HIGHEST WIND SPEED    15   HIGHEST WIND DIRECTION    NW (330)
  HIGHEST GUST SPEED    22   HIGHEST GUST DIRECTION     N (350)
  AVERAGE WIND SPEED     4.5


SKY COVER
  AVERAGE SKY COVER 1.0


WEATHER CONDITIONS
 THE FOLLOWING WEATHER WAS RECORDED YESTERDAY.
  HEAVY SNOW
  SNOW
  LIGHT SNOW
  FOG
  FOG W/VISIBILITY <= 1/4 MILE


RELATIVE HUMIDITY (PERCENT)
 HIGHEST    85           700 AM
 LOWEST     68          1100 PM
 AVERAGE    77

..........................................................


THE HOLLAND/TULIP CITY MI CLIMATE NORMALS FOR TODAY
                         NORMAL
 MAXIMUM TEMPERATURE (F)   43
 MINIMUM TEMPERATURE (F)   31


SUNRISE AND SUNSET
NOVEMBER 28 2014......SUNRISE   752 AM EST   SUNSET   513 PM EST
NOVEMBER 29 2014......SUNRISE   753 AM EST   SUNSET   512 PM EST


-  INDICATES NEGATIVE NUMBERS.
R  INDICATES RECORD WAS SET OR TIED.
MM INDICATES DATA IS MISSING.
T  INDICATES TRACE AMOUNT.




$$
