000
CDUS43 KGRR 262132
CLIBIV


CLIMATE REPORT
NATIONAL WEATHER SERVICE GRAND RAPIDS, MI
529 PM EDT SUN MAR 26 2017


...................................

...THE HOLLAND/TULIP CITY MI CLIMATE SUMMARY FOR MARCH 26 2017...
VALID TODAY AS OF 0500 PM LOCAL TIME.

CLIMATE NORMAL PERIOD 1981 TO 2010
CLIMATE RECORD PERIOD 1996 TO 2017


WEATHER ITEM   OBSERVED TIME   NORMAL DEPARTURE LAST
                VALUE   (LST)  VALUE  FROM      YEAR
                                      NORMAL
......................................................
TEMPERATURE (F)
 TODAY
  MAXIMUM         57    359 PM  49      8       55
  MINIMUM         43    807 AM  32     11       28
  AVERAGE         50            40     10       42

PRECIPITATION (IN)
  TODAY            0.31          0.07   0.24     0.00
  MONTH TO DATE    1.78          1.93  -0.15     2.60
  SINCE MAR 1      1.78          1.93  -0.15     2.60
  SINCE JAN 1      6.44          5.82   0.62     6.46

DEGREE DAYS
 HEATING
  TODAY           15            25    -10       23
  MONTH TO DATE  765           757      8      668
  SINCE MAR 1    765           757      8      668
  SINCE JUL 1   4627          5257   -630     4658

 COOLING
  TODAY            0             0      0        0
  MONTH TO DATE    0             0      0        0
  SINCE MAR 1      0             0      0        0
  SINCE JAN 1      0             0      0        0
......................................................


WIND (MPH)
  RESULTANT WIND SPEED  12   RESULTANT WIND DIRECTION   E (100)
  HIGHEST WIND SPEED    22   HIGHEST WIND DIRECTION     E (100)
  HIGHEST GUST SPEED    25   HIGHEST GUST DIRECTION     E (100)
  AVERAGE WIND SPEED    11.8


SKY COVER
  AVERAGE SKY COVER 1.0


WEATHER CONDITIONS
 THE FOLLOWING WEATHER WAS RECORDED TODAY.
  HEAVY RAIN
  RAIN
  LIGHT RAIN
  FOG


RELATIVE HUMIDITY (PERCENT)
 HIGHEST    96           200 AM
 LOWEST     86           400 PM
 AVERAGE    91

..........................................................


THE HOLLAND/TULIP CITY MI CLIMATE NORMALS FOR TOMORROW
                         NORMAL
 MAXIMUM TEMPERATURE (F)   50
 MINIMUM TEMPERATURE (F)   32


SUNRISE AND SUNSET
MARCH 26 2017.........SUNRISE   737 AM EDT   SUNSET   804 PM EDT
MARCH 27 2017.........SUNRISE   735 AM EDT   SUNSET   805 PM EDT


-  INDICATES NEGATIVE NUMBERS.
R  INDICATES RECORD WAS SET OR TIED.
MM INDICATES DATA IS MISSING.
T  INDICATES TRACE AMOUNT.




$$

63
