000
CDUS46 KBOI 080931
CLIBKE


CLIMATE REPORT
NATIONAL WEATHER SERVICE BOISE ID
231 AM MST MON FEB 8 2016


...................................

...THE BAKER OR CLIMATE SUMMARY FOR FEBRUARY 7 2016...

CLIMATE NORMAL PERIOD 1981 TO 2010
CLIMATE RECORD PERIOD 1948 TO 2016


WEATHER ITEM   OBSERVED TIME   RECORD YEAR NORMAL DEPARTURE LAST
                VALUE   (LST)  VALUE       VALUE  FROM      YEAR
                                                  NORMAL
..................................................................
TEMPERATURE (F)
 YESTERDAY
  MAXIMUM         38    409 PM  62    2015  37      1       62
  MINIMUM         17    444 AM -28    1989  18     -1       45
  AVERAGE         28                        28      0       54

PRECIPITATION (IN)
  YESTERDAY        0.00          0.48 1953   0.02  -0.02     0.25
  MONTH TO DATE    0.07                      0.15  -0.08     0.49
  SINCE OCT 1      3.00                      3.46  -0.46     3.08
  SINCE JAN 1      0.46                      0.95  -0.49     0.88

DEGREE DAYS
 HEATING
  YESTERDAY       37                        38     -1       11
  MONTH TO DATE  273                       266      7      163
  SINCE DEC 1   2568                      2752   -184     2305
  SINCE JUL 1   4419                      4789   -370     4108

 COOLING
  YESTERDAY        0                         0      0        0
  MONTH TO DATE    0                         0      0        0
  SINCE DEC 1      0                         0      0        0
  SINCE JAN 1      0                         0      0        0
..................................................................


WIND (MPH)
  RESULTANT WIND SPEED   1   RESULTANT WIND DIRECTION   W (250)
  HIGHEST WIND SPEED     8   HIGHEST WIND DIRECTION     W (260)
  HIGHEST GUST SPEED    10   HIGHEST GUST DIRECTION     W (270)
  AVERAGE WIND SPEED     1.9


SKY COVER
  AVERAGE SKY COVER 0.2


WEATHER CONDITIONS
 THE FOLLOWING WEATHER WAS RECORDED YESTERDAY.
  FOG
  FOG W/VISIBILITY <= 1/4 MILE


RELATIVE HUMIDITY (PERCENT)
 HIGHEST   100          1200 AM
 LOWEST     82          1200 PM
 AVERAGE    91

..........................................................


THE BAKER OR CLIMATE NORMALS FOR TODAY
                         NORMAL    RECORD    YEAR
 MAXIMUM TEMPERATURE (F)   38        57      2015
 MINIMUM TEMPERATURE (F)   18       -27      1989


SUNRISE AND SUNSET
FEBRUARY  8 2016......SUNRISE   702 AM PST   SUNSET   509 PM PST
FEBRUARY  9 2016......SUNRISE   701 AM PST   SUNSET   510 PM PST


-  INDICATES NEGATIVE NUMBERS.
R  INDICATES RECORD WAS SET OR TIED.
MM INDICATES DATA IS MISSING.
T  INDICATES TRACE AMOUNT.




$$
