000
CDUS46 KBOI 230932
CLIBKE


CLIMATE REPORT
NATIONAL WEATHER SERVICE BOISE ID
331 AM MDT WED AUG 23 2017


...................................

...THE BAKER OR CLIMATE SUMMARY FOR AUGUST 22 2017...

CLIMATE NORMAL PERIOD 1981 TO 2010
CLIMATE RECORD PERIOD 1928 TO 2017


WEATHER ITEM   OBSERVED TIME   RECORD YEAR NORMAL DEPARTURE LAST
                VALUE   (LST)  VALUE       VALUE  FROM      YEAR
                                                  NORMAL
..................................................................
TEMPERATURE (F)
 YESTERDAY
  MAXIMUM         98R   216 PM  98    1969  83     15       80
                                      1961
  MINIMUM         45    534 AM  33    2008  44      1       45
  AVERAGE         72                        64      8       63

PRECIPITATION (IN)
  YESTERDAY        0.00          1.17 2003   0.03  -0.03     0.00
  MONTH TO DATE    0.06                      0.49  -0.43     0.12
  SINCE OCT 1      7.67                      9.36  -1.69     6.17
  SINCE JAN 1      4.93                      6.85  -1.92     3.63

DEGREE DAYS
 HEATING
  YESTERDAY        0                         3     -3        2
  MONTH TO DATE    6                        44    -38       39
  SINCE JUN 1    188                       340   -152      316
  SINCE JUL 1     12                       114   -102      124

 COOLING
  YESTERDAY        7                         2      5        0
  MONTH TO DATE   99                        57     42       35
  SINCE JUN 1    248                       148    100      125
  SINCE JAN 1    248                       150     98      125
..................................................................


WIND (MPH)
  RESULTANT WIND SPEED   2   RESULTANT WIND DIRECTION   W (260)
  HIGHEST WIND SPEED    14   HIGHEST WIND DIRECTION     E (80)
  HIGHEST GUST SPEED    16   HIGHEST GUST DIRECTION     E (70)
  AVERAGE WIND SPEED     3.0


SKY COVER
  AVERAGE SKY COVER 0.0


WEATHER CONDITIONS
 THE FOLLOWING WEATHER WAS RECORDED YESTERDAY.
  NO SIGNIFICANT WEATHER WAS OBSERVED.


RELATIVE HUMIDITY (PERCENT)
 HIGHEST    86           500 AM
 LOWEST     14           200 PM
 AVERAGE    50

..........................................................


THE BAKER OR CLIMATE NORMALS FOR TODAY
                         NORMAL    RECORD    YEAR
 MAXIMUM TEMPERATURE (F)   83        98      2000
                                             1969
 MINIMUM TEMPERATURE (F)   44        33      2008


SUNRISE AND SUNSET
AUGUST 23 2017........SUNRISE   603 AM PDT   SUNSET   743 PM PDT
AUGUST 24 2017........SUNRISE   604 AM PDT   SUNSET   742 PM PDT


-  INDICATES NEGATIVE NUMBERS.
R  INDICATES RECORD WAS SET OR TIED.
MM INDICATES DATA IS MISSING.
T  INDICATES TRACE AMOUNT.




$$
