794
CDUS46 KBOI 180931
CLIBKE


CLIMATE REPORT
NATIONAL WEATHER SERVICE BOISE ID
331 AM MDT WED OCT 18 2017


...................................

...THE BAKER OR CLIMATE SUMMARY FOR OCTOBER 17 2017...

CLIMATE NORMAL PERIOD 1981 TO 2010
CLIMATE RECORD PERIOD 1928 TO 2017


WEATHER ITEM   OBSERVED TIME   RECORD YEAR NORMAL DEPARTURE LAST
                VALUE   (LST)  VALUE       VALUE  FROM      YEAR
                                                  NORMAL
..................................................................
TEMPERATURE (F)
 YESTERDAY
  MAXIMUM         66    237 PM  82    1982  61      5       57
  MINIMUM         24    248 AM  12    1949  28     -4       37
  AVERAGE         45                        44      1       47

PRECIPITATION (IN)
  YESTERDAY        0.00          0.32 2004   0.02  -0.02     0.01
                                      1937
  MONTH TO DATE    0.13                      0.31  -0.18     0.53
  SINCE OCT 1      0.13                      0.31  -0.18     0.53
  SINCE JAN 1      5.87                      7.93  -2.06     4.23

DEGREE DAYS
 HEATING
  YESTERDAY       20                        21     -1       18
  MONTH TO DATE  362                       306     56      319
  SINCE SEP 1    592                       597     -5      627
  SINCE JUL 1    604                       748   -144      773

 COOLING
  YESTERDAY        0                         0      0        0
  MONTH TO DATE    0                         0      0        0
  SINCE SEP 1     53                         9     44        0
  SINCE JAN 1    357                       169    188      132
..................................................................


WIND (MPH)
  RESULTANT WIND SPEED   2   RESULTANT WIND DIRECTION  SW (220)
  HIGHEST WIND SPEED    10   HIGHEST WIND DIRECTION     S (200)
  HIGHEST GUST SPEED    13   HIGHEST GUST DIRECTION     S (200)
  AVERAGE WIND SPEED     2.9


SKY COVER
  AVERAGE SKY COVER 0.0


WEATHER CONDITIONS
 THE FOLLOWING WEATHER WAS RECORDED YESTERDAY.
  HAZE


RELATIVE HUMIDITY (PERCENT)
 HIGHEST    82          1100 PM
 LOWEST     26           200 PM
 AVERAGE    54

..........................................................


THE BAKER OR CLIMATE NORMALS FOR TODAY
                         NORMAL    RECORD    YEAR
 MAXIMUM TEMPERATURE (F)   60        81      2003
 MINIMUM TEMPERATURE (F)   28        14      1946


SUNRISE AND SUNSET
OCTOBER 18 2017.......SUNRISE   711 AM PDT   SUNSET   601 PM PDT
OCTOBER 19 2017.......SUNRISE   712 AM PDT   SUNSET   559 PM PDT


-  INDICATES NEGATIVE NUMBERS.
R  INDICATES RECORD WAS SET OR TIED.
MM INDICATES DATA IS MISSING.
T  INDICATES TRACE AMOUNT.




$$
