000
CDUS46 KBOI 270945
CLIBKE


CLIMATE REPORT
NATIONAL WEATHER SERVICE BOISE ID
245 AM MST THU NOV 27 2014


...................................

...THE BAKER OR CLIMATE SUMMARY FOR NOVEMBER 26 2014...

CLIMATE NORMAL PERIOD 1981 TO 2010
CLIMATE RECORD PERIOD 1948 TO 2014


WEATHER ITEM   OBSERVED TIME   RECORD YEAR NORMAL DEPARTURE LAST
                VALUE   (LST)  VALUE       VALUE  FROM      YEAR
                                                  NORMAL
..................................................................
TEMPERATURE (F)
 YESTERDAY
  MAXIMUM         52    223 PM  58    1950  39     13       45
  MINIMUM         29    541 AM  -8    1993  20      9       13
  AVERAGE         41                        29     12       29

PRECIPITATION (IN)
  YESTERDAY        0.00          0.31 1971   0.03  -0.03     0.00
  MONTH TO DATE    0.46                      0.77  -0.31     0.36
  SINCE OCT 1      0.69                      1.40  -0.71     0.53
  SINCE JAN 1      6.69                      9.02  -2.33     8.30

DEGREE DAYS
 HEATING
  YESTERDAY       24                        36    -12       36
  MONTH TO DATE  911                       811    100      798
  SINCE SEP 1   1610                      1739   -129     1757
  SINCE JUL 1   1687                      1890   -203     1789

 COOLING
  YESTERDAY        0                         0      0        0
  MONTH TO DATE    0                         0      0        0
  SINCE SEP 1     15                         9      6       28
  SINCE JAN 1    250                       169     81      258
..................................................................


WIND (MPH)
  RESULTANT WIND SPEED   1   RESULTANT WIND DIRECTION   E (100)
  HIGHEST WIND SPEED    15   HIGHEST WIND DIRECTION     E (100)
  HIGHEST GUST SPEED    17   HIGHEST GUST DIRECTION     E (100)
  AVERAGE WIND SPEED     1.8


SKY COVER
  AVERAGE SKY COVER 0.0


WEATHER CONDITIONS
 THE FOLLOWING WEATHER WAS RECORDED YESTERDAY.
  NO SIGNIFICANT WEATHER WAS OBSERVED.


RELATIVE HUMIDITY (PERCENT)
 HIGHEST   100          1000 PM
 LOWEST     66           100 PM
 AVERAGE    83

..........................................................


THE BAKER OR CLIMATE NORMALS FOR TODAY
                         NORMAL    RECORD    YEAR
 MAXIMUM TEMPERATURE (F)   38        56      1953
 MINIMUM TEMPERATURE (F)   19        -2      1979


SUNRISE AND SUNSET
NOVEMBER 27 2014......SUNRISE   704 AM PST   SUNSET   413 PM PST
NOVEMBER 28 2014......SUNRISE   705 AM PST   SUNSET   413 PM PST


-  INDICATES NEGATIVE NUMBERS.
R  INDICATES RECORD WAS SET OR TIED.
MM INDICATES DATA IS MISSING.
T  INDICATES TRACE AMOUNT.




$$
