000
CDUS46 KBOI 260935
CLIBKE


CLIMATE REPORT
NATIONAL WEATHER SERVICE BOISE ID
334 AM MDT SUN MAR 26 2017


...................................

...THE BAKER OR CLIMATE SUMMARY FOR MARCH 25 2017...

CLIMATE NORMAL PERIOD 1981 TO 2010
CLIMATE RECORD PERIOD 1948 TO 2017


WEATHER ITEM   OBSERVED TIME   RECORD YEAR NORMAL DEPARTURE LAST
                VALUE   (LST)  VALUE       VALUE  FROM      YEAR
                                                  NORMAL
..................................................................
TEMPERATURE (F)
 YESTERDAY
  MAXIMUM         54    210 PM  73    1960  53      1       43
  MINIMUM         26    430 AM  15    1996  27     -1       21
  AVERAGE         40                        40      0       32

PRECIPITATION (IN)
  YESTERDAY        0.00          0.68 1981   0.03  -0.03      T
  MONTH TO DATE    0.74                      0.66   0.08     0.30
  SINCE OCT 1      5.05                      4.55   0.50     3.44
  SINCE JAN 1      2.31                      2.04   0.27     0.90

DEGREE DAYS
 HEATING
  YESTERDAY       25                        25      0       33
  MONTH TO DATE  586                       702   -116      638
  SINCE MAR 1    586                       702   -116      638
  SINCE JUL 1   6414                      6222    192     5682

 COOLING
  YESTERDAY        0                         0      0        0
  MONTH TO DATE    0                         0      0        0
  SINCE MAR 1      0                         0      0        0
  SINCE JAN 1      0                         0      0        0
..................................................................


WIND (MPH)
  RESULTANT WIND SPEED   1   RESULTANT WIND DIRECTION   W (280)
  HIGHEST WIND SPEED    18   HIGHEST WIND DIRECTION    SW (240)
  HIGHEST GUST SPEED    26   HIGHEST GUST DIRECTION     W (250)
  AVERAGE WIND SPEED     4.7


SKY COVER
  AVERAGE SKY COVER 0.3


WEATHER CONDITIONS
 THE FOLLOWING WEATHER WAS RECORDED YESTERDAY.
  FOG
  FOG W/VISIBILITY <= 1/4 MILE


RELATIVE HUMIDITY (PERCENT)
 HIGHEST   100           100 AM
 LOWEST     32           200 PM
 AVERAGE    66

..........................................................


THE BAKER OR CLIMATE NORMALS FOR TODAY
                         NORMAL    RECORD    YEAR
 MAXIMUM TEMPERATURE (F)   53        73      1997
 MINIMUM TEMPERATURE (F)   27        16      1950


SUNRISE AND SUNSET
MARCH 26 2017.........SUNRISE   643 AM PDT   SUNSET   712 PM PDT
MARCH 27 2017.........SUNRISE   641 AM PDT   SUNSET   713 PM PDT


-  INDICATES NEGATIVE NUMBERS.
R  INDICATES RECORD WAS SET OR TIED.
MM INDICATES DATA IS MISSING.
T  INDICATES TRACE AMOUNT.




$$
