000
CDUS46 KBOI 120931
CLIBKE


CLIMATE REPORT
NATIONAL WEATHER SERVICE BOISE ID
231 AM MST TUE DEC 12 2017


...................................

...THE BAKER OR CLIMATE SUMMARY FOR DECEMBER 11 2017...

CLIMATE NORMAL PERIOD 1981 TO 2010
CLIMATE RECORD PERIOD 1928 TO 2017


WEATHER ITEM   OBSERVED TIME   RECORD YEAR NORMAL DEPARTURE LAST
                VALUE   (LST)  VALUE       VALUE  FROM      YEAR
                                                  NORMAL
..................................................................
TEMPERATURE (F)
 YESTERDAY
  MAXIMUM         35    219 PM  55    1995  34      1       34
  MINIMUM         12   1120 PM -17    1932  16     -4        9
  AVERAGE         24                        25     -1       22

PRECIPITATION (IN)
  YESTERDAY        0.00          0.43 1983   0.03  -0.03     0.01
  MONTH TO DATE    0.02                      0.35  -0.33     0.21
  SINCE OCT 1      1.11                      1.88  -0.77     2.02
  SINCE JAN 1      6.85                      9.50  -2.65     5.72

DEGREE DAYS
 HEATING
  YESTERDAY       41                        40      1       43
  MONTH TO DATE  417                       428    -11      477
  SINCE DEC 1    417                       428    -11      477
  SINCE JUL 1   2047                      2465   -418     2251

 COOLING
  YESTERDAY        0                         0      0        0
  MONTH TO DATE    0                         0      0        0
  SINCE DEC 1      0                         0      0        0
  SINCE JAN 1    357                       169    188      132
..................................................................


WIND (MPH)
  RESULTANT WIND SPEED   2   RESULTANT WIND DIRECTION  SE (120)
  HIGHEST WIND SPEED    13   HIGHEST WIND DIRECTION     E (80)
  HIGHEST GUST SPEED    16   HIGHEST GUST DIRECTION     E (70)
  AVERAGE WIND SPEED     2.7


SKY COVER
  AVERAGE SKY COVER 0.3


WEATHER CONDITIONS
 THE FOLLOWING WEATHER WAS RECORDED YESTERDAY.
  FOG
  HAZE


RELATIVE HUMIDITY (PERCENT)
 HIGHEST    84           100 AM
 LOWEST     56           200 PM
 AVERAGE    70

..........................................................


THE BAKER OR CLIMATE NORMALS FOR TODAY
                         NORMAL    RECORD    YEAR
 MAXIMUM TEMPERATURE (F)   34        60      1995
 MINIMUM TEMPERATURE (F)   16       -12      1932


SUNRISE AND SUNSET
DECEMBER 12 2017......SUNRISE   720 AM PST   SUNSET   410 PM PST
DECEMBER 13 2017......SUNRISE   721 AM PST   SUNSET   410 PM PST


-  INDICATES NEGATIVE NUMBERS.
R  INDICATES RECORD WAS SET OR TIED.
MM INDICATES DATA IS MISSING.
T  INDICATES TRACE AMOUNT.




$$
