000
CDUS46 KBOI 030931
CLIBKE


CLIMATE REPORT
NATIONAL WEATHER SERVICE BOISE ID
331 AM MDT FRI JUL 3 2015


...................................

...THE BAKER OR CLIMATE SUMMARY FOR JULY 2 2015...

CLIMATE NORMAL PERIOD 1981 TO 2010
CLIMATE RECORD PERIOD 1948 TO 2015


WEATHER ITEM   OBSERVED TIME   RECORD YEAR NORMAL DEPARTURE LAST
                VALUE   (LST)  VALUE       VALUE  FROM      YEAR
                                                  NORMAL
..................................................................
TEMPERATURE (F)
 YESTERDAY
  MAXIMUM         97    149 PM  98    1996  80     17       95
  MINIMUM         49    411 AM  30    1955  45      4       42
  AVERAGE         73                        62     11       69

PRECIPITATION (IN)
  YESTERDAY        0.00          0.35 1992   0.02  -0.02      T
  MONTH TO DATE    0.00                      0.05  -0.05      T
  SINCE OCT 1      6.74                      8.27  -1.53     6.04
  SINCE JAN 1      4.54                      5.76  -1.22     4.87

DEGREE DAYS
 HEATING
  YESTERDAY        0                         4     -4        0
  MONTH TO DATE    0                         8     -8        0
  SINCE JUN 1     84                       234   -150      233
  SINCE JUL 1      0                         8     -8        0

 COOLING
  YESTERDAY        8                         1      7        4
  MONTH TO DATE   14                         2     12        4
  SINCE JUN 1     82                        18     64        4
  SINCE JAN 1     83                        20     63        4
..................................................................


WIND (MPH)
  RESULTANT WIND SPEED   6   RESULTANT WIND DIRECTION  NW (310)
  HIGHEST WIND SPEED    18   HIGHEST WIND DIRECTION    NW (330)
  HIGHEST GUST SPEED    24   HIGHEST GUST DIRECTION    NW (320)
  AVERAGE WIND SPEED     7.4


SKY COVER
  AVERAGE SKY COVER 0.0


WEATHER CONDITIONS
 THE FOLLOWING WEATHER WAS RECORDED YESTERDAY.
  NO SIGNIFICANT WEATHER WAS OBSERVED.


RELATIVE HUMIDITY (PERCENT)
 HIGHEST    89           500 AM
 LOWEST     16           100 PM
 AVERAGE    53

..........................................................


THE BAKER OR CLIMATE NORMALS FOR TODAY
                         NORMAL    RECORD    YEAR
 MAXIMUM TEMPERATURE (F)   80        96      2008
                                             2001
 MINIMUM TEMPERATURE (F)   45        33      1999


SUNRISE AND SUNSET
JULY  3 2015..........SUNRISE   510 AM PDT   SUNSET   841 PM PDT
JULY  4 2015..........SUNRISE   511 AM PDT   SUNSET   840 PM PDT


-  INDICATES NEGATIVE NUMBERS.
R  INDICATES RECORD WAS SET OR TIED.
MM INDICATES DATA IS MISSING.
T  INDICATES TRACE AMOUNT.




$$
