000
CDUS46 KBOI 300930
CLIBKE


CLIMATE REPORT
NATIONAL WEATHER SERVICE BOISE ID
330 AM MDT SUN APR 30 2017


...................................

...THE BAKER OR CLIMATE SUMMARY FOR APRIL 29 2017...

CLIMATE NORMAL PERIOD 1981 TO 2010
CLIMATE RECORD PERIOD 1948 TO 2017


WEATHER ITEM   OBSERVED TIME   RECORD YEAR NORMAL DEPARTURE LAST
                VALUE   (LST)  VALUE       VALUE  FROM      YEAR
                                                  NORMAL
..................................................................
TEMPERATURE (F)
 YESTERDAY
  MAXIMUM         59    239 PM  82    1992  61     -2       53
  MINIMUM         20R   458 AM  20    2014  32    -12       39
  AVERAGE         40                        46     -6       46

PRECIPITATION (IN)
  YESTERDAY        0.00          0.69 1995   0.03  -0.03      T
  MONTH TO DATE    0.81                      0.81   0.00     0.35
  SINCE OCT 1      6.15                      5.52   0.63     3.81
  SINCE JAN 1      3.41                      3.01   0.40     1.27

DEGREE DAYS
 HEATING
  YESTERDAY       25                        19      6       19
  MONTH TO DATE  673                       628     45      464
  SINCE MAR 1   1405                      1476    -71     1251
  SINCE JUL 1   7233                      6996    237     6295

 COOLING
  YESTERDAY        0                         0      0        0
  MONTH TO DATE    0                         0      0        0
  SINCE MAR 1      0                         0      0        0
  SINCE JAN 1      0                         0      0        0
..................................................................


WIND (MPH)
  RESULTANT WIND SPEED   3   RESULTANT WIND DIRECTION  NE (60)
  HIGHEST WIND SPEED    15   HIGHEST WIND DIRECTION    NE (40)
  HIGHEST GUST SPEED    18   HIGHEST GUST DIRECTION    NE (30)
  AVERAGE WIND SPEED     3.9


SKY COVER
  AVERAGE SKY COVER 0.2


WEATHER CONDITIONS
 THE FOLLOWING WEATHER WAS RECORDED YESTERDAY.
  FOG


RELATIVE HUMIDITY (PERCENT)
 HIGHEST    96           400 AM
 LOWEST     33          1200 PM
 AVERAGE    65

..........................................................


THE BAKER OR CLIMATE NORMALS FOR TODAY
                         NORMAL    RECORD    YEAR
 MAXIMUM TEMPERATURE (F)   62        82      1981
 MINIMUM TEMPERATURE (F)   32        19      2013
                                             1991


SUNRISE AND SUNSET
APRIL 30 2017.........SUNRISE   542 AM PDT   SUNSET   756 PM PDT
MAY  1 2017...........SUNRISE   540 AM PDT   SUNSET   757 PM PDT


-  INDICATES NEGATIVE NUMBERS.
R  INDICATES RECORD WAS SET OR TIED.
MM INDICATES DATA IS MISSING.
T  INDICATES TRACE AMOUNT.




$$
