000
CDUS46 KBOI 290931
CLIBKE


CLIMATE REPORT
NATIONAL WEATHER SERVICE BOISE ID
330 AM MDT MON AUG 29 2016


...................................

...THE BAKER OR CLIMATE SUMMARY FOR AUGUST 28 2016...

CLIMATE NORMAL PERIOD 1981 TO 2010
CLIMATE RECORD PERIOD 1948 TO 2016


WEATHER ITEM   OBSERVED TIME   RECORD YEAR NORMAL DEPARTURE LAST
                VALUE   (LST)  VALUE       VALUE  FROM      YEAR
                                                  NORMAL
..................................................................
TEMPERATURE (F)
 YESTERDAY
  MAXIMUM         87    326 PM  98    1998  81      6       80
  MINIMUM         46    510 AM  28    1960  43      3       47
  AVERAGE         67                        62      5       64

PRECIPITATION (IN)
  YESTERDAY        0.00          0.32 1951   0.02  -0.02     0.00
  MONTH TO DATE    0.12                      0.63  -0.51     0.02
  SINCE OCT 1      6.17                      9.50  -3.33     9.48
  SINCE JAN 1      3.63                      6.99  -3.36     7.28

DEGREE DAYS
 HEATING
  YESTERDAY        0                         4     -4        1
  MONTH TO DATE   60                        66     -6       39
  SINCE JUN 1    337                       362    -25      163
  SINCE JUL 1    145                       136      9       79

 COOLING
  YESTERDAY        2                         1      1        0
  MONTH TO DATE   37                        63    -26       68
  SINCE JUN 1    127                       154    -27      219
  SINCE JAN 1    127                       156    -29      220
..................................................................


WIND (MPH)
  RESULTANT WIND SPEED   0   RESULTANT WIND DIRECTION   W (280)
  HIGHEST WIND SPEED    13   HIGHEST WIND DIRECTION     W (270)
  HIGHEST GUST SPEED    14   HIGHEST GUST DIRECTION     W (260)
  AVERAGE WIND SPEED     4.4


SKY COVER
  AVERAGE SKY COVER 0.0


WEATHER CONDITIONS
 THE FOLLOWING WEATHER WAS RECORDED YESTERDAY.
  NO SIGNIFICANT WEATHER WAS OBSERVED.


RELATIVE HUMIDITY (PERCENT)
 HIGHEST    80           600 AM
 LOWEST     20           300 PM
 AVERAGE    50

..........................................................


THE BAKER OR CLIMATE NORMALS FOR TODAY
                         NORMAL    RECORD    YEAR
 MAXIMUM TEMPERATURE (F)   81        95      1999
 MINIMUM TEMPERATURE (F)   42        32      1980


SUNRISE AND SUNSET
AUGUST 29 2016........SUNRISE   611 AM PDT   SUNSET   732 PM PDT
AUGUST 30 2016........SUNRISE   612 AM PDT   SUNSET   731 PM PDT


-  INDICATES NEGATIVE NUMBERS.
R  INDICATES RECORD WAS SET OR TIED.
MM INDICATES DATA IS MISSING.
T  INDICATES TRACE AMOUNT.




$$
