000
CDUS46 KBOI 210931
CLIBKE


CLIMATE REPORT
NATIONAL WEATHER SERVICE BOISE ID
230 AM MST WED FEB 21 2018


...................................

...THE BAKER OR CLIMATE SUMMARY FOR FEBRUARY 20 2018...

CLIMATE NORMAL PERIOD 1981 TO 2010
CLIMATE RECORD PERIOD 1928 TO 2018


WEATHER ITEM   OBSERVED TIME   RECORD YEAR NORMAL DEPARTURE LAST
                VALUE   (LST)  VALUE       VALUE  FROM      YEAR
                                                  NORMAL
..................................................................
TEMPERATURE (F)
 YESTERDAY
  MAXIMUM         29    300 PM  63    1995  42    -13       55
  MINIMUM          6    326 AM   0    1957  20    -14       36
  AVERAGE         18                        31    -13       46

PRECIPITATION (IN)
  YESTERDAY        0.00          0.19 2005   0.02  -0.02     0.12
  MONTH TO DATE    0.13                      0.41  -0.28     0.85
  SINCE OCT 1      2.35                      3.72  -1.37     4.27
  SINCE JAN 1      1.09                      1.21  -0.12     1.53

DEGREE DAYS
 HEATING
  YESTERDAY       47                        34     13       19
  MONTH TO DATE  609                       732   -123      620
  SINCE DEC 1   2780                      3218   -438     3774
  SINCE JUL 1   4410                      5255   -845     5548

 COOLING
  YESTERDAY        0                         0      0        0
  MONTH TO DATE    0                         0      0        0
  SINCE DEC 1      0                         0      0        0
  SINCE JAN 1      0                         0      0        0
..................................................................


WIND (MPH)
  RESULTANT WIND SPEED   6   RESULTANT WIND DIRECTION   E (110)
  HIGHEST WIND SPEED    17   HIGHEST WIND DIRECTION     E (100)
  HIGHEST GUST SPEED    22   HIGHEST GUST DIRECTION     E (100)
  AVERAGE WIND SPEED     8.3


SKY COVER
  AVERAGE SKY COVER 0.7


WEATHER CONDITIONS
 THE FOLLOWING WEATHER WAS RECORDED YESTERDAY.
  NO SIGNIFICANT WEATHER WAS OBSERVED.


RELATIVE HUMIDITY (PERCENT)
 HIGHEST    76          1200 AM
 LOWEST     35           200 PM
 AVERAGE    56

..........................................................


THE BAKER OR CLIMATE NORMALS FOR TODAY
                         NORMAL    RECORD    YEAR
 MAXIMUM TEMPERATURE (F)   42        62      1995
 MINIMUM TEMPERATURE (F)   20       -12      1957


SUNRISE AND SUNSET
FEBRUARY 21 2018......SUNRISE   642 AM PST   SUNSET   528 PM PST
FEBRUARY 22 2018......SUNRISE   641 AM PST   SUNSET   529 PM PST


-  INDICATES NEGATIVE NUMBERS.
R  INDICATES RECORD WAS SET OR TIED.
MM INDICATES DATA IS MISSING.
T  INDICATES TRACE AMOUNT.




$$
