000
CDUS41 KRLX 062234
CLIBKW


CLIMATE REPORT
NATIONAL WEATHER SERVICE CHARLESTON WV
532 PM EST FRI MAR 6 2015


...................................

...THE BECKLEY WV CLIMATE SUMMARY FOR MARCH 6 2015...
VALID TODAY AS OF 0500 PM LOCAL TIME.

CLIMATE NORMAL PERIOD 1981 TO 2010
CLIMATE RECORD PERIOD 1963 TO 2015


WEATHER ITEM   OBSERVED TIME   RECORD YEAR NORMAL DEPARTURE LAST
                VALUE   (LST)  VALUE       VALUE  FROM      YEAR
                                                  NORMAL
..................................................................
TEMPERATURE (F)
 TODAY
  MAXIMUM         30    359 PM  75    1910  48    -18       39
  MINIMUM          4    624 AM   0    1901  30    -26       26
  AVERAGE         17                        39    -22       33

PRECIPITATION (IN)
  TODAY            T             1.97 1967   0.12  -0.12     0.00
  MONTH TO DATE    2.81                      0.66   2.15     0.90
  SINCE MAR 1      2.81                      0.66   2.15     0.90
  SINCE JAN 1      9.46                      6.23   3.23     6.00

DEGREE DAYS
 HEATING
  TODAY           48                        26     22       32
  MONTH TO DATE  193                       160     33      209
  SINCE MAR 1    193                       160     33      209
  SINCE JUL 1   4526                      4161    365     4417

 COOLING
  TODAY            0                         0      0        0
  MONTH TO DATE    0                         0      0        0
  SINCE MAR 1      0                         0      0        0
  SINCE JAN 1      0                         0      0        0
..................................................................


WIND (MPH)
  HIGHEST WIND SPEED    14   HIGHEST WIND DIRECTION     N (360)
  HIGHEST GUST SPEED    17   HIGHEST GUST DIRECTION     N (360)
  AVERAGE WIND SPEED     3.1


SKY COVER
  POSSIBLE SUNSHINE  MM
  AVERAGE SKY COVER 0.2


WEATHER CONDITIONS
 THE FOLLOWING WEATHER WAS RECORDED TODAY.
  LIGHT SNOW
  FOG
  HAZE


RELATIVE HUMIDITY (PERCENT)
 HIGHEST   100           900 AM
 LOWEST     39           400 PM
 AVERAGE    70

..........................................................


THE BECKLEY WV CLIMATE NORMALS FOR TOMORROW
                         NORMAL    RECORD    YEAR
 MAXIMUM TEMPERATURE (F)   49        74      2009
                                             1908
 MINIMUM TEMPERATURE (F)   30        -1      1960


SUNRISE AND SUNSET
MARCH  6 2015.........SUNRISE   649 AM EST   SUNSET   623 PM EST
MARCH  7 2015.........SUNRISE   648 AM EST   SUNSET   624 PM EST


-  INDICATES NEGATIVE NUMBERS.
R  INDICATES RECORD WAS SET OR TIED.
MM INDICATES DATA IS MISSING.
T  INDICATES TRACE AMOUNT.




$$
