000
CDUS41 KRLX 020723
CLIBKW


CLIMATE REPORT
NATIONAL WEATHER SERVICE CHARLESTON WV
320 AM EDT SAT AUG 2 2014


...................................

...THE BECKLEY WV CLIMATE SUMMARY FOR AUGUST 1 2014...

CLIMATE NORMAL PERIOD 1981 TO 2010
CLIMATE RECORD PERIOD 1963 TO 2014


WEATHER ITEM   OBSERVED TIME   RECORD YEAR NORMAL DEPARTURE LAST
                VALUE   (LST)  VALUE       VALUE  FROM      YEAR
                                                  NORMAL
..................................................................
TEMPERATURE (F)
 YESTERDAY
  MAXIMUM         74    406 PM  94    1931  80     -6       78
  MINIMUM         61   1159 PM  46    1912  61      0       61
  AVERAGE         68                        70     -2       70

PRECIPITATION (IN)
  YESTERDAY        0.00          0.95 1932   0.14  -0.14     0.02
  MONTH TO DATE    0.00                      0.14  -0.14     0.02
  SINCE JAN 1     20.48                     26.33  -5.85    24.84

SNOWFALL (IN)
  YESTERDAY        0.0
  MONTH TO DATE    0.0
  SINCE SEP 1     76.3
  SNOW DEPTH       0

DEGREE DAYS
 HEATING
  YESTERDAY        0                         0      0        0
  MONTH TO DATE    0                         0      0        0
  SINCE JUN 1     34                        47    -13       12
  SINCE JUL 1     22                         8     14        5

 COOLING
  YESTERDAY        3                         6     -3        5
  MONTH TO DATE    3                         6     -3        5
  SINCE JUN 1    325                       298     27      335
  SINCE JAN 1    400                       339     61      402
..................................................................


WIND (MPH)
  HIGHEST WIND SPEED    18   HIGHEST WIND DIRECTION    SE (130)
  HIGHEST GUST SPEED    26   HIGHEST GUST DIRECTION    SE (130)
  AVERAGE WIND SPEED     8.0


SKY COVER
  POSSIBLE SUNSHINE  MM
  AVERAGE SKY COVER 0.6


WEATHER CONDITIONS
 THE FOLLOWING WEATHER WAS RECORDED YESTERDAY.
  NO SIGNIFICANT WEATHER WAS OBSERVED.


RELATIVE HUMIDITY (PERCENT)
 HIGHEST    84          1200 AM
 LOWEST     53           400 PM
 AVERAGE    69

..........................................................


THE BECKLEY WV CLIMATE NORMALS FOR TODAY
                         NORMAL    RECORD    YEAR
 MAXIMUM TEMPERATURE (F)   80        95      1926
 MINIMUM TEMPERATURE (F)   61        42      1940


SUNRISE AND SUNSET
AUGUST  2 2014........SUNRISE   629 AM EDT   SUNSET   832 PM EDT
AUGUST  3 2014........SUNRISE   630 AM EDT   SUNSET   831 PM EDT


-  INDICATES NEGATIVE NUMBERS.
R  INDICATES RECORD WAS SET OR TIED.
MM INDICATES DATA IS MISSING.
T  INDICATES TRACE AMOUNT.




$$
