000
CDUS41 KRLX 042117
CLIBKW


CLIMATE REPORT
NATIONAL WEATHER SERVICE CHARLESTON WV
517 PM EDT WED MAY 4 2016


...................................

...THE BECKLEY WV CLIMATE SUMMARY FOR MAY 4 2016...
VALID TODAY AS OF 0500 PM LOCAL TIME.

CLIMATE NORMAL PERIOD 1981 TO 2010
CLIMATE RECORD PERIOD 1963 TO 2016


WEATHER ITEM   OBSERVED TIME   RECORD YEAR NORMAL DEPARTURE LAST
                VALUE   (LST)  VALUE       VALUE  FROM      YEAR
                                                  NORMAL
..................................................................
TEMPERATURE (F)
 TODAY
  MAXIMUM         59    256 PM  86    1938  68     -9       78
  MINIMUM         48    732 AM  23    1939  46      2       49
  AVERAGE         54                        57     -3       64

PRECIPITATION (IN)
  TODAY            0.06          1.07 1922   0.14  -0.08     0.00
  MONTH TO DATE    1.84                      0.55   1.29     0.17
  SINCE MAR 1      6.50                      7.48  -0.98    12.32
  SINCE JAN 1     12.36                     13.05  -0.69    18.97

DEGREE DAYS
 HEATING
  TODAY           11                         8      3        1
  MONTH TO DATE   18                        35    -17       37
  SINCE MAR 1    822                      1143   -321     1060
  SINCE JUL 1   4197                      5144   -947     5393

 COOLING
  TODAY            0                         0      0        0
  MONTH TO DATE    0                         0      0        0
  SINCE MAR 1      8                        10     -2        3
  SINCE JAN 1      8                        10     -2        3
..................................................................


WIND (MPH)
  HIGHEST WIND SPEED    16   HIGHEST WIND DIRECTION     W (260)
  HIGHEST GUST SPEED    22   HIGHEST GUST DIRECTION     W (260)
  AVERAGE WIND SPEED     5.8


SKY COVER
  POSSIBLE SUNSHINE  MM
  AVERAGE SKY COVER 1.0


WEATHER CONDITIONS
 THE FOLLOWING WEATHER WAS RECORDED TODAY.
  LIGHT RAIN


RELATIVE HUMIDITY (PERCENT)
 HIGHEST    93          1200 AM
 LOWEST     55           300 PM
 AVERAGE    74

..........................................................


THE BECKLEY WV CLIMATE NORMALS FOR TOMORROW
                         NORMAL    RECORD    YEAR
 MAXIMUM TEMPERATURE (F)   68        88      1950
                                             1949
 MINIMUM TEMPERATURE (F)   47        24      1940


SUNRISE AND SUNSET
MAY  4 2016...........SUNRISE   625 AM EDT   SUNSET   818 PM EDT
MAY  5 2016...........SUNRISE   624 AM EDT   SUNSET   819 PM EDT


-  INDICATES NEGATIVE NUMBERS.
R  INDICATES RECORD WAS SET OR TIED.
MM INDICATES DATA IS MISSING.
T  INDICATES TRACE AMOUNT.




$$
