057
CDUS41 KRLX 292116
CLIBKW


CLIMATE REPORT
NATIONAL WEATHER SERVICE CHARLESTON WV
516 PM EDT WED MAR 29 2017


...................................

...THE BECKLEY WV CLIMATE SUMMARY FOR MARCH 29 2017...
VALID TODAY AS OF 0500 PM LOCAL TIME.

CLIMATE NORMAL PERIOD 1981 TO 2010
CLIMATE RECORD PERIOD 1963 TO 2017


WEATHER ITEM   OBSERVED TIME   RECORD YEAR NORMAL DEPARTURE LAST
                VALUE   (LST)  VALUE       VALUE  FROM      YEAR
                                                  NORMAL
..................................................................
TEMPERATURE (F)
 TODAY
  MAXIMUM         63    359 PM  82    1910  57      6       54
                                      1907
  MINIMUM         48    757 AM  10    1923  36     12       34
  AVERAGE         56                        46     10       44

PRECIPITATION (IN)
  TODAY            0.00          1.10 1975   0.12  -0.12     0.00
  MONTH TO DATE    3.18                      3.34  -0.16     2.30
  SINCE MAR 1      3.18                      3.34  -0.16     2.30
  SINCE JAN 1      9.55                      8.91   0.64     8.16

DEGREE DAYS
 HEATING
  TODAY            9                        19    -10       21
  MONTH TO DATE  672                       674     -2      438
  SINCE MAR 1    672                       674     -2      438
  SINCE JUL 1   3806                      4675   -869     3813

 COOLING
  TODAY            0                         0      0        0
  MONTH TO DATE    0                         0      0        2
  SINCE MAR 1      0                         0      0        2
  SINCE JAN 1      0                         0      0        2
..................................................................


WIND (MPH)
  HIGHEST WIND SPEED    14   HIGHEST WIND DIRECTION     N (10)
  HIGHEST GUST SPEED    17   HIGHEST GUST DIRECTION     N (10)
  AVERAGE WIND SPEED     5.5


SKY COVER
  POSSIBLE SUNSHINE  MM
  AVERAGE SKY COVER 0.8


WEATHER CONDITIONS
 THE FOLLOWING WEATHER WAS RECORDED TODAY.
  FOG


RELATIVE HUMIDITY (PERCENT)
 HIGHEST    96          1200 AM
 LOWEST     52           400 PM
 AVERAGE    74

..........................................................


THE BECKLEY WV CLIMATE NORMALS FOR TOMORROW
                         NORMAL    RECORD    YEAR
 MAXIMUM TEMPERATURE (F)   57        81      1998
 MINIMUM TEMPERATURE (F)   36        11      1964


SUNRISE AND SUNSET
MARCH 29 2017.........SUNRISE   714 AM EDT   SUNSET   745 PM EDT
MARCH 30 2017.........SUNRISE   712 AM EDT   SUNSET   746 PM EDT


-  INDICATES NEGATIVE NUMBERS.
R  INDICATES RECORD WAS SET OR TIED.
MM INDICATES DATA IS MISSING.
T  INDICATES TRACE AMOUNT.




$$
