000
CDUS41 KRLX 240819
CLIBKW


CLIMATE REPORT
NATIONAL WEATHER SERVICE CHARLESTON WV
317 AM EST MON NOV 24 2014


...................................

...THE BECKLEY WV CLIMATE SUMMARY FOR NOVEMBER 23 2014...

CLIMATE NORMAL PERIOD 1981 TO 2010
CLIMATE RECORD PERIOD 1963 TO 2014


WEATHER ITEM   OBSERVED TIME   RECORD YEAR NORMAL DEPARTURE LAST
                VALUE   (LST)  VALUE       VALUE  FROM      YEAR
                                                  NORMAL
..................................................................
TEMPERATURE (F)
 YESTERDAY
  MAXIMUM         55   1159 PM  72    1931  50      5       44
  MINIMUM         37    146 AM  -1    1937  33      4       22
  AVERAGE         46                        41      5       33

PRECIPITATION (IN)
  YESTERDAY        0.26          1.21 1907   0.10   0.16      T
  MONTH TO DATE    1.78                      2.25  -0.47     1.58
  SINCE JAN 1     33.80                     37.49  -3.69    34.78

SNOWFALL (IN)
  YESTERDAY       MM
  MONTH TO DATE    1.5
  SINCE SEP 1      1.5
  SNOW DEPTH       0

DEGREE DAYS
 HEATING
  YESTERDAY       19                        24     -5       32
  MONTH TO DATE  623                       456    167      490
  SINCE SEP 1   1038                       941     97      903
  SINCE JUL 1   1067                       962    105      923

 COOLING
  YESTERDAY        0                         0      0        0
  MONTH TO DATE    0                         0      0        0
  SINCE SEP 1     78                        63     15       72
  SINCE JAN 1    602                       556     46      615
..................................................................


WIND (MPH)
  HIGHEST WIND SPEED    30   HIGHEST WIND DIRECTION    SE (130)
  HIGHEST GUST SPEED    44   HIGHEST GUST DIRECTION    SE (140)
  AVERAGE WIND SPEED    13.2


SKY COVER
  POSSIBLE SUNSHINE  MM
  AVERAGE SKY COVER 0.6


WEATHER CONDITIONS
 THE FOLLOWING WEATHER WAS RECORDED YESTERDAY.
  RAIN
  LIGHT RAIN
  FOG


RELATIVE HUMIDITY (PERCENT)
 HIGHEST    89           800 PM
 LOWEST     36          1200 AM
 AVERAGE    63

..........................................................


THE BECKLEY WV CLIMATE NORMALS FOR TODAY
                         NORMAL    RECORD    YEAR
 MAXIMUM TEMPERATURE (F)   49        73      1973
 MINIMUM TEMPERATURE (F)   32         5      1970
                                             1956


SUNRISE AND SUNSET
NOVEMBER 24 2014......SUNRISE   714 AM EST   SUNSET   508 PM EST
NOVEMBER 25 2014......SUNRISE   715 AM EST   SUNSET   508 PM EST


-  INDICATES NEGATIVE NUMBERS.
R  INDICATES RECORD WAS SET OR TIED.
MM INDICATES DATA IS MISSING.
T  INDICATES TRACE AMOUNT.




$$
