000
CDUS41 KRLX 210816
CLIBKW


CLIMATE REPORT
NATIONAL WEATHER SERVICE CHARLESTON WV
316 AM EST SAT JAN 21 2017


...................................

...THE BECKLEY WV CLIMATE SUMMARY FOR JANUARY 20 2017...

CLIMATE NORMAL PERIOD 1981 TO 2010
CLIMATE RECORD PERIOD 1963 TO 2017


WEATHER ITEM   OBSERVED TIME   RECORD YEAR NORMAL DEPARTURE LAST
                VALUE   (LST)  VALUE       VALUE  FROM      YEAR
                                                  NORMAL
..................................................................
TEMPERATURE (F)
 YESTERDAY
  MAXIMUM         62    315 PM  70    1906  39     23       28
  MINIMUM         46    830 AM -20    1985  23     23        2
  AVERAGE         54                        31     23       15

PRECIPITATION (IN)
  YESTERDAY        0.20          1.56 1979   0.09   0.11     0.17
  MONTH TO DATE    2.72                      1.83   0.89     1.02
  SINCE JAN 1      2.72                      1.83   0.89     1.02

SNOWFALL (IN)
  YESTERDAY        0.0
  MONTH TO DATE    7.6
  SINCE SEP 1     12.6
  SNOW DEPTH       0

DEGREE DAYS
 HEATING
  YESTERDAY       11                        34    -23       50
  MONTH TO DATE  525                       680   -155      734
  SINCE DEC 1   1445                      1633   -188     1264
  SINCE JUL 1   2220                      2773   -553     2123

 COOLING
  YESTERDAY        0                         0      0        0
  MONTH TO DATE    0                         0      0        0
  SINCE DEC 1      0                         0      0        0
  SINCE JAN 1      0                         0      0        0
..................................................................


WIND (MPH)
  HIGHEST WIND SPEED    18   HIGHEST WIND DIRECTION    SE (140)
  HIGHEST GUST SPEED    27   HIGHEST GUST DIRECTION    SE (140)
  AVERAGE WIND SPEED     8.2


SKY COVER
  POSSIBLE SUNSHINE  MM
  AVERAGE SKY COVER 0.6


WEATHER CONDITIONS
 THE FOLLOWING WEATHER WAS RECORDED YESTERDAY.
  RAIN
  LIGHT RAIN
  FOG


RELATIVE HUMIDITY (PERCENT)
 HIGHEST    93           900 AM
 LOWEST     55           400 PM
 AVERAGE    74

..........................................................


THE BECKLEY WV CLIMATE NORMALS FOR TODAY
                         NORMAL    RECORD    YEAR
 MAXIMUM TEMPERATURE (F)   39        71      1906
 MINIMUM TEMPERATURE (F)   23       -22      1985


SUNRISE AND SUNSET
JANUARY 21 2017.......SUNRISE   736 AM EST   SUNSET   536 PM EST
JANUARY 22 2017.......SUNRISE   735 AM EST   SUNSET   537 PM EST


-  INDICATES NEGATIVE NUMBERS.
R  INDICATES RECORD WAS SET OR TIED.
MM INDICATES DATA IS MISSING.
T  INDICATES TRACE AMOUNT.




$$
