000
CDUS41 KRLX 232118
CLIBKW


CLIMATE REPORT
NATIONAL WEATHER SERVICE CHARLESTON WV
518 PM EDT TUE AUG 23 2016


...................................

...THE BECKLEY WV CLIMATE SUMMARY FOR AUGUST 23 2016...
VALID TODAY AS OF 0500 PM LOCAL TIME.

CLIMATE NORMAL PERIOD 1981 TO 2010
CLIMATE RECORD PERIOD 1963 TO 2016


WEATHER ITEM   OBSERVED TIME   RECORD YEAR NORMAL DEPARTURE LAST
                VALUE   (LST)  VALUE       VALUE  FROM      YEAR
                                                  NORMAL
..................................................................
TEMPERATURE (F)
 TODAY
  MAXIMUM         80    359 PM  98    1926  79      1       83
  MINIMUM         53    523 AM  33    1940  60     -7       64
  AVERAGE         67                        69     -2       74

PRECIPITATION (IN)
  TODAY            0.00          1.37 1937   0.10  -0.10     0.15
  MONTH TO DATE    4.12                      2.76   1.36     2.65
  SINCE JUN 1     17.88                     11.79   6.09    17.13
  SINCE JAN 1     34.99                     28.95   6.04    37.07

DEGREE DAYS
 HEATING
  TODAY            0                         0      0        0
  MONTH TO DATE    0                         0      0        0
  SINCE JUN 1     16                        47    -31       10
  SINCE JUL 1      0                         8     -8        0

 COOLING
  TODAY            2                         5     -3        9
  MONTH TO DATE  187                       128     59      132
  SINCE JUN 1    577                       420    157      529
  SINCE JAN 1    618                       461    157      635
..................................................................


WIND (MPH)
  HIGHEST WIND SPEED    14   HIGHEST WIND DIRECTION     S (170)
  HIGHEST GUST SPEED    17   HIGHEST GUST DIRECTION    SE (150)
  AVERAGE WIND SPEED     3.5


SKY COVER
  POSSIBLE SUNSHINE  MM
  AVERAGE SKY COVER 0.1


WEATHER CONDITIONS
 THE FOLLOWING WEATHER WAS RECORDED TODAY.
  NO SIGNIFICANT WEATHER WAS OBSERVED.


RELATIVE HUMIDITY (PERCENT)
 HIGHEST    93          1200 AM
 LOWEST     52           300 PM
 AVERAGE    73

..........................................................


THE BECKLEY WV CLIMATE NORMALS FOR TOMORROW
                         NORMAL    RECORD    YEAR
 MAXIMUM TEMPERATURE (F)   79        93      2007
 MINIMUM TEMPERATURE (F)   60        36      1940


SUNRISE AND SUNSET
AUGUST 23 2016........SUNRISE   647 AM EDT   SUNSET   806 PM EDT
AUGUST 24 2016........SUNRISE   648 AM EDT   SUNSET   805 PM EDT


-  INDICATES NEGATIVE NUMBERS.
R  INDICATES RECORD WAS SET OR TIED.
MM INDICATES DATA IS MISSING.
T  INDICATES TRACE AMOUNT.




$$
