000
CDUS41 KRLX 300717
CLIBKW


CLIMATE REPORT
NATIONAL WEATHER SERVICE CHARLESTON WV
316 AM EDT FRI SEP 30 2016


...................................

...THE BECKLEY WV CLIMATE SUMMARY FOR SEPTEMBER 29 2016...

CLIMATE NORMAL PERIOD 1981 TO 2010
CLIMATE RECORD PERIOD 1963 TO 2016


WEATHER ITEM   OBSERVED TIME   RECORD YEAR NORMAL DEPARTURE LAST
                VALUE   (LST)  VALUE       VALUE  FROM      YEAR
                                                  NORMAL
..................................................................
TEMPERATURE (F)
 YESTERDAY
  MAXIMUM         73    211 PM  92    1953  68      5       71
  MINIMUM         51    524 AM  23    1942  48      3       66
  AVERAGE         62                        58      4       69

PRECIPITATION (IN)
  YESTERDAY        0.23          4.35 1964   0.09   0.14     0.82
  MONTH TO DATE    2.04                      2.91  -0.87     3.07
  SINCE JAN 1     37.17                     32.57   4.60    40.14

SNOWFALL (IN)
  YESTERDAY        0.0
  MONTH TO DATE    0.0
  SINCE SEP 1      0.0
  SNOW DEPTH       0

DEGREE DAYS
 HEATING
  YESTERDAY        3                         7     -4        0
  MONTH TO DATE   17                       105    -88       54
  SINCE SEP 1     17                       105    -88       54
  SINCE JUL 1     17                       126   -109       66

 COOLING
  YESTERDAY        0                         1     -1        4
  MONTH TO DATE  130                        58     72       96
  SINCE SEP 1    130                        58     72       96
  SINCE JAN 1    831                       551    280      754
..................................................................


WIND (MPH)
  HIGHEST WIND SPEED    26   HIGHEST WIND DIRECTION    SE (120)
  HIGHEST GUST SPEED    36   HIGHEST GUST DIRECTION     E (110)
  AVERAGE WIND SPEED     5.9


SKY COVER
  POSSIBLE SUNSHINE  MM
  AVERAGE SKY COVER 0.7


WEATHER CONDITIONS
 THE FOLLOWING WEATHER WAS RECORDED YESTERDAY.
  THUNDERSTORM
  HEAVY RAIN
  RAIN
  LIGHT RAIN
  FOG


RELATIVE HUMIDITY (PERCENT)
 HIGHEST    93          1100 PM
 LOWEST     55           300 PM
 AVERAGE    74

..........................................................


THE BECKLEY WV CLIMATE NORMALS FOR TODAY
                         NORMAL    RECORD    YEAR
 MAXIMUM TEMPERATURE (F)   68        92      1953
 MINIMUM TEMPERATURE (F)   48        25      1935


SUNRISE AND SUNSET
SEPTEMBER 30 2016.....SUNRISE   720 AM EDT   SUNSET   708 PM EDT
OCTOBER  1 2016.......SUNRISE   720 AM EDT   SUNSET   707 PM EDT


-  INDICATES NEGATIVE NUMBERS.
R  INDICATES RECORD WAS SET OR TIED.
MM INDICATES DATA IS MISSING.
T  INDICATES TRACE AMOUNT.




$$
