000
CDUS41 KRNK 162335 CCA
CLIBLF

CLIMATE REPORT
NATIONAL WEATHER SERVICE BLACKSBURG VA
634 PM EST SAT DEC 16 2017

CORRECTED TO REFLECT SNOW DEPTH AS A TRACE

...................................

...THE BLUEFIELD WV CLIMATE SUMMARY FOR DECEMBER 16 2017...
VALID TODAY AS OF 0500 PM LOCAL TIME.

CLIMATE NORMAL PERIOD 1981 TO 2010
CLIMATE RECORD PERIOD 1959 TO 2017


WEATHER ITEM   OBSERVED TIME   RECORD YEAR NORMAL DEPARTURE LAST
                VALUE   (LST)  VALUE       VALUE  FROM      YEAR
                                                  NORMAL
..................................................................
TEMPERATURE (F)
 TODAY
  MAXIMUM         40    350 PM  66    1984  44     -4       30
  MINIMUM         22    810 AM  -4    1989  29     -7        6
  AVERAGE         31                        37     -6       18

PRECIPITATION (IN)
  TODAY            0.00          0.94 2010   0.09  -0.09     0.00
  MONTH TO DATE    0.24                      1.56  -1.32     1.20
  SINCE DEC 1      0.24                      1.56  -1.32     1.20
  SINCE JAN 1     39.57                     38.28   1.29    32.83

SNOWFALL (IN)
  TODAY            0.0                                       0.0
  MONTH TO DATE    2.7                                       1.6
  SINCE DEC 1      2.7                                       1.6
  SINCE JUL 1      3.0                                       1.6
  SNOW DEPTH       T

DEGREE DAYS
 HEATING
  TODAY           34                        28      6       47
  MONTH TO DATE  484                       417     67      530
  SINCE DEC 1    484                       417     67      530
  SINCE JUL 1   1511                      1320    191     1306

 COOLING
  TODAY            0                         0      0        0
  MONTH TO DATE    0                         0      0        0
  SINCE DEC 1      0                         0      0        0
  SINCE JAN 1    488                       853   -365      737
..................................................................


WIND (MPH)
  HIGHEST WIND SPEED    15   HIGHEST WIND DIRECTION     W (290)
  HIGHEST GUST SPEED    32   HIGHEST GUST DIRECTION    NW (300)
  AVERAGE WIND SPEED    11.1


SKY COVER
  AVERAGE SKY COVER 0.2


WEATHER CONDITIONS
 THE FOLLOWING WEATHER WAS RECORDED TODAY.
  NO SIGNIFICANT WEATHER WAS OBSERVED.


RELATIVE HUMIDITY (PERCENT)
 HIGHEST    84           800 AM
 LOWEST     48           200 PM
 AVERAGE    66

..........................................................


THE BLUEFIELD WV CLIMATE NORMALS FOR TOMORROW
                         NORMAL    RECORD    YEAR
 MAXIMUM TEMPERATURE (F)   44        66      2006
 MINIMUM TEMPERATURE (F)   29        -2      1989


SUNRISE AND SUNSET
DECEMBER 16 2017......SUNRISE   732 AM EST   SUNSET   509 PM EST
DECEMBER 17 2017......SUNRISE   733 AM EST   SUNSET   509 PM EST


-  INDICATES NEGATIVE NUMBERS.
R  INDICATES RECORD WAS SET OR TIED.
MM INDICATES DATA IS MISSING.
T  INDICATES TRACE AMOUNT.




$$
