000
CDUS41 KRNK 311007
CLIBLF


CLIMATE REPORT
NATIONAL WEATHER SERVICE BLACKSBURG VA
506 AM EST SAT JAN 31 2015


...................................

...THE BLUEFIELD WV CLIMATE SUMMARY FOR JANUARY 30 2015...

CLIMATE NORMAL PERIOD 1981 TO 2010
CLIMATE RECORD PERIOD 1959 TO 2015


WEATHER ITEM   OBSERVED TIME   RECORD YEAR NORMAL DEPARTURE LAST
                VALUE   (LST)  VALUE       VALUE  FROM      YEAR
                                                  NORMAL
..................................................................
TEMPERATURE (F)
 YESTERDAY
  MAXIMUM         36   1202 AM  69    2002  43     -7       38
  MINIMUM         17   1159 PM -11    1966  27    -10        3
  AVERAGE         27                        35     -8

PRECIPITATION (IN)
  YESTERDAY        0.02          1.75 2013   0.09  -0.07     0.00
  MONTH TO DATE    1.48                      2.81  -1.33     1.57
  SINCE DEC 1      3.87                      5.72  -1.85     6.57
  SINCE JAN 1      1.48                      2.81  -1.33     1.57

SNOWFALL (IN)
  YESTERDAY        0.5
  MONTH TO DATE    2.1
  SINCE DEC 1      3.0
  SINCE JUL 1      7.8
  SNOW DEPTH       0

DEGREE DAYS
 HEATING
  YESTERDAY       38                        30      8
  MONTH TO DATE  943                       926     17
  SINCE DEC 1   1726                      1788    -62
  SINCE JUL 1   2811                      2691    120

 COOLING
  YESTERDAY        0                         0      0
  MONTH TO DATE    0                         0      0
  SINCE DEC 1      0                         0      0
  SINCE JAN 1      0                         0      0
..................................................................


WIND (MPH)
  HIGHEST WIND SPEED    28   HIGHEST WIND DIRECTION    NW (310)
  HIGHEST GUST SPEED    45   HIGHEST GUST DIRECTION     W (290)
  AVERAGE WIND SPEED    13.7


SKY COVER
  POSSIBLE SUNSHINE  MM
  AVERAGE SKY COVER 0.6


WEATHER CONDITIONS
 THE FOLLOWING WEATHER WAS RECORDED YESTERDAY.
  HEAVY SNOW
  SNOW
  LIGHT SNOW
  FOG


RELATIVE HUMIDITY (PERCENT)
 HIGHEST    85           300 AM
 LOWEST     46           400 PM
 AVERAGE    66

..........................................................


THE BLUEFIELD WV CLIMATE NORMALS FOR TODAY
                         NORMAL    RECORD    YEAR
 MAXIMUM TEMPERATURE (F)   43        71      2002
 MINIMUM TEMPERATURE (F)   27        -4      1966


SUNRISE AND SUNSET
JANUARY 31 2015.......SUNRISE   729 AM EST   SUNSET   548 PM EST
FEBRUARY  1 2015......SUNRISE   728 AM EST   SUNSET   549 PM EST


-  INDICATES NEGATIVE NUMBERS.
R  INDICATES RECORD WAS SET OR TIED.
MM INDICATES DATA IS MISSING.
T  INDICATES TRACE AMOUNT.




$$
