000
CDUS41 KRNK 290533
CLIBLF


CLIMATE REPORT
NATIONAL WEATHER SERVICE BLACKSBURG VA
130 AM EDT THU JUN 29 2017


...................................

...THE BLUEFIELD WV CLIMATE SUMMARY FOR JUNE 28 2017...

CLIMATE NORMAL PERIOD 1981 TO 2010
CLIMATE RECORD PERIOD 1959 TO 2017


WEATHER ITEM   OBSERVED TIME   RECORD YEAR NORMAL DEPARTURE LAST
                VALUE   (LST)  VALUE       VALUE  FROM      YEAR
                                                  NORMAL
..................................................................
TEMPERATURE (F)
 YESTERDAY
  MAXIMUM         75    507 PM  92    2012  81     -6       80
  MINIMUM         49    436 AM  48    1987  64    -15       64
  AVERAGE         62                        72    -10       72

PRECIPITATION (IN)
  YESTERDAY        0.00          2.95 1995   0.12  -0.12      T
  MONTH TO DATE    4.14                      3.87   0.27     3.40
  SINCE JUN 1      4.14                      3.87   0.27     3.40
  SINCE JAN 1     24.94                     20.69   4.25    18.16

SNOWFALL (IN)
  YESTERDAY        0.0                                       0.0
  MONTH TO DATE    0.0                                       0.0
  SINCE JUN 1      0.0                                       0.0
  SINCE JUL 1     20.5                                      34.8
  SNOW DEPTH       0

DEGREE DAYS
 HEATING
  YESTERDAY        3                         0      3        0
  MONTH TO DATE   45                        21     24       16
  SINCE JUN 1     45                        21     24       16
  SINCE JUL 1   4306                      4587   -281     3882

 COOLING
  YESTERDAY        0                         7     -7        7
  MONTH TO DATE   64                       151    -87      119
  SINCE JUN 1     64                       151    -87      119
  SINCE JAN 1    116                       242   -126      146
..................................................................


WIND (MPH)
  HIGHEST WIND SPEED    13   HIGHEST WIND DIRECTION     S (170)
  HIGHEST GUST SPEED    20   HIGHEST GUST DIRECTION     S (170)
  AVERAGE WIND SPEED     4.0


SKY COVER
  AVERAGE SKY COVER 0.0


WEATHER CONDITIONS
 THE FOLLOWING WEATHER WAS RECORDED YESTERDAY.
  NO SIGNIFICANT WEATHER WAS OBSERVED.


RELATIVE HUMIDITY (PERCENT)
 HIGHEST    77           400 AM
 LOWEST     35           400 PM
 AVERAGE    56

..........................................................


THE BLUEFIELD WV CLIMATE NORMALS FOR TODAY
                         NORMAL    RECORD    YEAR
 MAXIMUM TEMPERATURE (F)   81        97      2012
 MINIMUM TEMPERATURE (F)   64        52      1970


SUNRISE AND SUNSET
JUNE 29 2017..........SUNRISE   607 AM EDT   SUNSET   849 PM EDT
JUNE 30 2017..........SUNRISE   608 AM EDT   SUNSET   849 PM EDT


-  INDICATES NEGATIVE NUMBERS.
R  INDICATES RECORD WAS SET OR TIED.
MM INDICATES DATA IS MISSING.
T  INDICATES TRACE AMOUNT.

REMARKS:
DUE TO A POWER OUTAGE CAUSING A MISSING HIGH TEMPERATURE ON NOVEMBER
10...THE SEASONAL HEATING DEGREE DAY TOTAL AND DEPARTURE FROM
NORMAL WILL BE CALCULATED WITHOUT DATA FROM THIS DATE.


$$
