000
CDUS41 KRNK 250909
CLIBLF


CLIMATE REPORT
NATIONAL WEATHER SERVICE BLACKSBURG VA
507 AM EDT MON MAY 25 2015


...................................

...THE BLUEFIELD WV CLIMATE SUMMARY FOR MAY 24 2015...

CLIMATE NORMAL PERIOD 1981 TO 2010
CLIMATE RECORD PERIOD 1959 TO 2015


WEATHER ITEM   OBSERVED TIME   RECORD YEAR NORMAL DEPARTURE LAST
                VALUE   (LST)  VALUE       VALUE  FROM      YEAR
                                                  NORMAL
..................................................................
TEMPERATURE (F)
 YESTERDAY
  MAXIMUM         79    339 PM  83    1991  74      5       73
  MINIMUM         61    549 AM  40    1963  55      6       47
  AVERAGE         70                        64      6       60

PRECIPITATION (IN)
  YESTERDAY        0.00          0.87 2011   0.14  -0.14     0.00
  MONTH TO DATE    1.70                      3.25  -1.55     2.52
  SINCE MAR 1     12.11                     10.10   2.01     7.25
  SINCE JAN 1     15.67                     15.76  -0.09    11.38

SNOWFALL (IN)
  YESTERDAY        0.0                                       0.0
  MONTH TO DATE    0.0                                       0.0
  SINCE MAR 1      3.1                                       9.4
  SINCE JUL 1     39.7                                      47.0
  SNOW DEPTH       0

DEGREE DAYS
 HEATING
  YESTERDAY        0                         3     -3        5
  MONTH TO DATE   63                       118    -55       88
  SINCE MAR 1    915                      1055   -140     1016
  SINCE JUL 1   4835                      4548    287     4651

 COOLING
  YESTERDAY        5                         3      2        0
  MONTH TO DATE   87                        41     46       79
  SINCE MAR 1     98                        69     29       99
  SINCE JAN 1     98                        69     29       99
..................................................................


WIND (MPH)
  HIGHEST WIND SPEED    13   HIGHEST WIND DIRECTION     S (180)
  HIGHEST GUST SPEED    23   HIGHEST GUST DIRECTION     S (190)
  AVERAGE WIND SPEED     5.7


SKY COVER
  AVERAGE SKY COVER 0.0


WEATHER CONDITIONS
 THE FOLLOWING WEATHER WAS RECORDED YESTERDAY.
  NO SIGNIFICANT WEATHER WAS OBSERVED.


RELATIVE HUMIDITY (PERCENT)
 HIGHEST    52          1000 PM
 LOWEST     30           200 PM
 AVERAGE    41

..........................................................


THE BLUEFIELD WV CLIMATE NORMALS FOR TODAY
                         NORMAL    RECORD    YEAR
 MAXIMUM TEMPERATURE (F)   74        85      2012
                                             1991
 MINIMUM TEMPERATURE (F)   55        35      1979


SUNRISE AND SUNSET
MAY 25 2015...........SUNRISE   609 AM EDT   SUNSET   835 PM EDT
MAY 26 2015...........SUNRISE   609 AM EDT   SUNSET   835 PM EDT


-  INDICATES NEGATIVE NUMBERS.
R  INDICATES RECORD WAS SET OR TIED.
MM INDICATES DATA IS MISSING.
T  INDICATES TRACE AMOUNT.




$$
