000
CDUS46 KSEW 050119
CLIBLI


CLIMATE REPORT
NATIONAL WEATHER SERVICE SEATTLE WA
519 PM PST WED MAR 4 2015


...................................

...THE BELLINGHAM WA AIRPORT CLIMATE SUMMARY FOR MARCH 4 2015...
VALID TODAY AS OF 0500 PM LOCAL TIME.

CLIMATE NORMAL PERIOD 1981 TO 2010
CLIMATE RECORD PERIOD 1949 TO 2015


WEATHER ITEM   OBSERVED TIME   RECORD YEAR NORMAL DEPARTURE LAST
                VALUE   (LST)  VALUE       VALUE  FROM      YEAR
                                                  NORMAL
..................................................................
TEMPERATURE (F)
 TODAY
  MAXIMUM         51    326 PM  66    1987  50      1       42
  MINIMUM         24    606 AM  11    1955  35    -11       36
  AVERAGE         38                        42     -4       39

PRECIPITATION (IN)
  TODAY            0.00          0.91 1968   0.10  -0.10     0.36
  MONTH TO DATE    T                         0.43  -0.43     1.27
  SINCE OCT 1     22.70                     21.82   0.88    17.16
  SINCE JAN 1      7.97                      8.12  -0.15     6.85

DEGREE DAYS
 HEATING
  TODAY           27                        23      4       26
  MONTH TO DATE  100                        92      8      113
  SINCE MAR 1    100                        92      8      113

 COOLING
  TODAY            0                         0      0        0
  MONTH TO DATE    0                         0      0        0
  SINCE MAR 1      0                         0      0        0
  SINCE JAN 1      0                         0      0        0
..................................................................


WIND (MPH)
  RESULTANT WIND SPEED   1   RESULTANT WIND DIRECTION   W (260)
  HIGHEST WIND SPEED     8   HIGHEST WIND DIRECTION    SE (150)
  HIGHEST GUST SPEED    10   HIGHEST GUST DIRECTION    SE (140)
  AVERAGE WIND SPEED     1.5


SKY COVER
  AVERAGE SKY COVER 0.0


WEATHER CONDITIONS
 THE FOLLOWING WEATHER WAS RECORDED TODAY.
  NO SIGNIFICANT WEATHER WAS OBSERVED.


RELATIVE HUMIDITY (PERCENT)
 HIGHEST    81           500 AM
 LOWEST     27           100 PM
 AVERAGE    54

..........................................................


THE BELLINGHAM WA AIRPORT CLIMATE NORMALS FOR TOMORROW
                         NORMAL    RECORD    YEAR
 MAXIMUM TEMPERATURE (F)   51        64      1965
 MINIMUM TEMPERATURE (F)   35        11      1955


SUNRISE AND SUNSET
MARCH  4 2015.........SUNRISE   646 AM PST   SUNSET   558 PM PST
MARCH  5 2015.........SUNRISE   644 AM PST   SUNSET   600 PM PST


-  INDICATES NEGATIVE NUMBERS.
R  INDICATES RECORD WAS SET OR TIED.
MM INDICATES DATA IS MISSING.
T  INDICATES TRACE AMOUNT.




$$
