000
CDUS46 KSEW 290827
CLIBLI


CLIMATE REPORT
NATIONAL WEATHER SERVICE SEATTLE WA
126 AM PDT TUE JUL 29 2014


...................................

...THE BELLINGHAM WA AIRPORT CLIMATE SUMMARY FOR JULY 28 2014...

CLIMATE NORMAL PERIOD 1981 TO 2010
CLIMATE RECORD PERIOD 1949 TO 2014


WEATHER ITEM   OBSERVED TIME   RECORD YEAR NORMAL DEPARTURE LAST
                VALUE   (LST)  VALUE       VALUE  FROM      YEAR
                                                  NORMAL
..................................................................
TEMPERATURE (F)
 YESTERDAY
  MAXIMUM         83    427 PM  90    2009  73     10       71
  MINIMUM         53    507 AM  41    1954  54     -1       57
  AVERAGE         68                        63      5       64

PRECIPITATION (IN)
  YESTERDAY        0.00          0.43 1993   0.03  -0.03     0.00
  MONTH TO DATE    1.13                      1.09   0.04     0.05
  SINCE OCT 1     29.40                     32.73  -3.33    16.69
  SINCE JAN 1     19.09                     19.03   0.06    14.91

DEGREE DAYS
 HEATING
  YESTERDAY        0                         2     -2        1
  MONTH TO DATE   35                        79    -44       34
  SINCE JUN 1    171                       280   -109      169

 COOLING
  YESTERDAY        3                         0      3        0
  MONTH TO DATE   44                         0     44       35
  SINCE JUN 1     45                         4     41       49
  SINCE JAN 1     46                         4     42       49
..................................................................


WIND (MPH)
  RESULTANT WIND SPEED   2   RESULTANT WIND DIRECTION  SW (230)
  HIGHEST WIND SPEED    10   HIGHEST WIND DIRECTION     S (180)
  HIGHEST GUST SPEED    15   HIGHEST GUST DIRECTION     S (170)
  AVERAGE WIND SPEED     3.2


SKY COVER
  AVERAGE SKY COVER 0.0


WEATHER CONDITIONS
 THE FOLLOWING WEATHER WAS RECORDED YESTERDAY.
  LIGHT RAIN
  FOG


RELATIVE HUMIDITY (PERCENT)
 HIGHEST    93           300 AM
 LOWEST     37           300 PM
 AVERAGE    65

..........................................................


THE BELLINGHAM WA AIRPORT CLIMATE NORMALS FOR TODAY
                         NORMAL    RECORD    YEAR
 MAXIMUM TEMPERATURE (F)   73        96      2009
 MINIMUM TEMPERATURE (F)   54        44      1969


SUNRISE AND SUNSET
JULY 29 2014..........SUNRISE   540 AM PDT   SUNSET   852 PM PDT
JULY 30 2014..........SUNRISE   541 AM PDT   SUNSET   851 PM PDT


-  INDICATES NEGATIVE NUMBERS.
R  INDICATES RECORD WAS SET OR TIED.
MM INDICATES DATA IS MISSING.
T  INDICATES TRACE AMOUNT.




$$
