000
CDUS46 KSEW 280833
CLIBLI


CLIMATE REPORT
NATIONAL WEATHER SERVICE SEATTLE WA
133 AM PDT FRI AUG 28 2015


...................................

...THE BELLINGHAM WA AIRPORT CLIMATE SUMMARY FOR AUGUST 27 2015...

CLIMATE NORMAL PERIOD 1981 TO 2010
CLIMATE RECORD PERIOD 1949 TO 2015


WEATHER ITEM   OBSERVED TIME   RECORD YEAR NORMAL DEPARTURE LAST
                VALUE   (LST)  VALUE       VALUE  FROM      YEAR
                                                  NORMAL
..................................................................
TEMPERATURE (F)
 YESTERDAY
  MAXIMUM         80    335 PM  85    1994  71      9       77
  MINIMUM         52    531 AM  41    1954  52      0       61
  AVERAGE         66                        61      5       69

PRECIPITATION (IN)
  YESTERDAY        T             0.83 1991   0.05  -0.05     0.00
  MONTH TO DATE    0.22                      1.03  -0.81     0.67
  SINCE OCT 1     30.52                     33.85  -3.33    30.07
  SINCE JAN 1     15.79                     20.15  -4.36    19.76

DEGREE DAYS
 HEATING
  YESTERDAY        0                         4     -4        0
  MONTH TO DATE   21                        64    -43       10
  SINCE JUN 1    103                       366   -263      181

 COOLING
  YESTERDAY        1                         0      1        4
  MONTH TO DATE   52                         0     52       61
  SINCE JUN 1    190                        23    167      113
  SINCE JAN 1    190                        23    167      114
..................................................................


WIND (MPH)
  RESULTANT WIND SPEED   3   RESULTANT WIND DIRECTION  SE (150)
  HIGHEST WIND SPEED    15   HIGHEST WIND DIRECTION     S (190)
  HIGHEST GUST SPEED    26   HIGHEST GUST DIRECTION     S (200)
  AVERAGE WIND SPEED     3.6


SKY COVER
  AVERAGE SKY COVER 0.1


WEATHER CONDITIONS
 THE FOLLOWING WEATHER WAS RECORDED YESTERDAY.
  LIGHT RAIN


RELATIVE HUMIDITY (PERCENT)
 HIGHEST    93           500 AM
 LOWEST     31           200 PM
 AVERAGE    62

..........................................................


THE BELLINGHAM WA AIRPORT CLIMATE NORMALS FOR TODAY
                         NORMAL    RECORD    YEAR
 MAXIMUM TEMPERATURE (F)   71        86      1967
 MINIMUM TEMPERATURE (F)   52        41      2000


SUNRISE AND SUNSET
AUGUST 28 2015........SUNRISE   621 AM PDT   SUNSET   801 PM PDT
AUGUST 29 2015........SUNRISE   623 AM PDT   SUNSET   759 PM PDT


-  INDICATES NEGATIVE NUMBERS.
R  INDICATES RECORD WAS SET OR TIED.
MM INDICATES DATA IS MISSING.
T  INDICATES TRACE AMOUNT.




$$
