000
CDUS46 KSEW 240844
CLIBLI


CLIMATE REPORT
NATIONAL WEATHER SERVICE SEATTLE WA
1243 AM PST FRI NOV 24 2017


...................................

...THE BELLINGHAM WA AIRPORT CLIMATE SUMMARY FOR NOVEMBER 23 2017...

CLIMATE NORMAL PERIOD 1981 TO 2010
CLIMATE RECORD PERIOD 1949 TO 2017


WEATHER ITEM   OBSERVED TIME   RECORD YEAR NORMAL DEPARTURE LAST
                VALUE   (LST)  VALUE       VALUE  FROM      YEAR
                                                  NORMAL
..................................................................
TEMPERATURE (F)
 YESTERDAY
  MAXIMUM         58    242 AM  61    1995  48     10       50
  MINIMUM         49   1159 PM  10    1985  35     14       44
  AVERAGE         54                        42     12       47

PRECIPITATION (IN)
  YESTERDAY        0.38          1.78 1975   0.19   0.19     0.09
  MONTH TO DATE    4.97                      4.51   0.46     5.36
  SINCE OCT 1     10.30                      8.19   2.11    12.76
  SINCE JAN 1     28.97                     30.32  -1.35    32.17

DEGREE DAYS
 HEATING
  YESTERDAY       11                        23    -12       18
  MONTH TO DATE  465                       482    -17      300
  SINCE SEP 1   1060                      1189   -129      868

 COOLING
  YESTERDAY        0                         0      0        0
  MONTH TO DATE    0                         0      0        0
  SINCE SEP 1     31                         2     29        0
  SINCE JAN 1     97                        42     55      101
..................................................................


WIND (MPH)
  RESULTANT WIND SPEED   5   RESULTANT WIND DIRECTION   S (170)
  HIGHEST WIND SPEED    17   HIGHEST WIND DIRECTION     S (160)
  HIGHEST GUST SPEED    26   HIGHEST GUST DIRECTION     S (160)
  AVERAGE WIND SPEED     6.6


SKY COVER
  AVERAGE SKY COVER 0.9


WEATHER CONDITIONS
 THE FOLLOWING WEATHER WAS RECORDED YESTERDAY.
  RAIN
  LIGHT RAIN
  FOG


RELATIVE HUMIDITY (PERCENT)
 HIGHEST   100          1200 AM
 LOWEST     66           400 PM
 AVERAGE    83

..........................................................


THE BELLINGHAM WA AIRPORT CLIMATE NORMALS FOR TODAY
                         NORMAL    RECORD    YEAR
 MAXIMUM TEMPERATURE (F)   48        61      1954
 MINIMUM TEMPERATURE (F)   35         8      1985


SUNRISE AND SUNSET
NOVEMBER 24 2017......SUNRISE   733 AM PST   SUNSET   420 PM PST
NOVEMBER 25 2017......SUNRISE   734 AM PST   SUNSET   420 PM PST


-  INDICATES NEGATIVE NUMBERS.
R  INDICATES RECORD WAS SET OR TIED.
MM INDICATES DATA IS MISSING.
T  INDICATES TRACE AMOUNT.




$$
