000
CDUS46 KSEW 270830
CLIBLI


CLIMATE REPORT
NATIONAL WEATHER SERVICE SEATTLE WA
130 AM PDT FRI MAR 27 2015


...................................

...THE BELLINGHAM WA AIRPORT CLIMATE SUMMARY FOR MARCH 26 2015...

CLIMATE NORMAL PERIOD 1981 TO 2010
CLIMATE RECORD PERIOD 1949 TO 2015


WEATHER ITEM   OBSERVED TIME   RECORD YEAR NORMAL DEPARTURE LAST
                VALUE   (LST)  VALUE       VALUE  FROM      YEAR
                                                  NORMAL
..................................................................
TEMPERATURE (F)
 YESTERDAY
  MAXIMUM         65R  1250 PM  65    1994  54     11       54
  MINIMUM         48   1159 PM  25    1955  38     10       46
  AVERAGE         57                        46     11       50

PRECIPITATION (IN)
  YESTERDAY        0.01          0.68 1971   0.11  -0.10     0.42
  MONTH TO DATE    3.74                      2.68   1.06     5.12
  SINCE OCT 1     26.44                     24.07   2.37    21.01
  SINCE JAN 1     11.71                     10.37   1.34    10.70

DEGREE DAYS
 HEATING
  YESTERDAY        8                        19    -11       15
  MONTH TO DATE  445                       548   -103      514
  SINCE MAR 1    445                       548   -103      514

 COOLING
  YESTERDAY        0                         0      0        0
  MONTH TO DATE    0                         0      0        0
  SINCE MAR 1      0                         0      0        0
  SINCE JAN 1      0                         0      0        0
..................................................................


WIND (MPH)
  RESULTANT WIND SPEED   4   RESULTANT WIND DIRECTION   S (180)
  HIGHEST WIND SPEED    15   HIGHEST WIND DIRECTION    SE (120)
  HIGHEST GUST SPEED    28   HIGHEST GUST DIRECTION     N (20)
  AVERAGE WIND SPEED     4.6


SKY COVER
  AVERAGE SKY COVER 0.2


WEATHER CONDITIONS
 THE FOLLOWING WEATHER WAS RECORDED YESTERDAY.
  LIGHT RAIN
  FOG


RELATIVE HUMIDITY (PERCENT)
 HIGHEST    93          1100 PM
 LOWEST     60          1200 PM
 AVERAGE    77

..........................................................


THE BELLINGHAM WA AIRPORT CLIMATE NORMALS FOR TODAY
                         NORMAL    RECORD    YEAR
 MAXIMUM TEMPERATURE (F)   54        68      1994
 MINIMUM TEMPERATURE (F)   38        28      1991
                                             1954


SUNRISE AND SUNSET
MARCH 27 2015.........SUNRISE   659 AM PDT   SUNSET   733 PM PDT
MARCH 28 2015.........SUNRISE   656 AM PDT   SUNSET   735 PM PDT


-  INDICATES NEGATIVE NUMBERS.
R  INDICATES RECORD WAS SET OR TIED.
MM INDICATES DATA IS MISSING.
T  INDICATES TRACE AMOUNT.




$$
