000
CDUS46 KSEW 270123
CLIBLI


CLIMATE REPORT
NATIONAL WEATHER SERVICE SEATTLE WA
522 PM PST SUN FEB 26 2017


...................................

...THE BELLINGHAM WA AIRPORT CLIMATE SUMMARY FOR FEBRUARY 26 2017...
VALID TODAY AS OF 0500 PM LOCAL TIME.

CLIMATE NORMAL PERIOD 1981 TO 2010
CLIMATE RECORD PERIOD 1949 TO 2017


WEATHER ITEM   OBSERVED TIME   RECORD YEAR NORMAL DEPARTURE LAST
                VALUE   (LST)  VALUE       VALUE  FROM      YEAR
                                                  NORMAL
..................................................................
TEMPERATURE (F)
 TODAY
  MAXIMUM         46    202 PM  65    1992  50     -4       57
  MINIMUM         33    602 AM  18    1962  34     -1       35
  AVERAGE         40                        42     -2       46

PRECIPITATION (IN)
  TODAY            0.22          0.82 1980   0.10   0.12     0.11
  MONTH TO DATE    4.20                      2.81   1.39     5.44
  SINCE OCT 1     24.99                     21.18   3.81    22.62
  SINCE JAN 1      5.87                      7.48  -1.61     8.55

DEGREE DAYS
 HEATING
  TODAY           25                        23      2       19
  MONTH TO DATE  676                       633     43      498
  SINCE DEC 1   2533                      2267    266     1936

 COOLING
  TODAY            0                         0      0        0
  MONTH TO DATE    0                         0      0        0
  SINCE DEC 1      0                         0      0        0
  SINCE JAN 1      0                         0      0        0
..................................................................


WIND (MPH)
  RESULTANT WIND SPEED  11   RESULTANT WIND DIRECTION  NE (30)
  HIGHEST WIND SPEED    26   HIGHEST WIND DIRECTION     N (10)
  HIGHEST GUST SPEED    41   HIGHEST GUST DIRECTION     N (20)
  AVERAGE WIND SPEED    12.2


SKY COVER
  AVERAGE SKY COVER 0.7


WEATHER CONDITIONS
 THE FOLLOWING WEATHER WAS RECORDED TODAY.
  LIGHT RAIN
  LIGHT SNOW
  FOG


RELATIVE HUMIDITY (PERCENT)
 HIGHEST   100          1200 AM
 LOWEST     40           400 PM
 AVERAGE    70

..........................................................


THE BELLINGHAM WA AIRPORT CLIMATE NORMALS FOR TOMORROW
                         NORMAL    RECORD    YEAR
 MAXIMUM TEMPERATURE (F)   50        68      1986
 MINIMUM TEMPERATURE (F)   34        16      1955


SUNRISE AND SUNSET
FEBRUARY 26 2017......SUNRISE   657 AM PST   SUNSET   550 PM PST
FEBRUARY 27 2017......SUNRISE   655 AM PST   SUNSET   551 PM PST


-  INDICATES NEGATIVE NUMBERS.
R  INDICATES RECORD WAS SET OR TIED.
MM INDICATES DATA IS MISSING.
T  INDICATES TRACE AMOUNT.




$$
