000
CDUS46 KSEW 100847
CLIBLI


CLIMATE REPORT
NATIONAL WEATHER SERVICE SEATTLE WA
1247 AM PST SAT DEC 10 2016


...................................

...THE BELLINGHAM WA AIRPORT CLIMATE SUMMARY FOR DECEMBER 9 2016...

CLIMATE NORMAL PERIOD 1981 TO 2010
CLIMATE RECORD PERIOD 1949 TO 2016


WEATHER ITEM   OBSERVED TIME   RECORD YEAR NORMAL DEPARTURE LAST
                VALUE   (LST)  VALUE       VALUE  FROM      YEAR
                                                  NORMAL
..................................................................
TEMPERATURE (F)
 YESTERDAY
  MAXIMUM         32    957 PM  63    2014  45    -13       53
  MINIMUM         26    255 AM  11    1972  32     -6       42
  AVERAGE         29                        38     -9       48

PRECIPITATION (IN)
  YESTERDAY        0.25          1.13 1956   0.14   0.11     0.24
  MONTH TO DATE    1.25                      1.42  -0.17     1.54
  SINCE OCT 1     16.41                     10.90   5.51     9.51
  SINCE JAN 1     35.82                     33.03   2.79    29.09

DEGREE DAYS
 HEATING
  YESTERDAY       36                        27      9       17
  MONTH TO DATE  264                       233     31      131
  SINCE DEC 1    264                       233     31      131

 COOLING
  YESTERDAY        0                         0      0        0
  MONTH TO DATE    0                         0      0        0
  SINCE DEC 1      0                         0      0        0
  SINCE JAN 1    101                        42     59      193
..................................................................


WIND (MPH)
  RESULTANT WIND SPEED  10   RESULTANT WIND DIRECTION   N (20)
  HIGHEST WIND SPEED    22   HIGHEST WIND DIRECTION    NE (30)
  HIGHEST GUST SPEED    33   HIGHEST GUST DIRECTION     N (20)
  AVERAGE WIND SPEED    10.2


SKY COVER
  AVERAGE SKY COVER 1.0


WEATHER CONDITIONS
 THE FOLLOWING WEATHER WAS RECORDED YESTERDAY.
  FREEZING RAIN
  LT FREEZING RAIN
  LIGHT SNOW
  FOG


RELATIVE HUMIDITY (PERCENT)
 HIGHEST   100          1000 PM
 LOWEST     36          1200 AM
 AVERAGE    68

..........................................................


THE BELLINGHAM WA AIRPORT CLIMATE NORMALS FOR TODAY
                         NORMAL    RECORD    YEAR
 MAXIMUM TEMPERATURE (F)   44        67      2014
 MINIMUM TEMPERATURE (F)   32         7      1972


SUNRISE AND SUNSET
DECEMBER 10 2016......SUNRISE   753 AM PST   SUNSET   414 PM PST
DECEMBER 11 2016......SUNRISE   754 AM PST   SUNSET   414 PM PST


-  INDICATES NEGATIVE NUMBERS.
R  INDICATES RECORD WAS SET OR TIED.
MM INDICATES DATA IS MISSING.
T  INDICATES TRACE AMOUNT.




$$
