834
CDUS46 KSEW 230829
CLIBLI


CLIMATE REPORT
NATIONAL WEATHER SERVICE SEATTLE WA
129 AM PDT SUN JUL 23 2017


...................................

...THE BELLINGHAM WA AIRPORT CLIMATE SUMMARY FOR JULY 22 2017...

CLIMATE NORMAL PERIOD 1981 TO 2010
CLIMATE RECORD PERIOD 1949 TO 2017


WEATHER ITEM   OBSERVED TIME   RECORD YEAR NORMAL DEPARTURE LAST
                VALUE   (LST)  VALUE       VALUE  FROM      YEAR
                                                  NORMAL
..................................................................
TEMPERATURE (F)
 YESTERDAY
  MAXIMUM         75    400 PM  87    1978  72      3       71
  MINIMUM         59    516 AM  46    1966  54      5       61
  AVERAGE         67                        63      4       66

PRECIPITATION (IN)
  YESTERDAY        0.02          0.63 2000   0.03  -0.01     0.00
  MONTH TO DATE    0.08                      0.90  -0.82     0.65
  SINCE OCT 1     35.94                     32.54   3.40    31.64
  SINCE JAN 1     16.82                     18.84  -2.02    17.57

DEGREE DAYS
 HEATING
  YESTERDAY        0                         2     -2        0
  MONTH TO DATE   39                        67    -28       40
  SINCE JUN 1    176                       268    -92      186

 COOLING
  YESTERDAY        2                         0      2        1
  MONTH TO DATE    9                         0      9       10
  SINCE JUN 1     19                         4     15       27
  SINCE JAN 1     21                         4     17       28
..................................................................


WIND (MPH)
  RESULTANT WIND SPEED   3   RESULTANT WIND DIRECTION   N (360)
  HIGHEST WIND SPEED    13   HIGHEST WIND DIRECTION     N (350)
  HIGHEST GUST SPEED    16   HIGHEST GUST DIRECTION     N (350)
  AVERAGE WIND SPEED     3.9


SKY COVER
  AVERAGE SKY COVER 0.9


WEATHER CONDITIONS
 THE FOLLOWING WEATHER WAS RECORDED YESTERDAY.
  LIGHT RAIN
  FOG


RELATIVE HUMIDITY (PERCENT)
 HIGHEST    93           800 AM
 LOWEST     64          1200 PM
 AVERAGE    79

..........................................................


THE BELLINGHAM WA AIRPORT CLIMATE NORMALS FOR TODAY
                         NORMAL    RECORD    YEAR
 MAXIMUM TEMPERATURE (F)   72        89      1991
 MINIMUM TEMPERATURE (F)   54        44      1964


SUNRISE AND SUNSET
JULY 23 2017..........SUNRISE   533 AM PDT   SUNSET   900 PM PDT
JULY 24 2017..........SUNRISE   534 AM PDT   SUNSET   859 PM PDT


-  INDICATES NEGATIVE NUMBERS.
R  INDICATES RECORD WAS SET OR TIED.
MM INDICATES DATA IS MISSING.
T  INDICATES TRACE AMOUNT.




$$
