000
CDUS46 KSEW 290831
CLIBLI


CLIMATE REPORT
NATIONAL WEATHER SERVICE SEATTLE WA
130 AM PDT WED MAR 29 2017


...................................

...THE BELLINGHAM WA AIRPORT CLIMATE SUMMARY FOR MARCH 28 2017...

CLIMATE NORMAL PERIOD 1981 TO 2010
CLIMATE RECORD PERIOD 1949 TO 2017


WEATHER ITEM   OBSERVED TIME   RECORD YEAR NORMAL DEPARTURE LAST
                VALUE   (LST)  VALUE       VALUE  FROM      YEAR
                                                  NORMAL
..................................................................
TEMPERATURE (F)
 YESTERDAY
  MAXIMUM         50    805 PM  72    1994  54     -4       56
  MINIMUM         46    143 AM  24    1954  38      8       38
  AVERAGE         48                        46      2       47

PRECIPITATION (IN)
  YESTERDAY        0.32          0.47 1971   0.11   0.21     0.04
  MONTH TO DATE    5.22                      2.90   2.32     3.83
  SINCE OCT 1     30.34                     24.29   6.05    26.57
  SINCE JAN 1     11.22                     10.59   0.63    12.50

DEGREE DAYS
 HEATING
  YESTERDAY       17                        19     -2       18
  MONTH TO DATE  552                       586    -34      456
  SINCE MAR 1    552                       586    -34      456

 COOLING
  YESTERDAY        0                         0      0        0
  MONTH TO DATE    0                         0      0        0
  SINCE MAR 1      0                         0      0        0
  SINCE JAN 1      0                         0      0        0
..................................................................


WIND (MPH)
  RESULTANT WIND SPEED  16   RESULTANT WIND DIRECTION  SE (150)
  HIGHEST WIND SPEED    29   HIGHEST WIND DIRECTION    SE (140)
  HIGHEST GUST SPEED    41   HIGHEST GUST DIRECTION    SE (130)
  AVERAGE WIND SPEED    16.9


SKY COVER
  AVERAGE SKY COVER 1.0


WEATHER CONDITIONS
 THE FOLLOWING WEATHER WAS RECORDED YESTERDAY.
  LIGHT RAIN
  FOG


RELATIVE HUMIDITY (PERCENT)
 HIGHEST    93           900 PM
 LOWEST     80           900 AM
 AVERAGE    87

..........................................................


THE BELLINGHAM WA AIRPORT CLIMATE NORMALS FOR TODAY
                         NORMAL    RECORD    YEAR
 MAXIMUM TEMPERATURE (F)   54        76      2004
 MINIMUM TEMPERATURE (F)   38        22      1954


SUNRISE AND SUNSET
MARCH 29 2017.........SUNRISE   653 AM PDT   SUNSET   737 PM PDT
MARCH 30 2017.........SUNRISE   651 AM PDT   SUNSET   739 PM PDT


-  INDICATES NEGATIVE NUMBERS.
R  INDICATES RECORD WAS SET OR TIED.
MM INDICATES DATA IS MISSING.
T  INDICATES TRACE AMOUNT.




$$
