000
CDUS43 KIND 050534
CLIBMG


CLIMATE REPORT
NATIONAL WEATHER SERVICE INDIANAPOLIS IN
133 AM EDT SAT SEP 5 2015


...................................

...THE BLOOMINGTON IN CLIMATE SUMMARY FOR SEPTEMBER 4 2015...

CLIMATE NORMAL PERIOD 1981 TO 2010
CLIMATE RECORD PERIOD 9999 TO 9999


WEATHER ITEM   OBSERVED TIME   NORMAL DEPARTURE LAST
                VALUE   (LST)  VALUE  FROM      YEAR
                                      NORMAL
......................................................
TEMPERATURE (F)
 YESTERDAY
  MAXIMUM         92    338 PM  82     10       87
  MINIMUM         66    637 AM  58      8       62
  AVERAGE         79            70      9       75

PRECIPITATION (IN)
  YESTERDAY        0.00          0.09  -0.09     0.00
  MONTH TO DATE    0.00          0.39  -0.39     2.57
  SINCE SEP 1      0.00          0.39  -0.39     2.57
  SINCE JAN 1     35.45         33.58   1.87    33.20

DEGREE DAYS
 HEATING
  YESTERDAY        0             0      0        0
  MONTH TO DATE    0             0      0        0
  SINCE SEP 1      0             0      0        0
  SINCE JUL 1      3             7     -4        6

 COOLING
  YESTERDAY       14             5      9       10
  MONTH TO DATE   50            23     27       33
  SINCE SEP 1     50            23     27       33
  SINCE JAN 1    928           840     88      863
......................................................


WIND (MPH)
  HIGHEST WIND SPEED    16   HIGHEST WIND DIRECTION     E (70)
  HIGHEST GUST SPEED    21   HIGHEST GUST DIRECTION     N (360)
  AVERAGE WIND SPEED     3.0


SKY COVER
  AVERAGE SKY COVER 0.1


WEATHER CONDITIONS
 THE FOLLOWING WEATHER WAS RECORDED YESTERDAY.
  FOG
  HAZE


RELATIVE HUMIDITY (PERCENT)
 HIGHEST    93           300 AM
 LOWEST     41           400 PM
 AVERAGE    67

..........................................................


THE BLOOMINGTON IN CLIMATE NORMALS FOR TODAY
                         NORMAL
 MAXIMUM TEMPERATURE (F)   82
 MINIMUM TEMPERATURE (F)   57


SUNRISE AND SUNSET
SEPTEMBER  5 2015.....SUNRISE   718 AM EDT   SUNSET   811 PM EDT
SEPTEMBER  6 2015.....SUNRISE   719 AM EDT   SUNSET   810 PM EDT


-  INDICATES NEGATIVE NUMBERS.
R  INDICATES RECORD WAS SET OR TIED.
MM INDICATES DATA IS MISSING.
T  INDICATES TRACE AMOUNT.




$$
