000
CDUS43 KIND 200531
CLIBMG


CLIMATE REPORT
NATIONAL WEATHER SERVICE INDIANAPOLIS IN
1231 AM EST MON NOV 20 2017


...................................

...THE BLOOMINGTON IN CLIMATE SUMMARY FOR NOVEMBER 19 2017...

CLIMATE NORMAL PERIOD 1981 TO 2010
CLIMATE RECORD PERIOD 9999 TO 9999


WEATHER ITEM   OBSERVED TIME   NORMAL DEPARTURE LAST
                VALUE   (LST)  VALUE  FROM      YEAR
                                      NORMAL
......................................................
TEMPERATURE (F)
 YESTERDAY
  MAXIMUM         39    340 AM  52    -13       44
  MINIMUM         29   1159 PM  33     -4       31
  AVERAGE         34            42     -8       38

PRECIPITATION (IN)
  YESTERDAY        0.00          0.13  -0.13      T
  MONTH TO DATE    5.32          2.55   2.77     0.98
  SINCE SEP 1      9.29          9.43  -0.14     9.60
  SINCE JAN 1     38.85         42.62  -3.77    45.52

DEGREE DAYS
 HEATING
  YESTERDAY       31            23      8       27
  MONTH TO DATE  363           356      7      255
  SINCE SEP 1    676           768    -92      430
  SINCE JUL 1    679           775    -96      433

 COOLING
  YESTERDAY        0             0      0        0
  MONTH TO DATE    0             0      0        4
  SINCE SEP 1    200           109     91      247
  SINCE JAN 1   1088           926    162     1322
......................................................


WIND (MPH)
  HIGHEST WIND SPEED    17   HIGHEST WIND DIRECTION     W (290)
  HIGHEST GUST SPEED    23   HIGHEST GUST DIRECTION     W (280)
  AVERAGE WIND SPEED     8.8


SKY COVER
  AVERAGE SKY COVER 0.7


WEATHER CONDITIONS
 THE FOLLOWING WEATHER WAS RECORDED YESTERDAY.
  NO SIGNIFICANT WEATHER WAS OBSERVED.


RELATIVE HUMIDITY (PERCENT)
 HIGHEST    82           500 AM
 LOWEST     56           400 PM
 AVERAGE    69

..........................................................


THE BLOOMINGTON IN CLIMATE NORMALS FOR TODAY
                         NORMAL
 MAXIMUM TEMPERATURE (F)   51
 MINIMUM TEMPERATURE (F)   32


SUNRISE AND SUNSET
NOVEMBER 20 2017......SUNRISE   735 AM EST   SUNSET   529 PM EST
NOVEMBER 21 2017......SUNRISE   737 AM EST   SUNSET   528 PM EST


-  INDICATES NEGATIVE NUMBERS.
R  INDICATES RECORD WAS SET OR TIED.
MM INDICATES DATA IS MISSING.
T  INDICATES TRACE AMOUNT.




$$
