000
CDUS44 KOHX 110845
CLIBNA


CLIMATE REPORT
NATIONAL WEATHER SERVICE NASHVILLE TN
240 AM CST MON DEC 11 2017


...................................

...THE NASHVILLE CLIMATE SUMMARY FOR DECEMBER 10 2017...

CLIMATE NORMAL PERIOD 1981 TO 2010
CLIMATE RECORD PERIOD 1871 TO 2017


WEATHER ITEM   OBSERVED TIME   RECORD YEAR NORMAL DEPARTURE
                VALUE   (LST)  VALUE       VALUE  FROM
                                                  NORMAL
...............................................................
TEMPERATURE (F)
 YESTERDAY
  MAXIMUM         49    346 PM  74    1971  51     -2
  MINIMUM         21    608 AM   1    1917  32    -11
  AVERAGE         35                        42     -7

PRECIPITATION (IN)
  YESTERDAY        0.00          2.07 1879   0.16  -0.16
  MONTH TO DATE    0.48                      1.55  -1.07
  SINCE JAN 1     48.84                     44.56   4.28

SNOWFALL (IN)
  YESTERDAY        0.0           1.0  1944
  MONTH TO DATE    0.0
  SINCE DEC 1      0.0
  SINCE JUL 1      0.0

DEGREE DAYS
 HEATING
  YESTERDAY       30                                6
  MONTH TO DATE  212                              -11
  SINCE DEC 1    212                              -11
  SINCE JUL 1    786                             -111

 COOLING
  YESTERDAY        0                                0
  MONTH TO DATE    0                                0
  SINCE DEC 1      0                                0
  SINCE JAN 1   1923                              278
...............................................................


WIND (MPH)
  HIGHEST WIND SPEED    17   HIGHEST WIND DIRECTION    SW (210)
  HIGHEST GUST SPEED    22   HIGHEST GUST DIRECTION     S (190)
  AVERAGE WIND SPEED     6.3




RELATIVE HUMIDITY (PERCENT)
 HIGHEST    88
 LOWEST     26

..........................................................


THE NASHVILLE CLIMATE NORMALS FOR TODAY
                         NORMAL    RECORD    YEAR
 MAXIMUM TEMPERATURE (F)   50        76      2007
 MINIMUM TEMPERATURE (F)   32         3      1962


SUNRISE AND SUNSET
DECEMBER 11 2017......SUNRISE   648 AM CST   SUNSET   433 PM CST
DECEMBER 12 2017......SUNRISE   648 AM CST   SUNSET   433 PM CST


-  INDICATES NEGATIVE NUMBERS.
R  INDICATES RECORD WAS SET OR TIED.
MM INDICATES DATA IS MISSING.
T  INDICATES TRACE AMOUNT.




$$
