000
CDUS44 KOHX 221424
CLIBNA

CLIMATE REPORT
NATIONAL WEATHER SERVICE NASHVILLE TN
925 AM CDT FRI AUG 22 2014


...................................

...THE NASHVILLE CLIMATE SUMMARY FOR AUGUST 21 2014...

CLIMATE NORMAL PERIOD 1981 TO 2010
CLIMATE RECORD PERIOD 1871 TO 2014


WEATHER ITEM   OBSERVED TIME   RECORD YEAR NORMAL DEPARTURE LAST
                VALUE   (LST)  VALUE       VALUE  FROM      YEAR
                                                  NORMAL
..................................................................
TEMPERATURE (F)
 YESTERDAY
  MAXIMUM         94    314 PM 101    1983  89      5       87
  MINIMUM         70    543 AM  56    2012  68      2       70
                                      1927
  AVERAGE         82                        79      3       79

PRECIPITATION (IN)
  YESTERDAY        0.00          1.89 1888   0.10  -0.10     0.05
  MONTH TO DATE    3.59                      2.20   1.39     1.62
  SINCE JUN 1     11.70                      9.98   1.72    12.70
  SINCE JAN 1     33.52                     31.28   2.24    37.14

SNOWFALL (IN)
  YESTERDAY        0.0           0.0  2002   0.0    0.0      0.0
                                      2001
                                      2000
  MONTH TO DATE    0.0                       0.0    0.0      0.0
  SINCE JUN 1      0.0                       0.0    0.0      0.0
  SINCE JUL 1      0.0                       0.0    0.0      0.0
  SNOW DEPTH       0

DEGREE DAYS
 HEATING
  YESTERDAY        0                         0      0        0
  MONTH TO DATE    0                         0      0        0
  SINCE JUN 1      0                         3     -3        0
  SINCE JUL 1      0                         0      0        0

 COOLING
  YESTERDAY       17                        14      3       14
  MONTH TO DATE  291                       294     -3      247
  SINCE JUN 1   1056                      1064     -8     1023
  SINCE JAN 1   1320                      1243     77     1230
..................................................................


WIND (MPH)
  HIGHEST WIND SPEED    12   HIGHEST WIND DIRECTION     W (260)
  HIGHEST GUST SPEED    17   HIGHEST GUST DIRECTION     W (270)
  AVERAGE WIND SPEED     3.8


SKY COVER
  POSSIBLE SUNSHINE  MM
  AVERAGE SKY COVER 0.4


WEATHER CONDITIONS
 THE FOLLOWING WEATHER WAS RECORDED YESTERDAY.
  NO SIGNIFICANT WEATHER WAS OBSERVED.


RELATIVE HUMIDITY (PERCENT)
 HIGHEST   100
 LOWEST     46
 AVERAGE    73

..........................................................
LOW SINCE MIDNIGHT........................................73
PRECIPITATION SINCE MIDNIGHT..............................0.00
..........................................................

NATIONAL TEMPERATURE EXTREMES.............................

THE HIGH ON THURSDAY WAS 111 DEGREES AT DEATH VALLEY CA

THE LOW ON FRIDAY MORNING WAS 37 DEGREES AT LAKEVIEW OR,
STANLEY IDAHO, AND TRUCKEE CALIFORNIA

..........................................................


THE NASHVILLE CLIMATE NORMALS FOR TODAY
                         NORMAL    RECORD    YEAR
 MAXIMUM TEMPERATURE (F)   89       102      2007
 MINIMUM TEMPERATURE (F)   68        53      1956


SUNRISE AND SUNSET
AUGUST 22 2014........SUNRISE   611 AM CDT   SUNSET   728 PM CDT
AUGUST 23 2014........SUNRISE   611 AM CDT   SUNSET   727 PM CDT


-  INDICATES NEGATIVE NUMBERS.
R  INDICATES RECORD WAS SET OR TIED.
MM INDICATES DATA IS MISSING.
T  INDICATES TRACE AMOUNT.




$$
