000
CDUS44 KOHX 220043
CLIBNA


CLIMATE REPORT
NATIONAL WEATHER SERVICE NASHVILLE TN
743 PM CDT FRI JUL 21 2017


...................................

...THE NASHVILLE CLIMATE SUMMARY FOR JULY 21 2017...
VALID TODAY AS OF 0400 PM LOCAL TIME.

CLIMATE NORMAL PERIOD 1981 TO 2010
CLIMATE RECORD PERIOD 1871 TO 2017


WEATHER ITEM   OBSERVED TIME   RECORD YEAR NORMAL DEPARTURE
                VALUE   (LST)  VALUE       VALUE  FROM
                                                  NORMAL
...............................................................
TEMPERATURE (F)
 TODAY
  MAXIMUM         98    337 PM 100    1983  89      9
                                      1926
                                      1901
  MINIMUM         74    439 AM  58    2009  70      4
  AVERAGE         86                        80      6

PRECIPITATION (IN)
  TODAY            0.00          2.25 1996   0.12  -0.12
  MONTH TO DATE    4.12                      2.53   1.59
  SINCE JAN 1     28.41                     27.97   0.44

SNOWFALL (IN)
  TODAY            0.0           0.0  2002
                                      2001
  MONTH TO DATE    0.0
  SINCE JUN 1      0.0
  SINCE JUL 1      0.0

DEGREE DAYS
 HEATING
  TODAY            0                                0
  MONTH TO DATE    0                                0
  SINCE JUN 1      0                               -3
  SINCE JUL 1      0                                0

 COOLING
  TODAY           21                                6
  MONTH TO DATE  342                               39
  SINCE JUN 1    686                               59
  SINCE JAN 1   1005                              199
...............................................................


WIND (MPH)
  HIGHEST WIND SPEED     6   HIGHEST WIND DIRECTION    SW (220)
  HIGHEST GUST SPEED    12   HIGHEST GUST DIRECTION     W (270)
  AVERAGE WIND SPEED     2.2




RELATIVE HUMIDITY (PERCENT)
 HIGHEST    94
 LOWEST     42
 AVERAGE    68

..........................................................


THE NASHVILLE CLIMATE NORMALS FOR TOMORROW
                         NORMAL    RECORD    YEAR
 MAXIMUM TEMPERATURE (F)   89       103      1952
 MINIMUM TEMPERATURE (F)   70        54      1944


SUNRISE AND SUNSET
JULY 21 2017..........SUNRISE   546 AM CDT   SUNSET   800 PM CDT
JULY 22 2017..........SUNRISE   546 AM CDT   SUNSET   800 PM CDT


-  INDICATES NEGATIVE NUMBERS.
R  INDICATES RECORD WAS SET OR TIED.
MM INDICATES DATA IS MISSING.
T  INDICATES TRACE AMOUNT.




$$
