219
CDUS44 KOHX 061729
CLIBNA


CLIMATE REPORT
NATIONAL WEATHER SERVICE NASHVILLE TN
1128 AM CST TUE DEC 6 2016


...................................

...THE NASHVILLE CLIMATE SUMMARY FOR DECEMBER 6 2016...
VALID AS OF 0900 AM LOCAL TIME.

CLIMATE NORMAL PERIOD 1981 TO 2010
CLIMATE RECORD PERIOD 1871 TO 2016


WEATHER ITEM   OBSERVED TIME   RECORD YEAR NORMAL DEPARTURE
                VALUE   (LST)  VALUE       VALUE  FROM
                                                  NORMAL
...............................................................
TEMPERATURE (F)
 TODAY
  MINIMUM         48    103 AM  11    1937  33     15

PRECIPITATION (IN)
  TODAY            0.28          1.47 2013   0.15   0.13
  MONTH TO DATE    0.72                      0.92  -0.20
  SINCE JAN 1     36.51                     43.93  -7.42

SNOWFALL (IN)
  TODAY           MM             0.5  1984
  MONTH TO DATE    0.0
  SINCE DEC 1      0.0
  SINCE JUL 1      0.0

DEGREE DAYS
 HEATING
  TODAY           MM                               MM
  MONTH TO DATE  106                              -24
  SINCE DEC 1    106                              -24
  SINCE JUL 1    460                             -344

 COOLING
  TODAY           MM                               MM
  MONTH TO DATE    0                                0
  SINCE DEC 1      0                                0
  SINCE JAN 1   2244                              599
...............................................................


WIND (MPH)
  HIGHEST WIND SPEED    16   HIGHEST WIND DIRECTION    SE (150)
  HIGHEST GUST SPEED    23   HIGHEST GUST DIRECTION    SE (150)
  AVERAGE WIND SPEED     7.6




RELATIVE HUMIDITY (PERCENT)
 HIGHEST    96
 LOWEST     86
 AVERAGE    91

..........................................................


THE NASHVILLE CLIMATE NORMALS FOR TOMORROW
                         NORMAL    RECORD    YEAR
 MAXIMUM TEMPERATURE (F)   52        72      1951
                                             1939
 MINIMUM TEMPERATURE (F)   33        10      1984
                                             1977


SUNRISE AND SUNSET
DECEMBER  6 2016......SUNRISE   644 AM CST   SUNSET   432 PM CST
DECEMBER  7 2016......SUNRISE   645 AM CST   SUNSET   432 PM CST


-  INDICATES NEGATIVE NUMBERS.
R  INDICATES RECORD WAS SET OR TIED.
MM INDICATES DATA IS MISSING.
T  INDICATES TRACE AMOUNT.




$$
