000
CDUS44 KOHX 222225
CLIBNA

CLIMATE REPORT
NATIONAL WEATHER SERVICE NASHVILLE TN
525 PM CDT WED OCT 22 2014


...................................

...THE NASHVILLE CLIMATE SUMMARY FOR OCTOBER 22 2014...
VALID AS OF 0400 PM LOCAL TIME.

CLIMATE NORMAL PERIOD 1981 TO 2010
CLIMATE RECORD PERIOD 1871 TO 2014


WEATHER ITEM   OBSERVED TIME   RECORD YEAR NORMAL DEPARTURE
                VALUE   (LST)  VALUE       VALUE  FROM
                                                  NORMAL
...............................................................
TEMPERATURE (F)
 TODAY
  MAXIMUM         64    251 PM  88    1947  70     -6
  MINIMUM         44    616 AM  26    1987  47     -3
  AVERAGE         54                        58     -4

PRECIPITATION (IN)
  TODAY            0.00          2.22 1890   0.09  -0.09
  MONTH TO DATE    7.60                      2.11   5.49
  SINCE SEP 1      7.81                      5.52   2.29
  SINCE JAN 1     43.21                     37.77   5.44

SNOWFALL (IN)
  TODAY            0.0           0.0  2002   0.0    0.0
                                      2001
                                      2000
  MONTH TO DATE    0.0                       0.0    0.0
  SINCE SEP 1      0.0                       0.0    0.0
  SINCE JUL 1      0.0                       0.0    0.0
  SNOW DEPTH       0

DEGREE DAYS
 HEATING
  TODAY           11                                3
  MONTH TO DATE   92                              -20
  SINCE SEP 1     95                              -41
  SINCE JUL 1     95                              -41

 COOLING
  TODAY            0                               -1
  MONTH TO DATE   53                               13
  SINCE SEP 1    305                               45
  SINCE JAN 1   1794                              160
...............................................................


WIND (MPH)
  HIGHEST WIND SPEED    16   HIGHEST WIND DIRECTION    NE (60)
  HIGHEST GUST SPEED    18   HIGHEST GUST DIRECTION    NE (30)
  AVERAGE WIND SPEED     7.6




RELATIVE HUMIDITY (PERCENT)
 HIGHEST    89
 LOWEST     43

..........................................................


THE NASHVILLE CLIMATE NORMALS FOR TOMORROW
                         NORMAL    RECORD    YEAR
 MAXIMUM TEMPERATURE (F)   69        87      1939
 MINIMUM TEMPERATURE (F)   47        30      1952


SUNRISE AND SUNSET
OCTOBER 22 2014.......SUNRISE   700 AM CDT   SUNSET   602 PM CDT
OCTOBER 23 2014.......SUNRISE   701 AM CDT   SUNSET   601 PM CDT


-  INDICATES NEGATIVE NUMBERS.
R  INDICATES RECORD WAS SET OR TIED.
MM INDICATES DATA IS MISSING.
T  INDICATES TRACE AMOUNT.




$$
