000
CDUS44 KOHX 051254
CLIBNA

CLIMATE REPORT
NATIONAL WEATHER SERVICE NASHVILLE TN
745 AM CDT SUN JUL 5 2015


...................................

...THE NASHVILLE CLIMATE SUMMARY FOR JULY 4 2015...

CLIMATE NORMAL PERIOD 1981 TO 2010
CLIMATE RECORD PERIOD 1871 TO 2015


WEATHER ITEM   OBSERVED TIME   RECORD YEAR NORMAL DEPARTURE
                VALUE   (LST)  VALUE       VALUE  FROM
                                                  NORMAL
...............................................................
TEMPERATURE (F)
 YESTERDAY
  MAXIMUM         82   1253 PM 103    2012  89     -7
  MINIMUM         68    312 AM  55    1968  69     -1
  AVERAGE         75                        79     -4

PRECIPITATION (IN)
  YESTERDAY        0.65          2.25 1885   0.12   0.53
  MONTH TO DATE    3.62                      0.50   3.12
  SINCE JUN 1      7.00                      4.64   2.36
  SINCE JAN 1     28.00                     25.94   2.06

SNOWFALL (IN)
  YESTERDAY        0.0           0.0  2002   0.0    0.0
                                      2001
  MONTH TO DATE    0.0                       0.0    0.0
  SINCE JUN 1      0.0                       0.0    0.0
  SINCE JUL 1      0.0                       0.0    0.0
  SNOW DEPTH       0

DEGREE DAYS
 HEATING
  YESTERDAY        0                                0
  MONTH TO DATE    0                                0
  SINCE JUN 1      0                               -3
  SINCE JUL 1      0                                0

 COOLING
  YESTERDAY       10                               -4
  MONTH TO DATE   42                              -14
  SINCE JUN 1    435                               55
  SINCE JAN 1    691                              132
...............................................................


WIND (MPH)
  HIGHEST WIND SPEED    20   HIGHEST WIND DIRECTION     N (340)
  HIGHEST GUST SPEED    24   HIGHEST GUST DIRECTION     N (340)
  AVERAGE WIND SPEED     3.3




RELATIVE HUMIDITY (PERCENT)
 HIGHEST   100
 LOWEST     65
 AVERAGE    83

..........................................................
LOW SINCE MIDNIGHT......................................68
PRECIPITATION SINCE MIDNIGHT..........................0.09

THE NASHVILLE CLIMATE NORMALS FOR TODAY
                         NORMAL    RECORD    YEAR
 MAXIMUM TEMPERATURE (F)   89       104      2012
 MINIMUM TEMPERATURE (F)   69        54      1968


SUNRISE AND SUNSET
JULY  5 2015..........SUNRISE   535 AM CDT   SUNSET   807 PM CDT
JULY  6 2015..........SUNRISE   536 AM CDT   SUNSET   807 PM CDT


-  INDICATES NEGATIVE NUMBERS.
R  INDICATES RECORD WAS SET OR TIED.
MM INDICATES DATA IS MISSING.
T  INDICATES TRACE AMOUNT.




$$
