000
CDUS44 KOHX 270728
CLIBNA


CLIMATE REPORT
NATIONAL WEATHER SERVICE NASHVILLE TN
228 AM CDT SAT MAY 27 2017


...................................

...THE NASHVILLE CLIMATE SUMMARY FOR MAY 26 2017...

CLIMATE NORMAL PERIOD 1981 TO 2010
CLIMATE RECORD PERIOD 1871 TO 2017


WEATHER ITEM   OBSERVED TIME   RECORD YEAR NORMAL DEPARTURE
                VALUE   (LST)  VALUE       VALUE  FROM
                                                  NORMAL
...............................................................
TEMPERATURE (F)
 YESTERDAY
  MAXIMUM         88    236 PM  95    2012  81      7
  MINIMUM         54    454 AM  44    1961  60     -6
  AVERAGE         71                        70      1

PRECIPITATION (IN)
  YESTERDAY        0.00          2.23 1917   0.16  -0.16
  MONTH TO DATE    3.31                      4.68  -1.37
  SINCE JAN 1     19.63                     20.48  -0.85

SNOWFALL (IN)
  YESTERDAY        0.0           0.0  2002
                                      2001
  MONTH TO DATE    0.0
  SINCE MAR 1      1.5
  SINCE JUL 1      2.2

DEGREE DAYS
 HEATING
  YESTERDAY        0                               -1
  MONTH TO DATE   41                              -12
  SINCE MAR 1    482                             -261
  SINCE JUL 1   2450                            -1231

 COOLING
  YESTERDAY        6                                0
  MONTH TO DATE  142                               42
  SINCE MAR 1    267                              122
  SINCE JAN 1    274                              129
...............................................................


WIND (MPH)
  HIGHEST WIND SPEED    24   HIGHEST WIND DIRECTION     S (200)
  HIGHEST GUST SPEED    32   HIGHEST GUST DIRECTION     S (190)
  AVERAGE WIND SPEED     8.7




RELATIVE HUMIDITY (PERCENT)
 HIGHEST    93
 LOWEST     34

..........................................................


THE NASHVILLE CLIMATE NORMALS FOR TODAY
                         NORMAL    RECORD    YEAR
 MAXIMUM TEMPERATURE (F)   81        95      2012
                                             1911
 MINIMUM TEMPERATURE (F)   60        38      1961


SUNRISE AND SUNSET
MAY 27 2017...........SUNRISE   533 AM CDT   SUNSET   755 PM CDT
MAY 28 2017...........SUNRISE   533 AM CDT   SUNSET   756 PM CDT


-  INDICATES NEGATIVE NUMBERS.
R  INDICATES RECORD WAS SET OR TIED.
MM INDICATES DATA IS MISSING.
T  INDICATES TRACE AMOUNT.




$$
