803
CDUS44 KOHX 140837
CLIBNA


CLIMATE REPORT
NATIONAL WEATHER SERVICE NASHVILLE TN
235 AM CST SUN FEB 14 2016


...................................

...THE NASHVILLE CLIMATE SUMMARY FOR FEBRUARY 13 2016...

CLIMATE NORMAL PERIOD 1981 TO 2010
CLIMATE RECORD PERIOD 1871 TO 2016


WEATHER ITEM   OBSERVED TIME   RECORD YEAR NORMAL DEPARTURE
                VALUE   (LST)  VALUE       VALUE  FROM
                                                  NORMAL
...............................................................
TEMPERATURE (F)
 YESTERDAY
  MAXIMUM         33    324 PM  84    1962  51    -18
  MINIMUM         20    723 AM -13    1899  31    -11
  AVERAGE         27                        41    -14

PRECIPITATION (IN)
  YESTERDAY        0.00          5.20 1880   0.14  -0.14
  MONTH TO DATE    1.34                      1.82  -0.48
  SINCE JAN 1      3.51                      5.57  -2.06

SNOWFALL (IN)
  YESTERDAY        0.0           5.4  1960
  MONTH TO DATE    3.1
  SINCE DEC 1     11.3
  SINCE JUL 1     11.3

DEGREE DAYS
 HEATING
  YESTERDAY       38                               14
  MONTH TO DATE  334                                7
  SINCE DEC 1   1554                             -384
  SINCE JUL 1   1977                             -635

 COOLING
  YESTERDAY        0                                0
  MONTH TO DATE    0                                0
  SINCE DEC 1      8                                7
  SINCE JAN 1      0                                0
...............................................................


WIND (MPH)
  HIGHEST WIND SPEED    17   HIGHEST WIND DIRECTION     N (10)
  HIGHEST GUST SPEED    23   HIGHEST GUST DIRECTION    NW (330)
  AVERAGE WIND SPEED     9.3



WEATHER CONDITIONS
 THE FOLLOWING WEATHER WAS RECORDED YESTERDAY.
  NO SIGNIFICANT WEATHER WAS OBSERVED.


RELATIVE HUMIDITY (PERCENT)
 HIGHEST    60
 LOWEST     26

..........................................................


THE NASHVILLE CLIMATE NORMALS FOR TODAY
                         NORMAL    RECORD    YEAR
 MAXIMUM TEMPERATURE (F)   52        76      1949
 MINIMUM TEMPERATURE (F)   31        -6      1905


SUNRISE AND SUNSET
FEBRUARY 14 2016......SUNRISE   636 AM CST   SUNSET   527 PM CST
FEBRUARY 15 2016......SUNRISE   635 AM CST   SUNSET   528 PM CST


-  INDICATES NEGATIVE NUMBERS.
R  INDICATES RECORD WAS SET OR TIED.
MM INDICATES DATA IS MISSING.
T  INDICATES TRACE AMOUNT.




$$
