232
CDUS44 KOHX 240054
CLIBNA


CLIMATE REPORT
NATIONAL WEATHER SERVICE NASHVILLE TN
753 PM CDT SUN APR 23 2017


...................................

...THE NASHVILLE CLIMATE SUMMARY FOR APRIL 23 2017...
VALID TODAY AS OF 0400 PM LOCAL TIME.

CLIMATE NORMAL PERIOD 1981 TO 2010
CLIMATE RECORD PERIOD 1871 TO 2017


WEATHER ITEM   OBSERVED TIME   RECORD YEAR NORMAL DEPARTURE
                VALUE   (LST)  VALUE       VALUE  FROM
                                                  NORMAL
...............................................................
TEMPERATURE (F)
 TODAY
  MAXIMUM         53    610 PM  90    1980  73    -20
  MINIMUM         50   1224 PM  31    1986  50      0
  AVERAGE         52                        61     -9

PRECIPITATION (IN)
  TODAY            0.64          2.95 1878   0.15   0.49
  MONTH TO DATE    6.51                      2.91   3.60
  SINCE JAN 1     15.43                     14.71   0.72

SNOWFALL (IN)
  TODAY            0.0           0.0  2002
                                      2001
  MONTH TO DATE    0.0
  SINCE MAR 1      1.5
  SINCE JUL 1      2.2

DEGREE DAYS
 HEATING
  TODAY           13                                8
  MONTH TO DATE   71                             -116
  SINCE MAR 1    436                             -224
  SINCE JUL 1   2404                            -1194

 COOLING
  TODAY            0                               -2
  MONTH TO DATE   76                               50
  SINCE MAR 1     90                               56
  SINCE JAN 1     97                               63
...............................................................


WIND (MPH)
  HIGHEST WIND SPEED    15   HIGHEST WIND DIRECTION     N (20)
  HIGHEST GUST SPEED    23   HIGHEST GUST DIRECTION     N (360)
  AVERAGE WIND SPEED    10.3




RELATIVE HUMIDITY (PERCENT)
 HIGHEST    96
 LOWEST     89
 AVERAGE    93

..........................................................


THE NASHVILLE CLIMATE NORMALS FOR TOMORROW
                         NORMAL    RECORD    YEAR
 MAXIMUM TEMPERATURE (F)   73        90      1925
 MINIMUM TEMPERATURE (F)   50        34      1986
                                             1910


SUNRISE AND SUNSET
APRIL 23 2017.........SUNRISE   603 AM CDT   SUNSET   728 PM CDT
APRIL 24 2017.........SUNRISE   602 AM CDT   SUNSET   728 PM CDT


-  INDICATES NEGATIVE NUMBERS.
R  INDICATES RECORD WAS SET OR TIED.
MM INDICATES DATA IS MISSING.
T  INDICATES TRACE AMOUNT.




$$
