000
CDUS44 KOHX 310709
CLIBNA


CLIMATE REPORT
NATIONAL WEATHER SERVICE NASHVILLE TN
209 AM CDT SUN JUL 31 2016


...................................

...THE NASHVILLE CLIMATE SUMMARY FOR JULY 30 2016...

CLIMATE NORMAL PERIOD 1981 TO 2010
CLIMATE RECORD PERIOD 1871 TO 2016


WEATHER ITEM   OBSERVED TIME   RECORD YEAR NORMAL DEPARTURE
                VALUE   (LST)  VALUE       VALUE  FROM
                                                  NORMAL
...............................................................
TEMPERATURE (F)
 YESTERDAY
  MAXIMUM         89    359 PM 101    1999  90     -1
  MINIMUM         73    244 AM  58    2014  70      3
                                      1965
  AVERAGE         81                        80      1

PRECIPITATION (IN)
  YESTERDAY        0.00          1.23 1901   0.10  -0.10
  MONTH TO DATE    5.91                      3.53   2.38
  SINCE JAN 1     24.81                     28.97  -4.16

SNOWFALL (IN)
  YESTERDAY        0.0           0.0  2002
                                      2001
  MONTH TO DATE    0.0
  SINCE JUN 1      0.0
  SINCE JUL 1      0.0

DEGREE DAYS
 HEATING
  YESTERDAY        0                                0
  MONTH TO DATE    0                                0
  SINCE JUN 1      0                               -3
  SINCE JUL 1      0                                0

 COOLING
  YESTERDAY       16                                2
  MONTH TO DATE  531                               94
  SINCE JUN 1    969                              208
  SINCE JAN 1   1206                              266
...............................................................


WIND (MPH)
  HIGHEST WIND SPEED    10   HIGHEST WIND DIRECTION     W (280)
  HIGHEST GUST SPEED    15   HIGHEST GUST DIRECTION    NW (300)
  AVERAGE WIND SPEED     3.2



WEATHER CONDITIONS
 THE FOLLOWING WEATHER WAS RECORDED YESTERDAY.
  FOG


RELATIVE HUMIDITY (PERCENT)
 HIGHEST    93
 LOWEST     53

..........................................................


THE NASHVILLE CLIMATE NORMALS FOR TODAY
                         NORMAL    RECORD    YEAR
 MAXIMUM TEMPERATURE (F)   90        99      1999
                                             1954
                                             1915
 MINIMUM TEMPERATURE (F)   70        54      1965


SUNRISE AND SUNSET
JULY 31 2016..........SUNRISE   553 AM CDT   SUNSET   752 PM CDT
AUGUST  1 2016........SUNRISE   554 AM CDT   SUNSET   751 PM CDT


-  INDICATES NEGATIVE NUMBERS.
R  INDICATES RECORD WAS SET OR TIED.
MM INDICATES DATA IS MISSING.
T  INDICATES TRACE AMOUNT.




$$
