000
CDUS45 KBOI 250935
CLIBNO


CLIMATE REPORT
NATIONAL WEATHER SERVICE BOISE ID
234 AM MST THU DEC 25 2014


...................................

...THE BURNS OR CLIMATE SUMMARY FOR DECEMBER 24 2014...

CLIMATE NORMAL PERIOD 1981 TO 2010
CLIMATE RECORD PERIOD 1939 TO 2014


WEATHER ITEM   OBSERVED TIME   RECORD YEAR NORMAL DEPARTURE LAST
                VALUE   (LST)  VALUE       VALUE  FROM      YEAR
                                                  NORMAL
..................................................................
TEMPERATURE (F)
 YESTERDAY
  MAXIMUM         35    253 PM  48    1989  33      2       41
                                      1971
                                      1964
  MINIMUM         26    522 AM -17    1990  13     13       15
  AVERAGE         31                        23      8       28

PRECIPITATION (IN)
  YESTERDAY        0.17          0.63 1979   0.05   0.12     0.00
  MONTH TO DATE    2.05                      1.21   0.84     0.21
  SINCE OCT 1      4.26                      3.16   1.10     0.97
  SINCE JAN 1     10.51                     10.58  -0.07     6.90

DEGREE DAYS
 HEATING
  YESTERDAY       34                        42     -8       37
  MONTH TO DATE  694                       976   -282     1138
  SINCE DEC 1    694                       976   -282     1138
  SINCE JUL 1   2424                      2977   -553     3061

 COOLING
  YESTERDAY        0                         0      0        0
  MONTH TO DATE    0                         0      0        0
  SINCE DEC 1      0                         0      0        0
  SINCE JAN 1    318                       215    103      372
..................................................................


WIND (MPH)
  HIGHEST WIND SPEED    31   HIGHEST WIND DIRECTION    NW (300)
  HIGHEST GUST SPEED    40   HIGHEST GUST DIRECTION    NW (300)
  AVERAGE WIND SPEED     9.0


SKY COVER
  POSSIBLE SUNSHINE  MM
  AVERAGE SKY COVER 0.7


WEATHER CONDITIONS
 THE FOLLOWING WEATHER WAS RECORDED YESTERDAY.
  LIGHT RAIN
  LIGHT SNOW
  FOG


RELATIVE HUMIDITY (PERCENT)
 HIGHEST   100           200 PM
 LOWEST     63           800 PM
 AVERAGE    82

..........................................................


THE BURNS OR CLIMATE NORMALS FOR TODAY
                         NORMAL    RECORD    YEAR
 MAXIMUM TEMPERATURE (F)   33        51      1967
 MINIMUM TEMPERATURE (F)   13        -7      1992
                                             1985


SUNRISE AND SUNSET
DECEMBER 25 2014......SUNRISE   728 AM PST   SUNSET   424 PM PST
DECEMBER 26 2014......SUNRISE   728 AM PST   SUNSET   425 PM PST


-  INDICATES NEGATIVE NUMBERS.
R  INDICATES RECORD WAS SET OR TIED.
MM INDICATES DATA IS MISSING.
T  INDICATES TRACE AMOUNT.




$$
