000
CDUS45 KBOI 230931
CLIBNO


CLIMATE REPORT
NATIONAL WEATHER SERVICE BOISE ID
330 AM MDT SUN JUL 23 2017


...................................

...THE BURNS OR CLIMATE SUMMARY FOR JULY 22 2017...

CLIMATE NORMAL PERIOD 1981 TO 2010
CLIMATE RECORD PERIOD 1938 TO 2017


WEATHER ITEM   OBSERVED TIME   RECORD YEAR NORMAL DEPARTURE LAST
                VALUE   (LST)  VALUE       VALUE  FROM      YEAR
                                                  NORMAL
..................................................................
TEMPERATURE (F)
 YESTERDAY
  MAXIMUM         91    409 PM 106    2003  88      3       84
  MINIMUM         43    457 AM  38    2001  48     -5       45
                                      1999
                                      1972
  AVERAGE         67                        68     -1       65

PRECIPITATION (IN)
  YESTERDAY        0.00          0.70 1987   0.01  -0.01     0.00
  MONTH TO DATE    T                         0.29  -0.29     0.14
  SINCE OCT 1     11.85                     10.01   1.84     9.26
  SINCE JAN 1      8.34                      6.51   1.83     4.39

DEGREE DAYS
 HEATING
  YESTERDAY        0                         1     -1        0
  MONTH TO DATE    0                        48    -48       55
  SINCE JUN 1    183                       266    -83      235
  SINCE JUL 1      0                        48    -48       55

 COOLING
  YESTERDAY        2                         4     -2        0
  MONTH TO DATE  103                        70     33       17
  SINCE JUN 1    130                        90     40       75
  SINCE JAN 1    131                        93     38       75
..................................................................


WIND (MPH)
  HIGHEST WIND SPEED    13   HIGHEST WIND DIRECTION    NW (330)
  HIGHEST GUST SPEED    19   HIGHEST GUST DIRECTION     S (160)
  AVERAGE WIND SPEED     5.9


SKY COVER
  POSSIBLE SUNSHINE  MM
  AVERAGE SKY COVER 0.0


WEATHER CONDITIONS
 THE FOLLOWING WEATHER WAS RECORDED YESTERDAY.
  NO SIGNIFICANT WEATHER WAS OBSERVED.


RELATIVE HUMIDITY (PERCENT)
 HIGHEST    58           400 AM
 LOWEST     11           200 PM
 AVERAGE    35

..........................................................


THE BURNS OR CLIMATE NORMALS FOR TODAY
                         NORMAL    RECORD    YEAR
 MAXIMUM TEMPERATURE (F)   88       103      2003
 MINIMUM TEMPERATURE (F)   48        37      2011


SUNRISE AND SUNSET
JULY 23 2017..........SUNRISE   536 AM PDT   SUNSET   828 PM PDT
JULY 24 2017..........SUNRISE   537 AM PDT   SUNSET   827 PM PDT


-  INDICATES NEGATIVE NUMBERS.
R  INDICATES RECORD WAS SET OR TIED.
MM INDICATES DATA IS MISSING.
T  INDICATES TRACE AMOUNT.




$$
