000
CDUS45 KBOI 240930
CLIBNO


CLIMATE REPORT
NATIONAL WEATHER SERVICE BOISE ID
330 AM MDT WED AUG 24 2016


...................................

...THE BURNS OR CLIMATE SUMMARY FOR AUGUST 23 2016...

CLIMATE NORMAL PERIOD 1981 TO 2010
CLIMATE RECORD PERIOD 1938 TO 2016


WEATHER ITEM   OBSERVED TIME   RECORD YEAR NORMAL DEPARTURE LAST
                VALUE   (LST)  VALUE       VALUE  FROM      YEAR
                                                  NORMAL
..................................................................
TEMPERATURE (F)
 YESTERDAY
  MAXIMUM         82    441 PM  97    1969  83     -1       93
  MINIMUM         35    343 AM  31    2010  43     -8       43
  AVERAGE         59                        63     -4       68

PRECIPITATION (IN)
  YESTERDAY        0.00          0.16 1997   0.01  -0.01     0.00
                                      1983
  MONTH TO DATE    T                         0.26  -0.26     0.21
  SINCE OCT 1      9.26                     10.38  -1.12     9.28
  SINCE JAN 1      4.39                      6.88  -2.49     4.78

DEGREE DAYS
 HEATING
  YESTERDAY        6                         3      3        0
  MONTH TO DATE   38                        45     -7       16
  SINCE JUN 1    275                       321    -46       93
  SINCE JUL 1     95                       103     -8       44

 COOLING
  YESTERDAY        0                         1     -1        3
  MONTH TO DATE   90                        65     25       81
  SINCE JUN 1    226                       194     32      303
  SINCE JAN 1    226                       197     29      306
..................................................................


WIND (MPH)
  HIGHEST WIND SPEED    16   HIGHEST WIND DIRECTION     S (160)
  HIGHEST GUST SPEED    21   HIGHEST GUST DIRECTION     S (190)
  AVERAGE WIND SPEED     6.0


SKY COVER
  POSSIBLE SUNSHINE  MM
  AVERAGE SKY COVER 0.0


WEATHER CONDITIONS
 THE FOLLOWING WEATHER WAS RECORDED YESTERDAY.
  NO SIGNIFICANT WEATHER WAS OBSERVED.


RELATIVE HUMIDITY (PERCENT)
 HIGHEST    48           400 AM
 LOWEST      9           100 PM
 AVERAGE    29

..........................................................


THE BURNS OR CLIMATE NORMALS FOR TODAY
                         NORMAL    RECORD    YEAR
 MAXIMUM TEMPERATURE (F)   83        96      1988
 MINIMUM TEMPERATURE (F)   43        24      1992


SUNRISE AND SUNSET
AUGUST 24 2016........SUNRISE   611 AM PDT   SUNSET   744 PM PDT
AUGUST 25 2016........SUNRISE   612 AM PDT   SUNSET   742 PM PDT


-  INDICATES NEGATIVE NUMBERS.
R  INDICATES RECORD WAS SET OR TIED.
MM INDICATES DATA IS MISSING.
T  INDICATES TRACE AMOUNT.




$$
