000
CDUS45 KBOI 240122
CLIBNO


CLIMATE REPORT
NATIONAL WEATHER SERVICE BOISE ID
722 PM MDT SAT JUL 23 2016


...................................

...THE BURNS OR CLIMATE SUMMARY FOR JULY 23 2016...
VALID TODAY AS OF 0600 PM LOCAL TIME.

CLIMATE NORMAL PERIOD 1981 TO 2010
CLIMATE RECORD PERIOD 1938 TO 2016


WEATHER ITEM   OBSERVED TIME   RECORD YEAR NORMAL DEPARTURE LAST
                VALUE   (LST)  VALUE       VALUE  FROM      YEAR
                                                  NORMAL
..................................................................
TEMPERATURE (F)
 TODAY
  MAXIMUM         85    415 PM 103    2003  88     -3       85
  MINIMUM         41    507 AM  37    2011  48     -7       44
  AVERAGE         63                        68     -5       65

PRECIPITATION (IN)
  TODAY            0.00          0.46 1984   0.01  -0.01     0.00
  MONTH TO DATE    0.14                      0.30  -0.16     0.51
  SINCE OCT 1      9.26                     10.02  -0.76     9.07
  SINCE JAN 1      4.39                      6.52  -2.13     4.57

DEGREE DAYS
 HEATING
  TODAY            2                         1      1        0
  MONTH TO DATE   57                        49      8       10
  SINCE JUN 1    237                       267    -30       59
  SINCE JUL 1     57                        49      8       10

 COOLING
  TODAY            0                         4     -4        0
  MONTH TO DATE   17                        74    -57       96
  SINCE JUN 1     75                        94    -19      206
  SINCE JAN 1     75                        97    -22      209
..................................................................


WIND (MPH)
  HIGHEST WIND SPEED    15   HIGHEST WIND DIRECTION     S (180)
  HIGHEST GUST SPEED    21   HIGHEST GUST DIRECTION     S (180)
  AVERAGE WIND SPEED     8.6



WEATHER CONDITIONS
 THE FOLLOWING WEATHER WAS RECORDED TODAY.
  NO SIGNIFICANT WEATHER WAS OBSERVED.


RELATIVE HUMIDITY (PERCENT)
 HIGHEST    76           500 AM
 LOWEST     11           400 PM
 AVERAGE    44

..........................................................


THE BURNS OR CLIMATE NORMALS FOR TOMORROW
                         NORMAL    RECORD    YEAR
 MAXIMUM TEMPERATURE (F)   88        98      2004
 MINIMUM TEMPERATURE (F)   48        37      2014
                                             2008


SUNRISE AND SUNSET
JULY 23 2016..........SUNRISE   536 AM PDT   SUNSET   828 PM PDT
JULY 24 2016..........SUNRISE   537 AM PDT   SUNSET   827 PM PDT


-  INDICATES NEGATIVE NUMBERS.
R  INDICATES RECORD WAS SET OR TIED.
MM INDICATES DATA IS MISSING.
T  INDICATES TRACE AMOUNT.




$$
