000
CDUS45 KBOI 200122
CLIBNO


CLIMATE REPORT
NATIONAL WEATHER SERVICE BOISE ID
721 PM MDT FRI SEP 19 2014


...................................

...THE BURNS OR CLIMATE SUMMARY FOR SEPTEMBER 19 2014...
VALID TODAY AS OF 0600 PM LOCAL TIME.

CLIMATE NORMAL PERIOD 1981 TO 2010
CLIMATE RECORD PERIOD 1939 TO 2014


WEATHER ITEM   OBSERVED TIME   RECORD YEAR NORMAL DEPARTURE LAST
                VALUE   (LST)  VALUE       VALUE  FROM      YEAR
                                                  NORMAL
..................................................................
TEMPERATURE (F)
 TODAY
  MAXIMUM         82    437 PM  90    1952  74      8       73
                                      1939
  MINIMUM         39    541 AM  24    1965  35      4       28
  AVERAGE         61                        55      6       51

PRECIPITATION (IN)
  TODAY            0.00          0.58 1986   0.02  -0.02     0.00
  MONTH TO DATE    0.00                      0.27  -0.27     0.66
  SINCE OCT 1      6.96                     10.75  -3.79     8.48
  SINCE JAN 1      5.99                      7.25  -1.26     4.58

DEGREE DAYS
 HEATING
  TODAY            4                        10     -6       14
  MONTH TO DATE  114                       143    -29       78
  SINCE SEP 1    114                       143    -29       78
  SINCE JUL 1    179                       280   -101      114

 COOLING
  TODAY            0                         0      0        0
  MONTH TO DATE    5                         7     -2       21
  SINCE SEP 1      5                         7     -2       21
  SINCE JAN 1    318                       213    105      372
..................................................................


WIND (MPH)
  HIGHEST WIND SPEED    14   HIGHEST WIND DIRECTION    SW (240)
  HIGHEST GUST SPEED    19   HIGHEST GUST DIRECTION    SW (240)
  AVERAGE WIND SPEED     6.5



WEATHER CONDITIONS
 THE FOLLOWING WEATHER WAS RECORDED TODAY.
  NO SIGNIFICANT WEATHER WAS OBSERVED.


RELATIVE HUMIDITY (PERCENT)
 HIGHEST    93           500 AM
 LOWEST     25           300 PM
 AVERAGE    59

..........................................................


THE BURNS OR CLIMATE NORMALS FOR TOMORROW
                         NORMAL    RECORD    YEAR
 MAXIMUM TEMPERATURE (F)   74        92      1939
 MINIMUM TEMPERATURE (F)   35        20      1983


SUNRISE AND SUNSET
SEPTEMBER 19 2014.....SUNRISE   640 AM PDT   SUNSET   659 PM PDT
SEPTEMBER 20 2014.....SUNRISE   641 AM PDT   SUNSET   657 PM PDT


-  INDICATES NEGATIVE NUMBERS.
R  INDICATES RECORD WAS SET OR TIED.
MM INDICATES DATA IS MISSING.
T  INDICATES TRACE AMOUNT.




$$
