425
CDUS45 KBOI 220939
CLIBNO


CLIMATE REPORT
NATIONAL WEATHER SERVICE BOISE ID
339 AM MDT FRI MAY 22 2015


...................................

...THE BURNS OR CLIMATE SUMMARY FOR MAY 21 2015...

CLIMATE NORMAL PERIOD 1981 TO 2010
CLIMATE RECORD PERIOD 1938 TO 2015


WEATHER ITEM   OBSERVED TIME   RECORD YEAR NORMAL DEPARTURE LAST
                VALUE   (LST)  VALUE       VALUE  FROM      YEAR
                                                  NORMAL
..................................................................
TEMPERATURE (F)
 YESTERDAY
  MAXIMUM         65   1211 PM  86    2000  68     -3       78
                                      1967
                                      1958
  MINIMUM         46   1159 PM  25    1960  38      8       43
  AVERAGE         56                        53      3       61

PRECIPITATION (IN)
  YESTERDAY        0.07          0.56 1965   0.05   0.02      T
  MONTH TO DATE    1.65                      0.80   0.85     0.34
  SINCE OCT 1      8.40                      8.53  -0.13     5.86
  SINCE JAN 1      3.90                      5.03  -1.13     4.89

DEGREE DAYS
 HEATING
  YESTERDAY        9                        12     -3        4
  MONTH TO DATE  287                       316    -29      294
  SINCE MAR 1   1648                      1828   -180     1718
  SINCE JUL 1   6122                      7356  -1234     7001

 COOLING
  YESTERDAY        0                         0      0        0
  MONTH TO DATE    0                         0      0        0
  SINCE MAR 1      0                         0      0        0
  SINCE JAN 1      0                         0      0        0
..................................................................


WIND (MPH)
  HIGHEST WIND SPEED    16   HIGHEST WIND DIRECTION    NE (30)
  HIGHEST GUST SPEED    20   HIGHEST GUST DIRECTION    NE (30)
  AVERAGE WIND SPEED     3.1


SKY COVER
  POSSIBLE SUNSHINE  MM
  AVERAGE SKY COVER 0.7


WEATHER CONDITIONS
 THE FOLLOWING WEATHER WAS RECORDED YESTERDAY.
  THUNDERSTORM
  RAIN
  LIGHT RAIN


RELATIVE HUMIDITY (PERCENT)
 HIGHEST    93          1200 AM
 LOWEST     52           600 PM
 AVERAGE    73

..........................................................


THE BURNS OR CLIMATE NORMALS FOR TODAY
                         NORMAL    RECORD    YEAR
 MAXIMUM TEMPERATURE (F)   68        86      1956
 MINIMUM TEMPERATURE (F)   38        22      1960


SUNRISE AND SUNSET
MAY 22 2015...........SUNRISE   524 AM PDT   SUNSET   821 PM PDT
MAY 23 2015...........SUNRISE   524 AM PDT   SUNSET   822 PM PDT


-  INDICATES NEGATIVE NUMBERS.
R  INDICATES RECORD WAS SET OR TIED.
MM INDICATES DATA IS MISSING.
T  INDICATES TRACE AMOUNT.




$$
