000
CDUS45 KBOI 230936
CLIBNO


CLIMATE REPORT
NATIONAL WEATHER SERVICE BOISE ID
336 AM MDT SUN APR 23 2017


...................................

...THE BURNS OR CLIMATE SUMMARY FOR APRIL 22 2017...

CLIMATE NORMAL PERIOD 1981 TO 2010
CLIMATE RECORD PERIOD 1938 TO 2017


WEATHER ITEM   OBSERVED TIME   RECORD YEAR NORMAL DEPARTURE LAST
                VALUE   (LST)  VALUE       VALUE  FROM      YEAR
                                                  NORMAL
..................................................................
TEMPERATURE (F)
 YESTERDAY
  MAXIMUM         64    223 PM  83    2012  59      5       62
  MINIMUM         32    512 AM  17    1972  30      2       31
  AVERAGE         48                        44      4       47

PRECIPITATION (IN)
  YESTERDAY        T             0.33 1979   0.03  -0.03      T
  MONTH TO DATE    0.80                      0.68   0.12     0.11
  SINCE OCT 1     11.01                      7.48   3.53     8.03
  SINCE JAN 1      7.50                      3.98   3.52     3.16

DEGREE DAYS
 HEATING
  YESTERDAY       17                        21     -4       18
  MONTH TO DATE  514                       500     14      327
  SINCE MAR 1   1309                      1357    -48     1069
  SINCE JUL 1   7183                      6885    298     6230

 COOLING
  YESTERDAY        0                         0      0        0
  MONTH TO DATE    0                         0      0        0
  SINCE MAR 1      0                         0      0        0
  SINCE JAN 1      0                         0      0        0
..................................................................


WIND (MPH)
  HIGHEST WIND SPEED    22   HIGHEST WIND DIRECTION    SW (220)
  HIGHEST GUST SPEED    36   HIGHEST GUST DIRECTION    SW (220)
  AVERAGE WIND SPEED    10.2


SKY COVER
  POSSIBLE SUNSHINE  MM
  AVERAGE SKY COVER 0.3


WEATHER CONDITIONS
 THE FOLLOWING WEATHER WAS RECORDED YESTERDAY.
  NO SIGNIFICANT WEATHER WAS OBSERVED.


RELATIVE HUMIDITY (PERCENT)
 HIGHEST    69           400 AM
 LOWEST     28           300 PM
 AVERAGE    49

..........................................................


THE BURNS OR CLIMATE NORMALS FOR TODAY
                         NORMAL    RECORD    YEAR
 MAXIMUM TEMPERATURE (F)   59        82      2012
 MINIMUM TEMPERATURE (F)   30        13      2013


SUNRISE AND SUNSET
APRIL 23 2017.........SUNRISE   600 AM PDT   SUNSET   749 PM PDT
APRIL 24 2017.........SUNRISE   558 AM PDT   SUNSET   750 PM PDT


-  INDICATES NEGATIVE NUMBERS.
R  INDICATES RECORD WAS SET OR TIED.
MM INDICATES DATA IS MISSING.
T  INDICATES TRACE AMOUNT.




$$
