000
CDUS45 KBOI 070933
CLIBOI


CLIMATE REPORT
NATIONAL WEATHER SERVICE BOISE ID
232 AM MST WED DEC 7 2016


...................................

...THE BOISE ID CLIMATE SUMMARY FOR DECEMBER 6 2016...

CLIMATE NORMAL PERIOD 1981 TO 2010
CLIMATE RECORD PERIOD 1875 TO 2016


WEATHER ITEM   OBSERVED TIME   RECORD YEAR NORMAL DEPARTURE LAST
                VALUE   (LST)  VALUE       VALUE  FROM      YEAR
                                                  NORMAL
..................................................................
TEMPERATURE (F)
 YESTERDAY
  MAXIMUM         27    402 AM  63    1987  39    -12       51
  MINIMUM         14   1159 PM   0    1992  25    -11       39
  AVERAGE         21                        32    -11       45

PRECIPITATION (IN)
  YESTERDAY        0.01          0.62 1897   0.05  -0.04      T
  MONTH TO DATE    0.15                      0.30  -0.15     0.13
  SINCE OCT 1      1.66                      2.40  -0.74     2.76
  SINCE JAN 1      6.84                     10.48  -3.64     9.38

SNOWFALL (IN)
  YESTERDAY        0.3           4.2  1972   0.2    0.1      0.0
  MONTH TO DATE    0.3                       1.1   -0.8       T
  SINCE OCT 1      0.3                       3.8   -3.5      3.7
  SINCE JUL 1      0.3                       3.8   -3.5      3.7
  SNOW DEPTH       T

DEGREE DAYS
 HEATING
  YESTERDAY       44                        33     11       20
  MONTH TO DATE  203                       192     11      195
  SINCE DEC 1    203                       192     11      195
  SINCE JUL 1   1108                      1446   -338     1267

 COOLING
  YESTERDAY        0                         0      0        0
  MONTH TO DATE    0                         0      0        0
  SINCE DEC 1      0                         0      0        0
  SINCE JAN 1   1001                       942     59     1280
..................................................................


WIND (MPH)
  HIGHEST WIND SPEED    20   HIGHEST WIND DIRECTION    SE (120)
  HIGHEST GUST SPEED    24   HIGHEST GUST DIRECTION    SE (120)
  AVERAGE WIND SPEED     6.0


SKY COVER
  POSSIBLE SUNSHINE  MM
  AVERAGE SKY COVER 0.9


WEATHER CONDITIONS
 THE FOLLOWING WEATHER WAS RECORDED YESTERDAY.
  SNOW
  LIGHT SNOW
  FOG
  HAZE


RELATIVE HUMIDITY (PERCENT)
 HIGHEST    96          1000 AM
 LOWEST     46           400 AM
 AVERAGE    71

..........................................................


THE BOISE ID CLIMATE NORMALS FOR TODAY
                         NORMAL    RECORD    YEAR
 MAXIMUM TEMPERATURE (F)   39        62      1939
 MINIMUM TEMPERATURE (F)   25         0      2009
                                             1972


SUNRISE AND SUNSET
DECEMBER  7 2016......SUNRISE   805 AM MST   SUNSET   508 PM MST
DECEMBER  8 2016......SUNRISE   806 AM MST   SUNSET   508 PM MST


-  INDICATES NEGATIVE NUMBERS.
R  INDICATES RECORD WAS SET OR TIED.
MM INDICATES DATA IS MISSING.
T  INDICATES TRACE AMOUNT.




$$
