000
CDUS45 KBOI 230127
CLIBOI


CLIMATE REPORT
NATIONAL WEATHER SERVICE BOISE ID
627 PM MST SUN JAN 22 2017


...................................

...THE BOISE ID CLIMATE SUMMARY FOR JANUARY 22 2017...
VALID TODAY AS OF 0600 PM LOCAL TIME.

CLIMATE NORMAL PERIOD 1981 TO 2010
CLIMATE RECORD PERIOD 1875 TO 2017


WEATHER ITEM   OBSERVED TIME   RECORD YEAR NORMAL DEPARTURE LAST
                VALUE   (LST)  VALUE       VALUE  FROM      YEAR
                                                  NORMAL
..................................................................
TEMPERATURE (F)
 TODAY
  MAXIMUM         40    359 PM  55    1878  38      2       47
  MINIMUM         33    352 AM -16    1930  25      8       37
  AVERAGE         37                        32      5       42

PRECIPITATION (IN)
  TODAY            T             0.64 1903   0.04  -0.04      T
  MONTH TO DATE    2.86                      0.93   1.93     0.48
  SINCE OCT 1      6.36                      4.58   1.78     4.82
  SINCE JAN 1      2.86                      0.93   1.93     0.48

DEGREE DAYS
 HEATING
  TODAY           28                        33     -5       23
  MONTH TO DATE  956                       754    202      713
  SINCE DEC 1   2240                      1815    425     1736
  SINCE JUL 1   3145                      3069     76     2808

 COOLING
  TODAY            0                         0      0        0
  MONTH TO DATE    0                         0      0        0
  SINCE DEC 1      0                         0      0        0
  SINCE JAN 1      0                         0      0        0
..................................................................


WIND (MPH)
  HIGHEST WIND SPEED    29   HIGHEST WIND DIRECTION    SE (120)
  HIGHEST GUST SPEED    36   HIGHEST GUST DIRECTION    SE (120)
  AVERAGE WIND SPEED    15.9



WEATHER CONDITIONS
 THE FOLLOWING WEATHER WAS RECORDED TODAY.
  LIGHT RAIN
  LIGHT SNOW


RELATIVE HUMIDITY (PERCENT)
 HIGHEST    76          1200 AM
 LOWEST     54          1100 AM
 AVERAGE    65

..........................................................


THE BOISE ID CLIMATE NORMALS FOR TOMORROW
                         NORMAL    RECORD    YEAR
 MAXIMUM TEMPERATURE (F)   39        59      1919
 MINIMUM TEMPERATURE (F)   26       -17      1930


SUNRISE AND SUNSET
JANUARY 22 2017.......SUNRISE   810 AM MST   SUNSET   543 PM MST
JANUARY 23 2017.......SUNRISE   809 AM MST   SUNSET   545 PM MST


-  INDICATES NEGATIVE NUMBERS.
R  INDICATES RECORD WAS SET OR TIED.
MM INDICATES DATA IS MISSING.
T  INDICATES TRACE AMOUNT.




$$
