000
CDUS45 KBOI 250933
CLIBOI


CLIMATE REPORT
NATIONAL WEATHER SERVICE BOISE ID
332 AM MDT WED MAY 25 2016


...................................

...THE BOISE ID CLIMATE SUMMARY FOR MAY 24 2016...

CLIMATE NORMAL PERIOD 1981 TO 2010
CLIMATE RECORD PERIOD 1875 TO 2016


WEATHER ITEM   OBSERVED TIME   RECORD YEAR NORMAL DEPARTURE LAST
                VALUE   (LST)  VALUE       VALUE  FROM      YEAR
                                                  NORMAL
..................................................................
TEMPERATURE (F)
 YESTERDAY
  MAXIMUM         73    400 PM  97    2003  74     -1       79
                                      2001
  MINIMUM         45    512 AM  33    1975  49     -4       54
                                      1893
  AVERAGE         59                        61     -2       67

PRECIPITATION (IN)
  YESTERDAY        0.00          1.09 1962   0.04  -0.04      T
  MONTH TO DATE    0.87                      1.09  -0.22     1.34
  SINCE OCT 1      8.86                      9.59  -0.73    10.54
  SINCE JAN 1      4.52                      5.94  -1.42     4.63

SNOWFALL (IN)
  YESTERDAY        0.0           0.0  2007   0.0    0.0      0.0
  MONTH TO DATE    0.0                       0.0    0.0      0.0
  SINCE OCT 1     10.9                      19.2   -8.3     13.3
  SINCE JUL 1     10.9                      19.2   -8.3     13.3
  SNOW DEPTH       0

DEGREE DAYS
 HEATING
  YESTERDAY        6                         5      1        0
  MONTH TO DATE  115                       193    -78      116
  SINCE MAR 1    904                      1258   -354      990
  SINCE JUL 1   4653                      5417   -764     4585

 COOLING
  YESTERDAY        0                         2     -2        2
  MONTH TO DATE   25                        27     -2        6
  SINCE MAR 1     30                        30      0        6
  SINCE JAN 1     30                        30      0        6
..................................................................


WIND (MPH)
  HIGHEST WIND SPEED    22   HIGHEST WIND DIRECTION    NW (310)
  HIGHEST GUST SPEED    26   HIGHEST GUST DIRECTION    NW (300)
  AVERAGE WIND SPEED     8.2


SKY COVER
  POSSIBLE SUNSHINE  MM
  AVERAGE SKY COVER 0.3


WEATHER CONDITIONS
 THE FOLLOWING WEATHER WAS RECORDED YESTERDAY.
  NO SIGNIFICANT WEATHER WAS OBSERVED.


RELATIVE HUMIDITY (PERCENT)
 HIGHEST    77           700 AM
 LOWEST     20           500 PM
 AVERAGE    49

..........................................................


THE BOISE ID CLIMATE NORMALS FOR TODAY
                         NORMAL    RECORD    YEAR
 MAXIMUM TEMPERATURE (F)   74        96      1961
 MINIMUM TEMPERATURE (F)   49        30      1975
                                             1918


SUNRISE AND SUNSET
MAY 25 2016...........SUNRISE   611 AM MDT   SUNSET   914 PM MDT
MAY 26 2016...........SUNRISE   610 AM MDT   SUNSET   915 PM MDT


-  INDICATES NEGATIVE NUMBERS.
R  INDICATES RECORD WAS SET OR TIED.
MM INDICATES DATA IS MISSING.
T  INDICATES TRACE AMOUNT.




$$
