000
CDUS45 KBOI 190931
CLIBOI


CLIMATE REPORT
NATIONAL WEATHER SERVICE BOISE ID
331 AM MDT SAT APR 19 2014


...................................

...THE BOISE ID CLIMATE SUMMARY FOR APRIL 18 2014...

CLIMATE NORMAL PERIOD 1981 TO 2010
CLIMATE RECORD PERIOD 1878 TO 2014


WEATHER ITEM   OBSERVED TIME   RECORD YEAR NORMAL DEPARTURE LAST
                VALUE   (LST)  VALUE       VALUE  FROM      YEAR
                                                  NORMAL
..................................................................
TEMPERATURE (F)
 YESTERDAY
  MAXIMUM         62    525 PM  89    1994  63     -1       57
  MINIMUM         46   1159 PM  21    1968  40      6       25
  AVERAGE         54                        51      3       41

PRECIPITATION (IN)
  YESTERDAY        0.01          0.40 1881   0.04  -0.03     0.00
  MONTH TO DATE    0.77                      0.72   0.05     0.62
  SINCE OCT 1      9.03                      7.99   1.04     5.47
  SINCE JAN 1      6.12                      4.34   1.78     2.82

SNOWFALL (IN)
  YESTERDAY        0.0           0.9  1912   0.0    0.0      0.0
  MONTH TO DATE    0.0                       0.3   -0.3       T
  SINCE OCT 1     14.4                      19.2   -4.8     16.0
  SINCE JUL 1     14.4                      19.2   -4.8     16.0
  SNOW DEPTH       0

DEGREE DAYS
 HEATING
  YESTERDAY       11                        14     -3       24
  MONTH TO DATE  253                       281    -28      292
  SINCE MAR 1    841                       917    -76      902
  SINCE JUL 1   5181                      5076    105     4999

 COOLING
  YESTERDAY        0                         0      0        0
  MONTH TO DATE    0                         0      0        0
  SINCE MAR 1      0                         0      0        0
  SINCE JAN 1      0                         0      0        0
..................................................................


WIND (MPH)
  HIGHEST WIND SPEED    18   HIGHEST WIND DIRECTION     N (340)
  HIGHEST GUST SPEED    26   HIGHEST GUST DIRECTION    NW (330)
  AVERAGE WIND SPEED     7.9


SKY COVER
  POSSIBLE SUNSHINE  MM
  AVERAGE SKY COVER 0.4


WEATHER CONDITIONS
 THE FOLLOWING WEATHER WAS RECORDED YESTERDAY.
  NO SIGNIFICANT WEATHER WAS OBSERVED.


RELATIVE HUMIDITY (PERCENT)
 HIGHEST    71           100 AM
 LOWEST     20           600 PM
 AVERAGE    46

..........................................................


THE BOISE ID CLIMATE NORMALS FOR TODAY
                         NORMAL    RECORD    YEAR
 MAXIMUM TEMPERATURE (F)   63        87      1910
 MINIMUM TEMPERATURE (F)   40        22      1966


SUNRISE AND SUNSET
APRIL 19 2014.........SUNRISE   656 AM MDT   SUNSET   833 PM MDT
APRIL 20 2014.........SUNRISE   654 AM MDT   SUNSET   834 PM MDT


-  INDICATES NEGATIVE NUMBERS.
R  INDICATES RECORD WAS SET OR TIED.
MM INDICATES DATA IS MISSING.
T  INDICATES TRACE AMOUNT.




$$
