000
CDUS45 KBOI 280931
CLIBOI


CLIMATE REPORT
NATIONAL WEATHER SERVICE BOISE ID
231 AM MST FRI NOV 28 2014


...................................

...THE BOISE ID CLIMATE SUMMARY FOR NOVEMBER 27 2014...

CLIMATE NORMAL PERIOD 1981 TO 2010
CLIMATE RECORD PERIOD 1878 TO 2014


WEATHER ITEM   OBSERVED TIME   RECORD YEAR NORMAL DEPARTURE LAST
                VALUE   (LST)  VALUE       VALUE  FROM      YEAR
                                                  NORMAL
..................................................................
TEMPERATURE (F)
 YESTERDAY
  MAXIMUM         57   1242 PM  70    1949  42     15       44
  MINIMUM         42   1159 PM  -7    1896  28     14       27
  AVERAGE         50                        35     15       36

PRECIPITATION (IN)
  YESTERDAY        0.02          0.56 1905   0.04  -0.02     0.00
  MONTH TO DATE    2.17                      1.20   0.97     1.49
  SINCE OCT 1      2.57                      1.95   0.62     2.25
  SINCE JAN 1     12.10                     10.03   2.07     8.91

SNOWFALL (IN)
  YESTERDAY        0.0           2.0  1992   0.1   -0.1      0.0
  MONTH TO DATE    7.6                       2.1    5.5      2.0
  SINCE OCT 1      7.6                       2.2    5.4      2.0
  SINCE JUL 1      7.6                       2.2    5.4      2.0
  SNOW DEPTH       0

DEGREE DAYS
 HEATING
  YESTERDAY       15                        30    -15       29
  MONTH TO DATE  796                       657    139      671
  SINCE SEP 1   1061                      1145    -84     1214
  SINCE JUL 1   1065                      1163    -98     1214

 COOLING
  YESTERDAY        0                         0      0        0
  MONTH TO DATE    0                         0      0        0
  SINCE SEP 1    146                       108     38      148
  SINCE JAN 1   1129                       942    187     1320
..................................................................


WIND (MPH)
  HIGHEST WIND SPEED    17   HIGHEST WIND DIRECTION    SE (120)
  HIGHEST GUST SPEED    20   HIGHEST GUST DIRECTION    SE (140)
  AVERAGE WIND SPEED     4.7


SKY COVER
  POSSIBLE SUNSHINE  MM
  AVERAGE SKY COVER 0.3


WEATHER CONDITIONS
 THE FOLLOWING WEATHER WAS RECORDED YESTERDAY.
  LIGHT RAIN


RELATIVE HUMIDITY (PERCENT)
 HIGHEST    96          1100 PM
 LOWEST     51          1200 PM
 AVERAGE    74

..........................................................


THE BOISE ID CLIMATE NORMALS FOR TODAY
                         NORMAL    RECORD    YEAR
 MAXIMUM TEMPERATURE (F)   42        63      1891
 MINIMUM TEMPERATURE (F)   28       -10      1896


SUNRISE AND SUNSET
NOVEMBER 28 2014......SUNRISE   755 AM MST   SUNSET   511 PM MST
NOVEMBER 29 2014......SUNRISE   756 AM MST   SUNSET   510 PM MST


-  INDICATES NEGATIVE NUMBERS.
R  INDICATES RECORD WAS SET OR TIED.
MM INDICATES DATA IS MISSING.
T  INDICATES TRACE AMOUNT.




$$
