000
CDUS45 KBOI 210930
CLIBOI


CLIMATE REPORT
NATIONAL WEATHER SERVICE BOISE ID
330 AM MDT THU AUG 21 2014


...................................

...THE BOISE ID CLIMATE SUMMARY FOR AUGUST 20 2014...

CLIMATE NORMAL PERIOD 1981 TO 2010
CLIMATE RECORD PERIOD 1878 TO 2014


WEATHER ITEM   OBSERVED TIME   RECORD YEAR NORMAL DEPARTURE LAST
                VALUE   (LST)  VALUE       VALUE  FROM      YEAR
                                                  NORMAL
..................................................................
TEMPERATURE (F)
 YESTERDAY
  MAXIMUM         86    409 PM 103    1967  89     -3       96
  MINIMUM         65    717 AM  39    1918  59      6       60
  AVERAGE         76                        74      2       78

PRECIPITATION (IN)
  YESTERDAY        T             0.40 1959   0.01  -0.01     0.00
  MONTH TO DATE    0.06                      0.15  -0.09     0.01
  SINCE OCT 1     11.42                     11.06   0.36     7.12
  SINCE JAN 1      8.51                      7.41   1.10     4.47

SNOWFALL (IN)
  YESTERDAY        0.0           0.0  2006   0.0    0.0      0.0
  MONTH TO DATE    0.0                       0.0    0.0      0.0
  SINCE OCT 1     14.4                      19.2   -4.8     16.0
  SINCE JUL 1      0.0                       0.0    0.0      0.0
  SNOW DEPTH       0

DEGREE DAYS
 HEATING
  YESTERDAY        0                         0      0        0
  MONTH TO DATE    0                         0      0        0
  SINCE JUN 1     36                        72    -36       35
  SINCE JUL 1      0                         8     -8        0

 COOLING
  YESTERDAY       11                         9      2       13
  MONTH TO DATE  290                       222     68      271
  SINCE JUN 1    906                       703    203      978
  SINCE JAN 1    930                       747    183     1025
..................................................................


WIND (MPH)
  HIGHEST WIND SPEED    18   HIGHEST WIND DIRECTION    NE (60)
  HIGHEST GUST SPEED    22   HIGHEST GUST DIRECTION     E (70)
  AVERAGE WIND SPEED     4.7


SKY COVER
  POSSIBLE SUNSHINE  MM
  AVERAGE SKY COVER 0.0


WEATHER CONDITIONS
 THE FOLLOWING WEATHER WAS RECORDED YESTERDAY.
  LIGHT RAIN


RELATIVE HUMIDITY (PERCENT)
 HIGHEST    56           600 AM
 LOWEST     23           500 PM
 AVERAGE    40

..........................................................


THE BOISE ID CLIMATE NORMALS FOR TODAY
                         NORMAL    RECORD    YEAR
 MAXIMUM TEMPERATURE (F)   89       101      2005
                                             1897
 MINIMUM TEMPERATURE (F)   59        43      1918


SUNRISE AND SUNSET
AUGUST 21 2014........SUNRISE   656 AM MDT   SUNSET   839 PM MDT
AUGUST 22 2014........SUNRISE   658 AM MDT   SUNSET   837 PM MDT


-  INDICATES NEGATIVE NUMBERS.
R  INDICATES RECORD WAS SET OR TIED.
MM INDICATES DATA IS MISSING.
T  INDICATES TRACE AMOUNT.




$$
