000
CDUS45 KBOI 060932
CLIBOI


CLIMATE REPORT
NATIONAL WEATHER SERVICE BOISE ID
332 AM MDT FRI MAY 6 2016


...................................

...THE BOISE ID CLIMATE SUMMARY FOR MAY 5 2016...

CLIMATE NORMAL PERIOD 1981 TO 2010
CLIMATE RECORD PERIOD 1875 TO 2016


WEATHER ITEM   OBSERVED TIME   RECORD YEAR NORMAL DEPARTURE LAST
                VALUE   (LST)  VALUE       VALUE  FROM      YEAR
                                                  NORMAL
..................................................................
TEMPERATURE (F)
 YESTERDAY
  MAXIMUM         78    345 PM  94    1966  68     10       71
  MINIMUM         55    618 AM  22    1982  44     11       52
  AVERAGE         67                        56     11       62

PRECIPITATION (IN)
  YESTERDAY        0.00          0.88 2005   0.04  -0.04     0.00
  MONTH TO DATE    T                         0.23  -0.23      T
  SINCE OCT 1      7.99                      8.73  -0.74     9.20
  SINCE JAN 1      3.65                      5.08  -1.43     3.29

SNOWFALL (IN)
  YESTERDAY        0.0           T    2010   0.0    0.0      0.0
                                      1984
  MONTH TO DATE    0.0                       0.0    0.0      0.0
  SINCE OCT 1     10.9                      19.2   -8.3     13.3
  SINCE JUL 1     10.9                      19.2   -8.3     13.3
  SNOW DEPTH       0

DEGREE DAYS
 HEATING
  YESTERDAY        0                        10    -10        3
  MONTH TO DATE   12                        52    -40       10
  SINCE MAR 1    801                      1117   -316      884
  SINCE JUL 1   4550                      5276   -726     4479

 COOLING
  YESTERDAY        2                         1      1        0
  MONTH TO DATE   10                         4      6        2
  SINCE MAR 1     15                         7      8        2
  SINCE JAN 1     15                         7      8        2
..................................................................


WIND (MPH)
  HIGHEST WIND SPEED    18   HIGHEST WIND DIRECTION    NW (320)
  HIGHEST GUST SPEED    21   HIGHEST GUST DIRECTION     N (350)
  AVERAGE WIND SPEED     8.1


SKY COVER
  POSSIBLE SUNSHINE  MM
  AVERAGE SKY COVER 0.1


WEATHER CONDITIONS
 THE FOLLOWING WEATHER WAS RECORDED YESTERDAY.
  HAZE


RELATIVE HUMIDITY (PERCENT)
 HIGHEST    66           600 AM
 LOWEST     31           300 PM
 AVERAGE    49

..........................................................


THE BOISE ID CLIMATE NORMALS FOR TODAY
                         NORMAL    RECORD    YEAR
 MAXIMUM TEMPERATURE (F)   69        95      1947
 MINIMUM TEMPERATURE (F)   44        27      1968
                                             1965
                                             1964


SUNRISE AND SUNSET
MAY  6 2016...........SUNRISE   630 AM MDT   SUNSET   854 PM MDT
MAY  7 2016...........SUNRISE   629 AM MDT   SUNSET   855 PM MDT


-  INDICATES NEGATIVE NUMBERS.
R  INDICATES RECORD WAS SET OR TIED.
MM INDICATES DATA IS MISSING.
T  INDICATES TRACE AMOUNT.




$$
