000
CDUS41 KBOX 300557
CLIBOS


CLIMATE REPORT
NATIONAL WEATHER SERVICE TAUNTON MA
156 AM EDT TUE JUN 30 2015


...................................

...THE BOSTON MA CLIMATE SUMMARY FOR JUNE 29 2015...

CLIMATE NORMAL PERIOD 1981 TO 2010
CLIMATE RECORD PERIOD 1872 TO 2015


WEATHER ITEM   OBSERVED TIME   RECORD YEAR NORMAL DEPARTURE LAST
                VALUE   (LST)  VALUE       VALUE  FROM      YEAR
                                                  NORMAL
..................................................................
TEMPERATURE (F)
 YESTERDAY
  MAXIMUM         75    407 PM  99    1933  80     -5       86
  MINIMUM         53    547 AM  49    1919  63    -10       62
  AVERAGE         64                        72     -8       74

PRECIPITATION (IN)
  YESTERDAY        T             2.47 1879   0.10  -0.10     0.00
  MONTH TO DATE    5.01                      3.59   1.42     2.62
  SINCE JUN 1      5.01                      3.59   1.42     2.62
  SINCE JAN 1     18.50                     21.75  -3.25    20.57

SNOWFALL (IN)
  YESTERDAY        0.0           0.0  2002   0.0    0.0      0.0
                                      2001
                                      2000
  MONTH TO DATE    0.0                       0.0    0.0      0.0
  SINCE JUN 1      0.0                       0.0    0.0      0.0
  SINCE JUL 1    110.6                      43.8   66.8     58.9
  SNOW DEPTH      MM

DEGREE DAYS
 HEATING
  YESTERDAY        1                         0      1        0
  MONTH TO DATE   98                        56     42       28
  SINCE JUN 1     98                        56     42       28
  SINCE JUL 1   6029                      5682    347     5857

 COOLING
  YESTERDAY        0                         7     -7        9
  MONTH TO DATE   94                       129    -35      126
  SINCE JUN 1     94                       129    -35      126
  SINCE JAN 1    155                       159     -4      148
..................................................................


WIND (MPH)
  RESULTANT WIND SPEED   5   RESULTANT WIND DIRECTION  SW (220)
  HIGHEST WIND SPEED    15   HIGHEST WIND DIRECTION    SW (240)
  HIGHEST GUST SPEED    21   HIGHEST GUST DIRECTION     W (250)
  AVERAGE WIND SPEED     6.9


SKY COVER
  POSSIBLE SUNSHINE  MM
  AVERAGE SKY COVER 0.8


WEATHER CONDITIONS
 THE FOLLOWING WEATHER WAS RECORDED YESTERDAY.
  LIGHT RAIN
  FOG


RELATIVE HUMIDITY (PERCENT)
 HIGHEST    93           400 AM
 LOWEST     66           300 PM
 AVERAGE    80

..........................................................


THE BOSTON MA CLIMATE NORMALS FOR TODAY
                         NORMAL    RECORD    YEAR
 MAXIMUM TEMPERATURE (F)   80        95      1945
 MINIMUM TEMPERATURE (F)   64        52      1988
                                             1919
                                             1882


SUNRISE AND SUNSET
JUNE 30 2015..........SUNRISE   510 AM EDT   SUNSET   825 PM EDT
JULY  1 2015..........SUNRISE   511 AM EDT   SUNSET   825 PM EDT


-  INDICATES NEGATIVE NUMBERS.
R  INDICATES RECORD WAS SET OR TIED.
MM INDICATES DATA IS MISSING.
T  INDICATES TRACE AMOUNT.




$$
