550
CDUS41 KBOX 110533
CLIBOS


CLIMATE REPORT
NATIONAL WEATHER SERVICE TAUNTON MA
1233 AM EST SUN DEC 11 2016


...................................

...THE BOSTON MA CLIMATE SUMMARY FOR DECEMBER 10 2016...

CLIMATE NORMAL PERIOD 1981 TO 2010
CLIMATE RECORD PERIOD 1872 TO 2016


WEATHER ITEM   OBSERVED TIME   RECORD YEAR NORMAL DEPARTURE LAST
                VALUE   (LST)  VALUE       VALUE  FROM      YEAR
                                                  NORMAL
..................................................................
TEMPERATURE (F)
 YESTERDAY
  MAXIMUM         29    312 PM  64    1907  43    -14       58
                                      1897
  MINIMUM         21    751 AM  -1    1902  30     -9       43
  AVERAGE         25                        37    -12       51

PRECIPITATION (IN)
  YESTERDAY        0.00          2.58 1878   0.13  -0.13      T
  MONTH TO DATE    0.53                      1.31  -0.78     0.46
  SINCE DEC 1      0.53                      1.31  -0.78     0.46
  SINCE JAN 1     30.33                     41.30 -10.97    30.98

SNOWFALL (IN)
  YESTERDAY        0.0           4.0  1928   0.3   -0.3      0.0
  MONTH TO DATE    0.3                       2.1   -1.8      0.0
  SINCE DEC 1      0.3                       2.1   -1.8      0.0
  SINCE JUL 1      0.3                       3.4   -3.1       T
  SNOW DEPTH      MM

DEGREE DAYS
 HEATING
  YESTERDAY       40                        28     12       14
  MONTH TO DATE  269                       268      1      201
  SINCE DEC 1    269                       268      1      201
  SINCE JUL 1   1184                      1323   -139     1056

 COOLING
  YESTERDAY        0                         0      0        0
  MONTH TO DATE    0                         0      0        0
  SINCE DEC 1      0                         0      0        0
  SINCE JAN 1   1035                       747    288      921
..................................................................


WIND (MPH)
  RESULTANT WIND SPEED  12   RESULTANT WIND DIRECTION  NW (300)
  HIGHEST WIND SPEED    21   HIGHEST WIND DIRECTION     W (290)
  HIGHEST GUST SPEED    31   HIGHEST GUST DIRECTION    NW (310)
  AVERAGE WIND SPEED    11.9


SKY COVER
  POSSIBLE SUNSHINE  MM
  AVERAGE SKY COVER 0.2


WEATHER CONDITIONS
 THE FOLLOWING WEATHER WAS RECORDED YESTERDAY.
  NO SIGNIFICANT WEATHER WAS OBSERVED.


RELATIVE HUMIDITY (PERCENT)
 HIGHEST    57           600 AM
 LOWEST     34           200 PM
 AVERAGE    46

..........................................................


THE BOSTON MA CLIMATE NORMALS FOR TODAY
                         NORMAL    RECORD    YEAR
 MAXIMUM TEMPERATURE (F)   43        68      1911
 MINIMUM TEMPERATURE (F)   30        -2      1876


SUNRISE AND SUNSET
DECEMBER 11 2016......SUNRISE   704 AM EST   SUNSET   412 PM EST
DECEMBER 12 2016......SUNRISE   704 AM EST   SUNSET   412 PM EST


-  INDICATES NEGATIVE NUMBERS.
R  INDICATES RECORD WAS SET OR TIED.
MM INDICATES DATA IS MISSING.
T  INDICATES TRACE AMOUNT.




$$
