000
CDUS41 KBOX 170555
CLIBOS


CLIMATE REPORT
NATIONAL WEATHER SERVICE TAUNTON MA
1250 AM EST WED JAN 17 2018


...................................

...THE BOSTON MA CLIMATE SUMMARY FOR JANUARY 16 2018...

CLIMATE NORMAL PERIOD 1981 TO 2010
CLIMATE RECORD PERIOD 1872 TO 2018


WEATHER ITEM   OBSERVED TIME   RECORD YEAR NORMAL DEPARTURE LAST
                VALUE   (LST)  VALUE       VALUE  FROM      YEAR
                                                  NORMAL
..................................................................
TEMPERATURE (F)
 YESTERDAY
  MAXIMUM         33    200 PM  64    1995  35     -2       42
  MINIMUM         20   1223 AM  -7    2004  22     -2       23
  AVERAGE         27                        29     -2       33

PRECIPITATION (IN)
  YESTERDAY        0.00          1.22 2016   0.11  -0.11     0.00
  MONTH TO DATE    3.21                      1.77   1.44     2.00
  SINCE DEC 1      5.70                      5.55   0.15     5.25
  SINCE JAN 1      3.21                      1.77   1.44     2.00

SNOWFALL (IN)
  YESTERDAY        0.0           6.9  1965   0.5   -0.5      0.0
  MONTH TO DATE   13.7                       6.9    6.8      8.3
  SINCE DEC 1     22.9                      15.9    7.0     14.2
  SINCE JUL 1     22.9                      17.2    5.7     14.2
  SNOW DEPTH      MM

DEGREE DAYS
 HEATING
  YESTERDAY       38                        36      2       32
  MONTH TO DATE  653                       572     81      511
  SINCE DEC 1   1710                      1511    199     1427
  SINCE JUL 1   2537                      2566    -29     2342

 COOLING
  YESTERDAY        0                         0      0        0
  MONTH TO DATE    0                         0      0        0
  SINCE DEC 1      0                         0      0        0
  SINCE JAN 1      0                         0      0        0
..................................................................


WIND (MPH)
  RESULTANT WIND SPEED   1   RESULTANT WIND DIRECTION   E (90)
  HIGHEST WIND SPEED    13   HIGHEST WIND DIRECTION    NW (330)
  HIGHEST GUST SPEED    15   HIGHEST GUST DIRECTION     N (350)
  AVERAGE WIND SPEED     5.2


SKY COVER
  POSSIBLE SUNSHINE  MM
  AVERAGE SKY COVER 0.9


WEATHER CONDITIONS
 THE FOLLOWING WEATHER WAS RECORDED YESTERDAY.
  NO SIGNIFICANT WEATHER WAS OBSERVED.


RELATIVE HUMIDITY (PERCENT)
 HIGHEST    85           500 PM
 LOWEST     62          1200 AM
 AVERAGE    74

..........................................................


THE BOSTON MA CLIMATE NORMALS FOR TODAY
                         NORMAL    RECORD    YEAR
 MAXIMUM TEMPERATURE (F)   35        59      1913
 MINIMUM TEMPERATURE (F)   22        -4      1907


SUNRISE AND SUNSET
JANUARY 17 2018.......SUNRISE   710 AM EST   SUNSET   439 PM EST
JANUARY 18 2018.......SUNRISE   709 AM EST   SUNSET   440 PM EST


-  INDICATES NEGATIVE NUMBERS.
R  INDICATES RECORD WAS SET OR TIED.
MM INDICATES DATA IS MISSING.
T  INDICATES TRACE AMOUNT.




$$
