000
CDUS41 KBOX 240539
CLIBOS


CLIMATE REPORT
NATIONAL WEATHER SERVICE TAUNTON MA
136 AM EDT TUE OCT 24 2017


...................................

...THE BOSTON MA CLIMATE SUMMARY FOR OCTOBER 23 2017...

CLIMATE NORMAL PERIOD 1981 TO 2010
CLIMATE RECORD PERIOD 1872 TO 2017


WEATHER ITEM   OBSERVED TIME   RECORD YEAR NORMAL DEPARTURE LAST
                VALUE   (LST)  VALUE       VALUE  FROM      YEAR
                                                  NORMAL
..................................................................
TEMPERATURE (F)
 YESTERDAY
  MAXIMUM         64   1154 PM  84    1947  59      5       58
  MINIMUM         54    905 AM  29    1883  44     10       44
  AVERAGE         59                        52      7       51

PRECIPITATION (IN)
  YESTERDAY        0.00          2.33 1956   0.13  -0.13     0.00
  MONTH TO DATE    0.49                      2.93  -2.44     4.07
  SINCE SEP 1      4.22                      6.37  -2.15     5.45
  SINCE JAN 1     35.51                     34.99   0.52    25.71

SNOWFALL (IN)
  YESTERDAY        0.0           T    2003   0.0    0.0      0.0
                                      2002
                                      1969
  MONTH TO DATE    0.0                       0.0    0.0      0.0
  SINCE SEP 1      0.0                       0.0    0.0      0.0
  SINCE JUL 1      0.0                       0.0    0.0      0.0
  SNOW DEPTH       0

DEGREE DAYS
 HEATING
  YESTERDAY        6                        13     -7       14
  MONTH TO DATE   91                       232   -141      169
  SINCE SEP 1    128                       316   -188      215
  SINCE JUL 1    140                       329   -189      222

 COOLING
  YESTERDAY        0                         0      0        0
  MONTH TO DATE   36                         6     30       13
  SINCE SEP 1    147                        87     60      141
  SINCE JAN 1    876                       746    130     1035
..................................................................


WIND (MPH)
  RESULTANT WIND SPEED   4   RESULTANT WIND DIRECTION   E (90)
  HIGHEST WIND SPEED    10   HIGHEST WIND DIRECTION     E (70)
  HIGHEST GUST SPEED    11   HIGHEST GUST DIRECTION     E (70)
  AVERAGE WIND SPEED     4.1


SKY COVER
  POSSIBLE SUNSHINE  MM
  AVERAGE SKY COVER 0.9


WEATHER CONDITIONS
 THE FOLLOWING WEATHER WAS RECORDED YESTERDAY.
  FOG
  FOG W/VISIBILITY <= 1/4 MILE


RELATIVE HUMIDITY (PERCENT)
 HIGHEST   100           100 AM
 LOWEST     93          1200 AM
 AVERAGE    97

..........................................................


THE BOSTON MA CLIMATE NORMALS FOR TODAY
                         NORMAL    RECORD    YEAR
 MAXIMUM TEMPERATURE (F)   59        80      1900
 MINIMUM TEMPERATURE (F)   44        30      1969


SUNRISE AND SUNSET
OCTOBER 24 2017.......SUNRISE   708 AM EDT   SUNSET   548 PM EDT
OCTOBER 25 2017.......SUNRISE   709 AM EDT   SUNSET   547 PM EDT


-  INDICATES NEGATIVE NUMBERS.
R  INDICATES RECORD WAS SET OR TIED.
MM INDICATES DATA IS MISSING.
T  INDICATES TRACE AMOUNT.




$$
