000
CDUS45 KRIW 090734
CLIBPI


CLIMATE REPORT
NATIONAL WEATHER SERVICE RIVERTON WY
1228 AM MST TUE FEB 9 2016


...................................

...THE BIG PINEY WY CLIMATE SUMMARY FOR FEBRUARY 8 2016...

CLIMATE NORMAL PERIOD 1981 TO 2010
CLIMATE RECORD PERIOD 1976 TO 2016


WEATHER ITEM   OBSERVED TIME   RECORD YEAR NORMAL DEPARTURE LAST
                VALUE   (LST)  VALUE       VALUE  FROM      YEAR
                                                  NORMAL
..................................................................
TEMPERATURE (F)
 YESTERDAY
  MAXIMUM         42    238 PM  48    2015  27     15       48
  MINIMUM         19    716 AM -38    1989  -2     21       28
  AVERAGE         31                        12     19       38

PRECIPITATION (IN)
  YESTERDAY        0.00          0.25 1999   0.01  -0.01     0.00
  MONTH TO DATE    T                         0.09  -0.09     0.01
  SINCE DEC 1      0.15                      0.70  -0.55     0.14
  SINCE JAN 1      0.04                      0.40  -0.36     0.02

DEGREE DAYS
 HEATING
  YESTERDAY       34                        53    -19       27
  MONTH TO DATE  395                       426    -31      267
  SINCE DEC 1   3639                      3724    -85     3078
  SINCE JUL 1   6120                      6539   -419     5306

 COOLING
  YESTERDAY        0                         0      0        0
  MONTH TO DATE    0                         0      0        0
  SINCE DEC 1      0                         0      0        0
  SINCE JAN 1      0                         0      0        0
..................................................................


WIND (MPH)
  HIGHEST WIND SPEED    24   HIGHEST WIND DIRECTION     N (340)
  HIGHEST GUST SPEED    29   HIGHEST GUST DIRECTION     N (340)
  AVERAGE WIND SPEED    15.4


SKY COVER
  POSSIBLE SUNSHINE  MM
  AVERAGE SKY COVER 0.0


WEATHER CONDITIONS
 THE FOLLOWING WEATHER WAS RECORDED YESTERDAY.
  NO SIGNIFICANT WEATHER WAS OBSERVED.


RELATIVE HUMIDITY (PERCENT)
 HIGHEST    81           800 PM
 LOWEST     51           200 PM
 AVERAGE    66

..........................................................


THE BIG PINEY WY CLIMATE NORMALS FOR TODAY
                         NORMAL    RECORD    YEAR
 MAXIMUM TEMPERATURE (F)   27        48      1996
 MINIMUM TEMPERATURE (F)    0       -35      1989


SUNRISE AND SUNSET
FEBRUARY  9 2016......SUNRISE   726 AM MST   SUNSET   544 PM MST
FEBRUARY 10 2016......SUNRISE   724 AM MST   SUNSET   545 PM MST


-  INDICATES NEGATIVE NUMBERS.
R  INDICATES RECORD WAS SET OR TIED.
MM INDICATES DATA IS MISSING.
T  INDICATES TRACE AMOUNT.




$$
