000
CDUS45 KRIW 290755
CLIBPI


CLIMATE REPORT
NATIONAL WEATHER SERVICE RIVERTON WY
128 AM MDT SUN MAR 29 2015


...................................

...THE BIG PINEY WY CLIMATE SUMMARY FOR MARCH 28 2015...

CLIMATE NORMAL PERIOD 1981 TO 2010
CLIMATE RECORD PERIOD 1976 TO 2015


WEATHER ITEM   OBSERVED TIME   RECORD YEAR NORMAL DEPARTURE LAST
                VALUE   (LST)  VALUE       VALUE  FROM      YEAR
                                                  NORMAL
..................................................................
TEMPERATURE (F)
 YESTERDAY
  MAXIMUM         64R   109 PM  57    2012  46     18       42
  MINIMUM         22    420 AM   3    2008  18      4       14
  AVERAGE         43                        32     11       28

PRECIPITATION (IN)
  YESTERDAY        0.00          0.87 1990   0.02  -0.02     0.00
  MONTH TO DATE    0.06                      0.38  -0.32     0.10
  SINCE MAR 1      0.06                      0.38  -0.32     0.10
  SINCE JAN 1      0.12                      1.04  -0.92     0.14

DEGREE DAYS
 HEATING
  YESTERDAY       22                        33    -11       37
  MONTH TO DATE  859                      1075   -216      969
  SINCE MAR 1    859                      1075   -216      969
  SINCE JUL 1   6959                      8598  -1639     7913

 COOLING
  YESTERDAY        0                         0      0        0
  MONTH TO DATE    0                         0      0        0
  SINCE MAR 1      0                         0      0        0
  SINCE JAN 1      0                         0      0        0
..................................................................


WIND (MPH)
  HIGHEST WIND SPEED    43   HIGHEST WIND DIRECTION     W (270)
  HIGHEST GUST SPEED    55   HIGHEST GUST DIRECTION     W (290)
  AVERAGE WIND SPEED    13.6


SKY COVER
  POSSIBLE SUNSHINE  MM
  AVERAGE SKY COVER 0.0


WEATHER CONDITIONS
 THE FOLLOWING WEATHER WAS RECORDED YESTERDAY.
  NO SIGNIFICANT WEATHER WAS OBSERVED.


RELATIVE HUMIDITY (PERCENT)
 HIGHEST    88           300 AM
 LOWEST     19           100 PM
 AVERAGE    54

..........................................................


THE BIG PINEY WY CLIMATE NORMALS FOR TODAY
                         NORMAL    RECORD    YEAR
 MAXIMUM TEMPERATURE (F)   47        58      2004
 MINIMUM TEMPERATURE (F)   18         4      1980


SUNRISE AND SUNSET
MARCH 29 2015.........SUNRISE   708 AM MDT   SUNSET   743 PM MDT
MARCH 30 2015.........SUNRISE   707 AM MDT   SUNSET   744 PM MDT


-  INDICATES NEGATIVE NUMBERS.
R  INDICATES RECORD WAS SET OR TIED.
MM INDICATES DATA IS MISSING.
T  INDICATES TRACE AMOUNT.




$$
