000
CDUS45 KRIW 190728
CLIBPI


CLIMATE REPORT
NATIONAL WEATHER SERVICE RIVERTON WY
127 AM MDT FRI SEP 19 2014


...................................

...THE BIG PINEY WY CLIMATE SUMMARY FOR SEPTEMBER 18 2014...

CLIMATE NORMAL PERIOD 1981 TO 2010
CLIMATE RECORD PERIOD 1976 TO 2014


WEATHER ITEM   OBSERVED TIME   RECORD YEAR NORMAL DEPARTURE LAST
                VALUE   (LST)  VALUE       VALUE  FROM      YEAR
                                                  NORMAL
..................................................................
TEMPERATURE (F)
 YESTERDAY
  MAXIMUM         83R   125 PM  79    2010  67     16       61
  MINIMUM         37    519 AM  16    2003  31      6       34
  AVERAGE         60                        49     11       48

PRECIPITATION (IN)
  YESTERDAY        0.03          0.16 1995   0.03   0.00     0.01
  MONTH TO DATE    0.16                      0.46  -0.30     0.76
  SINCE SEP 1      0.16                      0.46  -0.30     0.76
  SINCE JAN 1      3.53                      5.12  -1.59     3.76

DEGREE DAYS
 HEATING
  YESTERDAY        5                        16    -11       17
  MONTH TO DATE  212                       234    -22      108
  SINCE SEP 1    212                       234    -22      108
  SINCE JUL 1    441                       527    -86      209

 COOLING
  YESTERDAY        0                         0      0        0
  MONTH TO DATE    0                         0      0        5
  SINCE SEP 1      0                         0      0        5
  SINCE JAN 1     26                        35     -9       89
..................................................................


WIND (MPH)
  HIGHEST WIND SPEED    29   HIGHEST WIND DIRECTION     N (360)
  HIGHEST GUST SPEED    39   HIGHEST GUST DIRECTION     N (360)
  AVERAGE WIND SPEED     7.7


SKY COVER
  POSSIBLE SUNSHINE  MM
  AVERAGE SKY COVER 0.2


WEATHER CONDITIONS
 THE FOLLOWING WEATHER WAS RECORDED YESTERDAY.
  THUNDERSTORM
  LIGHT RAIN


RELATIVE HUMIDITY (PERCENT)
 HIGHEST    92           200 AM
 LOWEST     21           100 PM
 AVERAGE    57

..........................................................


THE BIG PINEY WY CLIMATE NORMALS FOR TODAY
                         NORMAL    RECORD    YEAR
 MAXIMUM TEMPERATURE (F)   67        83      2010
 MINIMUM TEMPERATURE (F)   30        17      1978


SUNRISE AND SUNSET
SEPTEMBER 19 2014.....SUNRISE   705 AM MDT   SUNSET   723 PM MDT
SEPTEMBER 20 2014.....SUNRISE   706 AM MDT   SUNSET   721 PM MDT


-  INDICATES NEGATIVE NUMBERS.
R  INDICATES RECORD WAS SET OR TIED.
MM INDICATES DATA IS MISSING.
T  INDICATES TRACE AMOUNT.




$$
