000
CDUS45 KRIW 190031
CLIBPI


CLIMATE REPORT
NATIONAL WEATHER SERVICE RIVERTON WY
631 PM MDT FRI AUG 18 2017


...................................

...THE BIG PINEY WY CLIMATE SUMMARY FOR AUGUST 18 2017...
VALID TODAY AS OF 0500 PM LOCAL TIME.

CLIMATE NORMAL PERIOD 1981 TO 2010
CLIMATE RECORD PERIOD 1976 TO 2017


WEATHER ITEM   OBSERVED TIME   RECORD YEAR NORMAL DEPARTURE LAST
                VALUE   (LST)  VALUE       VALUE  FROM      YEAR
                                                  NORMAL
..................................................................
TEMPERATURE (F)
 TODAY
  MAXIMUM         81        MM  87    2013  79      2       75
                                      2010
  MINIMUM         34        MM  26    1987  40     -6       46
  AVERAGE         58

PRECIPITATION (IN)
  TODAY            0.00          0.49 2004   0.03  -0.03      T
  MONTH TO DATE    0.60                      0.42   0.18     0.37
  SINCE JUN 1      1.60                      1.92  -0.32     1.35
  SINCE JAN 1      7.06                      4.39   2.67     7.40

DEGREE DAYS
 HEATING
  TODAY            7                         6      1        4
  MONTH TO DATE   93                        77     16       68
  SINCE JUN 1    396                       499   -103      350
  SINCE JUL 1    125                       194    -69      172

 COOLING
  TODAY            0                         0      0        0
  MONTH TO DATE    2                        12    -10        2
  SINCE JUN 1     27                        36     -9       23
  SINCE JAN 1     27                        36     -9       23
..................................................................


WIND (MPH)
  HIGHEST WIND SPEED    14   HIGHEST WIND DIRECTION     W (260)
  HIGHEST GUST SPEED    21   HIGHEST GUST DIRECTION     E (99)
  AVERAGE WIND SPEED     5.1


SKY COVER
  POSSIBLE SUNSHINE  MM
  AVERAGE SKY COVER 0.0


WEATHER CONDITIONS
 THE FOLLOWING WEATHER WAS RECORDED TODAY.
  NO SIGNIFICANT WEATHER WAS OBSERVED.


RELATIVE HUMIDITY (PERCENT)
 HIGHEST    82           600 AM
 LOWEST     15           200 PM
 AVERAGE    49

..........................................................


THE BIG PINEY WY CLIMATE NORMALS FOR TOMORROW
                         NORMAL    RECORD    YEAR
 MAXIMUM TEMPERATURE (F)   79        90      2013
 MINIMUM TEMPERATURE (F)   40        24      1978


SUNRISE AND SUNSET
AUGUST 18 2017........SUNRISE   631 AM MDT   SUNSET   817 PM MDT
AUGUST 19 2017........SUNRISE   632 AM MDT   SUNSET   815 PM MDT


-  INDICATES NEGATIVE NUMBERS.
R  INDICATES RECORD WAS SET OR TIED.
MM INDICATES DATA IS MISSING.
T  INDICATES TRACE AMOUNT.




$$
