000
CDUS45 KRIW 210738
CLIBPI


CLIMATE REPORT
NATIONAL WEATHER SERVICE RIVERTON WY
1237 AM MST WED FEB 21 2018


...................................

...THE BIG PINEY WY CLIMATE SUMMARY FOR FEBRUARY 20 2018...

CLIMATE NORMAL PERIOD 1981 TO 2010
CLIMATE RECORD PERIOD 1976 TO 2018


WEATHER ITEM   OBSERVED TIME   RECORD YEAR NORMAL DEPARTURE LAST
                VALUE   (LST)  VALUE       VALUE  FROM      YEAR
                                                  NORMAL
..................................................................
TEMPERATURE (F)
 YESTERDAY
  MAXIMUM         11    413 PM  42    1981  30    -19       32
  MINIMUM        -21   1142 PM -27    2006   2    -23        8
  AVERAGE         -5                        16    -21       20

PRECIPITATION (IN)
  YESTERDAY        T             0.33 1996   0.01  -0.01      T
  MONTH TO DATE    T                         0.25  -0.25     0.56
  SINCE DEC 1      0.12                      0.86  -0.74     2.10
  SINCE JAN 1      0.05                      0.56  -0.51     1.55

DEGREE DAYS
 HEATING
  YESTERDAY       70                        49     21       45
  MONTH TO DATE  838                      1035   -197      896
  SINCE DEC 1   3500                      4333   -833     4548
  SINCE JUL 1   6056                      7148  -1092     6997

 COOLING
  YESTERDAY        0                         0      0        0
  MONTH TO DATE    0                         0      0        0
  SINCE DEC 1      0                         0      0        0
  SINCE JAN 1      0                         0      0        0
..................................................................


WIND (MPH)
  HIGHEST WIND SPEED    10   HIGHEST WIND DIRECTION     N (350)
  HIGHEST GUST SPEED    11   HIGHEST GUST DIRECTION     N (340)
  AVERAGE WIND SPEED     3.5


SKY COVER
  POSSIBLE SUNSHINE  MM
  AVERAGE SKY COVER 0.7


WEATHER CONDITIONS
 THE FOLLOWING WEATHER WAS RECORDED YESTERDAY.
  LIGHT SNOW
  FOG
  HAZE


RELATIVE HUMIDITY (PERCENT)
 HIGHEST    87           900 PM
 LOWEST     63           300 PM
 AVERAGE    75

..........................................................


THE BIG PINEY WY CLIMATE NORMALS FOR TODAY
                         NORMAL    RECORD    YEAR
 MAXIMUM TEMPERATURE (F)   31        45      1991
 MINIMUM TEMPERATURE (F)    2       -26      1984


SUNRISE AND SUNSET
FEBRUARY 21 2018......SUNRISE   708 AM MST   SUNSET   600 PM MST
FEBRUARY 22 2018......SUNRISE   707 AM MST   SUNSET   601 PM MST


-  INDICATES NEGATIVE NUMBERS.
R  INDICATES RECORD WAS SET OR TIED.
MM INDICATES DATA IS MISSING.
T  INDICATES TRACE AMOUNT.




$$
