000
CDUS45 KRIW 200740
CLIBPI


CLIMATE REPORT
NATIONAL WEATHER SERVICE RIVERTON WY
136 AM MDT WED AUG 20 2014


...................................

...THE BIG PINEY WY CLIMATE SUMMARY FOR AUGUST 19 2014...

CLIMATE NORMAL PERIOD 1981 TO 2010
CLIMATE RECORD PERIOD 1976 TO 2014


WEATHER ITEM   OBSERVED TIME   RECORD YEAR NORMAL DEPARTURE LAST
                VALUE   (LST)  VALUE       VALUE  FROM      YEAR
                                                  NORMAL
..................................................................
TEMPERATURE (F)
 YESTERDAY
  MAXIMUM         70    146 PM  90    2013  79     -9       90
  MINIMUM         42    536 AM  24    1978  40      2       41
  AVERAGE         56                        59     -3       66

PRECIPITATION (IN)
  YESTERDAY        0.00          0.07 1976   0.02  -0.02     0.00
  MONTH TO DATE    1.00                      0.44   0.56     0.05
  SINCE JUN 1      1.62                      1.94  -0.32     0.94
  SINCE JAN 1      2.77                      4.41  -1.64     2.64

DEGREE DAYS
 HEATING
  YESTERDAY        9                         6      3        0
  MONTH TO DATE   43                        83    -40       53
  SINCE JUN 1    444                       505    -61      294
  SINCE JUL 1     97                       200   -103       77

 COOLING
  YESTERDAY        0                         0      0        1
  MONTH TO DATE    0                        12    -12        3
  SINCE JUN 1     26                        36    -10       80
  SINCE JAN 1     26                        36    -10       80
..................................................................


WIND (MPH)
  HIGHEST WIND SPEED    24   HIGHEST WIND DIRECTION     S (200)
  HIGHEST GUST SPEED    31   HIGHEST GUST DIRECTION     S (200)
  AVERAGE WIND SPEED     6.9


SKY COVER
  POSSIBLE SUNSHINE  MM
  AVERAGE SKY COVER 0.3


WEATHER CONDITIONS
 THE FOLLOWING WEATHER WAS RECORDED YESTERDAY.
  THUNDERSTORM


RELATIVE HUMIDITY (PERCENT)
 HIGHEST    82          1100 PM
 LOWEST     31          1200 PM
 AVERAGE    57

..........................................................


THE BIG PINEY WY CLIMATE NORMALS FOR TODAY
                         NORMAL    RECORD    YEAR
 MAXIMUM TEMPERATURE (F)   78        89      2003
 MINIMUM TEMPERATURE (F)   40        25      1980


SUNRISE AND SUNSET
AUGUST 20 2014........SUNRISE   633 AM MDT   SUNSET   814 PM MDT
AUGUST 21 2014........SUNRISE   634 AM MDT   SUNSET   813 PM MDT


-  INDICATES NEGATIVE NUMBERS.
R  INDICATES RECORD WAS SET OR TIED.
MM INDICATES DATA IS MISSING.
T  INDICATES TRACE AMOUNT.




$$
