000
CDUS45 KRIW 280744
CLIBPI


CLIMATE REPORT
NATIONAL WEATHER SERVICE RIVERTON WY
1238 AM MST FRI NOV 28 2014


...................................

...THE BIG PINEY WY CLIMATE SUMMARY FOR NOVEMBER 27 2014...

CLIMATE NORMAL PERIOD 1981 TO 2010
CLIMATE RECORD PERIOD 1976 TO 2014


WEATHER ITEM   OBSERVED TIME   RECORD YEAR NORMAL DEPARTURE LAST
                VALUE   (LST)  VALUE       VALUE  FROM      YEAR
                                                  NORMAL
..................................................................
TEMPERATURE (F)
 YESTERDAY
  MAXIMUM         MM        MM  48    1999  31     MM       35
  MINIMUM         MM        MM -14    2003   5     MM        3
                                      1992
  AVERAGE         MM                        18     MM       19

PRECIPITATION (IN)
  YESTERDAY        0.00          0.09 1990   0.00   0.00     0.00
  MONTH TO DATE    0.05                      0.19  -0.14     0.29
  SINCE SEP 1      1.30                      1.50  -0.20     1.51
  SINCE JAN 1      4.67                      6.16  -1.49     4.51

DEGREE DAYS
 HEATING
  YESTERDAY       MM                        47     MM       46
  MONTH TO DATE  955                      1091   -136     1075
  SINCE SEP 1   2003                      2378   -375     2235
  SINCE JUL 1   2232                      2671   -439     2336

 COOLING
  YESTERDAY       MM                         0     MM        0
  MONTH TO DATE    0                         0      0        0
  SINCE SEP 1      0                         0      0        5
  SINCE JAN 1     26                        35     -9       89
..................................................................


WIND (MPH)
  HIGHEST WIND SPEED    10   HIGHEST WIND DIRECTION    SE (120)
  HIGHEST GUST SPEED    MM   HIGHEST GUST DIRECTION    MM
  AVERAGE WIND SPEED     4.5


SKY COVER
  POSSIBLE SUNSHINE  MM
  AVERAGE SKY COVER 0.1


WEATHER CONDITIONS
 THE FOLLOWING WEATHER WAS RECORDED YESTERDAY.
  NO SIGNIFICANT WEATHER WAS OBSERVED.


RELATIVE HUMIDITY (PERCENT)
 HIGHEST    MM
 LOWEST     MM
 AVERAGE    MM

..........................................................


THE BIG PINEY WY CLIMATE NORMALS FOR TODAY
                         NORMAL    RECORD    YEAR
 MAXIMUM TEMPERATURE (F)   31        49      1999
 MINIMUM TEMPERATURE (F)    4       -14      1989


SUNRISE AND SUNSET
NOVEMBER 28 2014......SUNRISE   727 AM MST   SUNSET   449 PM MST
NOVEMBER 29 2014......SUNRISE   728 AM MST   SUNSET   449 PM MST


-  INDICATES NEGATIVE NUMBERS.
R  INDICATES RECORD WAS SET OR TIED.
MM INDICATES DATA IS MISSING.
T  INDICATES TRACE AMOUNT.




$$
