000
CDUS45 KRIW 110729
CLIBPI


CLIMATE REPORT
NATIONAL WEATHER SERVICE RIVERTON WY
1228 AM MST MON DEC 11 2017


...................................

...THE BIG PINEY WY CLIMATE SUMMARY FOR DECEMBER 10 2017...

CLIMATE NORMAL PERIOD 1981 TO 2010
CLIMATE RECORD PERIOD 1976 TO 2017


WEATHER ITEM   OBSERVED TIME   RECORD YEAR NORMAL DEPARTURE LAST
                VALUE   (LST)  VALUE       VALUE  FROM      YEAR
                                                  NORMAL
..................................................................
TEMPERATURE (F)
 YESTERDAY
  MAXIMUM         52R   316 PM  49    2014  27     25       38
  MINIMUM         15   1046 PM -28    2009   0     15       14
  AVERAGE         34                        13     21       26

PRECIPITATION (IN)
  YESTERDAY        0.00          0.06 2010   0.01  -0.01      T
  MONTH TO DATE    T                         0.09  -0.09     0.12
  SINCE DEC 1      T                         0.09  -0.09     0.12
  SINCE JAN 1      9.08                      6.27   2.81    12.16

DEGREE DAYS
 HEATING
  YESTERDAY       31                        52    -21       39
  MONTH TO DATE  390                       505   -115      546
  SINCE DEC 1    390                       505   -115      546
  SINCE JUL 1   2946                      3320   -374     2995

 COOLING
  YESTERDAY        0                         0      0        0
  MONTH TO DATE    0                         0      0        0
  SINCE DEC 1      0                         0      0        0
  SINCE JAN 1     27                        35     -8       23
..................................................................


WIND (MPH)
  HIGHEST WIND SPEED    17   HIGHEST WIND DIRECTION     N (10)
  HIGHEST GUST SPEED    20   HIGHEST GUST DIRECTION     N (20)
  AVERAGE WIND SPEED     8.6


SKY COVER
  POSSIBLE SUNSHINE  MM
  AVERAGE SKY COVER 0.0


WEATHER CONDITIONS
 THE FOLLOWING WEATHER WAS RECORDED YESTERDAY.
  NO SIGNIFICANT WEATHER WAS OBSERVED.


RELATIVE HUMIDITY (PERCENT)
 HIGHEST    49           800 AM
 LOWEST      9           400 PM
 AVERAGE    29

..........................................................


THE BIG PINEY WY CLIMATE NORMALS FOR TODAY
                         NORMAL    RECORD    YEAR
 MAXIMUM TEMPERATURE (F)   27        45      1995
 MINIMUM TEMPERATURE (F)    1       -27      2009


SUNRISE AND SUNSET
DECEMBER 11 2017......SUNRISE   740 AM MST   SUNSET   447 PM MST
DECEMBER 12 2017......SUNRISE   741 AM MST   SUNSET   447 PM MST


-  INDICATES NEGATIVE NUMBERS.
R  INDICATES RECORD WAS SET OR TIED.
MM INDICATES DATA IS MISSING.
T  INDICATES TRACE AMOUNT.




$$
