761
CDUS45 KRIW 270739
CLIBPI


CLIMATE REPORT
NATIONAL WEATHER SERVICE RIVERTON WY
138 AM MDT FRI MAY 27 2016


...................................

...THE BIG PINEY WY CLIMATE SUMMARY FOR MAY 26 2016...

CLIMATE NORMAL PERIOD 1981 TO 2010
CLIMATE RECORD PERIOD 1976 TO 2016


WEATHER ITEM   OBSERVED TIME   RECORD YEAR NORMAL DEPARTURE LAST
                VALUE   (LST)  VALUE       VALUE  FROM      YEAR
                                                  NORMAL
..................................................................
TEMPERATURE (F)
 YESTERDAY
  MAXIMUM         62    518 PM  80    2003  65     -3       59
  MINIMUM         30    515 AM  23    1977  33     -3       35
  AVERAGE         46                        49     -3       47

PRECIPITATION (IN)
  YESTERDAY        0.00          0.28 1981   0.03  -0.03      T
  MONTH TO DATE    3.85                      0.70   3.15     2.05
  SINCE MAR 1      5.74                      1.67   4.07     2.67
  SINCE JAN 1      5.91                      2.33   3.58     2.73

DEGREE DAYS
 HEATING
  YESTERDAY       19                        16      3       18
  MONTH TO DATE  523                       519      4      505
  SINCE MAR 1   2331                      2527   -196     2215
  SINCE JUL 1   9185                     10050   -865     8315

 COOLING
  YESTERDAY        0                         0      0        0
  MONTH TO DATE    0                         0      0        0
  SINCE MAR 1      0                         0      0        0
  SINCE JAN 1      0                         0      0        0
..................................................................


WIND (MPH)
  HIGHEST WIND SPEED    21   HIGHEST WIND DIRECTION     N (10)
  HIGHEST GUST SPEED    25   HIGHEST GUST DIRECTION     N (10)
  AVERAGE WIND SPEED     9.2


SKY COVER
  POSSIBLE SUNSHINE  MM
  AVERAGE SKY COVER 0.2


WEATHER CONDITIONS
 THE FOLLOWING WEATHER WAS RECORDED YESTERDAY.
  NO SIGNIFICANT WEATHER WAS OBSERVED.


RELATIVE HUMIDITY (PERCENT)
 HIGHEST    92           100 AM
 LOWEST     25           400 PM
 AVERAGE    59

..........................................................


THE BIG PINEY WY CLIMATE NORMALS FOR TODAY
                         NORMAL    RECORD    YEAR
 MAXIMUM TEMPERATURE (F)   65        82      2003
 MINIMUM TEMPERATURE (F)   33        25      2011
                                             1983


SUNRISE AND SUNSET
MAY 27 2016...........SUNRISE   548 AM MDT   SUNSET   848 PM MDT
MAY 28 2016...........SUNRISE   547 AM MDT   SUNSET   849 PM MDT


-  INDICATES NEGATIVE NUMBERS.
R  INDICATES RECORD WAS SET OR TIED.
MM INDICATES DATA IS MISSING.
T  INDICATES TRACE AMOUNT.




$$
