000
CDUS45 KRIW 280048
CLIBPI


CLIMATE REPORT
NATIONAL WEATHER SERVICE RIVERTON WY
643 PM MDT THU AUG 27 2015


...................................

...THE BIG PINEY WY CLIMATE SUMMARY FOR AUGUST 27 2015...
VALID TODAY AS OF 0500 PM LOCAL TIME.

CLIMATE NORMAL PERIOD 1981 TO 2010
CLIMATE RECORD PERIOD 1976 TO 2015


WEATHER ITEM   OBSERVED TIME   RECORD YEAR NORMAL DEPARTURE LAST
                VALUE   (LST)  VALUE       VALUE  FROM      YEAR
                                                  NORMAL
..................................................................
TEMPERATURE (F)
 TODAY
  MAXIMUM         80        MM  87    2001  76      4       57
  MINIMUM         48        MM  19    1992  38     10       44
  AVERAGE         64

PRECIPITATION (IN)
  TODAY            T             0.50 2010   0.02  -0.02      T
  MONTH TO DATE    0.39                      0.59  -0.20     1.41
  SINCE JUN 1      2.35                      2.09   0.26     2.03
  SINCE JAN 1      5.33                      4.56   0.77     3.18

DEGREE DAYS
 HEATING
  TODAY            1                         8     -7       14
  MONTH TO DATE  103                       140    -37      137
  SINCE JUN 1    396                       562   -166      538
  SINCE JUL 1    261                       257      4      191

 COOLING
  TODAY            0                         0      0        0
  MONTH TO DATE   10                        12     -2        0
  SINCE JUN 1     52                        36     16       26
  SINCE JAN 1     52                        36     16       26
..................................................................


WIND (MPH)
  HIGHEST WIND SPEED    21   HIGHEST WIND DIRECTION     N (350)
  HIGHEST GUST SPEED    32   HIGHEST GUST DIRECTION     N (350)
  AVERAGE WIND SPEED     9.4


SKY COVER
  POSSIBLE SUNSHINE  MM
  AVERAGE SKY COVER 0.3


WEATHER CONDITIONS
 THE FOLLOWING WEATHER WAS RECORDED TODAY.
  LIGHT RAIN


RELATIVE HUMIDITY (PERCENT)
 HIGHEST    96           300 AM
 LOWEST     21           300 PM
 AVERAGE    59

..........................................................


THE BIG PINEY WY CLIMATE NORMALS FOR TOMORROW
                         NORMAL    RECORD    YEAR
 MAXIMUM TEMPERATURE (F)   76        88      2012
 MINIMUM TEMPERATURE (F)   37        26      1976


SUNRISE AND SUNSET
AUGUST 27 2015........SUNRISE   640 AM MDT   SUNSET   803 PM MDT
AUGUST 28 2015........SUNRISE   641 AM MDT   SUNSET   802 PM MDT


-  INDICATES NEGATIVE NUMBERS.
R  INDICATES RECORD WAS SET OR TIED.
MM INDICATES DATA IS MISSING.
T  INDICATES TRACE AMOUNT.




$$
