000
CDUS44 KLCH 252237
CLIBPT


CLIMATE REPORT
NATIONAL WEATHER SERVICE LAKE CHARLES, LA
537 PM CDT FRI JUL 25 2014


...................................

...THE BEAUMONT PORT ARTHUR CLIMATE SUMMARY FOR JULY 25 2014...
VALID TODAY AS OF 0500 PM LOCAL TIME.

CLIMATE NORMAL PERIOD 1981 TO 2010
CLIMATE RECORD PERIOD 1901 TO 2014


WEATHER ITEM   OBSERVED TIME   RECORD YEAR NORMAL DEPARTURE LAST
                VALUE   (LST)  VALUE       VALUE  FROM      YEAR
                                                  NORMAL
..................................................................
TEMPERATURE (F)
 TODAY
  MAXIMUM         93    326 PM 101    1924  92      1       95
  MINIMUM         76    549 AM  66    1915  74      2       77
  AVERAGE         85                        83      2       86

PRECIPITATION (IN)
  TODAY            T             8.65 1979   0.17  -0.17      T
  MONTH TO DATE   12.39                      4.90   7.49     2.75
  SINCE JUN 1     16.28                     11.99   4.29     5.92
  SINCE JAN 1     28.73                     32.80  -4.07    34.01

SNOWFALL (IN)
  TODAY            0.0           0.0    MM   0.0    0.0      0.0
  MONTH TO DATE    0.0                       0.0    0.0      0.0
  SINCE JUN 1      0.0                       0.0    0.0      0.0
  SINCE JUL 1      0.0                       0.0    0.0      0.0
  SNOW DEPTH       0

DEGREE DAYS
 HEATING
  TODAY            0                         0      0        0
  MONTH TO DATE    0                         0      0        0
  SINCE JUN 1      0                         0      0        0
  SINCE JUL 1      0                         0      0        0

 COOLING
  TODAY           20                        18      2       21
  MONTH TO DATE  438                       450    -12      459
  SINCE JUN 1    948                       934     14      992
  SINCE JAN 1   1442                      1500    -58     1479
..................................................................


WIND (MPH)
  HIGHEST WIND SPEED    17   HIGHEST WIND DIRECTION     S (160)
  HIGHEST GUST SPEED    23   HIGHEST GUST DIRECTION     S (160)
  AVERAGE WIND SPEED     5.0


SKY COVER
  POSSIBLE SUNSHINE  MM
  AVERAGE SKY COVER 0.1


WEATHER CONDITIONS
 THE FOLLOWING WEATHER WAS RECORDED TODAY.
  FOG


RELATIVE HUMIDITY (PERCENT)
 HIGHEST    94           400 AM
 LOWEST     56           200 PM
 AVERAGE    75

..........................................................


THE BEAUMONT PORT ARTHUR CLIMATE NORMALS FOR TOMORROW
                         NORMAL    RECORD    YEAR
 MAXIMUM TEMPERATURE (F)   92       100      1924
                                             1917
 MINIMUM TEMPERATURE (F)   74        69      2000


SUNRISE AND SUNSET
JULY 25 2014..........SUNRISE   631 AM CDT   SUNSET   814 PM CDT
JULY 26 2014..........SUNRISE   632 AM CDT   SUNSET   813 PM CDT


-  INDICATES NEGATIVE NUMBERS.
R  INDICATES RECORD WAS SET OR TIED.
MM INDICATES DATA IS MISSING.
T  INDICATES TRACE AMOUNT.




$$
