000
CDUS44 KLCH 251245
CLIBPT


CLIMATE REPORT
NATIONAL WEATHER SERVICE LAKE CHARLES, LA
645 AM CST SAT FEB 25 2017


...................................

...THE BEAUMONT PORT ARTHUR CLIMATE SUMMARY FOR FEBRUARY 24 2017...

CLIMATE NORMAL PERIOD 1981 TO 2010
CLIMATE RECORD PERIOD 1901 TO 2017


WEATHER ITEM   OBSERVED TIME   RECORD YEAR NORMAL DEPARTURE LAST
                VALUE   (LST)  VALUE       VALUE  FROM      YEAR
                                                  NORMAL
..................................................................
TEMPERATURE (F)
 YESTERDAY
  MAXIMUM         82    133 PM  90    1906  67     15       64
  MINIMUM         60   1159 PM  25    1968  48     12       43
  AVERAGE         71                        58     13       54

PRECIPITATION (IN)
  YESTERDAY        0.00          1.80 1959   0.12  -0.12      T
  MONTH TO DATE    1.11                      3.11  -2.00     1.97
  SINCE DEC 1     15.07                     13.66   1.41    10.10
  SINCE JAN 1      2.05                      8.37  -6.32     5.96

SNOWFALL (IN)
  YESTERDAY        0.0           T    1914   0.0    0.0     MM
  MONTH TO DATE    0.0                       0.0    0.0      0.0
  SINCE DEC 1      0.0                       T      0.0      0.0
  SINCE JUL 1      0.0                       T      0.0      0.0
  SNOW DEPTH       0

DEGREE DAYS
 HEATING
  YESTERDAY        0                         8     -8       11
  MONTH TO DATE   57                       240   -183      167
  SINCE DEC 1    477                       988   -511      723
  SINCE JUL 1    547                      1183   -636      787

 COOLING
  YESTERDAY        6                         1      5        0
  MONTH TO DATE   97                        12     85       23
  SINCE DEC 1    243                        45    198       97
  SINCE JAN 1    173                        23    150       29
..................................................................


WIND (MPH)
  HIGHEST WIND SPEED    21   HIGHEST WIND DIRECTION     N (350)
  HIGHEST GUST SPEED    26   HIGHEST GUST DIRECTION     N (340)
  AVERAGE WIND SPEED    10.0


SKY COVER
  POSSIBLE SUNSHINE  MM
  AVERAGE SKY COVER 0.5


WEATHER CONDITIONS
 THE FOLLOWING WEATHER WAS RECORDED YESTERDAY.
  NO SIGNIFICANT WEATHER WAS OBSERVED.


RELATIVE HUMIDITY (PERCENT)
 HIGHEST    93          1200 AM
 LOWEST     51           100 PM
 AVERAGE    72

..........................................................


THE BEAUMONT PORT ARTHUR CLIMATE NORMALS FOR TODAY
                         NORMAL    RECORD    YEAR
 MAXIMUM TEMPERATURE (F)   67        85      1918
 MINIMUM TEMPERATURE (F)   49        25      1965


SUNRISE AND SUNSET
FEBRUARY 25 2017......SUNRISE   646 AM CST   SUNSET   613 PM CST
FEBRUARY 26 2017......SUNRISE   645 AM CST   SUNSET   613 PM CST


-  INDICATES NEGATIVE NUMBERS.
R  INDICATES RECORD WAS SET OR TIED.
MM INDICATES DATA IS MISSING.
T  INDICATES TRACE AMOUNT.




$$
