000
CDUS44 KLCH 102210
CLIBPT


CLIMATE REPORT
NATIONAL WEATHER SERVICE LAKE CHARLES, LA
409 PM CST SUN DEC 10 2017


...................................

...THE BEAUMONT PORT ARTHUR CLIMATE SUMMARY FOR DECEMBER 10 2017...
VALID TODAY AS OF 0400 PM LOCAL TIME.

CLIMATE NORMAL PERIOD 1981 TO 2010
CLIMATE RECORD PERIOD 1901 TO 2017


WEATHER ITEM   OBSERVED TIME   RECORD YEAR NORMAL DEPARTURE LAST
                VALUE   (LST)  VALUE       VALUE  FROM      YEAR
                                                  NORMAL
..................................................................
TEMPERATURE (F)
 TODAY
  MAXIMUM         64    245 PM  86    1918  65     -1       57
  MINIMUM         34    721 AM  24    1978  46    -12       35
  AVERAGE         49                        55     -6       46

PRECIPITATION (IN)
  TODAY            0.00          3.69 1964   0.16  -0.16     0.00
  MONTH TO DATE    4.09                      1.61   2.48     8.41
  SINCE DEC 1      4.09                      1.61   2.48     8.41
  SINCE JAN 1    102.78                     56.79  45.99    73.39

SNOWFALL (IN)
  TODAY            0.0           0.0    MM   0.0    0.0      0.0
  MONTH TO DATE    3.0                       0.0    3.0      0.0
  SINCE DEC 1      3.0                       0.0    3.0      0.0
  SINCE JUL 1      3.0                       0.0    3.0      0.0
  SNOW DEPTH       0

DEGREE DAYS
 HEATING
  TODAY           16                        11      5       19
  MONTH TO DATE  118                        99     19      114
  SINCE DEC 1    118                        99     19      114
  SINCE JUL 1    248                       294    -46      184

 COOLING
  TODAY            0                         1     -1        0
  MONTH TO DATE    9                        10     -1        0
  SINCE DEC 1      9                        10     -1        0
  SINCE JAN 1   3115                      2865    250     3401
..................................................................


WIND (MPH)
  HIGHEST WIND SPEED     9   HIGHEST WIND DIRECTION     W (250)
  HIGHEST GUST SPEED    12   HIGHEST GUST DIRECTION    SW (230)
  AVERAGE WIND SPEED     3.9


SKY COVER
  POSSIBLE SUNSHINE  MM
  AVERAGE SKY COVER 0.0


WEATHER CONDITIONS
 THE FOLLOWING WEATHER WAS RECORDED TODAY.
  NO SIGNIFICANT WEATHER WAS OBSERVED.


RELATIVE HUMIDITY (PERCENT)
 HIGHEST    92           400 AM
 LOWEST     30           200 PM
 AVERAGE    61

..........................................................


THE BEAUMONT PORT ARTHUR CLIMATE NORMALS FOR TOMORROW
                         NORMAL    RECORD    YEAR
 MAXIMUM TEMPERATURE (F)   64        85      1918
 MINIMUM TEMPERATURE (F)   45        28      1958
                                             1957


SUNRISE AND SUNSET
DECEMBER 10 2017......SUNRISE   701 AM CST   SUNSET   517 PM CST
DECEMBER 11 2017......SUNRISE   702 AM CST   SUNSET   517 PM CST


-  INDICATES NEGATIVE NUMBERS.
R  INDICATES RECORD WAS SET OR TIED.
MM INDICATES DATA IS MISSING.
T  INDICATES TRACE AMOUNT.




$$
