000
CDUS44 KLCH 200929
CLIBPT


CLIMATE REPORT
NATIONAL WEATHER SERVICE LAKE CHARLES, LA
428 AM CDT SUN APR 20 2014


...................................

...THE BEAUMONT PORT ARTHUR CLIMATE SUMMARY FOR APRIL 19 2014...

CLIMATE NORMAL PERIOD 1981 TO 2010
CLIMATE RECORD PERIOD 1901 TO 2014


WEATHER ITEM   OBSERVED TIME   RECORD YEAR NORMAL DEPARTURE LAST
                VALUE   (LST)  VALUE       VALUE  FROM      YEAR
                                                  NORMAL
..................................................................
TEMPERATURE (F)
 YESTERDAY
  MAXIMUM         80    245 PM  90    1965  79      1       67
  MINIMUM         58   1110 PM  44    2008  60     -2       46
  AVERAGE         69                        69      0       57

PRECIPITATION (IN)
  YESTERDAY        0.00          2.64 1979   0.11  -0.11     0.00
  MONTH TO DATE    1.98                      1.89   0.09     5.17
  SINCE MAR 1      4.27                      5.42  -1.15     6.28
  SINCE JAN 1     10.99                     14.26  -3.27    17.80

SNOWFALL (IN)
  YESTERDAY        0.0           0.0    MM   0.0    0.0      0.0
  MONTH TO DATE    0.0                       0.0    0.0      0.0
  SINCE MAR 1      0.0                       0.0    0.0      0.0
  SINCE JUL 1      0.3                       T      0.3      0.0
  SNOW DEPTH       0

DEGREE DAYS
 HEATING
  YESTERDAY        0                         1     -1        8
  MONTH TO DATE   37                        34      3       49
  SINCE MAR 1    241                       182     59      250
  SINCE JUL 1   1710                      1395    315     1222

 COOLING
  YESTERDAY        4                         5     -1        0
  MONTH TO DATE   63                        76    -13       61
  SINCE MAR 1     86                       131    -45      104
  SINCE JAN 1    110                       157    -47      134
..................................................................


WIND (MPH)
  HIGHEST WIND SPEED    14   HIGHEST WIND DIRECTION     E (110)
  HIGHEST GUST SPEED    19   HIGHEST GUST DIRECTION     E (80)
  AVERAGE WIND SPEED     6.9


SKY COVER
  POSSIBLE SUNSHINE  MM
  AVERAGE SKY COVER 0.3


WEATHER CONDITIONS
 THE FOLLOWING WEATHER WAS RECORDED YESTERDAY.
  FOG


RELATIVE HUMIDITY (PERCENT)
 HIGHEST    97          1000 PM
 LOWEST     47           300 PM
 AVERAGE    72

..........................................................


THE BEAUMONT PORT ARTHUR CLIMATE NORMALS FOR TODAY
                         NORMAL    RECORD    YEAR
 MAXIMUM TEMPERATURE (F)   79        92      1987
 MINIMUM TEMPERATURE (F)   60        40      2013


SUNRISE AND SUNSET
APRIL 20 2014.........SUNRISE   644 AM CDT   SUNSET   746 PM CDT
APRIL 21 2014.........SUNRISE   643 AM CDT   SUNSET   747 PM CDT


-  INDICATES NEGATIVE NUMBERS.
R  INDICATES RECORD WAS SET OR TIED.
MM INDICATES DATA IS MISSING.
T  INDICATES TRACE AMOUNT.




$$
