000
CDUS44 KLCH 061245
CLIBPT


CLIMATE REPORT
NATIONAL WEATHER SERVICE LAKE CHARLES, LA
645 AM CST SAT FEB 6 2016


...................................

...THE BEAUMONT PORT ARTHUR CLIMATE SUMMARY FOR FEBRUARY 5 2016...

CLIMATE NORMAL PERIOD 1981 TO 2010
CLIMATE RECORD PERIOD 1901 TO 2016


WEATHER ITEM   OBSERVED TIME   RECORD YEAR NORMAL DEPARTURE LAST
                VALUE   (LST)  VALUE       VALUE  FROM      YEAR
                                                  NORMAL
..................................................................
TEMPERATURE (F)
 YESTERDAY
  MAXIMUM         59    125 PM  82    1921  64     -5       54
  MINIMUM         31    459 AM  22    2011  45    -14       44
                                      1917
  AVERAGE         45                        54     -9       49

PRECIPITATION (IN)
  YESTERDAY        0.00          2.20 1955   0.12  -0.12     0.00
  MONTH TO DATE    0.02                      0.68  -0.66     0.42
  SINCE DEC 1      8.15                     11.23  -3.08     9.55
  SINCE JAN 1      4.01                      5.94  -1.93     6.41

SNOWFALL (IN)
  YESTERDAY        0.0           T    1988   0.0    0.0     MM
                                      1923
  MONTH TO DATE    0.0                       0.0    0.0      0.0
  SINCE DEC 1      0.0                       T      0.0      0.0
  SINCE JUL 1      0.0                       T      0.0      0.0
  SNOW DEPTH       0

DEGREE DAYS
 HEATING
  YESTERDAY       20                        11      9       16
  MONTH TO DATE   54                        57     -3       72
  SINCE DEC 1    610                       805   -195      761
  SINCE JUL 1    674                      1000   -326      998

 COOLING
  YESTERDAY        0                         0      0        0
  MONTH TO DATE    5                         0      5        1
  SINCE DEC 1     79                        33     46       21
  SINCE JAN 1     11                        11      0        1
..................................................................


WIND (MPH)
  HIGHEST WIND SPEED    14   HIGHEST WIND DIRECTION    SE (140)
  HIGHEST GUST SPEED    17   HIGHEST GUST DIRECTION    SE (130)
  AVERAGE WIND SPEED     5.6


SKY COVER
  POSSIBLE SUNSHINE  MM
  AVERAGE SKY COVER 0.0


WEATHER CONDITIONS
 THE FOLLOWING WEATHER WAS RECORDED YESTERDAY.
  NO SIGNIFICANT WEATHER WAS OBSERVED.


RELATIVE HUMIDITY (PERCENT)
 HIGHEST    92           500 AM
 LOWEST     24          1100 AM
 AVERAGE    58

..........................................................


THE BEAUMONT PORT ARTHUR CLIMATE NORMALS FOR TODAY
                         NORMAL    RECORD    YEAR
 MAXIMUM TEMPERATURE (F)   64        80      1969
                                             1950
                                             1911
 MINIMUM TEMPERATURE (F)   45        10      1906


SUNRISE AND SUNSET
FEBRUARY  6 2016......SUNRISE   703 AM CST   SUNSET   557 PM CST
FEBRUARY  7 2016......SUNRISE   703 AM CST   SUNSET   558 PM CST


-  INDICATES NEGATIVE NUMBERS.
R  INDICATES RECORD WAS SET OR TIED.
MM INDICATES DATA IS MISSING.
T  INDICATES TRACE AMOUNT.




$$
