000
CDUS43 KDVN 272123
CLIBRL


CLIMATE REPORT
NATIONAL WEATHER SERVICE QUAD CITIES IA IL
423 PM CDT WED MAY 27 2015


...................................

...THE BURLINGTON IA CLIMATE SUMMARY FOR MAY 27 2015...
VALID TODAY AS OF 0400 PM LOCAL TIME.

CLIMATE NORMAL PERIOD 1981 TO 2010
CLIMATE RECORD PERIOD 1897 TO 2015


WEATHER ITEM   OBSERVED TIME   RECORD YEAR NORMAL DEPARTURE LAST
                VALUE   (LST)  VALUE       VALUE  FROM      YEAR
                                                  NORMAL
..................................................................
TEMPERATURE (F)
 TODAY
  MAXIMUM         79    259 PM  93    2012  78      1       85
                                      2006
                                      1914
  MINIMUM         61    523 AM  36    1907  57      4       64
  AVERAGE         70                        67      3       75

PRECIPITATION (IN)
  TODAY            0.00         MM      MM   0.14  -0.14     0.02
  MONTH TO DATE    3.71                      4.25  -0.54     1.29
  SINCE MAR 1      5.61                     10.80  -5.19     6.50
  SINCE JAN 1      8.03                     13.66  -5.63    10.87

DEGREE DAYS
 HEATING
  TODAY            0                         2     -2        0
  MONTH TO DATE   90                       118    -28      143
  SINCE MAR 1   1154                      1202    -48     1501
  SINCE JUL 1   6085                      5580    505     6824

 COOLING
  TODAY            5                         4      1       10
  MONTH TO DATE   75                        64     11       88
  SINCE MAR 1     78                        84     -6       96
  SINCE JAN 1     78                        84     -6       96
..................................................................


WIND (MPH)
  HIGHEST WIND SPEED    14   HIGHEST WIND DIRECTION    NW (320)
  HIGHEST GUST SPEED    19   HIGHEST GUST DIRECTION    NW (310)
  AVERAGE WIND SPEED     7.1


SKY COVER
  POSSIBLE SUNSHINE  MM
  AVERAGE SKY COVER 0.3


WEATHER CONDITIONS
 THE FOLLOWING WEATHER WAS RECORDED TODAY.
  NO SIGNIFICANT WEATHER WAS OBSERVED.


RELATIVE HUMIDITY (PERCENT)
 HIGHEST    97           500 AM
 LOWEST     48           300 PM
 AVERAGE    73

..........................................................


THE BURLINGTON IA CLIMATE NORMALS FOR TOMORROW
                         NORMAL    RECORD    YEAR
 MAXIMUM TEMPERATURE (F)   78        94      2006
 MINIMUM TEMPERATURE (F)   57        37      1947


SUNRISE AND SUNSET
MAY 27 2015...........SUNRISE   538 AM CDT   SUNSET   826 PM CDT
MAY 28 2015...........SUNRISE   537 AM CDT   SUNSET   826 PM CDT


-  INDICATES NEGATIVE NUMBERS.
R  INDICATES RECORD WAS SET OR TIED.
MM INDICATES DATA IS MISSING.
T  INDICATES TRACE AMOUNT.




$$
