000
CDUS43 KDVN 071018
CLIBRL


CLIMATE REPORT
NATIONAL WEATHER SERVICE QUAD CITIES IA IL
416 AM CST WED DEC 7 2016


...................................

...THE BURLINGTON IA CLIMATE SUMMARY FOR DECEMBER 6 2016...

CLIMATE NORMAL PERIOD 1981 TO 2010
CLIMATE RECORD PERIOD 1897 TO 2016


WEATHER ITEM   OBSERVED TIME   RECORD YEAR NORMAL DEPARTURE LAST
                VALUE   (LST)  VALUE       VALUE  FROM      YEAR
                                                  NORMAL
..................................................................
TEMPERATURE (F)
 YESTERDAY
  MAXIMUM         37    236 PM  67    1951  40     -3       43
  MINIMUM         28   1159 PM  -4    1977  24      4       32
  AVERAGE         33                        32      1       38

PRECIPITATION (IN)
  YESTERDAY        0.00         MM      MM   0.08  -0.08      T
  MONTH TO DATE    0.51                      0.47   0.04     0.03
  SINCE DEC 1      0.51                      0.47   0.04     0.03
  SINCE JAN 1     32.13                     36.86  -4.73    37.76

DEGREE DAYS
 HEATING
  YESTERDAY       32                        33     -1       27
  MONTH TO DATE  176                       192    -16      161
  SINCE DEC 1    176                       192    -16      161
  SINCE JUL 1    932                      1265   -333     1078

 COOLING
  YESTERDAY        0                         0      0        0
  MONTH TO DATE    0                         0      0        0
  SINCE DEC 1      0                         0      0        0
  SINCE JAN 1   1276                      1207     69     1093
..................................................................


WIND (MPH)
  HIGHEST WIND SPEED    20   HIGHEST WIND DIRECTION    NW (310)
  HIGHEST GUST SPEED    28   HIGHEST GUST DIRECTION    NW (310)
  AVERAGE WIND SPEED     8.1


SKY COVER
  POSSIBLE SUNSHINE  MM
  AVERAGE SKY COVER 0.5


WEATHER CONDITIONS
 THE FOLLOWING WEATHER WAS RECORDED YESTERDAY.
  FOG


RELATIVE HUMIDITY (PERCENT)
 HIGHEST   100           300 AM
 LOWEST     56           400 PM
 AVERAGE    78

..........................................................


THE BURLINGTON IA CLIMATE NORMALS FOR TODAY
                         NORMAL    RECORD    YEAR
 MAXIMUM TEMPERATURE (F)   40        66      1916
 MINIMUM TEMPERATURE (F)   23        -9      1976


SUNRISE AND SUNSET
DECEMBER  7 2016......SUNRISE   716 AM CST   SUNSET   437 PM CST
DECEMBER  8 2016......SUNRISE   716 AM CST   SUNSET   437 PM CST


-  INDICATES NEGATIVE NUMBERS.
R  INDICATES RECORD WAS SET OR TIED.
MM INDICATES DATA IS MISSING.
T  INDICATES TRACE AMOUNT.




$$
