000
CDUS43 KDVN 171030
CLIBRL


CLIMATE REPORT
NATIONAL WEATHER SERVICE QUAD CITIES IA IL
428 AM CST TUE JAN 17 2017


...................................

...THE BURLINGTON IA CLIMATE SUMMARY FOR JANUARY 16 2017...

CLIMATE NORMAL PERIOD 1981 TO 2010
CLIMATE RECORD PERIOD 1897 TO 2017


WEATHER ITEM   OBSERVED TIME   RECORD YEAR NORMAL DEPARTURE LAST
                VALUE   (LST)  VALUE       VALUE  FROM      YEAR
                                                  NORMAL
..................................................................
TEMPERATURE (F)
 YESTERDAY
  MAXIMUM         40    905 PM  63    1900  34      6       26
  MINIMUM         32    703 AM -21    2009  17     15        8
  AVERAGE         36                        26     10       17

PRECIPITATION (IN)
  YESTERDAY        1.05         MM      MM   0.05   0.00     0.00
  MONTH TO DATE    1.27                      0.67   0.60     0.34
  SINCE DEC 1      2.25                      2.76  -0.51     4.85
  SINCE JAN 1      1.27                      0.67   0.60     0.34

DEGREE DAYS
 HEATING
  YESTERDAY       29                        39    -10       48
  MONTH TO DATE  658                       624     34      622
  SINCE DEC 1   1817                      1737     80     1416
  SINCE JUL 1   2573                      2810   -237     2333

 COOLING
  YESTERDAY        0                         0      0        0
  MONTH TO DATE    0                         0      0        0
  SINCE DEC 1      0                         0      0        0
  SINCE JAN 1      0                         0      0        0
..................................................................


WIND (MPH)
  HIGHEST WIND SPEED    15   HIGHEST WIND DIRECTION     E (100)
  HIGHEST GUST SPEED    19   HIGHEST GUST DIRECTION     E (110)
  AVERAGE WIND SPEED     6.2


SKY COVER
  POSSIBLE SUNSHINE  MM
  AVERAGE SKY COVER 1.0


WEATHER CONDITIONS
 THE FOLLOWING WEATHER WAS RECORDED YESTERDAY.
  RAIN
  LIGHT RAIN
  LT FREEZING RAIN
  FOG
  FOG W/VISIBILITY <= 1/4 MILE
  HAZE


RELATIVE HUMIDITY (PERCENT)
 HIGHEST   100           300 AM
 LOWEST     85          1200 AM
 AVERAGE    93

..........................................................


THE BURLINGTON IA CLIMATE NORMALS FOR TODAY
                         NORMAL    RECORD    YEAR
 MAXIMUM TEMPERATURE (F)   34        63      1996
 MINIMUM TEMPERATURE (F)   17       -23      1977


SUNRISE AND SUNSET
JANUARY 17 2017.......SUNRISE   725 AM CST   SUNSET   504 PM CST
JANUARY 18 2017.......SUNRISE   725 AM CST   SUNSET   505 PM CST


-  INDICATES NEGATIVE NUMBERS.
R  INDICATES RECORD WAS SET OR TIED.
MM INDICATES DATA IS MISSING.
T  INDICATES TRACE AMOUNT.




$$
