000
CDUS43 KDVN 091011
CLIBRL


CLIMATE REPORT
NATIONAL WEATHER SERVICE QUAD CITIES IA IL
410 AM CST TUE FEB 9 2016


...................................

...THE BURLINGTON IA CLIMATE SUMMARY FOR FEBRUARY 8 2016...

CLIMATE NORMAL PERIOD 1981 TO 2010
CLIMATE RECORD PERIOD 1897 TO 2016


WEATHER ITEM   OBSERVED TIME   RECORD YEAR NORMAL DEPARTURE LAST
                VALUE   (LST)  VALUE       VALUE  FROM      YEAR
                                                  NORMAL
..................................................................
TEMPERATURE (F)
 YESTERDAY
  MAXIMUM         34   1239 AM  66    1990  37     -3       44
  MINIMUM         17   1159 PM -21    1899  19     -2       31
  AVERAGE         26                        28     -2       38

PRECIPITATION (IN)
  YESTERDAY        0.02         MM      MM   0.05  -0.03     0.00
  MONTH TO DATE    0.71                      0.38   0.33     0.50
  SINCE DEC 1      5.76                      3.71   2.05     2.70
  SINCE JAN 1      1.25                      1.62  -0.37     2.04

DEGREE DAYS
 HEATING
  YESTERDAY       39                        37      2       27
  MONTH TO DATE  267                       301    -34      354
  SINCE DEC 1   2286                      2629   -343     2577
  SINCE JUL 1   3203                      3702   -499     3954

 COOLING
  YESTERDAY        0                         0      0        0
  MONTH TO DATE    0                         0      0        0
  SINCE DEC 1      0                         0      0        0
  SINCE JAN 1      0                         0      0        0
..................................................................


WIND (MPH)
  HIGHEST WIND SPEED    24   HIGHEST WIND DIRECTION    NW (310)
  HIGHEST GUST SPEED    34   HIGHEST GUST DIRECTION    NW (320)
  AVERAGE WIND SPEED    16.1


SKY COVER
  POSSIBLE SUNSHINE  MM
  AVERAGE SKY COVER 1.0


WEATHER CONDITIONS
 THE FOLLOWING WEATHER WAS RECORDED YESTERDAY.
  LIGHT SNOW
  FOG
  HAZE


RELATIVE HUMIDITY (PERCENT)
 HIGHEST   100           200 AM
 LOWEST     67           700 PM
 AVERAGE    84

..........................................................


THE BURLINGTON IA CLIMATE NORMALS FOR TODAY
                         NORMAL    RECORD    YEAR
 MAXIMUM TEMPERATURE (F)   37        65      1943
 MINIMUM TEMPERATURE (F)   20       -24      1899


SUNRISE AND SUNSET
FEBRUARY  9 2016......SUNRISE   706 AM CST   SUNSET   531 PM CST
FEBRUARY 10 2016......SUNRISE   705 AM CST   SUNSET   533 PM CST


-  INDICATES NEGATIVE NUMBERS.
R  INDICATES RECORD WAS SET OR TIED.
MM INDICATES DATA IS MISSING.
T  INDICATES TRACE AMOUNT.




$$
