000
CDUS43 KDVN 200918
CLIBRL


CLIMATE REPORT
NATIONAL WEATHER SERVICE QUAD CITIES IA IL
417 AM CDT MON OCT 20 2014


...................................

...THE BURLINGTON IA CLIMATE SUMMARY FOR OCTOBER 19 2014...

CLIMATE NORMAL PERIOD 1981 TO 2010
CLIMATE RECORD PERIOD 1897 TO 2014


WEATHER ITEM   OBSERVED TIME   RECORD YEAR NORMAL DEPARTURE LAST
                VALUE   (LST)  VALUE       VALUE  FROM      YEAR
                                                  NORMAL
..................................................................
TEMPERATURE (F)
 YESTERDAY
  MAXIMUM         64    216 PM  85    1953  65     -1       59
  MINIMUM         35    427 AM  18    1972  44     -9       35
  AVERAGE         50                        54     -4       47

PRECIPITATION (IN)
  YESTERDAY        0.00         MM      MM   0.10  -0.10     0.00
  MONTH TO DATE    4.13                      1.98   2.15     0.32
  SINCE SEP 1      9.27                      5.50   3.77     1.52
  SINCE JAN 1     38.34                     32.75   5.59    28.58

DEGREE DAYS
 HEATING
  YESTERDAY       15                        11      4       18
  MONTH TO DATE  195                       162     33      134
  SINCE SEP 1    296                       229     67      175
  SINCE JUL 1    303                       233     70      186

 COOLING
  YESTERDAY        0                         0      0        0
  MONTH TO DATE    0                        19    -19       33
  SINCE SEP 1     83                       158    -75      214
  SINCE JAN 1    937                      1201   -264     1115
..................................................................


WIND (MPH)
  HIGHEST WIND SPEED    17   HIGHEST WIND DIRECTION     S (190)
  HIGHEST GUST SPEED    24   HIGHEST GUST DIRECTION    SW (210)
  AVERAGE WIND SPEED     8.2


SKY COVER
  POSSIBLE SUNSHINE  MM
  AVERAGE SKY COVER 0.1


WEATHER CONDITIONS
 THE FOLLOWING WEATHER WAS RECORDED YESTERDAY.
  FOG
  FOG W/VISIBILITY <= 1/4 MILE


RELATIVE HUMIDITY (PERCENT)
 HIGHEST   100           200 AM
 LOWEST     52           200 PM
 AVERAGE    76

..........................................................


THE BURLINGTON IA CLIMATE NORMALS FOR TODAY
                         NORMAL    RECORD    YEAR
 MAXIMUM TEMPERATURE (F)   65        85      1979
 MINIMUM TEMPERATURE (F)   43        21      1960


SUNRISE AND SUNSET
OCTOBER 20 2014.......SUNRISE   721 AM CDT   SUNSET   617 PM CDT
OCTOBER 21 2014.......SUNRISE   722 AM CDT   SUNSET   615 PM CDT


-  INDICATES NEGATIVE NUMBERS.
R  INDICATES RECORD WAS SET OR TIED.
MM INDICATES DATA IS MISSING.
T  INDICATES TRACE AMOUNT.




$$
