000
CDUS43 KDVN 311020
CLIBRL


CLIMATE REPORT
NATIONAL WEATHER SERVICE QUAD CITIES IA IL
418 AM CST SAT JAN 31 2015


...................................

...THE BURLINGTON IA CLIMATE SUMMARY FOR JANUARY 30 2015...

CLIMATE NORMAL PERIOD 1981 TO 2010
CLIMATE RECORD PERIOD 1897 TO 2015


WEATHER ITEM   OBSERVED TIME   RECORD YEAR NORMAL DEPARTURE LAST
                VALUE   (LST)  VALUE       VALUE  FROM      YEAR
                                                  NORMAL
..................................................................
TEMPERATURE (F)
 YESTERDAY
  MAXIMUM         33    337 PM  60    2012  35     -2       37
                                      1988
  MINIMUM         21    808 AM -20    1899  18      3       18
  AVERAGE         27                        26      1       28

PRECIPITATION (IN)
  YESTERDAY        0.00         MM      MM   0.04  -0.04      T
  MONTH TO DATE    1.08                      1.20  -0.12     0.93
  SINCE DEC 1      1.74                      3.29  -1.55     2.01
  SINCE JAN 1      1.08                      1.20  -0.12     0.93

DEGREE DAYS
 HEATING
  YESTERDAY       38                        38      0       37
  MONTH TO DATE 1195                      1169     26     1409
  SINCE DEC 1   2189                      2282    -93     2689
  SINCE JUL 1   3566                      3355    211     3926

 COOLING
  YESTERDAY        0                         0      0        0
  MONTH TO DATE    0                         0      0        0
  SINCE DEC 1      0                         0      0        0
  SINCE JAN 1      0                         0      0        0
..................................................................


WIND (MPH)
  HIGHEST WIND SPEED    18   HIGHEST WIND DIRECTION     N (340)
  HIGHEST GUST SPEED    24   HIGHEST GUST DIRECTION     N (340)
  AVERAGE WIND SPEED     6.8


SKY COVER
  POSSIBLE SUNSHINE  MM
  AVERAGE SKY COVER 0.1


WEATHER CONDITIONS
 THE FOLLOWING WEATHER WAS RECORDED YESTERDAY.
  NO SIGNIFICANT WEATHER WAS OBSERVED.


RELATIVE HUMIDITY (PERCENT)
 HIGHEST    81           500 AM
 LOWEST     49           400 PM
 AVERAGE    65

..........................................................


THE BURLINGTON IA CLIMATE NORMALS FOR TODAY
                         NORMAL    RECORD    YEAR
 MAXIMUM TEMPERATURE (F)   36        70      1989
 MINIMUM TEMPERATURE (F)   18       -20      1996


SUNRISE AND SUNSET
JANUARY 31 2015.......SUNRISE   716 AM CST   SUNSET   521 PM CST
FEBRUARY  1 2015......SUNRISE   715 AM CST   SUNSET   522 PM CST


-  INDICATES NEGATIVE NUMBERS.
R  INDICATES RECORD WAS SET OR TIED.
MM INDICATES DATA IS MISSING.
T  INDICATES TRACE AMOUNT.




$$
