000
CDUS43 KDVN 251035
CLIBRL


CLIMATE REPORT
NATIONAL WEATHER SERVICE QUAD CITIES IA IL
433 AM CST SAT FEB 25 2017


...................................

...THE BURLINGTON IA CLIMATE SUMMARY FOR FEBRUARY 24 2017...

CLIMATE NORMAL PERIOD 1981 TO 2010
CLIMATE RECORD PERIOD 1897 TO 2017


WEATHER ITEM   OBSERVED TIME   RECORD YEAR NORMAL DEPARTURE LAST
                VALUE   (LST)  VALUE       VALUE  FROM      YEAR
                                                  NORMAL
..................................................................
TEMPERATURE (F)
 YESTERDAY
  MAXIMUM         45    249 AM  76    1930  42      3       40
  MINIMUM         27   1159 PM  -7    1910  24      3       34
  AVERAGE         36                        33      3       37

PRECIPITATION (IN)
  YESTERDAY        T            MM      MM   0.07  -0.07     0.00
  MONTH TO DATE    0.28                      1.32  -1.04     0.84
  SINCE DEC 1      2.72                      4.65  -1.93     5.89
  SINCE JAN 1      1.74                      2.56  -0.82     1.38

DEGREE DAYS
 HEATING
  YESTERDAY       29                        32     -3       28
  MONTH TO DATE  586                       852   -266      831
  SINCE DEC 1   2847                      3180   -333     2850
  SINCE JUL 1   3603                      4253   -650     3767

 COOLING
  YESTERDAY        0                         0      0        0
  MONTH TO DATE    0                         0      0        0
  SINCE DEC 1      0                         0      0        0
  SINCE JAN 1      0                         0      0        0
..................................................................


WIND (MPH)
  HIGHEST WIND SPEED    21   HIGHEST WIND DIRECTION    NW (310)
  HIGHEST GUST SPEED    30   HIGHEST GUST DIRECTION    NW (310)
  AVERAGE WIND SPEED    11.8


SKY COVER
  POSSIBLE SUNSHINE  MM
  AVERAGE SKY COVER 1.0


WEATHER CONDITIONS
 THE FOLLOWING WEATHER WAS RECORDED YESTERDAY.
  LIGHT RAIN
  LIGHT SNOW
  FOG
  FOG W/VISIBILITY <= 1/4 MILE


RELATIVE HUMIDITY (PERCENT)
 HIGHEST   100           400 AM
 LOWEST     85           400 PM
 AVERAGE    93

..........................................................


THE BURLINGTON IA CLIMATE NORMALS FOR TODAY
                         NORMAL    RECORD    YEAR
 MAXIMUM TEMPERATURE (F)   42        71      2000
 MINIMUM TEMPERATURE (F)   25        -9      1967


SUNRISE AND SUNSET
FEBRUARY 25 2017......SUNRISE   644 AM CST   SUNSET   551 PM CST
FEBRUARY 26 2017......SUNRISE   643 AM CST   SUNSET   553 PM CST


-  INDICATES NEGATIVE NUMBERS.
R  INDICATES RECORD WAS SET OR TIED.
MM INDICATES DATA IS MISSING.
T  INDICATES TRACE AMOUNT.




$$
