000
CDUS44 KBRO 170726
CLIBRO


CLIMATE REPORT
NATIONAL WEATHER SERVICE BROWNSVILLE TX
126 AM CST SUN DEC 17 2017


...................................

...THE BROWNSVILLE CLIMATE SUMMARY FOR DECEMBER 16 2017...

CLIMATE NORMAL PERIOD 1981 TO 2010
CLIMATE RECORD PERIOD 1878 TO 2017


WEATHER ITEM   OBSERVED TIME   RECORD YEAR NORMAL DEPARTURE LAST
                VALUE   (LST)  VALUE       VALUE  FROM      YEAR
                                                  NORMAL
..................................................................
TEMPERATURE (F)
 YESTERDAY
  MAXIMUM         53    325 PM  85    2012  72    -19       82
  MINIMUM         50   1159 PM  30    1989  52     -2       68
  AVERAGE         52                        62    -10       75

PRECIPITATION (IN)
  YESTERDAY        0.03          2.86 2009   0.03   0.00     0.04
  MONTH TO DATE    0.87                      0.64   0.23     1.46
  SINCE DEC 1      0.87                      0.64   0.23     1.46
  SINCE JAN 1     22.59                     26.93  -4.34    22.60

SNOWFALL (IN)
  YESTERDAY        0.0           0.0  2001   0.0
  MONTH TO DATE    0.3                       0.0
  SINCE DEC 1      0.3                       0.0
  SINCE JUL 1      0.3                       0.0

DEGREE DAYS
 HEATING
  YESTERDAY       13                         6      7        0
  MONTH TO DATE  115                        73     42       47
  SINCE DEC 1    115                        73     42       47
  SINCE JUL 1    131                       127      4       55

 COOLING
  YESTERDAY        0                         2     -2       10
  MONTH TO DATE   51                        49      2       73
  SINCE DEC 1     51                        49      2       73
  SINCE JAN 1   4770                      3994    776     4540
..................................................................


WIND (MPH)
  HIGHEST WIND SPEED    17   HIGHEST WIND DIRECTION     W (290)
  HIGHEST GUST SPEED    21   HIGHEST GUST DIRECTION     W (280)
  AVERAGE WIND SPEED     9.0


SKY COVER
  POSSIBLE SUNSHINE  MM
  AVERAGE SKY COVER 1.0


WEATHER CONDITIONS
 THE FOLLOWING WEATHER WAS RECORDED YESTERDAY.
  LIGHT RAIN
  FOG


RELATIVE HUMIDITY (PERCENT)
 HIGHEST   100          1100 PM
 LOWEST     71          1200 AM
 AVERAGE    86

..........................................................


THE BROWNSVILLE CLIMATE NORMALS FOR TODAY
                         NORMAL    RECORD    YEAR
 MAXIMUM TEMPERATURE (F)   71        84      2006
                                             1981
                                             1948
 MINIMUM TEMPERATURE (F)   52        29      1932


SUNRISE AND SUNSET
DECEMBER 17 2017......SUNRISE   710 AM CST   SUNSET   542 PM CST
DECEMBER 18 2017......SUNRISE   711 AM CST   SUNSET   542 PM CST


-  INDICATES NEGATIVE NUMBERS.
R  INDICATES RECORD WAS SET OR TIED.
MM INDICATES DATA IS MISSING.
T  INDICATES TRACE AMOUNT.




$$
