174
CDUS44 KBRO 250626
CLIBRO


CLIMATE REPORT
NATIONAL WEATHER SERVICE BROWNSVILLE TX
126 AM CDT SUN SEP 25 2016


...................................

...THE BROWNSVILLE CLIMATE SUMMARY FOR SEPTEMBER 24 2016...

CLIMATE NORMAL PERIOD 1981 TO 2010
CLIMATE RECORD PERIOD 1878 TO 2016


WEATHER ITEM   OBSERVED TIME   RECORD YEAR NORMAL DEPARTURE LAST
                VALUE   (LST)  VALUE       VALUE  FROM      YEAR
                                                  NORMAL
..................................................................
TEMPERATURE (F)
 YESTERDAY
  MAXIMUM         96    233 PM 104    2005  89      7       89
  MINIMUM         78    620 AM  56    1975  72      6       68
  AVERAGE         87                        80      7       79

PRECIPITATION (IN)
  YESTERDAY        0.00          4.21 1949   0.19  -0.19     0.00
  MONTH TO DATE    1.07                      4.72  -3.65     3.38
  SINCE SEP 1      1.07                      4.72  -3.65     3.38
  SINCE JAN 1     14.73                     19.53  -4.80    30.02

SNOWFALL (IN)
  YESTERDAY        0.0           0.0  2002   0.0
                                      2001
  MONTH TO DATE    0.0                       0.0
  SINCE SEP 1      0.0                       0.0
  SINCE JUL 1      0.0                       0.0

DEGREE DAYS
 HEATING
  YESTERDAY        0                         0      0        0
  MONTH TO DATE    0                         0      0        0
  SINCE SEP 1      0                         0      0        0
  SINCE JUL 1      0                         0      0        0

 COOLING
  YESTERDAY       22                        15      7       14
  MONTH TO DATE  513                       415     98      430
  SINCE SEP 1    513                       415     98      430
  SINCE JAN 1   3618                      3322    296     2894
..................................................................


WIND (MPH)
  HIGHEST WIND SPEED    23   HIGHEST WIND DIRECTION    SE (140)
  HIGHEST GUST SPEED    29   HIGHEST GUST DIRECTION    SE (140)
  AVERAGE WIND SPEED    12.3


SKY COVER
  POSSIBLE SUNSHINE  MM
  AVERAGE SKY COVER 0.1


WEATHER CONDITIONS
 THE FOLLOWING WEATHER WAS RECORDED YESTERDAY.
  NO SIGNIFICANT WEATHER WAS OBSERVED.


RELATIVE HUMIDITY (PERCENT)
 HIGHEST    91           300 AM
 LOWEST     46           100 PM
 AVERAGE    69

..........................................................


THE BROWNSVILLE CLIMATE NORMALS FOR TODAY
                         NORMAL    RECORD    YEAR
 MAXIMUM TEMPERATURE (F)   89        98      2005
                                             1918
 MINIMUM TEMPERATURE (F)   71        58      1914


SUNRISE AND SUNSET
SEPTEMBER 25 2016.....SUNRISE   720 AM CDT   SUNSET   722 PM CDT
SEPTEMBER 26 2016.....SUNRISE   720 AM CDT   SUNSET   721 PM CDT


-  INDICATES NEGATIVE NUMBERS.
R  INDICATES RECORD WAS SET OR TIED.
MM INDICATES DATA IS MISSING.
T  INDICATES TRACE AMOUNT.




$$
