000
CDUS44 KBRO 200636
CLIBRO


CLIMATE REPORT
NATIONAL WEATHER SERVICE BROWNSVILLE TX
136 AM CDT MON OCT 20 2014


...................................

...THE BROWNSVILLE CLIMATE SUMMARY FOR OCTOBER 19 2014...

CLIMATE NORMAL PERIOD 1981 TO 2010
CLIMATE RECORD PERIOD 1878 TO 2014


WEATHER ITEM   OBSERVED TIME   RECORD YEAR NORMAL DEPARTURE LAST
                VALUE   (LST)  VALUE       VALUE  FROM      YEAR
                                                  NORMAL
..................................................................
TEMPERATURE (F)
 YESTERDAY
  MAXIMUM         87   1105 AM  93    2007  85      2       80
                                      2004
  MINIMUM         73   1150 PM  45    1989  66      7       67
  AVERAGE         80                        76      4       74

PRECIPITATION (IN)
  YESTERDAY        0.00          2.63 1951   0.11  -0.11      T
  MONTH TO DATE    2.06                      2.56  -0.50     0.84
  SINCE SEP 1     12.42                      8.48   3.94    12.72
  SINCE JAN 1     21.94                     23.29  -1.35    22.77

SNOWFALL (IN)
  YESTERDAY        0.0           0.0  2002   0.0
                                      2001
  MONTH TO DATE    0.0                       0.0
  SINCE SEP 1      0.0                       0.0
  SINCE JUL 1      0.0                       0.0

DEGREE DAYS
 HEATING
  YESTERDAY        0                         0      0        0
  MONTH TO DATE    0                         0      0        0
  SINCE SEP 1      0                         0      0        0
  SINCE JUL 1      0                         0      0        0

 COOLING
  YESTERDAY       15                        11      4        9
  MONTH TO DATE  293                       237     56      230
  SINCE SEP 1    821                       741     80      767
  SINCE JAN 1   3641                      3648     -7     3800
..................................................................


WIND (MPH)
  HIGHEST WIND SPEED    17   HIGHEST WIND DIRECTION     E (80)
  HIGHEST GUST SPEED    23   HIGHEST GUST DIRECTION     E (80)
  AVERAGE WIND SPEED     7.2


SKY COVER
  POSSIBLE SUNSHINE  MM
  AVERAGE SKY COVER 0.4


WEATHER CONDITIONS
 THE FOLLOWING WEATHER WAS RECORDED YESTERDAY.
  NO SIGNIFICANT WEATHER WAS OBSERVED.


RELATIVE HUMIDITY (PERCENT)
 HIGHEST    94           200 AM
 LOWEST     55          1000 AM
 AVERAGE    75

..........................................................


THE BROWNSVILLE CLIMATE NORMALS FOR TODAY
                         NORMAL    RECORD    YEAR
 MAXIMUM TEMPERATURE (F)   85        94      1918
 MINIMUM TEMPERATURE (F)   66        40      1989


SUNRISE AND SUNSET
OCTOBER 20 2014.......SUNRISE   731 AM CDT   SUNSET   657 PM CDT
OCTOBER 21 2014.......SUNRISE   732 AM CDT   SUNSET   657 PM CDT


-  INDICATES NEGATIVE NUMBERS.
R  INDICATES RECORD WAS SET OR TIED.
MM INDICATES DATA IS MISSING.
T  INDICATES TRACE AMOUNT.




$$
