000
CDUS44 KBRO 082226
CLIBRO


CLIMATE REPORT
NATIONAL WEATHER SERVICE BROWNSVILLE TX
425 PM CST MON FEB 8 2016


...................................

...THE BROWNSVILLE CLIMATE SUMMARY FOR FEBRUARY 8 2016...
VALID TODAY AS OF 0400 PM LOCAL TIME.

CLIMATE NORMAL PERIOD 1981 TO 2010
CLIMATE RECORD PERIOD 1878 TO 2016


WEATHER ITEM   OBSERVED TIME   RECORD YEAR NORMAL DEPARTURE LAST
                VALUE   (LST)  VALUE       VALUE  FROM      YEAR
                                                  NORMAL
..................................................................
TEMPERATURE (F)
 TODAY
  MAXIMUM         70   1214 PM  86    1963  73     -3       78
  MINIMUM         51    648 AM  22    1895  54     -3       58
  AVERAGE         61                        63     -2       68

PRECIPITATION (IN)
  TODAY            0.00          1.16 2012   0.04  -0.04     0.00
  MONTH TO DATE    0.00                      0.38  -0.38     0.47
  SINCE DEC 1      2.04                      2.80  -0.76     5.46
  SINCE JAN 1      1.88                      1.65   0.23     4.03

SNOWFALL (IN)
  TODAY            0.0           0.0  2002   0.0
                                      2000
  MONTH TO DATE    0.0                       0.0
  SINCE DEC 1      0.0                       0.0
  SINCE JUL 1      0.0                       0.0

DEGREE DAYS
 HEATING
  TODAY            4                         4      0        0
  MONTH TO DATE   44                        39      5       40
  SINCE DEC 1    309                       384    -75      403
  SINCE JUL 1    331                       438   -107      516

 COOLING
  TODAY            0                         3     -3        3
  MONTH TO DATE    9                        19    -10       10
  SINCE DEC 1    164                       158      6      132
  SINCE JAN 1     30                        78    -48       23
..................................................................


WIND (MPH)
  HIGHEST WIND SPEED    20   HIGHEST WIND DIRECTION     N (360)
  HIGHEST GUST SPEED    27   HIGHEST GUST DIRECTION     N (20)
  AVERAGE WIND SPEED     7.4


SKY COVER
  POSSIBLE SUNSHINE  MM
  AVERAGE SKY COVER 0.0


WEATHER CONDITIONS
 THE FOLLOWING WEATHER WAS RECORDED TODAY.
  NO SIGNIFICANT WEATHER WAS OBSERVED.


RELATIVE HUMIDITY (PERCENT)
 HIGHEST   100           500 AM
 LOWEST     48           100 PM
 AVERAGE    74

..........................................................


THE BROWNSVILLE CLIMATE NORMALS FOR TOMORROW
                         NORMAL    RECORD    YEAR
 MAXIMUM TEMPERATURE (F)   73        93      1962
 MINIMUM TEMPERATURE (F)   54        24      1895


SUNRISE AND SUNSET
FEBRUARY  8 2016......SUNRISE   710 AM CST   SUNSET   618 PM CST
FEBRUARY  9 2016......SUNRISE   709 AM CST   SUNSET   619 PM CST


-  INDICATES NEGATIVE NUMBERS.
R  INDICATES RECORD WAS SET OR TIED.
MM INDICATES DATA IS MISSING.
T  INDICATES TRACE AMOUNT.




$$
