000
CDUS44 KBRO 280639
CLIBRO


CLIMATE REPORT
NATIONAL WEATHER SERVICE BROWNSVILLE TX
139 AM CDT TUE JUL 28 2015


...................................

...THE BROWNSVILLE CLIMATE SUMMARY FOR JULY 27 2015...

CLIMATE NORMAL PERIOD 1981 TO 2010
CLIMATE RECORD PERIOD 1878 TO 2015


WEATHER ITEM   OBSERVED TIME   RECORD YEAR NORMAL DEPARTURE LAST
                VALUE   (LST)  VALUE       VALUE  FROM      YEAR
                                                  NORMAL
..................................................................
TEMPERATURE (F)
 YESTERDAY
  MAXIMUM         MM        MM 100    1954  94     MM       95
  MINIMUM         MM        MM  72    1987  76     MM       79
                                      1984
                                      1961
  AVERAGE         MM                        85     MM       87

PRECIPITATION (IN)
  YESTERDAY        0.00          1.65 2007   0.05  -0.05     0.00
  MONTH TO DATE    2.36                      1.81   0.55     1.64
  SINCE JUN 1      3.12                      4.38  -1.26     2.28
  SINCE JAN 1     23.61                     12.14  11.47     7.61

SNOWFALL (IN)
  YESTERDAY        0.0           0.0  2002   0.0
                                      2001
  MONTH TO DATE    0.0                       0.0
  SINCE JUN 1      0.0                       0.0
  SINCE JUL 1      0.0                       0.0

DEGREE DAYS
 HEATING
  YESTERDAY       MM                         0     MM        0
  MONTH TO DATE    0                         0      0        0
  SINCE JUN 1      0                         0      0        0
  SINCE JUL 1      0                         0      0        0

 COOLING
  YESTERDAY       MM                        20     MM       22
  MONTH TO DATE  187                       540   -353      537
  SINCE JUN 1    760                      1107   -347     1134
  SINCE JAN 1   1822                      2200   -378     2056
..................................................................


WIND (MPH)
  HIGHEST WIND SPEED    23   HIGHEST WIND DIRECTION    SE (140)
  HIGHEST GUST SPEED    32   HIGHEST GUST DIRECTION    SE (150)
  AVERAGE WIND SPEED    15.0


SKY COVER
  POSSIBLE SUNSHINE  MM
  AVERAGE SKY COVER 0.1


WEATHER CONDITIONS
 THE FOLLOWING WEATHER WAS RECORDED YESTERDAY.
  NO SIGNIFICANT WEATHER WAS OBSERVED.


RELATIVE HUMIDITY (PERCENT)
 HIGHEST    91           600 AM
 LOWEST     52           300 PM
 AVERAGE    72

..........................................................


THE BROWNSVILLE CLIMATE NORMALS FOR TODAY
                         NORMAL    RECORD    YEAR
 MAXIMUM TEMPERATURE (F)   94        99      1960
                                             1954
 MINIMUM TEMPERATURE (F)   76        70      1904


SUNRISE AND SUNSET
JULY 28 2015..........SUNRISE   654 AM CDT   SUNSET   818 PM CDT
JULY 29 2015..........SUNRISE   654 AM CDT   SUNSET   818 PM CDT


-  INDICATES NEGATIVE NUMBERS.
R  INDICATES RECORD WAS SET OR TIED.
MM INDICATES DATA IS MISSING.
T  INDICATES TRACE AMOUNT.




$$
