000
CDUS44 KBRO 300628
CLIBRO


CLIMATE REPORT
NATIONAL WEATHER SERVICE BROWNSVILLE TX
128 AM CDT TUE JUN 30 2015


...................................

...THE BROWNSVILLE CLIMATE SUMMARY FOR JUNE 29 2015...

CLIMATE NORMAL PERIOD 1981 TO 2010
CLIMATE RECORD PERIOD 1878 TO 2015


WEATHER ITEM   OBSERVED TIME   RECORD YEAR NORMAL DEPARTURE LAST
                VALUE   (LST)  VALUE       VALUE  FROM      YEAR
                                                  NORMAL
..................................................................
TEMPERATURE (F)
 YESTERDAY
  MAXIMUM         94   1219 PM 102    2013  93      1       94
  MINIMUM         77    600 AM  64    1901  76      1       79
  AVERAGE         86                        84      2       87

PRECIPITATION (IN)
  YESTERDAY        T             1.60 1923   0.09  -0.09     0.00
  MONTH TO DATE    0.68                      2.49  -1.81     0.64
  SINCE JUN 1      0.68                      2.49  -1.81     0.64
  SINCE JAN 1     21.17                     10.25  10.92     5.97

SNOWFALL (IN)
  YESTERDAY        0.0          MM    2001   0.0
                                      2000
  MONTH TO DATE    0.0                       0.0
  SINCE JUN 1      0.0                       0.0
  SINCE JUL 1      0.0                       0.0

DEGREE DAYS
 HEATING
  YESTERDAY        0                         0      0        0
  MONTH TO DATE    0                         0      0        0
  SINCE JUN 1      0                         0      0        0
  SINCE JUL 1    690                       554    136      824

 COOLING
  YESTERDAY       21                        19      2       22
  MONTH TO DATE  557                       544     13      577
  SINCE JUN 1    557                       544     13      577
  SINCE JAN 1   1619                      1637    -18     1499
..................................................................


WIND (MPH)
  HIGHEST WIND SPEED    23   HIGHEST WIND DIRECTION    SE (150)
  HIGHEST GUST SPEED    28   HIGHEST GUST DIRECTION     S (160)
  AVERAGE WIND SPEED    11.3


SKY COVER
  POSSIBLE SUNSHINE  MM
  AVERAGE SKY COVER 0.2


WEATHER CONDITIONS
 THE FOLLOWING WEATHER WAS RECORDED YESTERDAY.
  THUNDERSTORM
  LIGHT RAIN
  FOG


RELATIVE HUMIDITY (PERCENT)
 HIGHEST    97          1200 AM
 LOWEST     56          1200 PM
 AVERAGE    77

..........................................................


THE BROWNSVILLE CLIMATE NORMALS FOR TODAY
                         NORMAL    RECORD    YEAR
 MAXIMUM TEMPERATURE (F)   93        99      2013
                                             1900
 MINIMUM TEMPERATURE (F)   76        63      1985


SUNRISE AND SUNSET
JUNE 30 2015..........SUNRISE   641 AM CDT   SUNSET   825 PM CDT
JULY  1 2015..........SUNRISE   642 AM CDT   SUNSET   825 PM CDT


-  INDICATES NEGATIVE NUMBERS.
R  INDICATES RECORD WAS SET OR TIED.
MM INDICATES DATA IS MISSING.
T  INDICATES TRACE AMOUNT.




$$
