000
CDAK49 PABR 300914
CLIBRW

CLIMATE REPORT
NATIONAL WEATHER SERVICE BARROW, AK
1214 AM AKST FRI JAN 30 2015

...................................
...THE BARROW WSO AP CLIMATE SUMMARY FOR JANUARY 29 2015...

CLIMATE NORMAL PERIOD  1981 TO  2010
CLIMATE RECORD PERIOD  1915 TO  2015

WEATHER ITEM   OBSERVED TIME    RECORD YEAR NORMAL DEPARTURE LAST
               VALUE    (LST)   VALUE       VALUE  FROM      YEAR
                                                   NORMAL
...................................................................
TEMPERATURE
YESTERDAY
 MAXIMUM            -9  1159 PM    35  1963     -8      -1     11
 MINIMUM           -29  0515 PM   -48  1989    -20      -9     -2
 AVERAGE           -19                         -14      -5      5

PRECIPITATION
(INCHES)
 YESTERDAY        0.00           0.16  1963   0.00    0.00      T
 MONTH TO DATE    0.22                        0.12    0.10   0.18
 SINCE DEC 1      0.42                        0.26    0.16   1.35
 SINCE JAN 1      0.22                        0.12    0.10   0.18

SNOWFALL
(INCHES)
 YESTERDAY         0.0            1.6  1924    0.1    -0.1      T
 MONTH TO DATE     4.2                         2.4     1.8    3.4
 SINCE DEC 1       7.2                         5.9     1.3   16.5
 SINCE JUL 1      38.3                        26.2    12.1   40.4
 SNOW DEPTH (IN)     7                                          8

DEGREE DAYS
 HEATING
  YESTERDAY         84                          79       5     60
  MONTH TO DATE   2213                        2271     -58   2107
  SINCE DEC 1     4415                        4528    -113   4180
  SINCE JUL 1    10017                       10478    -461   9579

 COOLING
  YESTERDAY          0                           0       0      0
  MONTH TO DATE      0                           0       0      0
  SINCE DEC 1        0                           0       0      0
  SINCE JAN 1        0                           0       0      0
...................................................................

WIND (MPH)
 HIGHEST WIND SPEED    17     HIGHEST WIND DIRECTION    160
 HIGHEST GUST SPEED    20     HIGHEST GUST DIRECTION    160
 AVERAGE WIND SPEED   7.6

WEATHER CONDITIONS
 THE FOLLOWING WEATHER WAS RECORDED YESTERDAY.
  FOG


RELATIVE HUMIDITY
 HIGHEST RH     85 PERCENT       05:53 PM
 LOWEST  RH     65 PERCENT       09:53 PM
 AVERAGE RH     74 PERCENT       MM
...................................................................

THE BARROW CLIMATE NORMALS FOR TODAY
                           NORMAL    RECORD   YEAR
 MAXIMUM TEMPERATURE (F)     -8        27     1996
 MINIMUM TEMPERATURE (F)    -20       -48     1984

SUNRISE AND SUNSET
 JAN 30 2015..........SUNRISE 11:51 AM      SUNSET  3:32 PM
 JAN 31 2015..........SUNRISE 11:44 AM      SUNSET  3:40 PM

-  INDICATES NEGATIVE NUMBERS.
R  INDICATES RECORD HAS BEEN SET OR TIED.
MM INDICATES DATA IS MISSING.
T  INDICATES TRACE OF PRECIPITATION.

&&
-------------------------------------------------------------------

AMOUNT OF DAYLIGHT TODAY  (HOUR:MIN)........3 HOURS 41 MINUTES
GAIN/LOSS SINCE YESTERDAY (HOUR:MIN:SEC)....+0:15:49

$$
DZB JAN 15
