000
CDAK49 PABR 060905
CLIBRW

CLIMATE REPORT
NATIONAL WEATHER SERVICE BARROW, AK
105 AM AKDT MON JUL 6 2015

...................................
...THE BARROW WSO AP CLIMATE SUMMARY FOR JULY 5 2015...

CLIMATE NORMAL PERIOD  1981 TO  2010
CLIMATE RECORD PERIOD  1915 TO  2015

WEATHER ITEM   OBSERVED TIME    RECORD YEAR NORMAL DEPARTURE LAST
               VALUE    (LST)   VALUE       VALUE  FROM      YEAR
                                                   NORMAL
...................................................................
TEMPERATURE
YESTERDAY
 MAXIMUM            64  0126 PM    64  2015     47      17     55
 MINIMUM            48  0311 AM    22  1936     35      13     36
 AVERAGE            56                          41      15     46

PRECIPITATION
(INCHES)
 YESTERDAY        0.00           0.42  1995   0.03   -0.03      T
 MONTH TO DATE    0.06                        0.12   -0.06   0.05
 SINCE JUN 1      0.90                        0.44    0.46   1.52
 SINCE JAN 1      2.86                        1.14    1.72   3.14

SNOWFALL
(INCHES)
 YESTERDAY         0.0            4.5  1931    0.0     0.0    0.0
 MONTH TO DATE     0.0                         0.0     0.0    0.0
 SINCE JUN 1       1.0                         0.7     0.3    0.9
 SINCE JUL 1       0.0                         0.0     0.0    0.0
 SNOW DEPTH (IN)     0                                          0

DEGREE DAYS
 HEATING
  YESTERDAY          9                          24     -15     19
  MONTH TO DATE     88                         123     -35    112
  SINCE JUN 1      830                        1003    -173   1045
  SINCE JUL 1       88                         123     -35    112

 COOLING
  YESTERDAY          0                           0       0      0
  MONTH TO DATE      0                           0       0      0
  SINCE JUN 1        0                           0       0      0
  SINCE JAN 1        0                           0       0      0
...................................................................

WIND (MPH)
 HIGHEST WIND SPEED    18     HIGHEST WIND DIRECTION    110
 HIGHEST GUST SPEED    23     HIGHEST GUST DIRECTION    100
 AVERAGE WIND SPEED  11.3

WEATHER CONDITIONS
 THE FOLLOWING WEATHER WAS RECORDED YESTERDAY.
  NO SIGNIFICANT WEATHER WAS OBSERVED.

RELATIVE HUMIDITY
 HIGHEST RH     MM PERCENT       MM
 LOWEST  RH     MM PERCENT       MM
 AVERAGE RH     MM PERCENT       MM
...................................................................

THE BARROW CLIMATE NORMALS FOR TODAY
                           NORMAL    RECORD   YEAR
 MAXIMUM TEMPERATURE (F)     47        67     2007
 MINIMUM TEMPERATURE (F)     35        25     1922

SUNRISE AND SUNSET
 JUL 6 2015..........SUNRISE  **.**      SUNSET **.**
 JUL 7 2015..........SUNRISE  **.**      SUNSET **.**

-  INDICATES NEGATIVE NUMBERS.
R  INDICATES RECORD HAS BEEN SET OR TIED.
MM INDICATES DATA IS MISSING.
T  INDICATES TRACE OF PRECIPITATION.

&&
-------------------------------------------------------------------

AMOUNT OF DAYLIGHT TODAY  (HOUR:MIN)........24 HOURS 00 MINUTES
GAIN/LOSS SINCE YESTERDAY (HOUR:MIN:SEC)....+0:00:00

$$
DZB JUL 15
