000
CDAK49 PABR 020919
CLIBRW

CLIMATE REPORT
NATIONAL WEATHER SERVICE BARROW, AK
109 AM AKDT TUE JUN 2 2015

...................................
...THE BARROW WSO AP CLIMATE SUMMARY FOR JUNE 1 2015...

CLIMATE NORMAL PERIOD  1981 TO  2010
CLIMATE RECORD PERIOD  1915 TO  2015

WEATHER ITEM   OBSERVED TIME    RECORD YEAR NORMAL DEPARTURE LAST
               VALUE    (LST)   VALUE       VALUE  FROM      YEAR
                                                   NORMAL
...................................................................
TEMPERATURE
YESTERDAY
 MAXIMUM            34   257 PM    55  1983     34       0     26
 MINIMUM            25   225 AM    12  1939     26      -1     22
 AVERAGE            30                          30       0     24

PRECIPITATION
(INCHES)
 YESTERDAY        0.00           0.20  1933   0.01   -0.01   0.01
 MONTH TO DATE    0.00                        0.01   -0.01   0.01
 SINCE JUN 1      0.00                        0.01   -0.01   0.01
 SINCE JAN 1      1.96                        0.71    1.25   1.63

SNOWFALL
(INCHES)
 YESTERDAY         0.0            2.2  1933    0.1    -0.1    0.4
 MONTH TO DATE     0.0                         0.1    -0.1    0.4
 SINCE JUN 1       0.0                         0.1    -0.1    0.4
 SINCE JUL 1      54.9                        37.1    17.8   53.7
 SNOW DEPTH (IN)     0                                          2

DEGREE DAYS
 HEATING
  YESTERDAY         35                          35       0     41
  MONTH TO DATE     35                          35       0     41
  SINCE JUN 1       35                          35       0     41
  SINCE JUL 1    17408                       18542   -1134  16941

 COOLING
  YESTERDAY          0                           0       0      0
  MONTH TO DATE      0                           0       0      0
  SINCE JUN 1        0                           0       0      0
  SINCE JAN 1        0                           0       0      0
...................................................................

WIND (MPH)
 HIGHEST WIND SPEED    15     HIGHEST WIND DIRECTION    360
 HIGHEST GUST SPEED    20     HIGHEST GUST DIRECTION    350
 AVERAGE WIND SPEED    MM

SKY COVER
  POSSIBLE SUNSHINE    MM          AVERAGE SKY COVER     MM

WEATHER CONDITIONS
 THE FOLLOWING WEATHER WAS RECORDED YESTERDAY.
  FOG


RELATIVE HUMIDITY
 HIGHEST RH    100 PERCENT    1200 AM
 LOWEST  RH     82 PERCENT    1159 PM
 AVERAGE RH     91 PERCENT
...................................................................

THE BARROW CLIMATE NORMALS FOR TODAY
                           NORMAL    RECORD   YEAR
 MAXIMUM TEMPERATURE (F)     34        51     1983
 MINIMUM TEMPERATURE (F)     26        10     1939

SUNRISE AND SUNSET
 SUN ABOVE VISIBLE HORIZON

-  INDICATES NEGATIVE NUMBERS.
R  INDICATES RECORD HAS BEEN SET OR TIED.
MM INDICATES DATA IS MISSING.
T  INDICATES TRACE OF PRECIPITATION.

&&
-------------------------------------------------------------------

AMOUNT OF DAYLIGHT TODAY  (HOUR:MIN)........24 HOURS 00 MINUTES
GAIN/LOSS SINCE YESTERDAY (HOUR:MIN:SEC)....+0:00:00

$$
*** JUN 15
