000
CDAK49 PABR 270913
CLIBRW

CLIMATE REPORT
NATIONAL WEATHER SERVICE BARROW, AK
1213 AM AKST SAT DEC 27 2014

...................................
...THE BARROW WSO AP CLIMATE SUMMARY FOR DECEMBER 26 2014...

CLIMATE NORMAL PERIOD  1981 TO  2010
CLIMATE RECORD PERIOD  1915 TO  2014

WEATHER ITEM   OBSERVED TIME    RECORD YEAR NORMAL DEPARTURE LAST
               VALUE    (LST)   VALUE       VALUE  FROM      YEAR
                                                   NORMAL
...................................................................
TEMPERATURE
YESTERDAY
 MAXIMUM            -7  0627 AM    29  1951     -4      -3    -14
 MINIMUM           -15  1159 PM   -46  1974    -16       1    -35
 AVERAGE           -11                         -10      -1    -25

PRECIPITATION
(INCHES)
 YESTERDAY           T           0.14  1951   0.01   -0.01   0.00
 MONTH TO DATE    0.07                        0.12   -0.05   1.17
 SINCE DEC 1      0.07                        0.12   -0.05   1.17
 SINCE JAN 1      7.29                        4.51    2.78   8.39

SNOWFALL
(INCHES)
 YESTERDAY         0.1            1.6  2004    0.1     0.0    0.0
 MONTH TO DATE     1.8                         3.0    -1.2   13.1
 SINCE DEC 1       1.8                         3.0    -1.2   13.1
 SINCE JUL 1      32.9                        23.3     9.6   37.0
 SNOW DEPTH (IN)     5                                          8

DEGREE DAYS
 HEATING
  YESTERDAY         76                          75       1     90
  MONTH TO DATE   1901                        1879      22   1712
  SINCE DEC 1     1887                        1879       8   1702
  SINCE JUL 1     7489                        7829    -340   7085

 COOLING
  YESTERDAY          0                           0       0      0
  MONTH TO DATE      0                           0       0      0
  SINCE DEC 1        0                           0       0      0
  SINCE JAN 1        0                           0       0      0
...................................................................

WIND (MPH)
 HIGHEST WIND SPEED    15     HIGHEST WIND DIRECTION     10
 HIGHEST GUST SPEED    18     HIGHEST GUST DIRECTION     20
 AVERAGE WIND SPEED  11.7

WEATHER CONDITIONS
 THE FOLLOWING WEATHER WAS RECORDED YESTERDAY.
  FOG
  SNOW

RELATIVE HUMIDITY
 HIGHEST RH     90 PERCENT       653 PM
 LOWEST  RH     74 PERCENT       852 PM
 AVERAGE RH     83 PERCENT
...................................................................

THE BARROW CLIMATE NORMALS FOR TODAY
                           NORMAL    RECORD   YEAR
 MAXIMUM TEMPERATURE (F)     -4        29     1951
 MINIMUM TEMPERATURE (F)    -16       -45     1974

SUNRISE AND SUNSET
 DEC 27 2014..........SUNRISE  --.--      SUNSET --.--
 DEC 28 2014..........SUNRISE  --.--      SUNSET --.--

-  INDICATES NEGATIVE NUMBERS.
R  INDICATES RECORD HAS BEEN SET OR TIED.
MM INDICATES DATA IS MISSING.
T  INDICATES TRACE OF PRECIPITATION.

&&
-------------------------------------------------------------------

AMOUNT OF DAYLIGHT TODAY  (HOUR:MIN)........0 HOURS 00 MINUTES
GAIN/LOSS SINCE YESTERDAY (HOUR:MIN:SEC)....+0:00:00

$$
GMS DEC 14
