000
CDAK49 PABR 180912
CLIBRW

CLIMATE REPORT
NATIONAL WEATHER SERVICE BARROW, AK
112 AM AKDT THU SEP 18 2014

...................................
...THE BARROW WSO AP CLIMATE SUMMARY FOR SEPTEMBER 17 2014...

CLIMATE NORMAL PERIOD  1981 TO  2010
CLIMATE RECORD PERIOD  1915 TO  2014

WEATHER ITEM   OBSERVED TIME    RECORD YEAR NORMAL DEPARTURE LAST
               VALUE    (LST)   VALUE       VALUE  FROM      YEAR
                                                   NORMAL
...................................................................
TEMPERATURE
YESTERDAY
 MAXIMUM            37  0637 PM    51  1991     36       1     30
 MINIMUM            36  1159 PM    12  1983     29       7     26
 AVERAGE            37                          32       5     28

PRECIPITATION
(INCHES)
 YESTERDAY        0.01           0.39  1938   0.02   -0.01   0.02
 MONTH TO DATE    0.52                        0.46    0.06   0.84
 SINCE SEP 1      0.52                        0.46    0.06   0.84
 SINCE JAN 1      5.07                        3.51    1.56   5.86

SNOWFALL
(INCHES)
 YESTERDAY         0.0            1.7  1962    0.2    -0.2    0.4
 MONTH TO DATE     4.6                         1.9     2.7    1.1
 SINCE SEP 1       4.6                         1.9     2.7    1.1
 SINCE JUL 1       6.0                         3.0     3.0    2.2
 SNOW DEPTH (IN)     0                                          T

DEGREE DAYS
 HEATING
  YESTERDAY         28                          33      -5     37
  MONTH TO DATE    506                         519     -13    505
  SINCE SEP 1      506                         519     -13    505
  SINCE JUL 1     2172                        2073      99   1914

 COOLING
  YESTERDAY          0                           0       0      0
  MONTH TO DATE      0                           0       0      0
  SINCE SEP 1        0                           0       0      0
  SINCE JAN 1        0                           0       0      0
...................................................................

WIND (MPH)
 HIGHEST WIND SPEED    18     HIGHEST WIND DIRECTION     80
 HIGHEST GUST SPEED    22     HIGHEST GUST DIRECTION     70
 AVERAGE WIND SPEED  13.5

WEATHER CONDITIONS
 THE FOLLOWING WEATHER WAS RECORDED YESTERDAY.
  FOG WITH VISIBILITY AS LOW AS ONE QUARTER MILE.
  RAIN

RELATIVE HUMIDITY
 HIGHEST RH     100 PERCENT   AT  1159 PM AST
 LOWEST  RH      96 PERCENT   AT  1023 PM AST
 AVERAGE RH      99 PERCENT
...................................................................

THE BARROW CLIMATE NORMALS FOR TODAY
                           NORMAL    RECORD   YEAR
 MAXIMUM TEMPERATURE (F)     35        57     1995
 MINIMUM TEMPERATURE (F)     28         9     1948

SUNRISE AND SUNSET
 SEP 18 2014..........SUNRISE  7:51 AM      SUNSET  8:50 PM
 SEP 19 2014..........SUNRISE  7:55 AM      SUNSET  8:45 PM

-  INDICATES NEGATIVE NUMBERS.
R  INDICATES RECORD HAS BEEN SET OR TIED.
MM INDICATES DATA IS MISSING.
T  INDICATES TRACE OF PRECIPITATION.
&&
-------------------------------------------------------------------

AMOUNT OF DAYLIGHT TODAY  (HOUR:MIN)........12 HOURS 59 MINUTES
GAIN/LOSS SINCE YESTERDAY (HOUR:MIN:SEC)....-0:09:14

$$
RFL SEP 14
