000
CDAK49 PABR 020952
CLIBRW

CLIMATE REPORT
NATIONAL WEATHER SERVICE BARROW, AK
152 AM AKDT THU OCT 2 2014

...................................
...THE BARROW WSO AP CLIMATE SUMMARY FOR OCTOBER 1 2014...

CLIMATE NORMAL PERIOD  1981 TO  2010
CLIMATE RECORD PERIOD  1915 TO  2014

WEATHER ITEM   OBSERVED TIME    RECORD YEAR NORMAL DEPARTURE LAST
               VALUE    (LST)   VALUE       VALUE  FROM      YEAR
                                                   NORMAL
...................................................................
TEMPERATURE
YESTERDAY
 MAXIMUM            34  1153 AM    39  1989     30       4     30
 MINIMUM            31   535 AM     6  1922     22       9     25
 AVERAGE            33                          26       7     28

PRECIPITATION
(INCHES)
 YESTERDAY        0.08           0.41  1959   0.02    0.06      T
 MONTH TO DATE    0.08                        0.02    0.06      T
 SINCE SEP 1      1.14                        0.74    0.40   1.29
 SINCE JAN 1      5.69                        3.79    1.90   6.31

SNOWFALL
(INCHES)
 YESTERDAY         0.8            2.2  2003    0.2     0.6      T
 MONTH TO DATE     0.8                         0.2     0.6      T
 SINCE SEP 1      10.3                         4.6     5.7    8.1
 SINCE JUL 1      11.7                         5.7     6.0    9.2
 SNOW DEPTH (IN)     T                                          4

DEGREE DAYS
 HEATING
  YESTERDAY         32                          39      -7     37
  MONTH TO DATE     32                          39      -7     37
  SINCE SEP 1      972                        1025     -53   1041
  SINCE JUL 1     2638                        2579      59   2450

 COOLING
  YESTERDAY          0                           0       0      0
  MONTH TO DATE      0                           0       0      0
  SINCE SEP 1        0                           0       0      0
  SINCE JAN 1        0                           0       0      0
...................................................................

WIND (MPH)
 HIGHEST WIND SPEED    21     HIGHEST WIND DIRECTION    320
 HIGHEST GUST SPEED    26     HIGHEST GUST DIRECTION    300
 AVERAGE WIND SPEED   7.8

SKY COVER
  POSSIBLE SUNSHINE    MM          AVERAGE SKY COVER     MM

WEATHER CONDITIONS
 THE FOLLOWING WEATHER WAS RECORDED YESTERDAY.
 FOG
 RAIN
 SNOW


RELATIVE HUMIDITY
 HIGHEST RH    100 PERCENT      1053 AM
 LOWEST  RH     69 PERCENT       953 PM
 AVERAGE RH     96 PERCENT
...................................................................

THE BARROW CLIMATE NORMALS FOR TODAY
                           NORMAL    RECORD   YEAR
 MAXIMUM TEMPERATURE (F)     29        41     1977
 MINIMUM TEMPERATURE (F)     22         3     1931

SUNRISE AND SUNSET
 OCT 2 2014..........SUNRISE  8:51 AM      SUNSET  7:41 PM
 OCT 3 2014..........SUNRISE  8:55 AM      SUNSET  7:36 PM

-  INDICATES NEGATIVE NUMBERS.
R  INDICATES RECORD HAS BEEN SET OR TIED.
MM INDICATES DATA IS MISSING.
T  INDICATES TRACE OF PRECIPITATION.

&&
-------------------------------------------------------------------

AMOUNT OF DAYLIGHT TODAY  (HOUR:MIN)........10 HOURS 50 MINUTES
GAIN/LOSS SINCE YESTERDAY (HOUR:MIN:SEC)....-0:09:15

$$
JML OCT 14
