513
CDAK49 PAFG 220043
CLIBRW

CLIMATE REPORT
NATIONAL WEATHER SERVICE FAIRBANKS AK
443 PM AKDT SAT OCT 21 2017


...................................

...THE BARROW AK CLIMATE SUMMARY FOR OCTOBER 21 2017...
VALID TODAY AS OF 0400 PM LOCAL TIME.

CLIMATE NORMAL PERIOD 1981 TO 2010
CLIMATE RECORD PERIOD 1920 TO 2017


WEATHER ITEM   OBSERVED TIME   RECORD YEAR NORMAL DEPARTURE LAST
                VALUE   (LST)  VALUE       VALUE  FROM      YEAR
                                                  NORMAL
..................................................................
TEMPERATURE (F)
 TODAY
  MAXIMUM         25    301 AM  34    2005  19      6       31
                                      1949
  MINIMUM         -2   1110 AM -21    1983   9    -11       25
  AVERAGE         12                        14     -2       28

PRECIPITATION (IN)
  TODAY            0.02          0.26 1991   0.01   0.01     0.04
  MONTH TO DATE    0.58                      0.30   0.28     0.13
  SINCE SEP 1      1.27                      1.02   0.25     0.90
  SINCE JAN 1      6.94                      4.07   2.87     6.55

SNOWFALL (IN)
  TODAY            0.2           2.7  1991   0.4   -0.2      0.6
  MONTH TO DATE    1.2                       6.2   -5.0      1.9
  SINCE SEP 1      3.7                      10.6   -6.9      3.9
  SINCE JUL 1      4.5                      11.7   -7.2      5.7
  SNOW DEPTH       2

DEGREE DAYS
 HEATING
  TODAY           53                        51      2       37
  MONTH TO DATE  801                       940   -139      693
  SINCE SEP 1   1697                      1926   -229     1599
  SINCE JUL 1   3040                      3481   -441     3028

 COOLING
  TODAY            0                         0      0        0
  MONTH TO DATE    0                         0      0        0
  SINCE SEP 1      0                         0      0        0
  SINCE JAN 1      0                         0      0        0
..................................................................


WIND (MPH)
  HIGHEST GUST SPEED    19   HIGHEST GUST DIRECTION     S (190)


SKY COVER
  AVERAGE SKY COVER 0.6


WEATHER CONDITIONS
 THE FOLLOWING WEATHER WAS RECORDED TODAY.
  LIGHT SNOW
  FOG
  HAZE


RELATIVE HUMIDITY (PERCENT)
 HIGHEST   100
 LOWEST     68
 AVERAGE    84

..........................................................


THE BARROW AK CLIMATE NORMALS FOR TOMORROW
                         NORMAL    RECORD    YEAR
 MAXIMUM TEMPERATURE (F)   19        42      1957
 MINIMUM TEMPERATURE (F)    9       -22      1983


SUNRISE AND SUNSET
OCTOBER 21 2017.......SUNRISE  1019 AM AKDT  SUNSET   604 PM AKDT
OCTOBER 22 2017.......SUNRISE  1024 AM AKDT  SUNSET   558 PM AKDT

-  INDICATES NEGATIVE NUMBERS.
R  INDICATES RECORD WAS SET OR TIED.
MM INDICATES DATA IS MISSING.
T  INDICATES TRACE AMOUNT.

&&

SNOW DEPTH IS MEASURED AT 3AM AKST/4AM AKDT.

----------------------------
AVAILABLE DAYLIGHT

AMOUNT OF DAYLIGHT TODAY  (HOUR:MIN)........7:45
GAIN/LOSS SINCE YESTERDAY (HOUR:MIN:SEC)....-0:10:07

$$
HFL OCT 17
