000
CDAK49 PAFG 170951
CLIBRW

CLIMATE REPORT
NATIONAL WEATHER SERVICE FAIRBANKS AK
1251 AM AKST SAT FEB 17 2018


...................................

...THE BARROW AK CLIMATE SUMMARY FOR FEBRUARY 16 2018...

CLIMATE NORMAL PERIOD 1981 TO 2010
CLIMATE RECORD PERIOD 1920 TO 2018


WEATHER ITEM   OBSERVED TIME   RECORD YEAR NORMAL DEPARTURE LAST
                VALUE   (LST)  VALUE       VALUE  FROM      YEAR
                                                  NORMAL
..................................................................
TEMPERATURE (F)
 YESTERDAY
  MAXIMUM         22    157 AM  34    2006  -8     30      -13
  MINIMUM          7   1159 PM -51    1949 -20     27      -21
  AVERAGE         15                       -14     29      -17

PRECIPITATION (IN)
  YESTERDAY        0.00          0.08 2009   0.01  -0.01     0.00
                                      1922
  MONTH TO DATE    0.28                      0.08   0.20     0.05
  SINCE DEC 1      0.73                      0.35   0.38     0.82
  SINCE JAN 1      0.35                      0.21   0.14     0.52

SNOWFALL (IN)
  YESTERDAY        0.0           3.3  1922   0.1   -0.1      0.0
  MONTH TO DATE    2.4                       1.5    0.9      1.1
  SINCE DEC 1      9.8                       7.6    2.2     10.0
  SINCE JUL 1     26.5                      27.9   -1.4     23.1
  SNOW DEPTH       9

DEGREE DAYS
 HEATING
  YESTERDAY       50                        79    -29       82
  MONTH TO DATE  975                      1264   -289     1057
  SINCE DEC 1   4950                      5951  -1001     5077
  SINCE JUL 1   9878                     11903  -2025    10032

 COOLING
  YESTERDAY        0                         0      0        0
  MONTH TO DATE    0                         0      0        0
  SINCE DEC 1      0                         0      0        0
  SINCE JAN 1      0                         0      0        0
..................................................................


WIND (MPH)
  HIGHEST GUST SPEED    21   HIGHEST GUST DIRECTION    SE (120)


SKY COVER
  AVERAGE SKY COVER 1.0


WEATHER CONDITIONS
 THE FOLLOWING WEATHER WAS RECORDED YESTERDAY.
  FOG
  FOG W/VISIBILITY <= 1/4 MILE


RELATIVE HUMIDITY (PERCENT)
 HIGHEST   100
 LOWEST     92
 AVERAGE    96

..........................................................


THE BARROW AK CLIMATE NORMALS FOR TODAY
                         NORMAL    RECORD    YEAR
 MAXIMUM TEMPERATURE (F)   -8        27      1989
 MINIMUM TEMPERATURE (F)  -20       -50      1987
                                             1955
                                             1949


SUNRISE AND SUNSET
FEBRUARY 17 2018......SUNRISE  1001 AM AKST  SUNSET   524 PM AKST
FEBRUARY 18 2018......SUNRISE   955 AM AKST  SUNSET   529 PM AKST

-  INDICATES NEGATIVE NUMBERS.
R  INDICATES RECORD WAS SET OR TIED.
MM INDICATES DATA IS MISSING.
T  INDICATES TRACE AMOUNT.

&&

SNOW DEPTH IS MEASURED AT 3AM AKST/4AM AKDT.

----------------------------
AVAILABLE DAYLIGHT

AMOUNT OF DAYLIGHT TODAY  (HOUR:MIN)........7:24
GAIN/LOSS SINCE YESTERDAY (HOUR:MIN:SEC)....+0:10:32

$$
FEB 18
