000
CDAK49 PABR 280902
CLIBRW

CLIMATE REPORT
NATIONAL WEATHER SERVICE BARROW, AK
102 AM AKDT THU AUG 28 2014

...................................
...THE BARROW WSO AP CLIMATE SUMMARY FOR AUGUST 27 2014...

CLIMATE NORMAL PERIOD  1981 TO  2010
CLIMATE RECORD PERIOD  1915 TO  2014

WEATHER ITEM   OBSERVED TIME    RECORD YEAR NORMAL DEPARTURE LAST
               VALUE    (LST)   VALUE       VALUE  FROM      YEAR
                                                   NORMAL
...................................................................
TEMPERATURE
YESTERDAY
 MAXIMUM            54  0639 PM    63  1929     42      12     43
 MINIMUM            35  0628 AM    22  1932     33       2     34
 AVERAGE            45                          38       7     39

PRECIPITATION
(INCHES)
 YESTERDAY           T           0.36  1997   0.03   -0.03   0.00
 MONTH TO DATE    0.03                        0.92   -0.89   1.28
 SINCE JUN 1      2.51                        2.22    0.29   3.73
 SINCE JAN 1      4.13                        2.92    1.21   4.95

SNOWFALL
(INCHES)
 YESTERDAY         0.0            1.6  1988    0.1    -0.1    0.0
 MONTH TO DATE       T                         0.7    -0.7    0.5
 SINCE JUN 1       1.8                         1.6     0.2    0.8
 SINCE JUL 1       0.9                         0.9     0.0    0.5
 SNOW DEPTH (IN)     0                                          0

DEGREE DAYS
 HEATING
  YESTERDAY         20                          27      -7     26
  MONTH TO DATE    722                         695      27    667
  SINCE JUN 1     2483                        2322     161   2074
  SINCE JUL 1     1550                        1442     108   1296

 COOLING
  YESTERDAY          0                           0       0      0
  MONTH TO DATE      0                           0       0      0
  SINCE JUN 1        0                           0       0      0
  SINCE JAN 1        0                           0       0      0
...................................................................

WIND (MPH)
 HIGHEST WIND SPEED    15     HIGHEST WIND DIRECTION    180
 HIGHEST GUST SPEED    19     HIGHEST GUST DIRECTION    190
 AVERAGE WIND SPEED   7.4

WEATHER CONDITIONS
 THE FOLLOWING WEATHER WAS RECORDED YESTERDAY.
  FOG
DRIZZLE


RELATIVE HUMIDITY
 HIGHEST RH     100 PERCENT       01:53 PM
 LOWEST  RH     71 PERCENT       06:53 PM
 AVERAGE RH     95 PERCENT       MM
...................................................................

THE BARROW CLIMATE NORMALS FOR TODAY
                           NORMAL    RECORD   YEAR
 MAXIMUM TEMPERATURE (F)     42        58     1985
 MINIMUM TEMPERATURE (F)     33        21     1922

SUNRISE AND SUNSET
 AUG 28 2014..........SUNRISE  6:17 AM      SUNSET 10:37 PM
 AUG 29 2014..........SUNRISE  6:21 AM      SUNSET 10:32 PM

-  INDICATES NEGATIVE NUMBERS.
R  INDICATES RECORD HAS BEEN SET OR TIED.
MM INDICATES DATA IS MISSING.
T  INDICATES TRACE OF PRECIPITATION.

&&
-------------------------------------------------------------------

AMOUNT OF DAYLIGHT TODAY  (HOUR:MIN)........16 HOURS 20 MINUTES
GAIN/LOSS SINCE YESTERDAY (HOUR:MIN:SEC)....-0:10:17

$$
DZB AUG 14
