000
CDUS43 KGRR 290521
CLIBTL


CLIMATE REPORT
NATIONAL WEATHER SERVICE GRAND RAPIDS, MI
120 AM EDT THU SEP 29 2016


...................................

...THE BATTLE CREEK MI CLIMATE SUMMARY FOR SEPTEMBER 28 2016...

CLIMATE NORMAL PERIOD 1981 TO 2010
CLIMATE RECORD PERIOD 1998 TO 2016


WEATHER ITEM   OBSERVED TIME   NORMAL DEPARTURE LAST
                VALUE   (LST)  VALUE  FROM      YEAR
                                      NORMAL
......................................................
TEMPERATURE (F)
 YESTERDAY
  MAXIMUM         65    129 PM  68     -3       77
  MINIMUM         51    615 AM  45      6       66
  AVERAGE         58            56      2       72

PRECIPITATION (IN)
  YESTERDAY        T             0.12  -0.12     0.04
  MONTH TO DATE    1.97          3.43  -1.46     2.65
  SINCE SEP 1      1.97          3.43  -1.46     2.65
  SINCE JAN 1     25.43         24.97   0.46    25.87

DEGREE DAYS
 HEATING
  YESTERDAY        7             9     -2        0
  MONTH TO DATE   35           136   -101       43
  SINCE SEP 1     35           136   -101       43
  SINCE JUL 1     43           177   -134       65

 COOLING
  YESTERDAY        0             1     -1        7
  MONTH TO DATE   92            54     38      142
  SINCE SEP 1     92            54     38      142
  SINCE JAN 1    708           572    136      720
......................................................


WIND (MPH)
  RESULTANT WIND SPEED   8   RESULTANT WIND DIRECTION  NE (60)
  HIGHEST WIND SPEED    20   HIGHEST WIND DIRECTION     E (70)
  HIGHEST GUST SPEED    27   HIGHEST GUST DIRECTION     E (70)
  AVERAGE WIND SPEED     9.0


SKY COVER
  AVERAGE SKY COVER 0.7


WEATHER CONDITIONS
 THE FOLLOWING WEATHER WAS RECORDED YESTERDAY.
  HEAVY RAIN
  RAIN
  LIGHT RAIN
  FOG


RELATIVE HUMIDITY (PERCENT)
 HIGHEST   100          1100 PM
 LOWEST     60          1200 PM
 AVERAGE    80

..........................................................


THE BATTLE CREEK MI CLIMATE NORMALS FOR TODAY
                         NORMAL
 MAXIMUM TEMPERATURE (F)   68
 MINIMUM TEMPERATURE (F)   45


SUNRISE AND SUNSET
SEPTEMBER 29 2016.....SUNRISE   736 AM EDT   SUNSET   725 PM EDT
SEPTEMBER 30 2016.....SUNRISE   737 AM EDT   SUNSET   723 PM EDT


-  INDICATES NEGATIVE NUMBERS.
R  INDICATES RECORD WAS SET OR TIED.
MM INDICATES DATA IS MISSING.
T  INDICATES TRACE AMOUNT.




$$
