644
CDUS43 KGRR 250520
CLIBTL


CLIMATE REPORT
NATIONAL WEATHER SERVICE GRAND RAPIDS, MI
120 AM EDT SAT MAR 25 2017


...................................

...THE BATTLE CREEK MI CLIMATE SUMMARY FOR MARCH 24 2017...

CLIMATE NORMAL PERIOD 1981 TO 2010
CLIMATE RECORD PERIOD 1998 TO 2017


WEATHER ITEM   OBSERVED TIME   NORMAL DEPARTURE LAST
                VALUE   (LST)  VALUE  FROM      YEAR
                                      NORMAL
......................................................
TEMPERATURE (F)
 YESTERDAY
  MAXIMUM         78    251 PM  50     28       58
  MINIMUM         41    130 AM  28     13       32
  AVERAGE         60            39     21       45

PRECIPITATION (IN)
  YESTERDAY        0.38          0.06   0.32     0.65
  MONTH TO DATE    1.55          1.39   0.16     1.79
  SINCE MAR 1      1.55          1.39   0.16     1.79
  SINCE JAN 1      7.02          4.39   2.63     3.39

DEGREE DAYS
 HEATING
  YESTERDAY        5            26    -21       20
  MONTH TO DATE  754           739     15      583
  SINCE MAR 1    754           739     15      583
  SINCE JUL 1   4657          5704  -1047     4498

 COOLING
  YESTERDAY        0             0      0        0
  MONTH TO DATE    0             0      0        0
  SINCE MAR 1      0             0      0        0
  SINCE JAN 1      0             0      0        0
......................................................


WIND (MPH)
  RESULTANT WIND SPEED  13   RESULTANT WIND DIRECTION  SW (220)
  HIGHEST WIND SPEED    30   HIGHEST WIND DIRECTION    SW (240)
  HIGHEST GUST SPEED    36   HIGHEST GUST DIRECTION     W (250)
  AVERAGE WIND SPEED    15.7


SKY COVER
  AVERAGE SKY COVER 0.4


WEATHER CONDITIONS
 THE FOLLOWING WEATHER WAS RECORDED YESTERDAY.
  THUNDERSTORM
  HEAVY RAIN
  RAIN
  LIGHT RAIN
  FOG


RELATIVE HUMIDITY (PERCENT)
 HIGHEST    86          1200 AM
 LOWEST     33           300 PM
 AVERAGE    60

..........................................................


THE BATTLE CREEK MI CLIMATE NORMALS FOR TODAY
                         NORMAL
 MAXIMUM TEMPERATURE (F)   50
 MINIMUM TEMPERATURE (F)   28


SUNRISE AND SUNSET
MARCH 25 2017.........SUNRISE   735 AM EDT   SUNSET   759 PM EDT
MARCH 26 2017.........SUNRISE   733 AM EDT   SUNSET   800 PM EDT


-  INDICATES NEGATIVE NUMBERS.
R  INDICATES RECORD WAS SET OR TIED.
MM INDICATES DATA IS MISSING.
T  INDICATES TRACE AMOUNT.




$$
