000
CDUS43 KGRR 222233
CLIBTL


CLIMATE REPORT
NATIONAL WEATHER SERVICE GRAND RAPIDS, MI
532 PM EST MON DEC 22 2014


...................................

...THE BATTLE CREEK MI CLIMATE SUMMARY FOR DECEMBER 22 2014...
VALID TODAY AS OF 0500 PM LOCAL TIME.

CLIMATE NORMAL PERIOD 1981 TO 2010
CLIMATE RECORD PERIOD 1998 TO 2014


WEATHER ITEM   OBSERVED TIME   RECORD YEAR NORMAL DEPARTURE LAST
                VALUE   (LST)  VALUE       VALUE  FROM      YEAR
                                                  NORMAL
..................................................................
TEMPERATURE (F)
 TODAY
  MAXIMUM         39    440 PM  MM      MM  33      6       34
  MINIMUM         27    907 AM  MM      MM  18      9       31
  AVERAGE         33                        26      7       33

PRECIPITATION (IN)
  TODAY            T            MM      MM   0.06  -0.06     0.21
  MONTH TO DATE    0.15                      1.43  -1.28     1.10
  SINCE DEC 1      0.15                      1.43  -1.28     1.10
  SINCE JAN 1     28.47                     32.59  -4.12    34.90

DEGREE DAYS
 HEATING
  TODAY           32                        39     -7       32
  MONTH TO DATE  696                       799   -103      843
  SINCE DEC 1    696                       799   -103      843
  SINCE JUL 1   2199                      2237    -38     2244

 COOLING
  TODAY            0                         0      0        0
  MONTH TO DATE    0                         0      0        0
  SINCE DEC 1      0                         0      0        0
  SINCE JAN 1    593                       578     15      689
..................................................................


WIND (MPH)
  RESULTANT WIND SPEED   8   RESULTANT WIND DIRECTION  SE (120)
  HIGHEST WIND SPEED    15   HIGHEST WIND DIRECTION     E (110)
  HIGHEST GUST SPEED    20   HIGHEST GUST DIRECTION     E (110)
  AVERAGE WIND SPEED     7.9



WEATHER CONDITIONS
 THE FOLLOWING WEATHER WAS RECORDED TODAY.
  LIGHT RAIN
  HAZE


RELATIVE HUMIDITY (PERCENT)
 HIGHEST    85          1200 AM
 LOWEST     64           100 PM
 AVERAGE    75

..........................................................




SUNRISE AND SUNSET
DECEMBER 22 2014......SUNRISE   807 AM EST   SUNSET   512 PM EST
DECEMBER 23 2014......SUNRISE   808 AM EST   SUNSET   513 PM EST


-  INDICATES NEGATIVE NUMBERS.
R  INDICATES RECORD WAS SET OR TIED.
MM INDICATES DATA IS MISSING.
T  INDICATES TRACE AMOUNT.




$$

JAM
