000
CDUS43 KGRR 292142
CLIBTL


CLIMATE REPORT
NATIONAL WEATHER SERVICE GRAND RAPIDS, MI
541 PM EDT MON JUN 29 2015


...................................

...THE BATTLE CREEK MI CLIMATE SUMMARY FOR JUNE 29 2015...
VALID TODAY AS OF 0500 PM LOCAL TIME.

CLIMATE NORMAL PERIOD 1981 TO 2010
CLIMATE RECORD PERIOD 1998 TO 2015


WEATHER ITEM   OBSERVED TIME   NORMAL DEPARTURE LAST
                VALUE   (LST)  VALUE  FROM      YEAR
                                      NORMAL
......................................................
TEMPERATURE (F)
 TODAY
  MAXIMUM         74    335 PM  83     -9       86
  MINIMUM         63    611 AM  58      5       73
  AVERAGE         69            70     -1       80

PRECIPITATION (IN)
  TODAY            T             0.10  -0.10      T
  MONTH TO DATE    8.57          3.13   5.44     5.53
  SINCE JUN 1      8.57          3.13   5.44     5.53
  SINCE JAN 1     16.82         14.61   2.21    13.49

DEGREE DAYS
 HEATING
  TODAY            0             1     -1        0
  MONTH TO DATE   23            57    -34       18
  SINCE JUN 1     23            57    -34       18
  SINCE JUL 1   6811          6691    120     7371

 COOLING
  TODAY            4             6     -2       15
  MONTH TO DATE  137           120     17      164
  SINCE JUN 1    137           120     17      164
  SINCE JAN 1    210           158     52      216
......................................................


WIND (MPH)
  RESULTANT WIND SPEED   6   RESULTANT WIND DIRECTION   S (160)
  HIGHEST WIND SPEED    15   HIGHEST WIND DIRECTION    SE (150)
  HIGHEST GUST SPEED    21   HIGHEST GUST DIRECTION    SE (130)
  AVERAGE WIND SPEED     6.2


SKY COVER
  AVERAGE SKY COVER 0.5


WEATHER CONDITIONS
 THE FOLLOWING WEATHER WAS RECORDED TODAY.
  LIGHT RAIN
  HAZE


RELATIVE HUMIDITY (PERCENT)
 HIGHEST    73          1200 AM
 LOWEST     53           300 PM
 AVERAGE    63

..........................................................


THE BATTLE CREEK MI CLIMATE NORMALS FOR TOMORROW
                         NORMAL
 MAXIMUM TEMPERATURE (F)   83
 MINIMUM TEMPERATURE (F)   59


SUNRISE AND SUNSET
JUNE 29 2015..........SUNRISE   607 AM EDT   SUNSET   922 PM EDT
JUNE 30 2015..........SUNRISE   607 AM EDT   SUNSET   921 PM EDT


-  INDICATES NEGATIVE NUMBERS.
R  INDICATES RECORD WAS SET OR TIED.
MM INDICATES DATA IS MISSING.
T  INDICATES TRACE AMOUNT.




$$

JAM
