000
CDUS43 KGRR 230519
CLIBTL


CLIMATE REPORT
NATIONAL WEATHER SERVICE GRAND RAPIDS, MI
118 AM EDT MON OCT 23 2017


...................................

...THE BATTLE CREEK MI CLIMATE SUMMARY FOR OCTOBER 22 2017...

CLIMATE NORMAL PERIOD 1981 TO 2010
CLIMATE RECORD PERIOD 1998 TO 2017


WEATHER ITEM   OBSERVED TIME   NORMAL DEPARTURE LAST
                VALUE   (LST)  VALUE  FROM      YEAR
                                      NORMAL
......................................................
TEMPERATURE (F)
 YESTERDAY
  MAXIMUM         75    349 PM  59     16       56
  MINIMUM         59    714 AM  38     21       37
  AVERAGE         67            48     19       47

PRECIPITATION (IN)
  YESTERDAY        T             0.10  -0.10     0.00
  MONTH TO DATE    8.24          2.25   5.99     1.69
  SINCE SEP 1      8.65          5.90   2.75     3.74
  SINCE JAN 1     30.25         27.44   2.81    27.20

DEGREE DAYS
 HEATING
  YESTERDAY        0            17    -17       18
  MONTH TO DATE  104           300   -196      147
  SINCE SEP 1    191           456   -265      190
  SINCE JUL 1    211           497   -286      198

 COOLING
  YESTERDAY        2             0      2        0
  MONTH TO DATE   15             2     13       19
  SINCE SEP 1    148            57     91      111
  SINCE JAN 1    735           575    160      727
......................................................


WIND (MPH)
  RESULTANT WIND SPEED  11   RESULTANT WIND DIRECTION   S (180)
  HIGHEST WIND SPEED    23   HIGHEST WIND DIRECTION     S (190)
  HIGHEST GUST SPEED    29   HIGHEST GUST DIRECTION     S (190)
  AVERAGE WIND SPEED    11.2


SKY COVER
  AVERAGE SKY COVER 0.4


WEATHER CONDITIONS
 THE FOLLOWING WEATHER WAS RECORDED YESTERDAY.
  NO SIGNIFICANT WEATHER WAS OBSERVED.


RELATIVE HUMIDITY (PERCENT)
 HIGHEST    87          1000 PM
 LOWEST     56          1200 AM
 AVERAGE    72

..........................................................


THE BATTLE CREEK MI CLIMATE NORMALS FOR TODAY
                         NORMAL
 MAXIMUM TEMPERATURE (F)   58
 MINIMUM TEMPERATURE (F)   37


SUNRISE AND SUNSET
OCTOBER 23 2017.......SUNRISE   803 AM EDT   SUNSET   646 PM EDT
OCTOBER 24 2017.......SUNRISE   805 AM EDT   SUNSET   645 PM EDT


-  INDICATES NEGATIVE NUMBERS.
R  INDICATES RECORD WAS SET OR TIED.
MM INDICATES DATA IS MISSING.
T  INDICATES TRACE AMOUNT.




$$
