000
CDUS45 KMSO 222231
CLIBTM


CLIMATE REPORT
NATIONAL WEATHER SERVICE MISSOULA, MT
431 PM MDT TUE JUL 22 2014


...................................

...THE BUTTE MT CLIMATE SUMMARY FOR JULY 22 2014...
VALID TODAY AS OF 0400 PM LOCAL TIME.

CLIMATE NORMAL PERIOD 1981 TO 2010
CLIMATE RECORD PERIOD 1895 TO 2014


WEATHER ITEM   OBSERVED TIME   RECORD YEAR NORMAL DEPARTURE LAST
                VALUE   (LST)  VALUE       VALUE  FROM      YEAR
                                                  NORMAL
..................................................................
TEMPERATURE (F)
 TODAY
  MAXIMUM         81    256 PM 100    1931  82     -1       86
  MINIMUM         54    552 AM  34    1916  46      8       42
  AVERAGE         68                        64      4       64

PRECIPITATION (IN)
  TODAY            0.08          0.67 1913   0.04   0.04     0.00
  MONTH TO DATE    0.66                      0.98  -0.32     0.63
  SINCE OCT 1      9.41                     10.04  -0.63     7.22
  SINCE JAN 1      8.37                      8.15   0.22     5.59

SNOWFALL (IN)
  TODAY           MM
  MONTH TO DATE   MM
  SINCE JAN 1     MM
  SINCE JUL 1     MM
  SNOW DEPTH      MM

DEGREE DAYS
 HEATING
  TODAY            0                         2     -2        1
  MONTH TO DATE   14                        81    -67       10
  SINCE JUN 1    367                       368     -1      253
  SINCE JUL 1     14                        81    -67       10

 COOLING
  TODAY            3                         2      1        0
  MONTH TO DATE   50                        31     19       52
  SINCE JUN 1     50                        38     12       65
  SINCE JAN 1     50                        38     12       65
..................................................................


WIND (MPH)
  HIGHEST WIND SPEED    16   HIGHEST WIND DIRECTION     S (160)
  HIGHEST GUST SPEED    20   HIGHEST GUST DIRECTION     S (170)
  AVERAGE WIND SPEED     4.8


SKY COVER
  POSSIBLE SUNSHINE  MM
  AVERAGE SKY COVER 0.3


WEATHER CONDITIONS
 THE FOLLOWING WEATHER WAS RECORDED TODAY.
  RAIN
  LIGHT RAIN
  FOG


RELATIVE HUMIDITY (PERCENT)
 HIGHEST    93           500 AM
 LOWEST     28           100 PM
 AVERAGE    61

..........................................................


THE BUTTE MT CLIMATE NORMALS FOR TOMORROW
                         NORMAL    RECORD    YEAR
 MAXIMUM TEMPERATURE (F)   83        95      2007
                                             1931
 MINIMUM TEMPERATURE (F)   47        35      2011
                                             1954


SUNRISE AND SUNSET
JULY 22 2014..........SUNRISE   601 AM MDT   SUNSET   911 PM MDT
JULY 23 2014..........SUNRISE   602 AM MDT   SUNSET   910 PM MDT


-  INDICATES NEGATIVE NUMBERS.
R  INDICATES RECORD WAS SET OR TIED.
MM INDICATES DATA IS MISSING.
T  INDICATES TRACE AMOUNT.




$$
