000
CDUS45 KMSO 250739
CLIBTM


CLIMATE REPORT
NATIONAL WEATHER SERVICE MISSOULA, MT
1238 AM MST THU DEC 25 2014


...................................

...THE BUTTE MT CLIMATE SUMMARY FOR DECEMBER 24 2014...

CLIMATE NORMAL PERIOD 1981 TO 2010
CLIMATE RECORD PERIOD 1895 TO 2014


WEATHER ITEM   OBSERVED TIME   RECORD YEAR NORMAL DEPARTURE LAST
                VALUE   (LST)  VALUE       VALUE  FROM      YEAR
                                                  NORMAL
..................................................................
TEMPERATURE (F)
 YESTERDAY
  MAXIMUM         37    100 PM  50    2005  29      8       32
                                      1950
  MINIMUM         27   1159 PM -40    1983   5     22       16
  AVERAGE         32                        17     15       24

PRECIPITATION (IN)
  YESTERDAY        0.13          0.52 1931   0.01   0.12     0.00
  MONTH TO DATE    0.52                      0.39   0.13     0.22
  SINCE OCT 1      2.35                      1.77   0.58     1.04
  SINCE JAN 1     14.79                     12.65   2.14    11.32

SNOWFALL (IN)
  YESTERDAY       MM
  MONTH TO DATE   MM
  SINCE JAN 1     MM
  SINCE JUL 1     MM
  SNOW DEPTH      MM

DEGREE DAYS
 HEATING
  YESTERDAY       33                        48    -15       41
  MONTH TO DATE  894                      1137   -243     1190
  SINCE DEC 1    894                      1137   -243     1190
  SINCE JUL 1   3224                      3627   -403     3450

 COOLING
  YESTERDAY        0                         0      0        0
  MONTH TO DATE    0                         0      0        0
  SINCE DEC 1      0                         0      0        0
  SINCE JAN 1     78                        81     -3      104
..................................................................


WIND (MPH)
  HIGHEST WIND SPEED    20   HIGHEST WIND DIRECTION    NW (320)
  HIGHEST GUST SPEED    26   HIGHEST GUST DIRECTION    NW (300)
  AVERAGE WIND SPEED     6.8


SKY COVER
  POSSIBLE SUNSHINE  MM
  AVERAGE SKY COVER 0.7


WEATHER CONDITIONS
 THE FOLLOWING WEATHER WAS RECORDED YESTERDAY.
  SNOW
  LIGHT SNOW
  FOG
  HAZE


RELATIVE HUMIDITY (PERCENT)
 HIGHEST   100           700 PM
 LOWEST     56           200 PM
 AVERAGE    78

..........................................................


THE BUTTE MT CLIMATE NORMALS FOR TODAY
                         NORMAL    RECORD    YEAR
 MAXIMUM TEMPERATURE (F)   29        49      1925
 MINIMUM TEMPERATURE (F)    5       -30      1944


SUNRISE AND SUNSET
DECEMBER 25 2014......SUNRISE   811 AM MST   SUNSET   450 PM MST
DECEMBER 26 2014......SUNRISE   811 AM MST   SUNSET   451 PM MST


-  INDICATES NEGATIVE NUMBERS.
R  INDICATES RECORD WAS SET OR TIED.
MM INDICATES DATA IS MISSING.
T  INDICATES TRACE AMOUNT.




$$
