000
CDUS45 KMSO 232231
CLIBTM


CLIMATE REPORT
NATIONAL WEATHER SERVICE MISSOULA, MT
430 PM MDT SAT JUL 23 2016


...................................

...THE BUTTE MT CLIMATE SUMMARY FOR JULY 23 2016...
VALID TODAY AS OF 0400 PM LOCAL TIME.

CLIMATE NORMAL PERIOD 1981 TO 2010
CLIMATE RECORD PERIOD 1895 TO 2016


WEATHER ITEM   OBSERVED TIME   RECORD YEAR NORMAL DEPARTURE LAST
                VALUE   (LST)  VALUE       VALUE  FROM      YEAR
                                                  NORMAL
..................................................................
TEMPERATURE (F)
 TODAY
  MAXIMUM         76    255 PM  95    2007  83     -7       73
                                      1931
  MINIMUM         44    554 AM  35    2011  47     -3       49
                                      1954
  AVERAGE         60                        64     -4       61

PRECIPITATION (IN)
  TODAY            0.00          0.68 2015   0.04  -0.04     0.68
  MONTH TO DATE    0.92                      1.02  -0.10     1.10
  SINCE OCT 1      8.12                     10.08  -1.96     7.77
  SINCE JAN 1      5.38                      8.19  -2.81     5.38

SNOWFALL (IN)
  TODAY           MM
  MONTH TO DATE   MM
  SINCE JAN 1     MM
  SINCE JUL 1     MM
  SNOW DEPTH      MM

DEGREE DAYS
 HEATING
  TODAY            5                         2      3        4
  MONTH TO DATE  128                        83     45       59
  SINCE JUN 1    317                       370    -53      207
  SINCE JUL 1    128                        83     45       59

 COOLING
  TODAY            0                         2     -2        0
  MONTH TO DATE   17                        33    -16       20
  SINCE JUN 1     40                        40      0       66
  SINCE JAN 1     40                        40      0       66
..................................................................


WIND (MPH)
  HIGHEST WIND SPEED    16   HIGHEST WIND DIRECTION    NW (310)
  HIGHEST GUST SPEED    24   HIGHEST GUST DIRECTION    NW (320)
  AVERAGE WIND SPEED     7.6


SKY COVER
  POSSIBLE SUNSHINE  MM
  AVERAGE SKY COVER 0.0


WEATHER CONDITIONS
 THE FOLLOWING WEATHER WAS RECORDED TODAY.
  NO SIGNIFICANT WEATHER WAS OBSERVED.


RELATIVE HUMIDITY (PERCENT)
 HIGHEST    76           600 AM
 LOWEST     23           300 PM
 AVERAGE    50

..........................................................


THE BUTTE MT CLIMATE NORMALS FOR TOMORROW
                         NORMAL    RECORD    YEAR
 MAXIMUM TEMPERATURE (F)   83        97      1978
 MINIMUM TEMPERATURE (F)   47        38      1964


SUNRISE AND SUNSET
JULY 23 2016..........SUNRISE   603 AM MDT   SUNSET   909 PM MDT
JULY 24 2016..........SUNRISE   604 AM MDT   SUNSET   908 PM MDT


-  INDICATES NEGATIVE NUMBERS.
R  INDICATES RECORD WAS SET OR TIED.
MM INDICATES DATA IS MISSING.
T  INDICATES TRACE AMOUNT.




$$
