000
CDUS45 KMSO 070903
CLIBTM


CLIMATE REPORT
NATIONAL WEATHER SERVICE MISSOULA, MT
203 AM MST WED DEC 7 2016


...................................

...THE BUTTE MT CLIMATE SUMMARY FOR DECEMBER 6 2016...

CLIMATE NORMAL PERIOD 1981 TO 2010
CLIMATE RECORD PERIOD 1895 TO 2016


WEATHER ITEM   OBSERVED TIME   RECORD YEAR NORMAL DEPARTURE LAST
                VALUE   (LST)  VALUE       VALUE  FROM      YEAR
                                                  NORMAL
..................................................................
TEMPERATURE (F)
 YESTERDAY
  MAXIMUM         12   1055 AM  54    1900  30    -18       42
  MINIMUM         -3   1147 PM -28    1972   6     -9       18
  AVERAGE          5                        18    -13       30

PRECIPITATION (IN)
  YESTERDAY        T             0.32 1923   0.02  -0.02     0.00
  MONTH TO DATE    0.01                      0.11  -0.10     0.03
  SINCE OCT 1      2.79                      1.49   1.30     2.10
  SINCE JAN 1     10.17                     12.37  -2.20    11.27

SNOWFALL (IN)
  YESTERDAY       MM
  MONTH TO DATE   MM
  SINCE JAN 1     MM
  SINCE JUL 1     MM
  SNOW DEPTH      MM

DEGREE DAYS
 HEATING
  YESTERDAY       60                        47     13       35
  MONTH TO DATE  272                       275     -3      278
  SINCE DEC 1    272                       275     -3      278
  SINCE JUL 1   2566                      2765   -199     2698

 COOLING
  YESTERDAY        0                         0      0        0
  MONTH TO DATE    0                         0      0        0
  SINCE DEC 1      0                         0      0        0
  SINCE JAN 1     57                        81    -24      101
..................................................................


WIND (MPH)
  HIGHEST WIND SPEED    22   HIGHEST WIND DIRECTION     S (160)
  HIGHEST GUST SPEED    26   HIGHEST GUST DIRECTION    SE (150)
  AVERAGE WIND SPEED     7.7


SKY COVER
  POSSIBLE SUNSHINE  MM
  AVERAGE SKY COVER 0.6


WEATHER CONDITIONS
 THE FOLLOWING WEATHER WAS RECORDED YESTERDAY.
  LIGHT SNOW
  FOG
  HAZE


RELATIVE HUMIDITY (PERCENT)
 HIGHEST    87          1200 AM
 LOWEST     66          1200 PM
 AVERAGE    77

..........................................................


THE BUTTE MT CLIMATE NORMALS FOR TODAY
                         NORMAL    RECORD    YEAR
 MAXIMUM TEMPERATURE (F)   30        50      1928
 MINIMUM TEMPERATURE (F)    6       -31      1978


SUNRISE AND SUNSET
DECEMBER  7 2016......SUNRISE   758 AM MST   SUNSET   445 PM MST
DECEMBER  8 2016......SUNRISE   759 AM MST   SUNSET   445 PM MST


-  INDICATES NEGATIVE NUMBERS.
R  INDICATES RECORD WAS SET OR TIED.
MM INDICATES DATA IS MISSING.
T  INDICATES TRACE AMOUNT.




$$
