000
CDUS45 KMSO 132336
CLIBTM


CLIMATE REPORT
NATIONAL WEATHER SERVICE MISSOULA, MT
435 PM MST SAT FEB 13 2016


...................................

...THE BUTTE MT CLIMATE SUMMARY FOR FEBRUARY 13 2016...
VALID TODAY AS OF 0400 PM LOCAL TIME.

CLIMATE NORMAL PERIOD 1981 TO 2010
CLIMATE RECORD PERIOD 1895 TO 2016


WEATHER ITEM   OBSERVED TIME   RECORD YEAR NORMAL DEPARTURE LAST
                VALUE   (LST)  VALUE       VALUE  FROM      YEAR
                                                  NORMAL
..................................................................
TEMPERATURE (F)
 TODAY
  MAXIMUM         42    525 AM  56    2015  34      8       56
  MINIMUM         23    325 AM -45    1933   9     14       25
  AVERAGE         33                        21     12       41

PRECIPITATION (IN)
  TODAY            0.02          0.24 1987   0.01   0.01     0.00
  MONTH TO DATE    0.06                      0.18  -0.12     0.07
  SINCE OCT 1      3.14                      2.54   0.60     2.63
  SINCE JAN 1      0.40                      0.65  -0.25     0.24

SNOWFALL (IN)
  TODAY           MM
  MONTH TO DATE   MM
  SINCE JAN 1     MM
  SINCE JUL 1     MM
  SNOW DEPTH      MM

DEGREE DAYS
 HEATING
  TODAY           32                        44    -12       24
  MONTH TO DATE  535                       577    -42      361
  SINCE DEC 1   3447                      3458    -11     2926
  SINCE JUL 1   5867                      5948    -81     5256

 COOLING
  TODAY            0                         0      0        0
  MONTH TO DATE    0                         0      0        0
  SINCE DEC 1      0                         0      0        0
  SINCE JAN 1      0                         0      0        0
..................................................................


WIND (MPH)
  HIGHEST WIND SPEED    25   HIGHEST WIND DIRECTION    NW (310)
  HIGHEST GUST SPEED    34   HIGHEST GUST DIRECTION    NW (330)
  AVERAGE WIND SPEED    11.9


SKY COVER
  POSSIBLE SUNSHINE  MM
  AVERAGE SKY COVER 0.5


WEATHER CONDITIONS
 THE FOLLOWING WEATHER WAS RECORDED TODAY.
  LIGHT SNOW
  FOG


RELATIVE HUMIDITY (PERCENT)
 HIGHEST    92           300 AM
 LOWEST     44           300 PM
 AVERAGE    68

..........................................................


THE BUTTE MT CLIMATE NORMALS FOR TOMORROW
                         NORMAL    RECORD    YEAR
 MAXIMUM TEMPERATURE (F)   35        55      1921
 MINIMUM TEMPERATURE (F)    9       -34      1936


SUNRISE AND SUNSET
FEBRUARY 13 2016......SUNRISE   736 AM MST   SUNSET   553 PM MST
FEBRUARY 14 2016......SUNRISE   735 AM MST   SUNSET   554 PM MST


-  INDICATES NEGATIVE NUMBERS.
R  INDICATES RECORD WAS SET OR TIED.
MM INDICATES DATA IS MISSING.
T  INDICATES TRACE AMOUNT.




$$
