000
CDUS44 KLIX 280943
CLIBTR


CLIMATE REPORT
NATIONAL WEATHER SERVICE NEW ORLEANS
443 AM CDT TUE JUL 28 2015


...................................

...THE BATON ROUGE  ASOS CLIMATE SUMMARY FOR JULY 27 2015...

CLIMATE NORMAL PERIOD 1981 TO 2010
CLIMATE RECORD PERIOD 1894 TO 2015


WEATHER ITEM   OBSERVED TIME   RECORD YEAR NORMAL DEPARTURE LAST
                VALUE   (LST)  VALUE       VALUE  FROM      YEAR
                                                  NORMAL
..................................................................
TEMPERATURE (F)
 YESTERDAY
  MAXIMUM         98    102 PM  99    1907  92      6       94
  MINIMUM         74    507 AM  66    1911  74      0       77
  AVERAGE         86                        83      3       86

PRECIPITATION (IN)
  YESTERDAY        0.00          2.73 1994   0.15  -0.15     0.00
  MONTH TO DATE    3.42                      4.30  -0.88     5.78
  SINCE JUN 1      9.40                     10.71  -1.31    17.14
  SINCE JAN 1     41.78                     35.23   6.55    41.48

SNOWFALL (IN)
  YESTERDAY        0.0
  MONTH TO DATE    0.0
  SINCE JUN 1      0.0
  SINCE JUL 1      0.0
  SNOW DEPTH       0

DEGREE DAYS
 HEATING
  YESTERDAY        0                         0      0        0
  MONTH TO DATE    0                         0      0        0
  SINCE JUN 1      0                         0      0        0
  SINCE JUL 1      0                         0      0        0

 COOLING
  YESTERDAY       21                        18      3       21
  MONTH TO DATE  547                       486     61      440
  SINCE JUN 1   1043                       970     73      909
  SINCE JAN 1   1714                      1535    179     1415
..................................................................


WIND (MPH)
  HIGHEST WIND SPEED    16   HIGHEST WIND DIRECTION     S (170)
  HIGHEST GUST SPEED    19   HIGHEST GUST DIRECTION     S (170)
  AVERAGE WIND SPEED     2.8


SKY COVER
  POSSIBLE SUNSHINE  MM
  AVERAGE SKY COVER 0.2


WEATHER CONDITIONS
 THE FOLLOWING WEATHER WAS RECORDED YESTERDAY.
  NO SIGNIFICANT WEATHER WAS OBSERVED.


RELATIVE HUMIDITY (PERCENT)
 HIGHEST    94           500 AM
 LOWEST     40           400 PM
 AVERAGE    67

..........................................................


THE BATON ROUGE  ASOS CLIMATE NORMALS FOR TODAY
                         NORMAL    RECORD    YEAR
 MAXIMUM TEMPERATURE (F)   93       100      1995
 MINIMUM TEMPERATURE (F)   74        65      1911


SUNRISE AND SUNSET
JULY 28 2015..........SUNRISE   620 AM CDT   SUNSET   802 PM CDT
JULY 29 2015..........SUNRISE   621 AM CDT   SUNSET   801 PM CDT


-  INDICATES NEGATIVE NUMBERS.
R  INDICATES RECORD WAS SET OR TIED.
MM INDICATES DATA IS MISSING.
T  INDICATES TRACE AMOUNT.




$$
