000
CDUS44 KLIX 170820
CLIBTR


CLIMATE REPORT
NATIONAL WEATHER SERVICE NEW ORLEANS
NATIONAL WEATHER SERVICE NEW ORL
220 AM CST WED JAN 17 2018


...................................

...THE BATON ROUGE  ASOS CLIMATE SUMMARY FOR JANUARY 16 2018...

CLIMATE NORMAL PERIOD 1981 TO 2010
CLIMATE RECORD PERIOD 1894 TO 2018


WEATHER ITEM   OBSERVED TIME   RECORD YEAR NORMAL DEPARTURE LAST
                VALUE   (LST)  VALUE       VALUE  FROM      YEAR
                                                  NORMAL
..................................................................
TEMPERATURE (F)
 YESTERDAY
  MAXIMUM         43    123 AM  81    2017  62    -19       81
                                      1943
                                      1907
  MINIMUM         23   1159 PM  20    1905  41    -18       62
  AVERAGE         33                        52    -19       72

PRECIPITATION (IN)
  YESTERDAY        0.13          3.42 1924   0.18  -0.05      T
  MONTH TO DATE    2.06                      2.88  -0.82     2.94
  SINCE DEC 1      8.00                      8.48  -0.48    12.65
  SINCE JAN 1      2.06                      2.88  -0.82     2.94

SNOWFALL (IN)
  YESTERDAY       MM
  MONTH TO DATE    0.0
  SINCE DEC 1      3.5
  SINCE JUL 1      3.5
  SNOW DEPTH       0

DEGREE DAYS
 HEATING
  YESTERDAY       32                        14     18        0
  MONTH TO DATE  344                       224    120      135
  SINCE DEC 1    740                       605    135      406
  SINCE JUL 1    947                       840    107      519

 COOLING
  YESTERDAY        0                         0      0        7
  MONTH TO DATE    0                         3     -3       28
  SINCE DEC 1     18                        25     -7       93
  SINCE JAN 1      0                         3     -3       28
..................................................................


WIND (MPH)
  HIGHEST WIND SPEED    20   HIGHEST WIND DIRECTION     N (350)
  HIGHEST GUST SPEED    27   HIGHEST GUST DIRECTION     N (360)
  AVERAGE WIND SPEED     9.3


SKY COVER
  POSSIBLE SUNSHINE  MM
  AVERAGE SKY COVER 0.8


WEATHER CONDITIONS
 THE FOLLOWING WEATHER WAS RECORDED YESTERDAY.
  LIGHT RAIN
  LT FREEZING RAIN
  LIGHT SNOW
  FOG


RELATIVE HUMIDITY (PERCENT)
 HIGHEST    93           600 AM
 LOWEST     62          1100 PM
 AVERAGE    78

..........................................................


THE BATON ROUGE  ASOS CLIMATE NORMALS FOR TODAY
                         NORMAL    RECORD    YEAR
 MAXIMUM TEMPERATURE (F)   62        83      1907
 MINIMUM TEMPERATURE (F)   41        18      1977


SUNRISE AND SUNSET
JANUARY 17 2018.......SUNRISE   702 AM CST   SUNSET   528 PM CST
JANUARY 18 2018.......SUNRISE   702 AM CST   SUNSET   529 PM CST


-  INDICATES NEGATIVE NUMBERS.
R  INDICATES RECORD WAS SET OR TIED.
MM INDICATES DATA IS MISSING.
T  INDICATES TRACE AMOUNT.




$$
