000
CDUS44 KLIX 220702
CLIBTR


CLIMATE REPORT
NATIONAL WEATHER SERVICE NEW ORLEANS
201 AM CDT THU JUN 22 2017


...................................

...THE BATON ROUGE  ASOS CLIMATE SUMMARY FOR JUNE 21 2017...

CLIMATE NORMAL PERIOD 1981 TO 2010
CLIMATE RECORD PERIOD 1894 TO 2017


WEATHER ITEM   OBSERVED TIME   RECORD YEAR NORMAL DEPARTURE LAST
                VALUE   (LST)  VALUE       VALUE  FROM      YEAR
                                                  NORMAL
..................................................................
TEMPERATURE (F)
 YESTERDAY
  MAXIMUM         82   1105 AM 100    1953  91     -9       92
  MINIMUM         71    356 AM  61    1976  72     -1       74
                                      1912
  AVERAGE         77                        82     -5       83

PRECIPITATION (IN)
  YESTERDAY        1.34          2.89 2011   0.23   1.11     0.00
  MONTH TO DATE    5.88                      4.40   1.48     6.41
  SINCE JUN 1      5.88                      4.40   1.48     6.41
  SINCE JAN 1     37.53                     28.92   8.61    36.62

SNOWFALL (IN)
  YESTERDAY        0.0
  MONTH TO DATE    0.0
  SINCE JUN 1      0.0
  SINCE JUL 1      0.0
  SNOW DEPTH       0

DEGREE DAYS
 HEATING
  YESTERDAY        0                         0      0        0
  MONTH TO DATE    0                         0      0        0
  SINCE JUN 1      0                         0      0        0
  SINCE JUL 1    809                      1555   -746     1079

 COOLING
  YESTERDAY       12                        17     -5       18
  MONTH TO DATE  294                       329    -35      341
  SINCE JUN 1    294                       329    -35      341
  SINCE JAN 1   1031                       894    137      917
..................................................................


WIND (MPH)
  HIGHEST WIND SPEED    24   HIGHEST WIND DIRECTION     E (70)
  HIGHEST GUST SPEED    33   HIGHEST GUST DIRECTION     E (70)
  AVERAGE WIND SPEED    12.5


SKY COVER
  POSSIBLE SUNSHINE  MM
  AVERAGE SKY COVER 1.0


WEATHER CONDITIONS
 THE FOLLOWING WEATHER WAS RECORDED YESTERDAY.
  THUNDERSTORM
  HEAVY RAIN
  RAIN
  LIGHT RAIN
  FOG


RELATIVE HUMIDITY (PERCENT)
 HIGHEST   100           200 PM
 LOWEST     85          1100 AM
 AVERAGE    93

..........................................................


THE BATON ROUGE  ASOS CLIMATE NORMALS FOR TODAY
                         NORMAL    RECORD    YEAR
 MAXIMUM TEMPERATURE (F)   92        99      1897
 MINIMUM TEMPERATURE (F)   73        60      1976


SUNRISE AND SUNSET
JUNE 22 2017..........SUNRISE   603 AM CDT   SUNSET   810 PM CDT
JUNE 23 2017..........SUNRISE   603 AM CDT   SUNSET   811 PM CDT


-  INDICATES NEGATIVE NUMBERS.
R  INDICATES RECORD WAS SET OR TIED.
MM INDICATES DATA IS MISSING.
T  INDICATES TRACE AMOUNT.




$$
