000
CDUS44 KLIX 250702
CLIBTR


CLIMATE REPORT
NATIONAL WEATHER SERVICE NEW ORLEANS
201 AM CDT WED MAY 25 2016


...................................

...THE BATON ROUGE  ASOS CLIMATE SUMMARY FOR MAY 24 2016...

CLIMATE NORMAL PERIOD 1981 TO 2010
CLIMATE RECORD PERIOD 1894 TO 2016


WEATHER ITEM   OBSERVED TIME   RECORD YEAR NORMAL DEPARTURE LAST
                VALUE   (LST)  VALUE       VALUE  FROM      YEAR
                                                  NORMAL
..................................................................
TEMPERATURE (F)
 YESTERDAY
  MAXIMUM         91    252 PM  95    2010  88      3       89
                                      1941
                                      1915
  MINIMUM         65    527 AM  54    1913  67     -2       70
  AVERAGE         78                        78      0       80

PRECIPITATION (IN)
  YESTERDAY        0.00          2.30 1907   0.18  -0.18     0.67
  MONTH TO DATE    6.11                      3.71   2.40     3.47
  SINCE MAR 1     20.85                     12.58   8.27    14.93
  SINCE JAN 1     30.16                     23.34   6.82    24.68

SNOWFALL (IN)
  YESTERDAY        0.0
  MONTH TO DATE    0.0
  SINCE MAR 1      0.0
  SINCE JUL 1      0.0
  SNOW DEPTH       0

DEGREE DAYS
 HEATING
  YESTERDAY        0                         0      0        0
  MONTH TO DATE    0                         0      0        0
  SINCE MAR 1     88                       218   -130       99
  SINCE JUL 1   1079                      1553   -474     1641

 COOLING
  YESTERDAY       13                        13      0       15
  MONTH TO DATE  195                       240    -45      276
  SINCE MAR 1    451                       440     11      583
  SINCE JAN 1    468                       471     -3      587
..................................................................


WIND (MPH)
  HIGHEST WIND SPEED    14   HIGHEST WIND DIRECTION     E (110)
  HIGHEST GUST SPEED    18   HIGHEST GUST DIRECTION    SE (120)
  AVERAGE WIND SPEED     6.6


SKY COVER
  POSSIBLE SUNSHINE  MM
  AVERAGE SKY COVER 0.2


WEATHER CONDITIONS
 THE FOLLOWING WEATHER WAS RECORDED YESTERDAY.
  HAZE


RELATIVE HUMIDITY (PERCENT)
 HIGHEST    93           200 AM
 LOWEST     50           200 PM
 AVERAGE    72

..........................................................


THE BATON ROUGE  ASOS CLIMATE NORMALS FOR TODAY
                         NORMAL    RECORD    YEAR
 MAXIMUM TEMPERATURE (F)   88        98      1922
                                             1921
 MINIMUM TEMPERATURE (F)   68        52      1979
                                             1940


SUNRISE AND SUNSET
MAY 25 2016...........SUNRISE   605 AM CDT   SUNSET   759 PM CDT
MAY 26 2016...........SUNRISE   604 AM CDT   SUNSET   759 PM CDT


-  INDICATES NEGATIVE NUMBERS.
R  INDICATES RECORD WAS SET OR TIED.
MM INDICATES DATA IS MISSING.
T  INDICATES TRACE AMOUNT.




$$
