000
CDUS44 KLIX 230723
CLIBTR


CLIMATE REPORT
NATIONAL WEATHER SERVICE NEW ORLEANS
223 AM CDT THU OCT 23 2014


...................................

...THE BATON ROUGE  ASOS CLIMATE SUMMARY FOR OCTOBER 22 2014...

CLIMATE NORMAL PERIOD 1981 TO 2010
CLIMATE RECORD PERIOD 1894 TO 2014


WEATHER ITEM   OBSERVED TIME   RECORD YEAR NORMAL DEPARTURE LAST
                VALUE   (LST)  VALUE       VALUE  FROM      YEAR
                                                  NORMAL
..................................................................
TEMPERATURE (F)
 YESTERDAY
  MAXIMUM         80    245 PM  90    1941  79      1       78
                                      1934
  MINIMUM         55    327 AM  39    1976  56     -1       56
  AVERAGE         68                        68      0       67

PRECIPITATION (IN)
  YESTERDAY        0.00          4.70 1984   0.16  -0.16     0.00
  MONTH TO DATE    2.35                      3.31  -0.96     2.61
  SINCE SEP 1      5.41                      7.85  -2.44     9.51
  SINCE JAN 1     52.53                     49.56   2.97    62.17

SNOWFALL (IN)
  YESTERDAY        0.0
  MONTH TO DATE    0.0
  SINCE SEP 1      0.0
  SINCE JUL 1      0.0
  SNOW DEPTH       0

DEGREE DAYS
 HEATING
  YESTERDAY        0                         2     -2        0
  MONTH TO DATE    3                        21    -18        4
  SINCE SEP 1      3                        23    -20        4
  SINCE JUL 1      3                        23    -20        4

 COOLING
  YESTERDAY        3                         4     -1        2
  MONTH TO DATE  162                       145     17      158
  SINCE SEP 1    608                       555     53      635
  SINCE JAN 1   2636                      2716    -80     2603
..................................................................


WIND (MPH)
  HIGHEST WIND SPEED    14   HIGHEST WIND DIRECTION     E (70)
  HIGHEST GUST SPEED    19   HIGHEST GUST DIRECTION    NE (40)
  AVERAGE WIND SPEED     5.8


SKY COVER
  POSSIBLE SUNSHINE  MM
  AVERAGE SKY COVER 0.0


WEATHER CONDITIONS
 THE FOLLOWING WEATHER WAS RECORDED YESTERDAY.
  NO SIGNIFICANT WEATHER WAS OBSERVED.


RELATIVE HUMIDITY (PERCENT)
 HIGHEST    93           200 AM
 LOWEST     36           200 PM
 AVERAGE    65

..........................................................


THE BATON ROUGE  ASOS CLIMATE NORMALS FOR TODAY
                         NORMAL    RECORD    YEAR
 MAXIMUM TEMPERATURE (F)   79        91      1939
 MINIMUM TEMPERATURE (F)   56        37      1937


SUNRISE AND SUNSET
OCTOBER 23 2014.......SUNRISE   712 AM CDT   SUNSET   625 PM CDT
OCTOBER 24 2014.......SUNRISE   713 AM CDT   SUNSET   624 PM CDT


-  INDICATES NEGATIVE NUMBERS.
R  INDICATES RECORD WAS SET OR TIED.
MM INDICATES DATA IS MISSING.
T  INDICATES TRACE AMOUNT.




$$
