000
CDUS41 KBTV 172136
CLIBTV

CLIMATE REPORT
NATIONAL WEATHER SERVICE BURLINGTON VT
435 PM EST SUN DEC 17 2017

...................................

...THE BURLINGTON VT CLIMATE SUMMARY FOR DECEMBER 17 2017...
VALID TODAY AS OF 0400 PM LOCAL TIME.

CLIMATE NORMAL PERIOD 1981 TO 2010
CLIMATE RECORD PERIOD 1884 TO 2017


WEATHER ITEM   OBSERVED TIME   RECORD YEAR NORMAL DEPARTURE LAST
                VALUE   (LST)  VALUE       VALUE  FROM      YEAR
                                                  NORMAL
..................................................................
TEMPERATURE (F)
 TODAY
  MAXIMUM         18    222 PM  56    2000  33    -15       34
  MINIMUM          0    715 AM -11    2013  18    -18       16
  AVERAGE          9                        25    -16       25

PRECIPITATION (IN)
  TODAY            T             1.26 2000   0.08  -0.08     0.15
  MONTH TO DATE    0.88                      1.41  -0.53     1.25
  SINCE DEC 1      0.88                      1.41  -0.53     1.25
  SINCE JAN 1     38.60                     35.85   2.75    26.63

SNOWFALL (IN)
  TODAY            T            12.5  1973   0.6   -0.6      3.0
  MONTH TO DATE    8.7                       8.8   -0.1     11.4
  SINCE DEC 1      8.7                       8.8   -0.1     11.4
  SINCE JUL 1     11.7                      14.2   -2.5     15.7
  SNOW DEPTH       5

DEGREE DAYS
 HEATING
  TODAY           56                        40     16       40
  MONTH TO DATE  621                       619      2      605
  SINCE DEC 1    621                       619      2      605
  SINCE JUL 1   1760                      2164   -404     1810

 COOLING
  TODAY            0                         0      0        0
  MONTH TO DATE    0                         0      0        0
  SINCE DEC 1      0                         0      0        0
  SINCE JAN 1    652                       491    161      855
..................................................................


WIND (MPH)
  HIGHEST WIND SPEED     8   HIGHEST WIND DIRECTION     E (80)
  HIGHEST GUST SPEED     9   HIGHEST GUST DIRECTION     E (80)
  AVERAGE WIND SPEED     3.2


SKY COVER
  POSSIBLE SUNSHINE  MM
  AVERAGE SKY COVER 0.3


WEATHER CONDITIONS
 THE FOLLOWING WEATHER WAS RECORDED TODAY.
  LIGHT SNOW
  FOG
  HAZE


RELATIVE HUMIDITY (PERCENT)
 HIGHEST    86           500 AM
 LOWEST     49           200 PM
 AVERAGE    68

..........................................................


THE BURLINGTON VT CLIMATE NORMALS FOR TOMORROW
                         NORMAL    RECORD    YEAR
 MAXIMUM TEMPERATURE (F)   32        57      1921
 MINIMUM TEMPERATURE (F)   17       -13      1919


SUNRISE AND SUNSET
DECEMBER 17 2017......SUNRISE   724 AM EST   SUNSET   414 PM EST
DECEMBER 18 2017......SUNRISE   724 AM EST   SUNSET   414 PM EST


-  INDICATES NEGATIVE NUMBERS.
R  INDICATES RECORD WAS SET OR TIED.
MM INDICATES DATA IS MISSING.
T  INDICATES TRACE AMOUNT.

$$
