000
CDUS41 KBTV 270618
CLIBTV


CLIMATE REPORT
NATIONAL WEATHER SERVICE BURLINGTON VT
216 AM EDT TUE JUN 27 2017


...................................

...THE BURLINGTON VT CLIMATE SUMMARY FOR JUNE 26 2017...

CLIMATE NORMAL PERIOD 1981 TO 2010
CLIMATE RECORD PERIOD 1884 TO 2017


WEATHER ITEM   OBSERVED TIME   RECORD YEAR NORMAL DEPARTURE LAST
                VALUE   (LST)  VALUE       VALUE  FROM      YEAR
                                                  NORMAL
..................................................................
TEMPERATURE (F)
 YESTERDAY
  MAXIMUM         74    158 PM  96    2007  79     -5       91
  MINIMUM         55    508 AM  41    1979  58     -3       60
  AVERAGE         65                        69     -4       76

PRECIPITATION (IN)
  YESTERDAY        0.01          1.90 2006   0.14  -0.13     0.00
  MONTH TO DATE    4.66                      3.20   1.46     2.44
  SINCE JUN 1      4.66                      3.20   1.46     2.44
  SINCE JAN 1     21.34                     15.51   5.83    13.29

SNOWFALL (IN)
  YESTERDAY        0.0           0.0  2002   0.0    0.0      0.0
                                      2001
  MONTH TO DATE    0.0                       0.0    0.0      0.0
  SINCE JUN 1      0.0                       0.0    0.0      0.0
  SINCE JUL 1    100.4                      81.2   19.2     34.3
  SNOW DEPTH       0

DEGREE DAYS
 HEATING
  YESTERDAY        0                         1     -1        0
  MONTH TO DATE   50                        69    -19       48
  SINCE JUN 1     50                        69    -19       48
  SINCE JUL 1   6326                      7430  -1104     6226

 COOLING
  YESTERDAY        0                         5     -5       11
  MONTH TO DATE  118                        77     41      100
  SINCE JUN 1    118                        77     41      100
  SINCE JAN 1    160                        96     64      172
..................................................................


WIND (MPH)
  HIGHEST WIND SPEED    15   HIGHEST WIND DIRECTION    SW (230)
  HIGHEST GUST SPEED    20   HIGHEST GUST DIRECTION    SW (230)
  AVERAGE WIND SPEED     6.3


SKY COVER
  POSSIBLE SUNSHINE  MM
  AVERAGE SKY COVER 0.5


WEATHER CONDITIONS
 THE FOLLOWING WEATHER WAS RECORDED YESTERDAY.
  THUNDERSTORM
  LIGHT RAIN


RELATIVE HUMIDITY (PERCENT)
 HIGHEST    83           400 AM
 LOWEST     35           200 PM
 AVERAGE    59

..........................................................


THE BURLINGTON VT CLIMATE NORMALS FOR TODAY
                         NORMAL    RECORD    YEAR
 MAXIMUM TEMPERATURE (F)   79        96      2007
                                             1999
 MINIMUM TEMPERATURE (F)   59        44      1927


SUNRISE AND SUNSET
JUNE 27 2017..........SUNRISE   510 AM EDT   SUNSET   841 PM EDT
JUNE 28 2017..........SUNRISE   510 AM EDT   SUNSET   841 PM EDT


-  INDICATES NEGATIVE NUMBERS.
R  INDICATES RECORD WAS SET OR TIED.
MM INDICATES DATA IS MISSING.
T  INDICATES TRACE AMOUNT.

&&

LAKE CHAMPLAIN DATA:
LEVEL...............97.22 FEET
TEMPERATURE.........64 DEGREES

MOUNT MANSFIELD DATA:
HIGH................58 DEGREES
LOW.................43 DEGREES
PRECIPITATION.......NONE

$$
