000
CDUS41 KBTV 060608
CLIBTV


CLIMATE REPORT
NATIONAL WEATHER SERVICE BURLINGTON VT
108 AM EST FRI MAR 6 2015


...................................

...THE BURLINGTON VT CLIMATE SUMMARY FOR MARCH 5 2015...

CLIMATE NORMAL PERIOD 1981 TO 2010
CLIMATE RECORD PERIOD 1884 TO 2015


WEATHER ITEM   OBSERVED TIME   RECORD YEAR NORMAL DEPARTURE LAST
                VALUE   (LST)  VALUE       VALUE  FROM      YEAR
                                                  NORMAL
..................................................................
TEMPERATURE (F)
 YESTERDAY
  MAXIMUM         30   1224 AM  58    1964  36     -6       17
  MINIMUM         -2   1152 PM -15    1948  18    -20        3
  AVERAGE         14                        27    -13       10

PRECIPITATION (IN)
  YESTERDAY        0.00          1.01 1966   0.06  -0.06      T
  MONTH TO DATE    0.08                      0.32  -0.24     0.04
  SINCE MAR 1      0.08                      0.32  -0.24     0.04
  SINCE JAN 1      2.46                      4.14  -1.68     4.32

SNOWFALL (IN)
  YESTERDAY        0.0           7.0  1917   0.6   -0.6      0.4
  MONTH TO DATE    2.3                       3.1   -0.8      1.9
  SINCE MAR 1      2.3                       3.1   -0.8      1.9
  SINCE JUL 1     78.2                      63.9   14.3     60.2
  SNOW DEPTH       8

DEGREE DAYS
 HEATING
  YESTERDAY       51                        38     13       55
  MONTH TO DATE  228                       195     33      269
  SINCE MAR 1    228                       195     33      269
  SINCE JUL 1   5745                      5605    140     5734

 COOLING
  YESTERDAY        0                         0      0        0
  MONTH TO DATE    0                         0      0        0
  SINCE MAR 1      0                         0      0        0
  SINCE JAN 1      0                         0      0        0
..................................................................


WIND (MPH)
  HIGHEST WIND SPEED    22   HIGHEST WIND DIRECTION    NW (320)
  HIGHEST GUST SPEED    26   HIGHEST GUST DIRECTION    NW (320)
  AVERAGE WIND SPEED    10.1


SKY COVER
  POSSIBLE SUNSHINE  MM
  AVERAGE SKY COVER 0.5


WEATHER CONDITIONS
 THE FOLLOWING WEATHER WAS RECORDED YESTERDAY.
  NO SIGNIFICANT WEATHER WAS OBSERVED.


RELATIVE HUMIDITY (PERCENT)
 HIGHEST    65          1100 PM
 LOWEST     34           100 AM
 AVERAGE    50

..........................................................


THE BURLINGTON VT CLIMATE NORMALS FOR TODAY
                         NORMAL    RECORD    YEAR
 MAXIMUM TEMPERATURE (F)   36        61      1894
 MINIMUM TEMPERATURE (F)   18       -20      1948


SUNRISE AND SUNSET
MARCH  6 2015.........SUNRISE   622 AM EST   SUNSET   547 PM EST
MARCH  7 2015.........SUNRISE   620 AM EST   SUNSET   548 PM EST


-  INDICATES NEGATIVE NUMBERS.
R  INDICATES RECORD WAS SET OR TIED.
MM INDICATES DATA IS MISSING.
T  INDICATES TRACE AMOUNT.

&&

LAKE CHAMPLAIN DATA:
LEVEL...............94.75 FEET
TEMPERATURE.........34 DEGREES

MOUNT MANSFIELD DATA:
HIGH................19 DEGREES
LOW.................-6 DEGREES
PRECIPITATION.......0.02 INCHES
NEW SNOW............0.3 INCHES
SNOW AT STAKE.......79 INCHES

$$
