000
CDUS41 KBTV 280553
CLIBTV


CLIMATE REPORT
NATIONAL WEATHER SERVICE BURLINGTON VT
146 AM EDT SAT MAR 28 2015


...................................

...THE BURLINGTON VT CLIMATE SUMMARY FOR MARCH 27 2015...

CLIMATE NORMAL PERIOD 1981 TO 2010
CLIMATE RECORD PERIOD 1884 TO 2015


WEATHER ITEM   OBSERVED TIME   RECORD YEAR NORMAL DEPARTURE LAST
                VALUE   (LST)  VALUE       VALUE  FROM      YEAR
                                                  NORMAL
..................................................................
TEMPERATURE (F)
 YESTERDAY
  MAXIMUM         36   1241 PM  71    1976  45     -9       36
                                      1921
  MINIMUM         28   1159 PM  -1    1923  27      1        6
  AVERAGE         32                        36     -4       21

PRECIPITATION (IN)
  YESTERDAY        0.04          1.49 1913   0.07  -0.03     0.00
  MONTH TO DATE    0.90                      1.91  -1.01     1.04
  SINCE MAR 1      0.90                      1.91  -1.01     1.04
  SINCE JAN 1      3.28                      5.73  -2.45     5.32

SNOWFALL (IN)
  YESTERDAY        T             1.8  1983   0.3   -0.3      0.0
  MONTH TO DATE    4.4                      14.5  -10.1     24.9
  SINCE MAR 1      4.4                      14.5  -10.1     24.9
  SINCE JUL 1     80.3                      75.3    5.0     83.2
  SNOW DEPTH      0

DEGREE DAYS
 HEATING
  YESTERDAY       33                        29      4       44
  MONTH TO DATE 1051                       941    110     1206
  SINCE MAR 1   1051                       941    110     1206
  SINCE JUL 1   6568                      6351    217     6671

 COOLING
  YESTERDAY        0                         0      0        0
  MONTH TO DATE    0                         0      0        0
  SINCE MAR 1      0                         0      0        0
  SINCE JAN 1      0                         0      0        0
..................................................................


WIND (MPH)
  HIGHEST WIND SPEED    16   HIGHEST WIND DIRECTION     N (360)
  HIGHEST GUST SPEED    23   HIGHEST GUST DIRECTION     N (360)
  AVERAGE WIND SPEED     6.5


SKY COVER
  POSSIBLE SUNSHINE  MM
  AVERAGE SKY COVER 1.0


WEATHER CONDITIONS
 THE FOLLOWING WEATHER WAS RECORDED YESTERDAY.
  LIGHT RAIN
  LIGHT SNOW
  FOG


RELATIVE HUMIDITY (PERCENT)
 HIGHEST    96           300 AM
 LOWEST     72           700 PM
 AVERAGE    84

..........................................................


THE BURLINGTON VT CLIMATE NORMALS FOR TODAY
                         NORMAL    RECORD    YEAR
 MAXIMUM TEMPERATURE (F)   45        79      1945
 MINIMUM TEMPERATURE (F)   27        -5      1923


SUNRISE AND SUNSET
MARCH 28 2015.........SUNRISE   642 AM EDT   SUNSET   715 PM EDT
MARCH 29 2015.........SUNRISE   640 AM EDT   SUNSET   716 PM EDT


-  INDICATES NEGATIVE NUMBERS.
R  INDICATES RECORD WAS SET OR TIED.
MM INDICATES DATA IS MISSING.
T  INDICATES TRACE AMOUNT.

&&

LAKE CHAMPLAIN DATA:
LEVEL...............94.68 FEET
TEMPERATURE.........36 DEGREES

MOUNT MANSFIELD DATA:
HIGH................29 DEGREES
LOW.................22 DEGREES
PRECIPITATION.......0.47 INCHES
SNOWFALL............5.0 INCHES
SNOW AT THE STAKE...88 INCHES

$$
