000
CDUS46 KLOX 190900
CLIBUR


CLIMATE REPORT
NATIONAL WEATHER SERVICE LOS ANGELES/OXNARD CA
100 AM PST MON FEB 19 2018


...................................

...THE BOB HOPE AIRPORT (BURBANK) CA CLIMATE SUMMARY FOR FEBRUARY 18 2018...

CLIMATE NORMAL PERIOD 1981 TO 2010
CLIMATE RECORD PERIOD 1939 TO 2018


WEATHER ITEM   OBSERVED TIME   RECORD YEAR NORMAL DEPARTURE LAST
                VALUE   (LST)  VALUE       VALUE  FROM      YEAR
                                                  NORMAL
..................................................................
TEMPERATURE (F)
 YESTERDAY
  MAXIMUM         67    125 PM  92    1981  68     -1       59
  MINIMUM         45    624 AM  32    1975  44      1       48
  AVERAGE         56                        56      0       54

PRECIPITATION (IN)
  YESTERDAY        0.00          1.71 2005   0.18  -0.18     0.15
                                      1993
  MONTH TO DATE    0.02                      2.82  -2.80     3.23
  SINCE OCT 1      2.43                     10.79  -8.36    13.18
  SINCE JAN 1      2.35                      6.35  -4.00     8.92

SNOWFALL (IN)
  YESTERDAY        0.0
  MONTH TO DATE    0.0
  SINCE DEC 1      0.0
  SINCE JUL 1      0.0

DEGREE DAYS
 HEATING
  YESTERDAY        9                         9      0       11
  MONTH TO DATE   58                       172   -114      113
  SINCE DEC 1    317                       827   -510      756
  SINCE JUL 1    356                      1055   -699      874

 COOLING
  YESTERDAY        0                         0      0        0
  MONTH TO DATE   12                         0     12        1
  SINCE DEC 1     43                         3     40        1
  SINCE JAN 1     34                         2     32        1
..................................................................


WIND (MPH)
  HIGHEST WIND SPEED    15   HIGHEST WIND DIRECTION    SE (150)
  HIGHEST GUST SPEED    19   HIGHEST GUST DIRECTION     S (190)
  AVERAGE WIND SPEED     5.5


SKY COVER
  POSSIBLE SUNSHINE  MM
  AVERAGE SKY COVER 0.1


WEATHER CONDITIONS
 THE FOLLOWING WEATHER WAS RECORDED YESTERDAY.
  NO SIGNIFICANT WEATHER WAS OBSERVED.


RELATIVE HUMIDITY (PERCENT)
 HIGHEST    83           800 PM
 LOWEST     31           200 PM
 AVERAGE    57

..........................................................


THE BOB HOPE AIRPORT (BURBANK) CA CLIMATE NORMALS FOR TODAY
                         NORMAL    RECORD    YEAR
 MAXIMUM TEMPERATURE (F)   68        89      1977
 MINIMUM TEMPERATURE (F)   44        34      1955


SUNRISE AND SUNSET
FEBRUARY 19 2018......SUNRISE   634 AM PST   SUNSET   541 PM PST
FEBRUARY 20 2018......SUNRISE   633 AM PST   SUNSET   542 PM PST


-  INDICATES NEGATIVE NUMBERS.
R  INDICATES RECORD WAS SET OR TIED.
MM INDICATES DATA IS MISSING.
T  INDICATES TRACE AMOUNT.




$$
