000
CDUS46 KLOX 290916
CLIBUR


CLIMATE REPORT
NATIONAL WEATHER SERVICE LOS ANGELES/OXNARD CA
216 AM PDT WED MAR 29 2017


...................................

...THE BOB HOPE AIRPORT (BURBANK) CA CLIMATE SUMMARY FOR MARCH 28 2017...

CLIMATE NORMAL PERIOD 1981 TO 2010
CLIMATE RECORD PERIOD 1939 TO 2017


WEATHER ITEM   OBSERVED TIME   RECORD YEAR NORMAL DEPARTURE LAST
                VALUE   (LST)  VALUE       VALUE  FROM      YEAR
                                                  NORMAL
..................................................................
TEMPERATURE (F)
 YESTERDAY
  MAXIMUM         78   1246 PM  88    2004  71      7       63
                                      1986
  MINIMUM         56    626 AM  32    1985  47      9       52
  AVERAGE         67                        59      8       58

PRECIPITATION (IN)
  YESTERDAY        0.00          1.32 2006   0.07  -0.07     0.02
  MONTH TO DATE    0.21                      2.79  -2.58     1.76
  SINCE OCT 1     13.61                     15.24  -1.63     7.23
  SINCE JAN 1      9.35                     10.80  -1.45     6.13

SNOWFALL (IN)
  YESTERDAY        0.0
  MONTH TO DATE    0.0
  SINCE MAR 1      0.0
  SINCE JUL 1      0.0

DEGREE DAYS
 HEATING
  YESTERDAY        0                         6     -6        7
  MONTH TO DATE   87                       199   -112       89
  SINCE MAR 1     87                       199   -112       89
  SINCE JUL 1   1080                      1340   -260      996

 COOLING
  YESTERDAY        2                         0      2        0
  MONTH TO DATE   62                         0     62       16
  SINCE MAR 1     62                         0     62       16
  SINCE JAN 1     63                         6     57       71
..................................................................


WIND (MPH)
  HIGHEST WIND SPEED    17   HIGHEST WIND DIRECTION     W (270)
  HIGHEST GUST SPEED    25   HIGHEST GUST DIRECTION     S (170)
  AVERAGE WIND SPEED     8.5


SKY COVER
  POSSIBLE SUNSHINE  MM
  AVERAGE SKY COVER 0.0


WEATHER CONDITIONS
 THE FOLLOWING WEATHER WAS RECORDED YESTERDAY.
  NO SIGNIFICANT WEATHER WAS OBSERVED.


RELATIVE HUMIDITY (PERCENT)
 HIGHEST    47           100 AM
 LOWEST     15          1200 PM
 AVERAGE    31

..........................................................


THE BOB HOPE AIRPORT (BURBANK) CA CLIMATE NORMALS FOR TODAY
                         NORMAL    RECORD    YEAR
 MAXIMUM TEMPERATURE (F)   71        91      2004
                                             1971
 MINIMUM TEMPERATURE (F)   47        37      1998


SUNRISE AND SUNSET
MARCH 29 2017.........SUNRISE   644 AM PDT   SUNSET   712 PM PDT
MARCH 30 2017.........SUNRISE   643 AM PDT   SUNSET   713 PM PDT


-  INDICATES NEGATIVE NUMBERS.
R  INDICATES RECORD WAS SET OR TIED.
MM INDICATES DATA IS MISSING.
T  INDICATES TRACE AMOUNT.




$$
