000
CDUS46 KLOX 180910
CLIBUR


CLIMATE REPORT
NATIONAL WEATHER SERVICE LOS ANGELES/OXNARD CA
109 AM PST THU DEC 18 2014


...................................

...THE BOB HOPE AIRPORT (BURBANK) CA CLIMATE SUMMARY FOR DECEMBER 17 2014...

CLIMATE NORMAL PERIOD 1981 TO 2010
CLIMATE RECORD PERIOD 1939 TO 2014


WEATHER ITEM   OBSERVED TIME   RECORD YEAR NORMAL DEPARTURE LAST
                VALUE   (LST)  VALUE       VALUE  FROM      YEAR
                                                  NORMAL
..................................................................
TEMPERATURE (F)
 YESTERDAY
  MAXIMUM         62    147 PM  88    2013  67     -5       88
                                      1980
  MINIMUM         48   1159 PM  29    1975  41      7       58
  AVERAGE         55                        54      1       73

PRECIPITATION (IN)
  YESTERDAY        0.28          1.57 1940   0.08   0.20     0.00
  MONTH TO DATE    3.36                      1.10   2.26     0.02
  SINCE JUL 1      4.54                      3.46   1.08     0.46
  SINCE JAN 1      9.45                     16.01  -6.56     3.06

SNOWFALL (IN)
  YESTERDAY       MM
  MONTH TO DATE    0.0
  SINCE DEC 1      0.0
  SINCE JUL 1      0.0

DEGREE DAYS
 HEATING
  YESTERDAY       10                        11     -1        0
  MONTH TO DATE   95                       181    -86      147
  SINCE DEC 1     95                       181    -86      147
  SINCE JUL 1    155                       409   -254      235

 COOLING
  YESTERDAY        0                         0      0        8
  MONTH TO DATE    1                         0      1       13
  SINCE DEC 1      1                         0      1       13
  SINCE JAN 1   1956                      1245    711     2024
..................................................................


WIND (MPH)
  HIGHEST WIND SPEED    16   HIGHEST WIND DIRECTION    SE (120)
  HIGHEST GUST SPEED    20   HIGHEST GUST DIRECTION    SE (150)
  AVERAGE WIND SPEED     2.7


SKY COVER
  POSSIBLE SUNSHINE  MM
  AVERAGE SKY COVER 0.4


WEATHER CONDITIONS
 THE FOLLOWING WEATHER WAS RECORDED YESTERDAY.
  THUNDERSTORM
  HEAVY RAIN
  RAIN
  LIGHT RAIN
  FOG


RELATIVE HUMIDITY (PERCENT)
 HIGHEST    89           100 AM
 LOWEST     49           100 PM
 AVERAGE    69

..........................................................


THE BOB HOPE AIRPORT (BURBANK) CA CLIMATE NORMALS FOR TODAY
                         NORMAL    RECORD    YEAR
 MAXIMUM TEMPERATURE (F)   67        84      1939
 MINIMUM TEMPERATURE (F)   41        31      1975


SUNRISE AND SUNSET
DECEMBER 18 2014......SUNRISE   654 AM PST   SUNSET   446 PM PST
DECEMBER 19 2014......SUNRISE   654 AM PST   SUNSET   447 PM PST


-  INDICATES NEGATIVE NUMBERS.
R  INDICATES RECORD WAS SET OR TIED.
MM INDICATES DATA IS MISSING.
T  INDICATES TRACE AMOUNT.




$$
