000
CDUS46 KLOX 200912
CLIBUR


CLIMATE REPORT
NATIONAL WEATHER SERVICE LOS ANGELES/OXNARD CA
211 AM PDT MON OCT 20 2014


...................................

...THE BOB HOPE AIRPORT (BURBANK) CA CLIMATE SUMMARY FOR OCTOBER 19 2014...

CLIMATE NORMAL PERIOD 1981 TO 2010
CLIMATE RECORD PERIOD 1939 TO 2014


WEATHER ITEM   OBSERVED TIME   RECORD YEAR NORMAL DEPARTURE LAST
                VALUE   (LST)  VALUE       VALUE  FROM      YEAR
                                                  NORMAL
..................................................................
TEMPERATURE (F)
 YESTERDAY
  MAXIMUM         78    228 PM 101    1940  79     -1       90
  MINIMUM         56    626 AM  41    1971  53      3       56
  AVERAGE         67                        66      1       73

PRECIPITATION (IN)
  YESTERDAY        0.00          1.45 2004   0.04  -0.04     0.00
  MONTH TO DATE    0.00                      0.54  -0.54     0.10
  SINCE JUL 1      0.04                      0.86  -0.82     0.11
  SINCE JAN 1      4.95                     13.41  -8.46     2.71

SNOWFALL (IN)
  YESTERDAY        0.0
  MONTH TO DATE    0.0
  SINCE SEP 1      0.0
  SINCE JUL 1      0.0

DEGREE DAYS
 HEATING
  YESTERDAY        0                         1     -1        0
  MONTH TO DATE    0                        19    -19       13
  SINCE SEP 1      0                        25    -25       13
  SINCE JUL 1      0                        25    -25       13

 COOLING
  YESTERDAY        2                         3     -1        8
  MONTH TO DATE  152                        76     76      109
  SINCE SEP 1    548                       325    223      510
  SINCE JAN 1   1848                      1207    641     1939
..................................................................


WIND (MPH)
  HIGHEST WIND SPEED    12   HIGHEST WIND DIRECTION     S (180)
  HIGHEST GUST SPEED    13   HIGHEST GUST DIRECTION     S (180)
  AVERAGE WIND SPEED     4.0


SKY COVER
  POSSIBLE SUNSHINE  MM
  AVERAGE SKY COVER 0.0


WEATHER CONDITIONS
 THE FOLLOWING WEATHER WAS RECORDED YESTERDAY.
  FOG
  HAZE


RELATIVE HUMIDITY (PERCENT)
 HIGHEST    87          1000 PM
 LOWEST     46          1200 PM
 AVERAGE    67

..........................................................


THE BOB HOPE AIRPORT (BURBANK) CA CLIMATE NORMALS FOR TODAY
                         NORMAL    RECORD    YEAR
 MAXIMUM TEMPERATURE (F)   79        98      2003
 MINIMUM TEMPERATURE (F)   53        39      1949


SUNRISE AND SUNSET
OCTOBER 20 2014.......SUNRISE   703 AM PDT   SUNSET   613 PM PDT
OCTOBER 21 2014.......SUNRISE   704 AM PDT   SUNSET   612 PM PDT


-  INDICATES NEGATIVE NUMBERS.
R  INDICATES RECORD WAS SET OR TIED.
MM INDICATES DATA IS MISSING.
T  INDICATES TRACE AMOUNT.




$$
