687
CDUS46 KLOX 290901
CLIBUR


CLIMATE REPORT
NATIONAL WEATHER SERVICE LOS ANGELES/OXNARD CA
201 AM PDT FRI APR 29 2016


...................................

...THE BOB HOPE AIRPORT (BURBANK) CA CLIMATE SUMMARY FOR APRIL 28 2016...

CLIMATE NORMAL PERIOD 1981 TO 2010
CLIMATE RECORD PERIOD 1939 TO 2016


WEATHER ITEM   OBSERVED TIME   RECORD YEAR NORMAL DEPARTURE LAST
                VALUE   (LST)  VALUE       VALUE  FROM      YEAR
                                                  NORMAL
..................................................................
TEMPERATURE (F)
 YESTERDAY
  MAXIMUM         69    315 PM 101    1981  75     -6       91
  MINIMUM         51    506 AM  38    1984  52     -1       57
  AVERAGE         60                        64     -4       74

PRECIPITATION (IN)
  YESTERDAY        0.00          1.20 2005   0.03  -0.03     0.00
  MONTH TO DATE    0.30                      1.06  -0.76     0.25
  SINCE OCT 1      7.64                     16.48  -8.84     7.28
  SINCE JAN 1      6.54                     12.04  -5.50     2.78

SNOWFALL (IN)
  YESTERDAY        0.0
  MONTH TO DATE    0.0
  SINCE MAR 1      0.0
  SINCE JUL 1      0.0

DEGREE DAYS
 HEATING
  YESTERDAY        5                         3      2        0
  MONTH TO DATE   49                       133    -84       63
  SINCE MAR 1    164                       351   -187      112
  SINCE JUL 1   1071                      1492   -421      669

 COOLING
  YESTERDAY        0                         2     -2        9
  MONTH TO DATE   73                        35     38       41
  SINCE MAR 1     89                        45     44      170
  SINCE JAN 1    144                        51     93      196
..................................................................


WIND (MPH)
  HIGHEST WIND SPEED    16   HIGHEST WIND DIRECTION    SW (210)
  HIGHEST GUST SPEED    25   HIGHEST GUST DIRECTION     N (340)
  AVERAGE WIND SPEED     6.6


SKY COVER
  POSSIBLE SUNSHINE  MM
  AVERAGE SKY COVER 0.2


WEATHER CONDITIONS
 THE FOLLOWING WEATHER WAS RECORDED YESTERDAY.
  NO SIGNIFICANT WEATHER WAS OBSERVED.


RELATIVE HUMIDITY (PERCENT)
 HIGHEST    77           500 AM
 LOWEST     32           200 PM
 AVERAGE    55

..........................................................


THE BOB HOPE AIRPORT (BURBANK) CA CLIMATE NORMALS FOR TODAY
                         NORMAL    RECORD    YEAR
 MAXIMUM TEMPERATURE (F)   75        99      1981
 MINIMUM TEMPERATURE (F)   52        40      1970


SUNRISE AND SUNSET
APRIL 29 2016.........SUNRISE   605 AM PDT   SUNSET   736 PM PDT
APRIL 30 2016.........SUNRISE   604 AM PDT   SUNSET   737 PM PDT


-  INDICATES NEGATIVE NUMBERS.
R  INDICATES RECORD WAS SET OR TIED.
MM INDICATES DATA IS MISSING.
T  INDICATES TRACE AMOUNT.




$$
