000
CDUS46 KLOX 290111
CLIBUR


CLIMATE REPORT
NATIONAL WEATHER SERVICE LOS ANGELES/OXNARD CA
611 PM PDT THU MAY 28 2015


...................................

...THE BOB HOPE AIRPORT (BURBANK) CA CLIMATE SUMMARY FOR MAY 28 2015...
VALID TODAY AS OF 0600 PM LOCAL TIME.

CLIMATE NORMAL PERIOD 1981 TO 2010
CLIMATE RECORD PERIOD 1939 TO 2015


WEATHER ITEM   OBSERVED TIME   RECORD YEAR NORMAL DEPARTURE LAST
                VALUE   (LST)  VALUE       VALUE  FROM      YEAR
                                                  NORMAL
..................................................................
TEMPERATURE (F)
 TODAY
  MAXIMUM         79    226 PM 104    1973  77      2       82
  MINIMUM         55    547 AM  47    1953  56     -1       63
  AVERAGE         67                        66      1       73

PRECIPITATION (IN)
  TODAY            0.00          0.64 1990   0.00   0.00     0.00
  MONTH TO DATE    0.30                      0.33  -0.03      T
  SINCE OCT 1      7.58                     16.86  -9.28     5.54
  SINCE JAN 1      3.08                     12.42  -9.34     4.91

SNOWFALL (IN)
  TODAY            0.0
  MONTH TO DATE    0.0
  SINCE MAR 1      0.0
  SINCE JUL 1      0.0

DEGREE DAYS
 HEATING
  TODAY            0                         1     -1        0
  MONTH TO DATE   65                        54     11       22
  SINCE MAR 1    177                       410   -233      182
  SINCE JUL 1    734                      1551   -817      659

 COOLING
  TODAY            2                         3     -1        8
  MONTH TO DATE   29                        61    -32      180
  SINCE MAR 1    224                       106    118      281
  SINCE JAN 1    250                       112    138      341
..................................................................


WIND (MPH)
  HIGHEST WIND SPEED    13   HIGHEST WIND DIRECTION     S (180)
  HIGHEST GUST SPEED    18   HIGHEST GUST DIRECTION     S (170)
  AVERAGE WIND SPEED     5.3


SKY COVER
  POSSIBLE SUNSHINE  MM
  AVERAGE SKY COVER 0.2


WEATHER CONDITIONS
 THE FOLLOWING WEATHER WAS RECORDED TODAY.
  FOG
  HAZE


RELATIVE HUMIDITY (PERCENT)
 HIGHEST    86           500 AM
 LOWEST     45           200 PM
 AVERAGE    66

..........................................................


THE BOB HOPE AIRPORT (BURBANK) CA CLIMATE NORMALS FOR TOMORROW
                         NORMAL    RECORD    YEAR
 MAXIMUM TEMPERATURE (F)   77       107      1984
 MINIMUM TEMPERATURE (F)   56        43      1953


SUNRISE AND SUNSET
MAY 28 2015...........SUNRISE   544 AM PDT   SUNSET   758 PM PDT
MAY 29 2015...........SUNRISE   544 AM PDT   SUNSET   758 PM PDT


-  INDICATES NEGATIVE NUMBERS.
R  INDICATES RECORD WAS SET OR TIED.
MM INDICATES DATA IS MISSING.
T  INDICATES TRACE AMOUNT.




$$
