000
CDUS46 KLOX 220902
CLIBUR


CLIMATE REPORT
NATIONAL WEATHER SERVICE LOS ANGELES/OXNARD CA
202 AM PDT SUN OCT 22 2017


...................................

...THE BOB HOPE AIRPORT (BURBANK) CA CLIMATE SUMMARY FOR OCTOBER 21 2017...

CLIMATE NORMAL PERIOD 1981 TO 2010
CLIMATE RECORD PERIOD 1939 TO 2017


WEATHER ITEM   OBSERVED TIME   RECORD YEAR NORMAL DEPARTURE LAST
                VALUE   (LST)  VALUE       VALUE  FROM      YEAR
                                                  NORMAL
..................................................................
TEMPERATURE (F)
 YESTERDAY
  MAXIMUM         80    238 PM 101    2003  79      1       92
  MINIMUM         53    622 AM  41    1949  53      0       63
  AVERAGE         67                        66      1       78

PRECIPITATION (IN)
  YESTERDAY        0.00          0.44 1941   0.03  -0.03     0.00
  MONTH TO DATE    0.00                      0.60  -0.60     0.08
  SINCE OCT 1      0.00                      0.60  -0.60     0.08
  SINCE JAN 1      9.62                     13.47  -3.85     6.64

SNOWFALL (IN)
  YESTERDAY        0.0
  MONTH TO DATE    0.0
  SINCE SEP 1      0.0
  SINCE JUL 1      0.0

DEGREE DAYS
 HEATING
  YESTERDAY        0                         2     -2        0
  MONTH TO DATE    0                        23    -23        1
  SINCE SEP 1      3                        29    -26        2
  SINCE JUL 1      3                        29    -26        2

 COOLING
  YESTERDAY        2                         3     -1       13
  MONTH TO DATE  143                        82     61      110
  SINCE SEP 1    442                       331    111      391
  SINCE JAN 1   1770                      1213    557     1604
..................................................................


WIND (MPH)
  HIGHEST WIND SPEED    21   HIGHEST WIND DIRECTION     N (340)
  HIGHEST GUST SPEED    27   HIGHEST GUST DIRECTION     N (340)
  AVERAGE WIND SPEED     3.5


SKY COVER
  POSSIBLE SUNSHINE  MM
  AVERAGE SKY COVER 0.0


WEATHER CONDITIONS
 THE FOLLOWING WEATHER WAS RECORDED YESTERDAY.
  NO SIGNIFICANT WEATHER WAS OBSERVED.


RELATIVE HUMIDITY (PERCENT)
 HIGHEST    59           600 AM
 LOWEST     18           200 PM
 AVERAGE    39

..........................................................


THE BOB HOPE AIRPORT (BURBANK) CA CLIMATE NORMALS FOR TODAY
                         NORMAL    RECORD    YEAR
 MAXIMUM TEMPERATURE (F)   79        99      2003
                                             1965
 MINIMUM TEMPERATURE (F)   53        42      1996


SUNRISE AND SUNSET
OCTOBER 22 2017.......SUNRISE   705 AM PDT   SUNSET   610 PM PDT
OCTOBER 23 2017.......SUNRISE   706 AM PDT   SUNSET   609 PM PDT


-  INDICATES NEGATIVE NUMBERS.
R  INDICATES RECORD WAS SET OR TIED.
MM INDICATES DATA IS MISSING.
T  INDICATES TRACE AMOUNT.




$$
