417
CDUS46 KLOX 190948
CLIBUR


CLIMATE REPORT
NATIONAL WEATHER SERVICE LOS ANGELES/OXNARD CA
147 AM PST SUN FEB 19 2017


...................................

...THE BOB HOPE AIRPORT (BURBANK) CA CLIMATE SUMMARY FOR FEBRUARY 18 2017...

CLIMATE NORMAL PERIOD 1981 TO 2010
CLIMATE RECORD PERIOD 1939 TO 2017


WEATHER ITEM   OBSERVED TIME   RECORD YEAR NORMAL DEPARTURE LAST
                VALUE   (LST)  VALUE       VALUE  FROM      YEAR
                                                  NORMAL
..................................................................
TEMPERATURE (F)
 YESTERDAY
  MAXIMUM         59        MM  92    1981  68     -9       68
  MINIMUM         49        MM  32    1975  44      5       53
  AVERAGE         54                        56     -2       61

PRECIPITATION (IN)
  YESTERDAY       MM             1.71 2005   0.18  MM        0.21
  MONTH TO DATE    1.88                      2.82  -0.94     0.63
  SINCE OCT 1     11.83                     10.79   1.04     5.47
  SINCE JAN 1      7.57                      6.35   1.22     4.37

SNOWFALL (IN)
  YESTERDAY       MM
  MONTH TO DATE    0.0
  SINCE DEC 1      0.0
  SINCE JUL 1      0.0

DEGREE DAYS
 HEATING
  YESTERDAY       11                         9      2        4
  MONTH TO DATE  102                       172    -70       71
  SINCE DEC 1    745                       827    -82      711
  SINCE JUL 1    863                      1055   -192      887

 COOLING
  YESTERDAY        0                         0      0        0
  MONTH TO DATE    1                         0      1       45
  SINCE DEC 1      1                         3     -2       49
  SINCE JAN 1      1                         2     -1       45
..................................................................


WIND (MPH)
  HIGHEST WIND SPEED    15   HIGHEST WIND DIRECTION    SE (130)
  HIGHEST GUST SPEED    MM   HIGHEST GUST DIRECTION    MM
  AVERAGE WIND SPEED     5.6


SKY COVER
  POSSIBLE SUNSHINE  MM
  AVERAGE SKY COVER 0.5


WEATHER CONDITIONS
 THE FOLLOWING WEATHER WAS RECORDED YESTERDAY.
  RAIN
  LIGHT RAIN
  FOG


RELATIVE HUMIDITY (PERCENT)
 HIGHEST    96           900 AM
 LOWEST     62           300 PM
 AVERAGE    79

..........................................................


THE BOB HOPE AIRPORT (BURBANK) CA CLIMATE NORMALS FOR TODAY
                         NORMAL    RECORD    YEAR
 MAXIMUM TEMPERATURE (F)   68        89      1977
 MINIMUM TEMPERATURE (F)   44        34      1955


SUNRISE AND SUNSET
FEBRUARY 19 2017......SUNRISE   634 AM PST   SUNSET   541 PM PST
FEBRUARY 20 2017......SUNRISE   633 AM PST   SUNSET   542 PM PST


-  INDICATES NEGATIVE NUMBERS.
R  INDICATES RECORD WAS SET OR TIED.
MM INDICATES DATA IS MISSING.
T  INDICATES TRACE AMOUNT.




$$
