000
CDUS43 KLMK 270632
CLIBWG


CLIMATE REPORT
NATIONAL WEATHER SERVICE LOUISVILLE KY
232 AM EDT FRI MAR 27 2015


...................................

...THE BOWLING GREEN KY CLIMATE SUMMARY FOR MARCH 26 2015...

CLIMATE NORMAL PERIOD 1981 TO 2010
CLIMATE RECORD PERIOD 1870 TO 2015


WEATHER ITEM   OBSERVED TIME   RECORD YEAR NORMAL DEPARTURE LAST
                VALUE   (LST)  VALUE       VALUE  FROM      YEAR
                                                  NORMAL
..................................................................
TEMPERATURE (F)
 YESTERDAY
  MAXIMUM         65    300 AM  87    1910  63      2       46
  MINIMUM         38   1153 PM  14    1955  40     -2       19
  AVERAGE         52                        52      0       33

PRECIPITATION (IN)
  YESTERDAY        0.30          4.10 1913   0.15   0.15     0.00
  MONTH TO DATE    6.22                      3.65   2.57     2.93
  SINCE MAR 1      6.22                      3.65   2.57     2.93
  SINCE JAN 1     12.10                     11.22   0.88    10.10

SNOWFALL (IN)
  YESTERDAY        0.0           0.5  2013   0.0    0.0      0.0
  MONTH TO DATE    7.2                       0.9    6.3      5.1
  SINCE MAR 1      7.2                       0.9    6.3      5.1
  SINCE JUL 1     23.5                       8.7   14.8     10.4
  SNOW DEPTH       0

DEGREE DAYS
 HEATING
  YESTERDAY       13                        14     -1       32
  MONTH TO DATE  446                       456    -10      588
  SINCE MAR 1    446                       456    -10      588
  SINCE JUL 1   3981                      3654    327     4197

 COOLING
  YESTERDAY        0                         0      0        0
  MONTH TO DATE    0                         0      0        0
  SINCE MAR 1      0                         0      0        0
  SINCE JAN 1      0                         0      0        0
..................................................................


WIND (MPH)
  HIGHEST WIND SPEED    15   HIGHEST WIND DIRECTION     S (180)
  HIGHEST GUST SPEED    21   HIGHEST GUST DIRECTION     N (340)
  AVERAGE WIND SPEED     6.7


SKY COVER
  POSSIBLE SUNSHINE  MM
  AVERAGE SKY COVER 0.8


WEATHER CONDITIONS
 THE FOLLOWING WEATHER WAS RECORDED YESTERDAY.
  THUNDERSTORM
  HEAVY RAIN
  RAIN
  LIGHT RAIN
  FOG
  HAZE


RELATIVE HUMIDITY (PERCENT)
 HIGHEST    89           900 AM
 LOWEST     63           200 AM
 AVERAGE    76

..........................................................


THE BOWLING GREEN KY CLIMATE NORMALS FOR TODAY
                         NORMAL    RECORD    YEAR
 MAXIMUM TEMPERATURE (F)   64        90      1910
 MINIMUM TEMPERATURE (F)   40        15      1955
                                             1947


SUNRISE AND SUNSET
MARCH 27 2015.........SUNRISE   639 AM CDT   SUNSET   704 PM CDT
MARCH 28 2015.........SUNRISE   638 AM CDT   SUNSET   704 PM CDT


-  INDICATES NEGATIVE NUMBERS.
R  INDICATES RECORD WAS SET OR TIED.
MM INDICATES DATA IS MISSING.
T  INDICATES TRACE AMOUNT.




$$
