000
CDUS43 KLMK 052034
CLIBWG


CLIMATE REPORT
NATIONAL WEATHER SERVICE LOUISVILLE KY
434 PM EDT THU MAY 5 2016


...................................

...THE BOWLING GREEN CLIMATE SUMMARY FOR MAY 5 2016...
VALID TODAY AS OF 0400 PM LOCAL TIME.

CLIMATE NORMAL PERIOD 1981 TO 2010
CLIMATE RECORD PERIOD 1870 TO 2016


WEATHER ITEM   OBSERVED TIME   RECORD YEAR NORMAL DEPARTURE LAST
                VALUE   (LST)  VALUE       VALUE  FROM      YEAR
                                                  NORMAL
..................................................................
TEMPERATURE (F)
 TODAY
  MAXIMUM         61    158 PM  94    1952  75    -14       85
  MINIMUM         47    541 AM  35    1907  52     -5       53
                                      1903
  AVERAGE         54                        63     -9       69

PRECIPITATION (IN)
  TODAY            0.00          3.85 1914   0.19  -0.19     0.00
  MONTH TO DATE    0.54                      0.91  -0.37     0.00
  SINCE MAR 1      5.89                      9.66  -3.77    15.35
  SINCE JAN 1     12.47                     17.23  -4.76    21.23

SNOWFALL (IN)
  TODAY            0.0           0.0    MM   0.0    0.0      0.0
  MONTH TO DATE    0.0                       0.0    0.0      0.0
  SINCE MAR 1      T                         1.3   -1.3      7.2
  SINCE JUL 1     24.0                       9.1   14.9     23.5
  SNOW DEPTH       0

DEGREE DAYS
 HEATING
  TODAY           11                         4      7        0
  MONTH TO DATE   28                        21      7       16
  SINCE MAR 1    565                       792   -227      728
  SINCE JUL 1   3165                      3990   -825     4263

 COOLING
  TODAY            0                         2     -2        4
  MONTH TO DATE    8                        10     -2        7
  SINCE MAR 1     52                        46      6       42
  SINCE JAN 1     52                        46      6       42
..................................................................


WIND (MPH)
  HIGHEST WIND SPEED    16   HIGHEST WIND DIRECTION     N (10)
  HIGHEST GUST SPEED    24   HIGHEST GUST DIRECTION     N (10)
  AVERAGE WIND SPEED     7.1


SKY COVER
  POSSIBLE SUNSHINE  MM
  AVERAGE SKY COVER 0.9


WEATHER CONDITIONS
 THE FOLLOWING WEATHER WAS RECORDED TODAY.
  NO SIGNIFICANT WEATHER WAS OBSERVED.


RELATIVE HUMIDITY (PERCENT)
 HIGHEST    86           400 AM
 LOWEST     46           200 PM
 AVERAGE    66

..........................................................


THE BOWLING GREEN CLIMATE NORMALS FOR TOMORROW
                         NORMAL    RECORD    YEAR
 MAXIMUM TEMPERATURE (F)   75        93      1930
                                             1916
 MINIMUM TEMPERATURE (F)   52        32      1891


SUNRISE AND SUNSET
MAY  5 2016...........SUNRISE   547 AM CDT   SUNSET   739 PM CDT
MAY  6 2016...........SUNRISE   546 AM CDT   SUNSET   740 PM CDT


-  INDICATES NEGATIVE NUMBERS.
R  INDICATES RECORD WAS SET OR TIED.
MM INDICATES DATA IS MISSING.
T  INDICATES TRACE AMOUNT.




$$
