000
CDUS43 KLMK 210630
CLIBWG


CLIMATE REPORT
NATIONAL WEATHER SERVICE LOUISVILLE KY
129 AM EST FRI NOV 21 2014


...................................

...THE BOWLING GREEN KY CLIMATE SUMMARY FOR NOVEMBER 20 2014...

CLIMATE NORMAL PERIOD 1981 TO 2010
CLIMATE RECORD PERIOD 1870 TO 2014


WEATHER ITEM   OBSERVED TIME   RECORD YEAR NORMAL DEPARTURE LAST
                VALUE   (LST)  VALUE       VALUE  FROM      YEAR
                                                  NORMAL
..................................................................
TEMPERATURE (F)
 YESTERDAY
  MAXIMUM         42    339 PM  79    1906  57    -15       60
  MINIMUM         23   1157 PM   5    1914  36    -13       29
  AVERAGE         33                        47    -14       45

PRECIPITATION (IN)
  YESTERDAY        0.00          1.80 1915   0.15  -0.15     0.00
  MONTH TO DATE    1.85                      2.68  -0.83     2.34
  SINCE SEP 1      7.60                      9.99  -2.39    11.47
  SINCE JAN 1     43.76                     43.55   0.21    54.17

SNOWFALL (IN)
  YESTERDAY        0.0           0.3  1914   0.0    0.0      0.0
  MONTH TO DATE    0.3                       0.0    0.3       T
  SINCE SEP 1      0.3                       T      0.3       T
  SINCE JUL 1      0.3                       T      0.3       T
  SNOW DEPTH       0

DEGREE DAYS
 HEATING
  YESTERDAY       32                        18     14       20
  MONTH TO DATE  480                       296    184      344
  SINCE SEP 1    698                       558    140      594
  SINCE JUL 1    698                       559    139      594

 COOLING
  YESTERDAY        0                         0      0        0
  MONTH TO DATE    0                         0      0        0
  SINCE SEP 1    211                       219     -8      239
  SINCE JAN 1   1488                      1488      0     1499
..................................................................


WIND (MPH)
  HIGHEST WIND SPEED    15   HIGHEST WIND DIRECTION     W (270)
  HIGHEST GUST SPEED    20   HIGHEST GUST DIRECTION     W (270)
  AVERAGE WIND SPEED     4.9


SKY COVER
  POSSIBLE SUNSHINE  MM
  AVERAGE SKY COVER 0.2


WEATHER CONDITIONS
 THE FOLLOWING WEATHER WAS RECORDED YESTERDAY.
  NO SIGNIFICANT WEATHER WAS OBSERVED.


RELATIVE HUMIDITY (PERCENT)
 HIGHEST    75           500 AM
 LOWEST     36           200 PM
 AVERAGE    56

..........................................................


THE BOWLING GREEN KY CLIMATE NORMALS FOR TODAY
                         NORMAL    RECORD    YEAR
 MAXIMUM TEMPERATURE (F)   57        78      1920
 MINIMUM TEMPERATURE (F)   36         3      1887


SUNRISE AND SUNSET
NOVEMBER 21 2014......SUNRISE   630 AM CST   SUNSET   433 PM CST
NOVEMBER 22 2014......SUNRISE   631 AM CST   SUNSET   432 PM CST


-  INDICATES NEGATIVE NUMBERS.
R  INDICATES RECORD WAS SET OR TIED.
MM INDICATES DATA IS MISSING.
T  INDICATES TRACE AMOUNT.




$$
