000
CDUS43 KLMK 262131
CLIBWG


CLIMATE REPORT
NATIONAL WEATHER SERVICE LOUISVILLE KY
430 PM EST WED NOV 26 2014


...................................

...THE BOWLING GREEN CLIMATE SUMMARY FOR NOVEMBER 26 2014...
VALID TODAY AS OF 0400 PM LOCAL TIME.

CLIMATE NORMAL PERIOD 1981 TO 2010
CLIMATE RECORD PERIOD 1870 TO 2014


WEATHER ITEM   OBSERVED TIME   RECORD YEAR NORMAL DEPARTURE LAST
                VALUE   (LST)  VALUE       VALUE  FROM      YEAR
                                                  NORMAL
..................................................................
TEMPERATURE (F)
 TODAY
  MAXIMUM         47    254 PM  75    1935  55     -8       37
                                      1927
                                      1921
  MINIMUM         26    644 AM  14    1898  34     -8       33
  AVERAGE         37                        44     -7       35

PRECIPITATION (IN)
  TODAY            0.00          2.07 1919   0.16  -0.16     0.07
  MONTH TO DATE    2.34                      3.59  -1.25     2.82
  SINCE SEP 1      8.09                     10.90  -2.81    11.95
  SINCE JAN 1     44.25                     44.46  -0.21    54.65

SNOWFALL (IN)
  TODAY            0.0           T    2013   0.1   -0.1       T
                                      2010
                                      1956
  MONTH TO DATE    0.3                       0.1    0.2      1.1
  SINCE SEP 1      0.3                       0.1    0.2      1.1
  SINCE JUL 1      0.3                       0.1    0.2      1.1
  SNOW DEPTH       0

DEGREE DAYS
 HEATING
  TODAY           28                        21      7       30
  MONTH TO DATE  598                       414    184      499
  SINCE SEP 1    816                       676    140      749
  SINCE JUL 1    816                       677    139      749

 COOLING
  TODAY            0                         0      0        0
  MONTH TO DATE    0                         0      0        0
  SINCE SEP 1    211                       219     -8      239
  SINCE JAN 1   1488                      1488      0     1499
..................................................................


WIND (MPH)
  HIGHEST WIND SPEED    10   HIGHEST WIND DIRECTION     S (190)
  HIGHEST GUST SPEED    14   HIGHEST GUST DIRECTION    SE (120)
  AVERAGE WIND SPEED     2.0


SKY COVER
  POSSIBLE SUNSHINE   0 PERCENT
  AVERAGE SKY COVER 0.0


WEATHER CONDITIONS
 THE FOLLOWING WEATHER WAS RECORDED TODAY.
  NO SIGNIFICANT WEATHER WAS OBSERVED.


RELATIVE HUMIDITY (PERCENT)
 HIGHEST    MM
 LOWEST     MM
 AVERAGE    MM

..........................................................


THE BOWLING GREEN CLIMATE NORMALS FOR TOMORROW
                         NORMAL    RECORD    YEAR
 MAXIMUM TEMPERATURE (F)   54        78      1990
                                             1927
 MINIMUM TEMPERATURE (F)   34        13      1903


SUNRISE AND SUNSET
NOVEMBER 26 2014......SUNRISE   635 AM CST   SUNSET   430 PM CST
NOVEMBER 27 2014......SUNRISE   636 AM CST   SUNSET   430 PM CST


-  INDICATES NEGATIVE NUMBERS.
R  INDICATES RECORD WAS SET OR TIED.
MM INDICATES DATA IS MISSING.
T  INDICATES TRACE AMOUNT.




$$
