000
CDUS41 KLWX 280525
CLIBWI


CLIMATE REPORT
NATIONAL WEATHER SERVICE BALTIMORE MD/WASHINGTON DC
1224 AM EST SAT FEB 28 2015


...................................

...THE BALTIMORE MD CLIMATE SUMMARY FOR FEBRUARY 27 2015...

CLIMATE NORMAL PERIOD 1981 TO 2010
CLIMATE RECORD PERIOD 1870 TO 2015


WEATHER ITEM   OBSERVED TIME   RECORD YEAR NORMAL DEPARTURE LAST
                VALUE   (LST)  VALUE       VALUE  FROM      YEAR
                                                  NORMAL
..................................................................
TEMPERATURE (F)
 YESTERDAY
  MAXIMUM         31    416 PM  76    1997  48    -17       38
  MINIMUM         20   1159 PM   9    1934  29     -9       14
                                      1900
  AVERAGE         26                        38    -12       26

PRECIPITATION (IN)
  YESTERDAY        T             0.83 1958   0.11  -0.11     0.00
  MONTH TO DATE    2.24                      2.80  -0.56     4.58
  SINCE DEC 1      9.71                      9.22   0.49    12.56
  SINCE JAN 1      6.13                      5.85   0.28     7.29

SNOWFALL (IN)
  YESTERDAY        T             3.5  1940   0.2   -0.2
  MONTH TO DATE   14.6                       7.8    6.8
  SINCE JUL 1     21.0                      18.0    3.0
  SNOW DEPTH       2

DEGREE DAYS
 HEATING
  YESTERDAY       39                        27     12       39
  MONTH TO DATE 1060                       793    267      846
  SINCE DEC 1   2881                      2665    216     2786
  SINCE JUL 1   3773                      3569    204     3711

 COOLING
  YESTERDAY        0                         0      0        0
  MONTH TO DATE    0                         0      0        0
  SINCE DEC 1      0                         0      0        2
  SINCE JAN 1      0                         0      0        0
..................................................................


WIND (MPH)
  HIGHEST WIND SPEED    16   HIGHEST WIND DIRECTION     W (280)
  HIGHEST GUST SPEED    21   HIGHEST GUST DIRECTION    NW (310)
  AVERAGE WIND SPEED     6.4


SKY COVER
  POSSIBLE SUNSHINE  MM
  AVERAGE SKY COVER 0.6


WEATHER CONDITIONS
 THE FOLLOWING WEATHER WAS RECORDED YESTERDAY.
  LIGHT SNOW
  FOG
  HAZE


RELATIVE HUMIDITY (PERCENT)
 HIGHEST    81           200 AM
 LOWEST     39           500 PM
 AVERAGE    60

..........................................................


THE BALTIMORE MD CLIMATE NORMALS FOR TODAY
                         NORMAL    RECORD    YEAR
 MAXIMUM TEMPERATURE (F)   48        71      1903
 MINIMUM TEMPERATURE (F)   29         5      1934


SUNRISE AND SUNSET
FEBRUARY 28 2015......SUNRISE   641 AM EST   SUNSET   558 PM EST
MARCH  1 2015.........SUNRISE   640 AM EST   SUNSET   559 PM EST


-  INDICATES NEGATIVE NUMBERS.
R  INDICATES RECORD WAS SET OR TIED.
MM INDICATES DATA IS MISSING.
T  INDICATES TRACE AMOUNT.




$$
