000
CDUS41 KLWX 240522
CLIBWI


CLIMATE REPORT
NATIONAL WEATHER SERVICE BALTIMORE MD/WASHINGTON DC
1222 AM EST FRI NOV 24 2017


...................................

...THE BALTIMORE MD CLIMATE SUMMARY FOR NOVEMBER 23 2017...

CLIMATE NORMAL PERIOD 1981 TO 2010
CLIMATE RECORD PERIOD 1871 TO 2017


WEATHER ITEM   OBSERVED TIME   RECORD YEAR NORMAL DEPARTURE LAST
                VALUE   (LST)  VALUE       VALUE  FROM      YEAR
                                                  NORMAL
..................................................................
TEMPERATURE (F)
 YESTERDAY
  MAXIMUM         44    334 PM  74    1979  53     -9       53
  MINIMUM         27   1130 PM  16    1880  35     -8       23
  AVERAGE         36                        44     -8       38

PRECIPITATION (IN)
  YESTERDAY        0.00          1.79 1875   0.11  -0.11      T
  MONTH TO DATE    2.13                      2.51  -0.38     0.22
  SINCE SEP 1      7.07                      9.87  -2.80     5.36
  SINCE JAN 1     37.31                     37.72  -0.41    36.46

SNOWFALL (IN)
  YESTERDAY        0.0           1.8  1989   0.0    0.0
  MONTH TO DATE    0.0                       0.2   -0.2
  SINCE JUL 1      0.0                       0.2   -0.2
  SNOW DEPTH       0

DEGREE DAYS
 HEATING
  YESTERDAY       29                        21      8       27
  MONTH TO DATE  421                       400     21      360
  SINCE SEP 1    612                       746   -134      573
  SINCE JUL 1    612                       747   -135      573

 COOLING
  YESTERDAY        0                         0      0        0
  MONTH TO DATE    0                         0      0        0
  SINCE SEP 1    224                       153     71      284
  SINCE JAN 1   1316                      1163    153     1551
..................................................................


WIND (MPH)
  HIGHEST WIND SPEED    10   HIGHEST WIND DIRECTION     W (260)
  HIGHEST GUST SPEED    17   HIGHEST GUST DIRECTION     N (360)
  AVERAGE WIND SPEED     2.8


SKY COVER
  POSSIBLE SUNSHINE  MM
  AVERAGE SKY COVER 0.2


WEATHER CONDITIONS
 THE FOLLOWING WEATHER WAS RECORDED YESTERDAY.
  NO SIGNIFICANT WEATHER WAS OBSERVED.


RELATIVE HUMIDITY (PERCENT)
 HIGHEST    78           500 AM
 LOWEST     41           200 PM
 AVERAGE    60

..........................................................


THE BALTIMORE MD CLIMATE NORMALS FOR TODAY
                         NORMAL    RECORD    YEAR
 MAXIMUM TEMPERATURE (F)   53        73      1979
 MINIMUM TEMPERATURE (F)   34        17      1989
                                             1956
                                             1880


SUNRISE AND SUNSET
NOVEMBER 24 2017......SUNRISE   700 AM EST   SUNSET   447 PM EST
NOVEMBER 25 2017......SUNRISE   701 AM EST   SUNSET   446 PM EST


-  INDICATES NEGATIVE NUMBERS.
R  INDICATES RECORD WAS SET OR TIED.
MM INDICATES DATA IS MISSING.
T  INDICATES TRACE AMOUNT.




$$
