000
CDUS41 KLWX 272129
CLIBWI


CLIMATE REPORT
NATIONAL WEATHER SERVICE BALTIMORE MD/WASHINGTON DC
429 PM EST SAT DEC 27 2014


...................................

...THE BALTIMORE MD CLIMATE SUMMARY FOR DECEMBER 27 2014...
VALID TODAY AS OF 0400 PM LOCAL TIME.

CLIMATE NORMAL PERIOD 1981 TO 2010
CLIMATE RECORD PERIOD 1870 TO 2014


WEATHER ITEM   OBSERVED TIME   RECORD YEAR NORMAL DEPARTURE LAST
                VALUE   (LST)  VALUE       VALUE  FROM      YEAR
                                                  NORMAL
..................................................................
TEMPERATURE (F)
 TODAY
  MAXIMUM         58    203 PM  65    1949  43     15       49
  MINIMUM         28   1255 AM   5    1914  26      2       22
  AVERAGE         43                        34      9       36

PRECIPITATION (IN)
  TODAY            0.00          1.21 1894   0.10  -0.10     0.00
  MONTH TO DATE    3.51                      3.00   0.51     4.18
  SINCE DEC 1      3.51                      3.00   0.51     4.18
  SINCE JAN 1     52.51                     41.51  11.00    41.84

SNOWFALL (IN)
  TODAY            0.0           5.0  1939   0.2   -0.2
  MONTH TO DATE    0.2                       2.5   -2.3
  SINCE JUL 1      0.5                       2.9   -2.4
  SNOW DEPTH       0

DEGREE DAYS
 HEATING
  TODAY           22                        31     -9       29
  MONTH TO DATE  660                       753    -93      683
  SINCE DEC 1    660                       753    -93      683
  SINCE JUL 1   1552                      1657   -105     1608

 COOLING
  TODAY            0                         0      0        0
  MONTH TO DATE    0                         0      0        2
  SINCE DEC 1      0                         0      0        2
  SINCE JAN 1   1084                      1164    -80     1341
..................................................................


WIND (MPH)
  HIGHEST WIND SPEED     7   HIGHEST WIND DIRECTION     E (100)
  HIGHEST GUST SPEED    12   HIGHEST GUST DIRECTION     N (360)
  AVERAGE WIND SPEED     1.2


SKY COVER
  POSSIBLE SUNSHINE  MM
  AVERAGE SKY COVER 0.6


WEATHER CONDITIONS
 THE FOLLOWING WEATHER WAS RECORDED TODAY.
  NO SIGNIFICANT WEATHER WAS OBSERVED.


RELATIVE HUMIDITY (PERCENT)
 HIGHEST    92           100 AM
 LOWEST     36           100 PM
 AVERAGE    64

..........................................................


THE BALTIMORE MD CLIMATE NORMALS FOR TOMORROW
                         NORMAL    RECORD    YEAR
 MAXIMUM TEMPERATURE (F)   42        74      1946
 MINIMUM TEMPERATURE (F)   26        10      1950


SUNRISE AND SUNSET
DECEMBER 27 2014......SUNRISE   725 AM EST   SUNSET   451 PM EST
DECEMBER 28 2014......SUNRISE   725 AM EST   SUNSET   451 PM EST


-  INDICATES NEGATIVE NUMBERS.
R  INDICATES RECORD WAS SET OR TIED.
MM INDICATES DATA IS MISSING.
T  INDICATES TRACE AMOUNT.




$$
