000
CDUS41 KLWX 210531
CLIBWI


CLIMATE REPORT
NATIONAL WEATHER SERVICE BALTIMORE MD/WASHINGTON DC
1231 AM EST WED FEB 21 2018


...................................

...THE BALTIMORE MD CLIMATE SUMMARY FOR FEBRUARY 20 2018...

CLIMATE NORMAL PERIOD 1981 TO 2010
CLIMATE RECORD PERIOD 1871 TO 2018


WEATHER ITEM   OBSERVED TIME   RECORD YEAR NORMAL DEPARTURE LAST
                VALUE   (LST)  VALUE       VALUE  FROM      YEAR
                                                  NORMAL
..................................................................
TEMPERATURE (F)
 YESTERDAY
  MAXIMUM         76R   439 PM  76    1930  46     30       64
  MINIMUM         48   1246 AM   1    2015  27     21       37
  AVERAGE         62                        37     25       51

PRECIPITATION (IN)
  YESTERDAY        0.00          1.81 1924   0.11  -0.11     0.00
  MONTH TO DATE    4.62                      2.06   2.56     0.46
  SINCE DEC 1      6.57                      8.48  -1.91     5.92
  SINCE JAN 1      5.62                      5.11   0.51     3.15

SNOWFALL (IN)
  YESTERDAY        0.0           9.9  1947   0.3   -0.3
  MONTH TO DATE    2.2                       6.2   -4.0
  SINCE JUL 1      8.7                      16.4   -7.7
  SNOW DEPTH       0

DEGREE DAYS
 HEATING
  YESTERDAY        3                        28    -25       14
  MONTH TO DATE  517                       601    -84      464
  SINCE DEC 1   2439                      2473    -34     2080
  SINCE JUL 1   3186                      3377   -191     2779

 COOLING
  YESTERDAY        0                         0      0        0
  MONTH TO DATE    0                         0      0        0
  SINCE DEC 1      0                         0      0        0
  SINCE JAN 1      0                         0      0        0
..................................................................


WIND (MPH)
  HIGHEST WIND SPEED    18   HIGHEST WIND DIRECTION    SW (210)
  HIGHEST GUST SPEED    30   HIGHEST GUST DIRECTION    SW (230)
  AVERAGE WIND SPEED     8.2


SKY COVER
  POSSIBLE SUNSHINE  MM
  AVERAGE SKY COVER 0.7


WEATHER CONDITIONS
 THE FOLLOWING WEATHER WAS RECORDED YESTERDAY.
  FOG


RELATIVE HUMIDITY (PERCENT)
 HIGHEST   100          1200 AM
 LOWEST     46           500 PM
 AVERAGE    73

..........................................................


THE BALTIMORE MD CLIMATE NORMALS FOR TODAY
                         NORMAL    RECORD    YEAR
 MAXIMUM TEMPERATURE (F)   46        74      1930
 MINIMUM TEMPERATURE (F)   28         2      2015


SUNRISE AND SUNSET
FEBRUARY 21 2018......SUNRISE   650 AM EST   SUNSET   551 PM EST
FEBRUARY 22 2018......SUNRISE   649 AM EST   SUNSET   552 PM EST


-  INDICATES NEGATIVE NUMBERS.
R  INDICATES RECORD WAS SET OR TIED.
MM INDICATES DATA IS MISSING.
T  INDICATES TRACE AMOUNT.




$$
