000
CDUS41 KLWX 270531
CLIBWI


CLIMATE REPORT
NATIONAL WEATHER SERVICE BALTIMORE MD/WASHINGTON DC
128 AM EDT SAT MAY 27 2017


...................................

...THE BALTIMORE MD CLIMATE SUMMARY FOR MAY 26 2017...

CLIMATE NORMAL PERIOD 1981 TO 2010
CLIMATE RECORD PERIOD 1870 TO 2017


WEATHER ITEM   OBSERVED TIME   RECORD YEAR NORMAL DEPARTURE LAST
                VALUE   (LST)  VALUE       VALUE  FROM      YEAR
                                                  NORMAL
..................................................................
TEMPERATURE (F)
 YESTERDAY
  MAXIMUM         75    352 PM  94    1914  77     -2       90
  MINIMUM         56   1159 PM  41    1967  55      1       57
  AVERAGE         66                        66      0       74

PRECIPITATION (IN)
  YESTERDAY        T             2.29 2009   0.14  -0.14     0.00
  MONTH TO DATE    4.95                      3.33   1.62     4.92
  SINCE MAR 1     12.29                     10.42   1.87     8.33
  SINCE JAN 1     16.44                     16.37   0.07    17.53

SNOWFALL (IN)
  YESTERDAY        0.0          MM      MM   0.0    0.0
  MONTH TO DATE    0.0                       0.0    0.0
  SINCE JUL 1      3.0                      20.1  -17.1
  SNOW DEPTH       0

DEGREE DAYS
 HEATING
  YESTERDAY        0                         3     -3        0
  MONTH TO DATE  129                       124      5      175
  SINCE MAR 1    958                      1144   -186      979
  SINCE JUL 1   3849                      4739   -890     4000

 COOLING
  YESTERDAY        1                         4     -3        9
  MONTH TO DATE   46                        50     -4       21
  SINCE MAR 1     95                        64     31       48
  SINCE JAN 1     95                        64     31       48
..................................................................


WIND (MPH)
  HIGHEST WIND SPEED    26   HIGHEST WIND DIRECTION     W (280)
  HIGHEST GUST SPEED    38   HIGHEST GUST DIRECTION     W (290)
  AVERAGE WIND SPEED    12.0


SKY COVER
  POSSIBLE SUNSHINE  MM
  AVERAGE SKY COVER 0.6


WEATHER CONDITIONS
 THE FOLLOWING WEATHER WAS RECORDED YESTERDAY.
  LIGHT RAIN


RELATIVE HUMIDITY (PERCENT)
 HIGHEST   100          1200 AM
 LOWEST     53           600 PM
 AVERAGE    77

..........................................................


THE BALTIMORE MD CLIMATE NORMALS FOR TODAY
                         NORMAL    RECORD    YEAR
 MAXIMUM TEMPERATURE (F)   77        95      1965
                                             1941
 MINIMUM TEMPERATURE (F)   56        43      1961
                                             1915


SUNRISE AND SUNSET
MAY 27 2017...........SUNRISE   545 AM EDT   SUNSET   824 PM EDT
MAY 28 2017...........SUNRISE   544 AM EDT   SUNSET   824 PM EDT


-  INDICATES NEGATIVE NUMBERS.
R  INDICATES RECORD WAS SET OR TIED.
MM INDICATES DATA IS MISSING.
T  INDICATES TRACE AMOUNT.




$$
