000
CDUS41 KLWX 012123
CLIBWI


CLIMATE REPORT
NATIONAL WEATHER SERVICE BALTIMORE MD/WASHINGTON DC
523 PM EDT MON JUN 1 2015


...................................

...THE BALTIMORE MD CLIMATE SUMMARY FOR JUNE 1 2015...
VALID TODAY AS OF 0500 PM LOCAL TIME.

CLIMATE NORMAL PERIOD 1981 TO 2010
CLIMATE RECORD PERIOD 1870 TO 2015


WEATHER ITEM   OBSERVED TIME   RECORD YEAR NORMAL DEPARTURE LAST
                VALUE   (LST)  VALUE       VALUE  FROM      YEAR
                                                  NORMAL
..................................................................
TEMPERATURE (F)
 TODAY
  MAXIMUM         86   1153 AM  98    2011  79      7       75
  MINIMUM         71    638 AM  42    1966  57     14       50
  AVERAGE         79                        68     11       63

PRECIPITATION (IN)
  TODAY            0.55          2.14 1979   0.12   0.43     0.00
  MONTH TO DATE    0.55                      0.12   0.43     0.00
  SINCE JUN 1      0.55                      0.12   0.43     0.00
  SINCE JAN 1     17.75                     17.15   0.60    23.62

SNOWFALL (IN)
  TODAY            0.0          MM      MM   0.0    0.0
  MONTH TO DATE    0.0                       0.0    0.0
  SINCE JUL 1     28.7                      20.1    8.6
  SNOW DEPTH       0

DEGREE DAYS
 HEATING
  TODAY            0                         2     -2        2
  MONTH TO DATE    0                         2     -2        2
  SINCE JUN 1      0                         2     -2        2
  SINCE JUL 1   4950                      4751    199     5006

 COOLING
  TODAY           14                         5      9        0
  MONTH TO DATE   14                         5      9        0
  SINCE JUN 1     14                         5      9        0
  SINCE JAN 1    203                        89    114       85
..................................................................


WIND (MPH)
  HIGHEST WIND SPEED    15   HIGHEST WIND DIRECTION     W (290)
  HIGHEST GUST SPEED    23   HIGHEST GUST DIRECTION     W (260)
  AVERAGE WIND SPEED     3.5


SKY COVER
  POSSIBLE SUNSHINE  MM
  AVERAGE SKY COVER 0.6


WEATHER CONDITIONS
 THE FOLLOWING WEATHER WAS RECORDED TODAY.
  THUNDERSTORM
  HEAVY RAIN
  RAIN
  LIGHT RAIN
  FOG


RELATIVE HUMIDITY (PERCENT)
 HIGHEST    93           400 AM
 LOWEST     55          1200 PM
 AVERAGE    74

..........................................................


THE BALTIMORE MD CLIMATE NORMALS FOR TOMORROW
                         NORMAL    RECORD    YEAR
 MAXIMUM TEMPERATURE (F)   79        96      1923
 MINIMUM TEMPERATURE (F)   58        44      1993


SUNRISE AND SUNSET
JUNE  1 2015..........SUNRISE   542 AM EDT   SUNSET   827 PM EDT
JUNE  2 2015..........SUNRISE   542 AM EDT   SUNSET   828 PM EDT


-  INDICATES NEGATIVE NUMBERS.
R  INDICATES RECORD WAS SET OR TIED.
MM INDICATES DATA IS MISSING.
T  INDICATES TRACE AMOUNT.




$$
