000
CDUS41 KLWX 040530
CLIBWI


CLIMATE REPORT
NATIONAL WEATHER SERVICE BALTIMORE MD/WASHINGTON DC
129 AM EDT WED MAY 4 2016


...................................

...THE BALTIMORE MD CLIMATE SUMMARY FOR MAY 3 2016...

CLIMATE NORMAL PERIOD 1981 TO 2010
CLIMATE RECORD PERIOD 1870 TO 2016


WEATHER ITEM   OBSERVED TIME   RECORD YEAR NORMAL DEPARTURE LAST
                VALUE   (LST)  VALUE       VALUE  FROM      YEAR
                                                  NORMAL
..................................................................
TEMPERATURE (F)
 YESTERDAY
  MAXIMUM         67    303 PM  91    1913  70     -3       81
  MINIMUM         56   1159 PM  34    2005  48      8       46
                                      1986
  AVERAGE         62                        59      3       64

PRECIPITATION (IN)
  YESTERDAY        0.07          1.39 1934   0.12  -0.05     0.00
  MONTH TO DATE    1.11                      0.34   0.77      T
  SINCE MAR 1      4.52                      7.43  -2.91     8.97
  SINCE JAN 1     13.72                     13.38   0.34    15.10

SNOWFALL (IN)
  YESTERDAY        0.0          MM      MM   0.0    0.0
  MONTH TO DATE    0.0                       0.0    0.0
  SINCE JUL 1     35.1                      20.1   15.0
  SNOW DEPTH       0

DEGREE DAYS
 HEATING
  YESTERDAY        3                         7     -4        1
  MONTH TO DATE   18                        21     -3       19
  SINCE MAR 1    822                      1041   -219     1106
  SINCE JUL 1   3843                      4636   -793     4921

 COOLING
  YESTERDAY        0                         1     -1        0
  MONTH TO DATE    0                         3     -3        0
  SINCE MAR 1     27                        17     10        5
  SINCE JAN 1     27                        17     10        5
..................................................................


WIND (MPH)
  HIGHEST WIND SPEED    16   HIGHEST WIND DIRECTION     E (100)
  HIGHEST GUST SPEED    18   HIGHEST GUST DIRECTION     E (80)
  AVERAGE WIND SPEED     7.3


SKY COVER
  POSSIBLE SUNSHINE  MM
  AVERAGE SKY COVER 1.0


WEATHER CONDITIONS
 THE FOLLOWING WEATHER WAS RECORDED YESTERDAY.
  LIGHT RAIN
  FOG
  HAZE


RELATIVE HUMIDITY (PERCENT)
 HIGHEST   100           100 AM
 LOWEST     78           100 PM
 AVERAGE    89

..........................................................


THE BALTIMORE MD CLIMATE NORMALS FOR TODAY
                         NORMAL    RECORD    YEAR
 MAXIMUM TEMPERATURE (F)   71        90      2001
 MINIMUM TEMPERATURE (F)   48        34      1957


SUNRISE AND SUNSET
MAY  4 2016...........SUNRISE   604 AM EDT   SUNSET   803 PM EDT
MAY  5 2016...........SUNRISE   603 AM EDT   SUNSET   804 PM EDT


-  INDICATES NEGATIVE NUMBERS.
R  INDICATES RECORD WAS SET OR TIED.
MM INDICATES DATA IS MISSING.
T  INDICATES TRACE AMOUNT.




$$
