000
CDUS45 KRIW 190728
CLIBYG


CLIMATE REPORT
NATIONAL WEATHER SERVICE RIVERTON WY
127 AM MDT FRI SEP 19 2014


...................................

...THE BUFFALO WY CLIMATE SUMMARY FOR SEPTEMBER 18 2014...

CLIMATE NORMAL PERIOD 1981 TO 2010
CLIMATE RECORD PERIOD 1998 TO 2014


WEATHER ITEM   OBSERVED TIME   RECORD YEAR NORMAL DEPARTURE LAST
                VALUE   (LST)  VALUE       VALUE  FROM      YEAR
                                                  NORMAL
..................................................................
TEMPERATURE (F)
 YESTERDAY
  MAXIMUM         87    957 AM  89    1998  70     17       73
  MINIMUM         57    106 AM  28    2003  44     13       47
  AVERAGE         72                        57     15       60

PRECIPITATION (IN)
  YESTERDAY        T             0.32 2002   0.04  -0.04     0.27
  MONTH TO DATE    0.83                      0.67   0.16     2.01
  SINCE SEP 1      0.83                      0.67   0.16     2.01
  SINCE JAN 1     11.04                     10.94   0.10     6.43

DEGREE DAYS
 HEATING
  YESTERDAY        0                         9     -9        5
  MONTH TO DATE  187                       108     79       15
  SINCE SEP 1    187                       108     79       15
  SINCE JUL 1    246                       173     73       16

 COOLING
  YESTERDAY        7                         1      6        0
  MONTH TO DATE   26                        39    -13       93
  SINCE SEP 1     26                        39    -13       93
  SINCE JAN 1    360                       485   -125      707
..................................................................


WIND (MPH)
  HIGHEST WIND SPEED    30   HIGHEST WIND DIRECTION     N (340)
  HIGHEST GUST SPEED    41   HIGHEST GUST DIRECTION    NW (330)
  AVERAGE WIND SPEED     9.6


SKY COVER
  POSSIBLE SUNSHINE  MM
  AVERAGE SKY COVER 0.0


WEATHER CONDITIONS
 THE FOLLOWING WEATHER WAS RECORDED YESTERDAY.
  LIGHT RAIN


RELATIVE HUMIDITY (PERCENT)
 HIGHEST    57           100 AM
 LOWEST     23          1000 AM
 AVERAGE    40

..........................................................


THE BUFFALO WY CLIMATE NORMALS FOR TODAY
                         NORMAL    RECORD    YEAR
 MAXIMUM TEMPERATURE (F)   69        94      2010
 MINIMUM TEMPERATURE (F)   43        38      2010
                                             2000


SUNRISE AND SUNSET
SEPTEMBER 19 2014.....SUNRISE   651 AM MDT   SUNSET   710 PM MDT
SEPTEMBER 20 2014.....SUNRISE   652 AM MDT   SUNSET   708 PM MDT


-  INDICATES NEGATIVE NUMBERS.
R  INDICATES RECORD WAS SET OR TIED.
MM INDICATES DATA IS MISSING.
T  INDICATES TRACE AMOUNT.




$$
