000
CDUS45 KRIW 220029
CLIBYG


CLIMATE REPORT
NATIONAL WEATHER SERVICE RIVERTON WY
627 PM MDT TUE OCT 21 2014


...................................

...THE BUFFALO WY CLIMATE SUMMARY FOR OCTOBER 21 2014...
VALID TODAY AS OF 0500 PM LOCAL TIME.

CLIMATE NORMAL PERIOD 1981 TO 2010
CLIMATE RECORD PERIOD 1998 TO 2014


WEATHER ITEM   OBSERVED TIME   RECORD YEAR NORMAL DEPARTURE LAST
                VALUE   (LST)  VALUE       VALUE  FROM      YEAR
                                                  NORMAL
..................................................................
TEMPERATURE (F)
 TODAY
  MAXIMUM         77        MM  78    2003  56     21       56
  MINIMUM         48    200 AM  26    2006  33     15       37
  AVERAGE         63

PRECIPITATION (IN)
  TODAY            T             0.03 2012   0.02  -0.02      T
  MONTH TO DATE    0.20                      0.77  -0.57     1.95
  SINCE SEP 1      1.30                      2.08  -0.78     5.29
  SINCE JAN 1     11.51                     12.35  -0.84     9.71

DEGREE DAYS
 HEATING
  TODAY            2                        21    -19       18
  MONTH TO DATE  239                       369   -130      462
  SINCE SEP 1    477                       618   -141      613
  SINCE JUL 1    536                       683   -147      614

 COOLING
  TODAY            0                         0      0        0
  MONTH TO DATE    2                         0      2        0
  SINCE SEP 1     53                        45      8       95
  SINCE JAN 1    387                       491   -104      709
..................................................................


WIND (MPH)
  HIGHEST WIND SPEED    24   HIGHEST WIND DIRECTION    SW (220)
  HIGHEST GUST SPEED    36   HIGHEST GUST DIRECTION    SW (230)
  AVERAGE WIND SPEED     9.8


SKY COVER
  POSSIBLE SUNSHINE  MM
  AVERAGE SKY COVER 0.1


WEATHER CONDITIONS
 THE FOLLOWING WEATHER WAS RECORDED TODAY.
  LIGHT RAIN


RELATIVE HUMIDITY (PERCENT)
 HIGHEST    42           200 AM
 LOWEST     19          1200 PM
 AVERAGE    31

..........................................................


THE BUFFALO WY CLIMATE NORMALS FOR TOMORROW
                         NORMAL    RECORD    YEAR
 MAXIMUM TEMPERATURE (F)   56        78      2003
 MINIMUM TEMPERATURE (F)   33        16      2002


SUNRISE AND SUNSET
OCTOBER 21 2014.......SUNRISE   730 AM MDT   SUNSET   613 PM MDT
OCTOBER 22 2014.......SUNRISE   731 AM MDT   SUNSET   611 PM MDT


-  INDICATES NEGATIVE NUMBERS.
R  INDICATES RECORD WAS SET OR TIED.
MM INDICATES DATA IS MISSING.
T  INDICATES TRACE AMOUNT.




$$
