290
CDUS45 KRIW 240742
CLIBYG


CLIMATE REPORT
NATIONAL WEATHER SERVICE RIVERTON WY
141 AM MDT THU AUG 24 2017


...................................

...THE BUFFALO WY CLIMATE SUMMARY FOR AUGUST 23 2017...

CLIMATE NORMAL PERIOD 1981 TO 2010
CLIMATE RECORD PERIOD 1998 TO 2017


WEATHER ITEM   OBSERVED TIME   RECORD YEAR NORMAL DEPARTURE LAST
                VALUE   (LST)  VALUE       VALUE  FROM      YEAR
                                                  NORMAL
..................................................................
TEMPERATURE (F)
 YESTERDAY
  MAXIMUM         93    324 PM  94    2011  83     10       76
                                      2006
                                      2000
  MINIMUM         60    520 AM  36    2015  54      6       57
  AVERAGE         77                        68      9       67

PRECIPITATION (IN)
  YESTERDAY        0.00          0.71 2014   0.02  -0.02     0.00
  MONTH TO DATE    0.43                      0.67  -0.24     0.52
  SINCE JUN 1      3.54                      4.61  -1.07     1.40
  SINCE JAN 1     11.82                     10.13   1.69     6.32

DEGREE DAYS
 HEATING
  YESTERDAY        0                         1     -1        0
  MONTH TO DATE   22                        23     -1       18
  SINCE JUN 1    120                       211    -91       34
  SINCE JUL 1     22                        48    -26       19

 COOLING
  YESTERDAY       12                         5      7        2
  MONTH TO DATE   78                       151    -73      152
  SINCE JUN 1    443                       405     38      548
  SINCE JAN 1    454                       412     42      553
..................................................................


WIND (MPH)
  HIGHEST WIND SPEED    12   HIGHEST WIND DIRECTION    NW (330)
  HIGHEST GUST SPEED    15   HIGHEST GUST DIRECTION     N (10)
  AVERAGE WIND SPEED     6.4


SKY COVER
  POSSIBLE SUNSHINE  MM
  AVERAGE SKY COVER 0.0


WEATHER CONDITIONS
 THE FOLLOWING WEATHER WAS RECORDED YESTERDAY.
  NO SIGNIFICANT WEATHER WAS OBSERVED.


RELATIVE HUMIDITY (PERCENT)
 HIGHEST    34          1200 AM
 LOWEST     10           100 PM
 AVERAGE    22

..........................................................


THE BUFFALO WY CLIMATE NORMALS FOR TODAY
                         NORMAL    RECORD    YEAR
 MAXIMUM TEMPERATURE (F)   82        95      2011
 MINIMUM TEMPERATURE (F)   54        43      2004


SUNRISE AND SUNSET
AUGUST 24 2017........SUNRISE   621 AM MDT   SUNSET   757 PM MDT
AUGUST 25 2017........SUNRISE   622 AM MDT   SUNSET   755 PM MDT


-  INDICATES NEGATIVE NUMBERS.
R  INDICATES RECORD WAS SET OR TIED.
MM INDICATES DATA IS MISSING.
T  INDICATES TRACE AMOUNT.




$$
