000
CDUS45 KRIW 120739
CLIBYG


CLIMATE REPORT
NATIONAL WEATHER SERVICE RIVERTON WY
1228 AM MST FRI FEB 12 2016


...................................

...THE BUFFALO WY CLIMATE SUMMARY FOR FEBRUARY 11 2016...

CLIMATE NORMAL PERIOD 1981 TO 2010
CLIMATE RECORD PERIOD 1998 TO 2016


WEATHER ITEM   OBSERVED TIME   RECORD YEAR NORMAL DEPARTURE LAST
                VALUE   (LST)  VALUE       VALUE  FROM      YEAR
                                                  NORMAL
..................................................................
TEMPERATURE (F)
 YESTERDAY
  MAXIMUM         52    219 PM  55    2002  37     15       48
  MINIMUM         34   1146 PM  -1    2004  18     16       28
  AVERAGE         43                        27     16       38

PRECIPITATION (IN)
  YESTERDAY        0.00          0.03 2008   0.01  -0.01     0.00
  MONTH TO DATE    0.22                      0.14   0.08     0.04
  SINCE DEC 1      0.45                      0.96  -0.51     0.28
  SINCE JAN 1      0.35                      0.56  -0.21     0.20

DEGREE DAYS
 HEATING
  YESTERDAY       22                        38    -16       27
  MONTH TO DATE  361                       418    -57      287
  SINCE DEC 1   2518                      2791   -273     2272
  SINCE JUL 1   3947                      4625   -678     4028

 COOLING
  YESTERDAY        0                         0      0        0
  MONTH TO DATE    0                         0      0        0
  SINCE DEC 1      0                         0      0        0
  SINCE JAN 1      0                         0      0        0
..................................................................


WIND (MPH)
  HIGHEST WIND SPEED    35   HIGHEST WIND DIRECTION     N (350)
  HIGHEST GUST SPEED    44   HIGHEST GUST DIRECTION     N (350)
  AVERAGE WIND SPEED    11.4


SKY COVER
  POSSIBLE SUNSHINE  MM
  AVERAGE SKY COVER 0.1


WEATHER CONDITIONS
 THE FOLLOWING WEATHER WAS RECORDED YESTERDAY.
  NO SIGNIFICANT WEATHER WAS OBSERVED.


RELATIVE HUMIDITY (PERCENT)
 HIGHEST    69           900 PM
 LOWEST     35           200 PM
 AVERAGE    52

..........................................................


THE BUFFALO WY CLIMATE NORMALS FOR TODAY
                         NORMAL    RECORD    YEAR
 MAXIMUM TEMPERATURE (F)   37        58      2015
 MINIMUM TEMPERATURE (F)   18        -4      2004


SUNRISE AND SUNSET
FEBRUARY 12 2016......SUNRISE   712 AM MST   SUNSET   531 PM MST
FEBRUARY 13 2016......SUNRISE   710 AM MST   SUNSET   533 PM MST


-  INDICATES NEGATIVE NUMBERS.
R  INDICATES RECORD WAS SET OR TIED.
MM INDICATES DATA IS MISSING.
T  INDICATES TRACE AMOUNT.




$$
