000
CDUS45 KRIW 230743
CLIBYG


CLIMATE REPORT
NATIONAL WEATHER SERVICE RIVERTON WY
1241 AM MST MON JAN 23 2017


...................................

...THE BUFFALO WY CLIMATE SUMMARY FOR JANUARY 22 2017...

CLIMATE NORMAL PERIOD 1981 TO 2010
CLIMATE RECORD PERIOD 1998 TO 2017


WEATHER ITEM   OBSERVED TIME   RECORD YEAR NORMAL DEPARTURE LAST
                VALUE   (LST)  VALUE       VALUE  FROM      YEAR
                                                  NORMAL
..................................................................
TEMPERATURE (F)
 YESTERDAY
  MAXIMUM         36    348 PM  55    2005  38     -2       49
  MINIMUM         21   1117 PM  -9    2008  17      4       27
  AVERAGE         29                        28      1       38

PRECIPITATION (IN)
  YESTERDAY        0.00          0.06 2002   0.02  -0.02     0.00
  MONTH TO DATE    0.05                      0.28  -0.23     0.11
  SINCE DEC 1      0.30                      0.68  -0.38     0.21
  SINCE JAN 1      0.05                      0.28  -0.23     0.11

DEGREE DAYS
 HEATING
  YESTERDAY       36                        37     -1       27
  MONTH TO DATE  980                       820    160      780
  SINCE DEC 1   2401                      2033    368     1890
  SINCE JUL 1   3583                      3867   -284     3319

 COOLING
  YESTERDAY        0                         0      0        0
  MONTH TO DATE    0                         0      0        0
  SINCE DEC 1      0                         0      0        0
  SINCE JAN 1      0                         0      0        0
..................................................................


WIND (MPH)
  HIGHEST WIND SPEED    17   HIGHEST WIND DIRECTION     S (160)
  HIGHEST GUST SPEED    19   HIGHEST GUST DIRECTION     S (160)
  AVERAGE WIND SPEED     5.4


SKY COVER
  POSSIBLE SUNSHINE  MM
  AVERAGE SKY COVER 0.2


WEATHER CONDITIONS
 THE FOLLOWING WEATHER WAS RECORDED YESTERDAY.
  NO SIGNIFICANT WEATHER WAS OBSERVED.


RELATIVE HUMIDITY (PERCENT)
 HIGHEST    68           600 PM
 LOWEST     46          1100 PM
 AVERAGE    57

..........................................................


THE BUFFALO WY CLIMATE NORMALS FOR TODAY
                         NORMAL    RECORD    YEAR
 MAXIMUM TEMPERATURE (F)   38        63      2005
 MINIMUM TEMPERATURE (F)   17         1      2009


SUNRISE AND SUNSET
JANUARY 23 2017.......SUNRISE   734 AM MST   SUNSET   504 PM MST
JANUARY 24 2017.......SUNRISE   733 AM MST   SUNSET   506 PM MST


-  INDICATES NEGATIVE NUMBERS.
R  INDICATES RECORD WAS SET OR TIED.
MM INDICATES DATA IS MISSING.
T  INDICATES TRACE AMOUNT.




$$
