000
CDUS45 KRIW 020742
CLIBYG


CLIMATE REPORT
NATIONAL WEATHER SERVICE RIVERTON WY
1241 AM MST MON MAR 2 2015


...................................

...THE BUFFALO WY CLIMATE SUMMARY FOR MARCH 1 2015...

CLIMATE NORMAL PERIOD 1981 TO 2010
CLIMATE RECORD PERIOD 1998 TO 2015


WEATHER ITEM   OBSERVED TIME   RECORD YEAR NORMAL DEPARTURE LAST
                VALUE   (LST)  VALUE       VALUE  FROM      YEAR
                                                  NORMAL
..................................................................
TEMPERATURE (F)
 YESTERDAY
  MAXIMUM         24    402 PM  64    2008  41    -17       -1
  MINIMUM          3    152 AM -12    2014  20    -17      -12
  AVERAGE         14                        30    -16       -6

PRECIPITATION (IN)
  YESTERDAY        0.00          0.08 2014   0.02  -0.02     0.08
  MONTH TO DATE    0.00                      0.02  -0.02     0.08
  SINCE MAR 1      0.00                      0.02  -0.02     0.08
  SINCE JAN 1      0.64                      0.79  -0.15     0.44

DEGREE DAYS
 HEATING
  YESTERDAY       51                        35     16       71
  MONTH TO DATE   51                        35     16       71
  SINCE MAR 1     51                        35     16       71
  SINCE JUL 1   4747                      5275   -528     5315

 COOLING
  YESTERDAY        0                         0      0        0
  MONTH TO DATE    0                         0      0        0
  SINCE MAR 1      0                         0      0        0
  SINCE JAN 1      0                         0      0        0
..................................................................


WIND (MPH)
  HIGHEST WIND SPEED    20   HIGHEST WIND DIRECTION     S (160)
  HIGHEST GUST SPEED    24   HIGHEST GUST DIRECTION     N (340)
  AVERAGE WIND SPEED     8.6


SKY COVER
  POSSIBLE SUNSHINE  MM
  AVERAGE SKY COVER 0.0


WEATHER CONDITIONS
 THE FOLLOWING WEATHER WAS RECORDED YESTERDAY.
  NO SIGNIFICANT WEATHER WAS OBSERVED.


RELATIVE HUMIDITY (PERCENT)
 HIGHEST    80          1200 AM
 LOWEST     55           300 PM
 AVERAGE    68

..........................................................


THE BUFFALO WY CLIMATE NORMALS FOR TODAY
                         NORMAL    RECORD    YEAR
 MAXIMUM TEMPERATURE (F)   42        65      2009
 MINIMUM TEMPERATURE (F)   20       -11      2014


SUNRISE AND SUNSET
MARCH  2 2015.........SUNRISE   643 AM MST   SUNSET   556 PM MST
MARCH  3 2015.........SUNRISE   641 AM MST   SUNSET   557 PM MST


-  INDICATES NEGATIVE NUMBERS.
R  INDICATES RECORD WAS SET OR TIED.
MM INDICATES DATA IS MISSING.
T  INDICATES TRACE AMOUNT.




$$
