637
CDUS45 KRIW 160737
CLIBYG


CLIMATE REPORT
NATIONAL WEATHER SERVICE RIVERTON WY
1232 AM MST TUE JAN 16 2018


...................................

...THE BUFFALO WY CLIMATE SUMMARY FOR JANUARY 15 2018...

CLIMATE NORMAL PERIOD 1981 TO 2010
CLIMATE RECORD PERIOD 1998 TO 2018


WEATHER ITEM   OBSERVED TIME   RECORD YEAR NORMAL DEPARTURE LAST
                VALUE   (LST)  VALUE       VALUE  FROM      YEAR
                                                  NORMAL
..................................................................
TEMPERATURE (F)
 YESTERDAY
  MAXIMUM         18   1234 AM  53    2010  39    -21       36
                                      2008
                                      2006
  MINIMUM          0    647 PM  -3    2005  17    -17       20
  AVERAGE          9                        28    -19       28

PRECIPITATION (IN)
  YESTERDAY        T             0.09 2013   0.02  -0.02     0.00
  MONTH TO DATE    0.04                      0.17  -0.13      T
  SINCE DEC 1      0.36                      0.57  -0.21     0.25
  SINCE JAN 1      0.04                      0.17  -0.13      T

DEGREE DAYS
 HEATING
  YESTERDAY       56                        37     19       37
  MONTH TO DATE  557                       561     -4      756
  SINCE DEC 1   1731                      1774    -43     2177
  SINCE JUL 1   3393                      3608   -215     3359

 COOLING
  YESTERDAY        0                         0      0        0
  MONTH TO DATE    0                         0      0        0
  SINCE DEC 1      0                         0      0        0
  SINCE JAN 1      0                         0      0        0
..................................................................


WIND (MPH)
  HIGHEST WIND SPEED    29   HIGHEST WIND DIRECTION     N (360)
  HIGHEST GUST SPEED    36   HIGHEST GUST DIRECTION     N (10)
  AVERAGE WIND SPEED     8.2


SKY COVER
  POSSIBLE SUNSHINE  MM
  AVERAGE SKY COVER 0.4


WEATHER CONDITIONS
 THE FOLLOWING WEATHER WAS RECORDED YESTERDAY.
  LIGHT SNOW
  HAZE


RELATIVE HUMIDITY (PERCENT)
 HIGHEST    86          1000 AM
 LOWEST     55          1100 PM
 AVERAGE    71

..........................................................


THE BUFFALO WY CLIMATE NORMALS FOR TODAY
                         NORMAL    RECORD    YEAR
 MAXIMUM TEMPERATURE (F)   39        60      2010
 MINIMUM TEMPERATURE (F)   17        -6      2012


SUNRISE AND SUNSET
JANUARY 16 2018.......SUNRISE   739 AM MST   SUNSET   455 PM MST
JANUARY 17 2018.......SUNRISE   738 AM MST   SUNSET   456 PM MST


-  INDICATES NEGATIVE NUMBERS.
R  INDICATES RECORD WAS SET OR TIED.
MM INDICATES DATA IS MISSING.
T  INDICATES TRACE AMOUNT.




$$
