000
CDUS45 KPIH 010731
CLIBYI


CLIMATE REPORT
NATIONAL WEATHER SERVICE POCATELLO ID
131 AM MDT MON SEP 1 2014


...................................

...THE BURLEY ID CLIMATE SUMMARY FOR AUGUST 31 2014...

CLIMATE NORMAL PERIOD 1981 TO 2010
CLIMATE RECORD PERIOD 1948 TO 2014


WEATHER ITEM   OBSERVED TIME   RECORD YEAR NORMAL DEPARTURE LAST
                VALUE   (LST)  VALUE       VALUE  FROM      YEAR
                                                  NORMAL
..................................................................
TEMPERATURE (F)
 YESTERDAY
  MAXIMUM         69    508 PM  96    1995  81    -12       89
  MINIMUM         50   1108 PM  31    1965  48      2       48
  AVERAGE         60                        64     -4       69

PRECIPITATION (IN)
  YESTERDAY        0.00          0.33 1984   0.02  -0.02     0.00
  MONTH TO DATE    2.71                      0.40   2.31     0.37
  SINCE OCT 1     10.09                      9.59   0.50     6.30
  SINCE JAN 1      9.48                      6.76   2.72     2.70

SNOWFALL (IN)
  YESTERDAY       MM
  MONTH TO DATE   MM
  SINCE JUN 1     MM
  SINCE JUL 1     MM
  SNOW DEPTH      MM

DEGREE DAYS
 HEATING
  YESTERDAY        5                         3      2        0
  MONTH TO DATE   27                        34     -7        0
  SINCE JUN 1    134                       191    -57      101
  SINCE JUL 1     30                        57    -27        0

 COOLING
  YESTERDAY        0                         2     -2        4
  MONTH TO DATE  129                       131     -2      214
  SINCE JUN 1    400                       338     62      578
  SINCE JAN 1    401                       344     57      588
..................................................................


WIND (MPH)
  HIGHEST WIND SPEED    23   HIGHEST WIND DIRECTION    SW (240)
  HIGHEST GUST SPEED    33   HIGHEST GUST DIRECTION    SW (240)
  AVERAGE WIND SPEED    12.0


SKY COVER
  POSSIBLE SUNSHINE  MM
  AVERAGE SKY COVER 0.2


WEATHER CONDITIONS
 THE FOLLOWING WEATHER WAS RECORDED YESTERDAY.
  NO SIGNIFICANT WEATHER WAS OBSERVED.


RELATIVE HUMIDITY (PERCENT)
 HIGHEST    83           100 AM
 LOWEST     32           500 PM
 AVERAGE    58

..........................................................


THE BURLEY ID CLIMATE NORMALS FOR TODAY
                         NORMAL    RECORD    YEAR
 MAXIMUM TEMPERATURE (F)   80        97      1987
 MINIMUM TEMPERATURE (F)   48        32      2006


SUNRISE AND SUNSET
SEPTEMBER  1 2014.....SUNRISE   700 AM MDT   SUNSET   809 PM MDT
SEPTEMBER  2 2014.....SUNRISE   701 AM MDT   SUNSET   807 PM MDT


-  INDICATES NEGATIVE NUMBERS.
R  INDICATES RECORD WAS SET OR TIED.
MM INDICATES DATA IS MISSING.
T  INDICATES TRACE AMOUNT.




$$
