000
CDUS45 KPIH 220733
CLIBYI


CLIMATE REPORT
NATIONAL WEATHER SERVICE POCATELLO ID
1232 AM MST SAT NOV 22 2014


...................................

...THE BURLEY ID CLIMATE SUMMARY FOR NOVEMBER 21 2014...

CLIMATE NORMAL PERIOD 1981 TO 2010
CLIMATE RECORD PERIOD 1948 TO 2014


WEATHER ITEM   OBSERVED TIME   RECORD YEAR NORMAL DEPARTURE LAST
                VALUE   (LST)  VALUE       VALUE  FROM      YEAR
                                                  NORMAL
..................................................................
TEMPERATURE (F)
 YESTERDAY
  MAXIMUM         47    351 PM  59    2002  43      4       33
  MINIMUM         19    627 AM   2    1994  24     -5       16
  AVERAGE         33                        33      0       25

PRECIPITATION (IN)
  YESTERDAY        0.00          0.65 1977   0.03  -0.03     0.00
  MONTH TO DATE    0.59                      0.63  -0.04     0.19
  SINCE OCT 1      0.71                      1.39  -0.68     0.44
  SINCE JAN 1     10.63                      8.70   1.93     4.52

SNOWFALL (IN)
  YESTERDAY       MM
  MONTH TO DATE   MM
  SINCE SEP 1     MM
  SINCE JUL 1     MM
  SNOW DEPTH      MM

DEGREE DAYS
 HEATING
  YESTERDAY       32                        32      0       40
  MONTH TO DATE  646                       576     70      525
  SINCE SEP 1   1149                      1327   -178     1274
  SINCE JUL 1   1179                      1384   -205     1274

 COOLING
  YESTERDAY        0                         0      0        0
  MONTH TO DATE    0                         0      0        0
  SINCE SEP 1     27                        21      6       54
  SINCE JAN 1    428                       365     63      642
..................................................................


WIND (MPH)
  HIGHEST WIND SPEED    13   HIGHEST WIND DIRECTION    SW (210)
  HIGHEST GUST SPEED    16   HIGHEST GUST DIRECTION    SW (210)
  AVERAGE WIND SPEED     2.5


SKY COVER
  POSSIBLE SUNSHINE  MM
  AVERAGE SKY COVER 0.2


WEATHER CONDITIONS
 THE FOLLOWING WEATHER WAS RECORDED YESTERDAY.
  FOG
  HAZE


RELATIVE HUMIDITY (PERCENT)
 HIGHEST    92           100 AM
 LOWEST     49           400 PM
 AVERAGE    71

..........................................................


THE BURLEY ID CLIMATE NORMALS FOR TODAY
                         NORMAL    RECORD    YEAR
 MAXIMUM TEMPERATURE (F)   42        64      1954
 MINIMUM TEMPERATURE (F)   24         0      1994


SUNRISE AND SUNSET
NOVEMBER 22 2014......SUNRISE   735 AM MST   SUNSET   507 PM MST
NOVEMBER 23 2014......SUNRISE   736 AM MST   SUNSET   507 PM MST


-  INDICATES NEGATIVE NUMBERS.
R  INDICATES RECORD WAS SET OR TIED.
MM INDICATES DATA IS MISSING.
T  INDICATES TRACE AMOUNT.




$$
