000
CDUS45 KPIH 192322
CLIBYI


CLIMATE REPORT
NATIONAL WEATHER SERVICE POCATELLO ID
421 PM MST THU JAN 19 2017


...................................

...THE BURLEY ID CLIMATE SUMMARY FOR JANUARY 19 2017...
VALID TODAY AS OF 0400 PM LOCAL TIME.

CLIMATE NORMAL PERIOD 1981 TO 2010
CLIMATE RECORD PERIOD 1948 TO 2017


WEATHER ITEM   OBSERVED TIME   RECORD YEAR NORMAL DEPARTURE LAST
                VALUE   (LST)  VALUE       VALUE  FROM      YEAR
                                                  NORMAL
..................................................................
TEMPERATURE (F)
 TODAY
  MAXIMUM         38    359 PM  57    1971  35      3       41
  MINIMUM         33    637 AM -14    1963  19     14       26
  AVERAGE         36                        27      9       34

PRECIPITATION (IN)
  TODAY            0.15          0.60 2012   0.03   0.12     0.05
  MONTH TO DATE    1.72                      0.60   1.12     0.41
  SINCE OCT 1      6.51                      3.43   3.08     3.21
  SINCE JAN 1      1.72                      0.60   1.12     0.41

SNOWFALL (IN)
  TODAY           MM
  MONTH TO DATE   MM
  SINCE DEC 1     MM
  SINCE JUL 1     MM
  SNOW DEPTH      MM

DEGREE DAYS
 HEATING
  TODAY           29                        38     -9       31
  MONTH TO DATE  851                       734    117      706
  SINCE DEC 1   2098                      1926    172     1869
  SINCE JUL 1   3496                      3614   -118     3290

 COOLING
  TODAY            0                         0      0        0
  MONTH TO DATE    0                         0      0        0
  SINCE DEC 1      0                         0      0        0
  SINCE JAN 1      0                         0      0        0
..................................................................


WIND (MPH)
  HIGHEST WIND SPEED    30   HIGHEST WIND DIRECTION     S (190)
  HIGHEST GUST SPEED    38   HIGHEST GUST DIRECTION     S (190)
  AVERAGE WIND SPEED    17.8


SKY COVER
  POSSIBLE SUNSHINE  MM
  AVERAGE SKY COVER 0.9


WEATHER CONDITIONS
 THE FOLLOWING WEATHER WAS RECORDED TODAY.
  LIGHT RAIN
  LIGHT SNOW
  FOG


RELATIVE HUMIDITY (PERCENT)
 HIGHEST    89           400 AM
 LOWEST     70           100 PM
 AVERAGE    80

..........................................................


THE BURLEY ID CLIMATE NORMALS FOR TOMORROW
                         NORMAL    RECORD    YEAR
 MAXIMUM TEMPERATURE (F)   35        56      1953
 MINIMUM TEMPERATURE (F)   19       -12      1984


SUNRISE AND SUNSET
JANUARY 19 2017.......SUNRISE   800 AM MST   SUNSET   533 PM MST
JANUARY 20 2017.......SUNRISE   759 AM MST   SUNSET   534 PM MST


-  INDICATES NEGATIVE NUMBERS.
R  INDICATES RECORD WAS SET OR TIED.
MM INDICATES DATA IS MISSING.
T  INDICATES TRACE AMOUNT.




$$
