000
CDUS45 KPIH 240733
CLIBYI


CLIMATE REPORT
NATIONAL WEATHER SERVICE POCATELLO ID
132 AM MDT FRI OCT 24 2014


...................................

...THE BURLEY ID CLIMATE SUMMARY FOR OCTOBER 23 2014...

CLIMATE NORMAL PERIOD 1981 TO 2010
CLIMATE RECORD PERIOD 1948 TO 2014


WEATHER ITEM   OBSERVED TIME   RECORD YEAR NORMAL DEPARTURE LAST
                VALUE   (LST)  VALUE       VALUE  FROM      YEAR
                                                  NORMAL
..................................................................
TEMPERATURE (F)
 YESTERDAY
  MAXIMUM         65    216 PM  79    1999  58      7       68
  MINIMUM         40    554 AM  21    1978  33      7       27
  AVERAGE         53                        45      8       48

PRECIPITATION (IN)
  YESTERDAY        0.00          0.30 1987   0.03  -0.03     0.00
  MONTH TO DATE    0.08                      0.55  -0.47     0.23
  SINCE OCT 1      0.08                      0.55  -0.47     0.23
  SINCE JAN 1     10.00                      7.86   2.14     4.31

SNOWFALL (IN)
  YESTERDAY       MM
  MONTH TO DATE   MM
  SINCE SEP 1     MM
  SINCE JUL 1     MM
  SNOW DEPTH      MM

DEGREE DAYS
 HEATING
  YESTERDAY       12                        20     -8       17
  MONTH TO DATE  253                       368   -115      450
  SINCE SEP 1    378                       581   -203      593
  SINCE JUL 1    408                       638   -230      593

 COOLING
  YESTERDAY        0                         0      0        0
  MONTH TO DATE    0                         0      0        0
  SINCE SEP 1     27                        21      6       54
  SINCE JAN 1    428                       365     63      642
..................................................................


WIND (MPH)
  HIGHEST WIND SPEED    20   HIGHEST WIND DIRECTION     S (200)
  HIGHEST GUST SPEED    25   HIGHEST GUST DIRECTION    SW (210)
  AVERAGE WIND SPEED     5.7


SKY COVER
  POSSIBLE SUNSHINE  MM
  AVERAGE SKY COVER 0.2


WEATHER CONDITIONS
 THE FOLLOWING WEATHER WAS RECORDED YESTERDAY.
  NO SIGNIFICANT WEATHER WAS OBSERVED.


RELATIVE HUMIDITY (PERCENT)
 HIGHEST    76          1100 PM
 LOWEST     32           100 AM
 AVERAGE    54

..........................................................


THE BURLEY ID CLIMATE NORMALS FOR TODAY
                         NORMAL    RECORD    YEAR
 MAXIMUM TEMPERATURE (F)   57        80      1992
 MINIMUM TEMPERATURE (F)   32        19      1980


SUNRISE AND SUNSET
OCTOBER 24 2014.......SUNRISE   759 AM MDT   SUNSET   639 PM MDT
OCTOBER 25 2014.......SUNRISE   800 AM MDT   SUNSET   637 PM MDT


-  INDICATES NEGATIVE NUMBERS.
R  INDICATES RECORD WAS SET OR TIED.
MM INDICATES DATA IS MISSING.
T  INDICATES TRACE AMOUNT.




$$
