383
CDUS45 KPIH 230737
CLIBYI


CLIMATE REPORT
NATIONAL WEATHER SERVICE POCATELLO ID
133 AM MDT WED AUG 23 2017


...................................

...THE BURLEY ID CLIMATE SUMMARY FOR AUGUST 22 2017...

CLIMATE NORMAL PERIOD 1981 TO 2010
CLIMATE RECORD PERIOD 1948 TO 2017


WEATHER ITEM   OBSERVED TIME   RECORD YEAR NORMAL DEPARTURE LAST
                VALUE   (LST)  VALUE       VALUE  FROM      YEAR
                                                  NORMAL
..................................................................
TEMPERATURE (F)
 YESTERDAY
  MAXIMUM         91    404 PM  99    1997  84      7       81
  MINIMUM         46    434 AM  39    1966  50     -4       51
  AVERAGE         69                        67      2       66

PRECIPITATION (IN)
  YESTERDAY        0.00          0.79 2014   0.02  -0.02     0.00
  MONTH TO DATE    0.07                      0.27  -0.20     0.02
  SINCE OCT 1     13.26                      9.46   3.80     8.19
  SINCE JAN 1      8.47                      6.63   1.84     5.39

SNOWFALL (IN)
  YESTERDAY       MM
  MONTH TO DATE   MM
  SINCE JUN 1     MM
  SINCE JUL 1     MM
  SNOW DEPTH      MM

DEGREE DAYS
 HEATING
  YESTERDAY        0                         1     -1        0
  MONTH TO DATE    6                        15     -9       10
  SINCE JUN 1     83                       171    -88       86
  SINCE JUL 1      6                        37    -31       36

 COOLING
  YESTERDAY        4                         3      1        1
  MONTH TO DATE  108                       108      0       87
  SINCE JUN 1    460                       315    145      324
  SINCE JAN 1    465                       321    144      328
..................................................................


WIND (MPH)
  HIGHEST WIND SPEED    25   HIGHEST WIND DIRECTION     S (200)
  HIGHEST GUST SPEED    34   HIGHEST GUST DIRECTION     S (200)
  AVERAGE WIND SPEED     5.2


SKY COVER
  POSSIBLE SUNSHINE  MM
  AVERAGE SKY COVER 0.0


WEATHER CONDITIONS
 THE FOLLOWING WEATHER WAS RECORDED YESTERDAY.
  NO SIGNIFICANT WEATHER WAS OBSERVED.


RELATIVE HUMIDITY (PERCENT)
 HIGHEST    80           400 AM
 LOWEST     16           300 PM
 AVERAGE    48

..........................................................


THE BURLEY ID CLIMATE NORMALS FOR TODAY
                         NORMAL    RECORD    YEAR
 MAXIMUM TEMPERATURE (F)   83        97      1981
 MINIMUM TEMPERATURE (F)   50        37      1978


SUNRISE AND SUNSET
AUGUST 23 2017........SUNRISE   651 AM MDT   SUNSET   824 PM MDT
AUGUST 24 2017........SUNRISE   652 AM MDT   SUNSET   822 PM MDT


-  INDICATES NEGATIVE NUMBERS.
R  INDICATES RECORD WAS SET OR TIED.
MM INDICATES DATA IS MISSING.
T  INDICATES TRACE AMOUNT.




$$
