000
CDUS45 KPIH 220729
CLIBYI


CLIMATE REPORT
NATIONAL WEATHER SERVICE POCATELLO ID
129 AM MDT SUN OCT 22 2017


...................................

...THE BURLEY ID CLIMATE SUMMARY FOR OCTOBER 21 2017...

CLIMATE NORMAL PERIOD 1981 TO 2010
CLIMATE RECORD PERIOD 1948 TO 2017


WEATHER ITEM   OBSERVED TIME   RECORD YEAR NORMAL DEPARTURE LAST
                VALUE   (LST)  VALUE       VALUE  FROM      YEAR
                                                  NORMAL
..................................................................
TEMPERATURE (F)
 YESTERDAY
  MAXIMUM         50    457 PM  80    2003  59     -9       68
  MINIMUM         32    730 AM  20    1996  33     -1       30
  AVERAGE         41                        46     -5       49

PRECIPITATION (IN)
  YESTERDAY        0.02          0.92 1961   0.03  -0.01     0.00
  MONTH TO DATE    0.13                      0.50  -0.37     1.18
  SINCE OCT 1      0.13                      0.50  -0.37     1.18
  SINCE JAN 1     10.32                      7.81   2.51     9.88

SNOWFALL (IN)
  YESTERDAY       MM
  MONTH TO DATE   MM
  SINCE SEP 1     MM
  SINCE JUL 1     MM
  SNOW DEPTH      MM

DEGREE DAYS
 HEATING
  YESTERDAY       24                        19      5       16
  MONTH TO DATE  417                       329     88      318
  SINCE SEP 1    656                       542    114      533
  SINCE JUL 1    662                       599     63      589

 COOLING
  YESTERDAY        0                         0      0        0
  MONTH TO DATE    0                         0      0        0
  SINCE SEP 1     68                        21     47       10
  SINCE JAN 1    601                       365    236      353
..................................................................


WIND (MPH)
  HIGHEST WIND SPEED    17   HIGHEST WIND DIRECTION     W (290)
  HIGHEST GUST SPEED    25   HIGHEST GUST DIRECTION     W (270)
  AVERAGE WIND SPEED     8.1


SKY COVER
  POSSIBLE SUNSHINE  MM
  AVERAGE SKY COVER 0.5


WEATHER CONDITIONS
 THE FOLLOWING WEATHER WAS RECORDED YESTERDAY.
  LIGHT RAIN


RELATIVE HUMIDITY (PERCENT)
 HIGHEST    96          1100 PM
 LOWEST     32           300 PM
 AVERAGE    64

..........................................................


THE BURLEY ID CLIMATE NORMALS FOR TODAY
                         NORMAL    RECORD    YEAR
 MAXIMUM TEMPERATURE (F)   58        84      2003
 MINIMUM TEMPERATURE (F)   33        21      2008
                                             1966


SUNRISE AND SUNSET
OCTOBER 22 2017.......SUNRISE   757 AM MDT   SUNSET   641 PM MDT
OCTOBER 23 2017.......SUNRISE   758 AM MDT   SUNSET   640 PM MDT


-  INDICATES NEGATIVE NUMBERS.
R  INDICATES RECORD WAS SET OR TIED.
MM INDICATES DATA IS MISSING.
T  INDICATES TRACE AMOUNT.




$$
