883
CDUS45 KPIH 290730
CLIBYI


CLIMATE REPORT
NATIONAL WEATHER SERVICE POCATELLO ID
129 AM MDT THU JUN 29 2017


...................................

...THE BURLEY ID CLIMATE SUMMARY FOR JUNE 28 2017...

CLIMATE NORMAL PERIOD 1981 TO 2010
CLIMATE RECORD PERIOD 1948 TO 2017


WEATHER ITEM   OBSERVED TIME   RECORD YEAR NORMAL DEPARTURE LAST
                VALUE   (LST)  VALUE       VALUE  FROM      YEAR
                                                  NORMAL
..................................................................
TEMPERATURE (F)
 YESTERDAY
  MAXIMUM         80    433 PM 102    2015  81     -1       91
  MINIMUM         55   1159 PM  36    1975  51      4       53
  AVERAGE         68                        66      2       72

PRECIPITATION (IN)
  YESTERDAY        0.00          0.29 2004   0.01  -0.01     0.00
  MONTH TO DATE    0.76                      0.84  -0.08     0.03
  SINCE OCT 1     13.17                      8.86   4.31     7.93
  SINCE JAN 1      8.38                      6.03   2.35     5.13

SNOWFALL (IN)
  YESTERDAY       MM
  MONTH TO DATE   MM
  SINCE JUN 1     MM
  SINCE JUL 1     MM
  SNOW DEPTH      MM

DEGREE DAYS
 HEATING
  YESTERDAY        0                         2     -2        0
  MONTH TO DATE   72                       131    -59       50
  SINCE JUN 1     72                       131    -59       50
  SINCE JUL 1   6314                      6862   -548     5958

 COOLING
  YESTERDAY        3                         3      0        7
  MONTH TO DATE   70                        42     28       82
  SINCE JUN 1     70                        42     28       82
  SINCE JAN 1     75                        48     27       86
..................................................................


WIND (MPH)
  HIGHEST WIND SPEED    25   HIGHEST WIND DIRECTION     W (250)
  HIGHEST GUST SPEED    45   HIGHEST GUST DIRECTION    NW (330)
  AVERAGE WIND SPEED     8.3


SKY COVER
  POSSIBLE SUNSHINE  MM
  AVERAGE SKY COVER 0.0


WEATHER CONDITIONS
 THE FOLLOWING WEATHER WAS RECORDED YESTERDAY.
  NO SIGNIFICANT WEATHER WAS OBSERVED.


RELATIVE HUMIDITY (PERCENT)
 HIGHEST    77          1200 AM
 LOWEST     25           700 PM
 AVERAGE    51

..........................................................


THE BURLEY ID CLIMATE NORMALS FOR TODAY
                         NORMAL    RECORD    YEAR
 MAXIMUM TEMPERATURE (F)   81       102      1990
 MINIMUM TEMPERATURE (F)   51        35      1954


SUNRISE AND SUNSET
JUNE 29 2017..........SUNRISE   601 AM MDT   SUNSET   917 PM MDT
JUNE 30 2017..........SUNRISE   601 AM MDT   SUNSET   916 PM MDT


-  INDICATES NEGATIVE NUMBERS.
R  INDICATES RECORD WAS SET OR TIED.
MM INDICATES DATA IS MISSING.
T  INDICATES TRACE AMOUNT.




$$
