000
CDUS45 KPIH 300738
CLIBYI


CLIMATE REPORT
NATIONAL WEATHER SERVICE POCATELLO ID
137 AM MDT THU JUL 30 2015


...................................

...THE BURLEY ID CLIMATE SUMMARY FOR JULY 29 2015...

CLIMATE NORMAL PERIOD 1981 TO 2010
CLIMATE RECORD PERIOD 1948 TO 2015


WEATHER ITEM   OBSERVED TIME   RECORD YEAR NORMAL DEPARTURE LAST
                VALUE   (LST)  VALUE       VALUE  FROM      YEAR
                                                  NORMAL
..................................................................
TEMPERATURE (F)
 YESTERDAY
  MAXIMUM         83    608 PM 101    2000  87     -4       85
  MINIMUM         41R   525 AM  41    1959  55    -14       61
  AVERAGE         62                        71     -9       73

PRECIPITATION (IN)
  YESTERDAY        0.00          0.84 1975   0.01  -0.01     0.00
  MONTH TO DATE    1.10                      0.28   0.82     0.01
  SINCE OCT 1      8.32                      9.17  -0.85     7.38
  SINCE JAN 1      6.27                      6.34  -0.07     6.77

SNOWFALL (IN)
  YESTERDAY       MM
  MONTH TO DATE   MM
  SINCE JUN 1     MM
  SINCE JUL 1     MM
  SNOW DEPTH      MM

DEGREE DAYS
 HEATING
  YESTERDAY        3                         0      3        0
  MONTH TO DATE   19                        20     -1        3
  SINCE JUN 1     45                       154   -109      107
  SINCE JUL 1     19                        20     -1        3

 COOLING
  YESTERDAY        0                         6     -6        8
  MONTH TO DATE  145                       148     -3      239
  SINCE JUN 1    293                       195     98      258
  SINCE JAN 1    298                       201     97      259
..................................................................


WIND (MPH)
  HIGHEST WIND SPEED    12   HIGHEST WIND DIRECTION     E (70)
  HIGHEST GUST SPEED    14   HIGHEST GUST DIRECTION     E (70)
  AVERAGE WIND SPEED     3.0


SKY COVER
  POSSIBLE SUNSHINE  MM
  AVERAGE SKY COVER 0.0


WEATHER CONDITIONS
 THE FOLLOWING WEATHER WAS RECORDED YESTERDAY.
  NO SIGNIFICANT WEATHER WAS OBSERVED.


RELATIVE HUMIDITY (PERCENT)
 HIGHEST    83           300 AM
 LOWEST     14           400 PM
 AVERAGE    49

..........................................................


THE BURLEY ID CLIMATE NORMALS FOR TODAY
                         NORMAL    RECORD    YEAR
 MAXIMUM TEMPERATURE (F)   87       107      2000
 MINIMUM TEMPERATURE (F)   55        46      1950


SUNRISE AND SUNSET
JULY 30 2015..........SUNRISE   625 AM MDT   SUNSET   857 PM MDT
JULY 31 2015..........SUNRISE   626 AM MDT   SUNSET   856 PM MDT


-  INDICATES NEGATIVE NUMBERS.
R  INDICATES RECORD WAS SET OR TIED.
MM INDICATES DATA IS MISSING.
T  INDICATES TRACE AMOUNT.




$$
