000
CDUS45 KTFX 281010
CLIBZN


CLIMATE REPORT
NATIONAL WEATHER SERVICE GREAT FALLS MT
408 AM MDT THU APR 28 2016


...................................

...THE BOZEMAN/GALLATIN FIELD MT CLIMATE SUMMARY FOR APRIL 27 2016...

CLIMATE NORMAL PERIOD 1981 TO 2010
CLIMATE RECORD PERIOD 1935 TO 2016


WEATHER ITEM   OBSERVED TIME   RECORD YEAR NORMAL DEPARTURE LAST
                VALUE   (LST)  VALUE       VALUE  FROM      YEAR
                                                  NORMAL
..................................................................
TEMPERATURE (F)
 YESTERDAY
  MAXIMUM         47    120 PM  83    1987  63    -16       56
  MINIMUM         37   1159 PM  19    1996  34      3       30
                                      1943
  AVERAGE         42                        48     -6       43

PRECIPITATION (IN)
  YESTERDAY        0.05          0.45 2012   0.06  -0.01     0.00
  MONTH TO DATE    0.74                      1.41  -0.67     1.71
  SINCE OCT 1      5.14                      5.64  -0.50     4.48
  SINCE JAN 1      2.29                      3.26  -0.97     2.55

SNOWFALL (IN)
  YESTERDAY        0.0           3.4  1989   0.2   -0.2      0.0
  MONTH TO DATE    T                         7.0   -7.0      5.0
  SINCE MAR 1      2.1                      14.7  -12.6      7.0
  SINCE JUL 1     25.7                      37.0  -11.3     37.4
  SNOW DEPTH       0

DEGREE DAYS
 HEATING
  YESTERDAY       23                        17      6       22
  MONTH TO DATE  481                       549    -68      648
  SINCE MAR 1   1306                      1433   -127     1404
  SINCE JUL 1   6991                      7013    -22     6986

 COOLING
  YESTERDAY        0                         0      0        0
  MONTH TO DATE    0                         0      0        0
  SINCE MAR 1      0                         0      0        0
  SINCE JAN 1      0                         0      0        0
..................................................................


WIND (MPH)
  HIGHEST WIND SPEED    16   HIGHEST WIND DIRECTION     S (170)
  HIGHEST GUST SPEED    18   HIGHEST GUST DIRECTION     S (160)
  AVERAGE WIND SPEED     5.9


SKY COVER
  AVERAGE SKY COVER 1.0


WEATHER CONDITIONS
 THE FOLLOWING WEATHER WAS RECORDED YESTERDAY.
  LIGHT RAIN


RELATIVE HUMIDITY (PERCENT)
 HIGHEST    85
 LOWEST     60
 AVERAGE    73

..........................................................


THE BOZEMAN/GALLATIN FIELD MT CLIMATE NORMALS FOR TODAY
                         NORMAL    RECORD    YEAR
 MAXIMUM TEMPERATURE (F)   63        83      2007
 MINIMUM TEMPERATURE (F)   34        17      1984


SUNRISE AND SUNSET
APRIL 28 2016.........SUNRISE   616 AM MDT   SUNSET   829 PM MDT
APRIL 29 2016.........SUNRISE   614 AM MDT   SUNSET   830 PM MDT


-  INDICATES NEGATIVE NUMBERS.
R  INDICATES RECORD WAS SET OR TIED.
MM INDICATES DATA IS MISSING.
T  INDICATES TRACE AMOUNT.




$$
