000
CDUS45 KTFX 170753
CLIBZN


CLIMATE REPORT
NATIONAL WEATHER SERVICE GREAT FALLS MT
153 AM MDT WED SEP 17 2014


...................................

...THE BOZEMAN/GALLATIN FIELD MT CLIMATE SUMMARY FOR SEPTEMBER 16 2014...

CLIMATE NORMAL PERIOD 1981 TO 2010
CLIMATE RECORD PERIOD 1935 TO 2014


WEATHER ITEM   OBSERVED TIME   RECORD YEAR NORMAL DEPARTURE
                VALUE   (LST)  VALUE       VALUE  FROM
                                                  NORMAL
...............................................................
TEMPERATURE (F)
 YESTERDAY
  MAXIMUM         77   1259 PM  92    2009  75      2
  MINIMUM         37    638 AM  27    1965  40     -3
  AVERAGE         57                        58     -1

PRECIPITATION (IN)
  YESTERDAY        0.00          0.56 1947   0.04  -0.04
  MONTH TO DATE    0.27                      0.56  -0.29
  SINCE OCT 1     13.63                     13.44   0.19
  SINCE JAN 1     12.58                     11.06   1.52

SNOWFALL (IN)
  YESTERDAY        0.0           0.3  1971   0.0    0.0
  MONTH TO DATE    T                         0.1   -0.1
  SINCE SEP 1      T                         0.1   -0.1
  SINCE JUL 1      T                         0.1   -0.1
  SNOW DEPTH       0

DEGREE DAYS
 HEATING
  YESTERDAY        8                                0
  MONTH TO DATE  205                              116
  SINCE SEP 1    205                              116
  SINCE JUL 1    291                              135

 COOLING
  YESTERDAY        0                               -1
  MONTH TO DATE    0                              -20
  SINCE SEP 1      0                              -20
  SINCE JAN 1    182                             -184
...............................................................


WIND (MPH)
  HIGHEST WIND SPEED    15   HIGHEST WIND DIRECTION    SE (150)
  HIGHEST GUST SPEED    23   HIGHEST GUST DIRECTION     S (170)
  AVERAGE WIND SPEED     4.9



WEATHER CONDITIONS
 THE FOLLOWING WEATHER WAS RECORDED YESTERDAY.
  HAZE


RELATIVE HUMIDITY (PERCENT)
 HIGHEST    85
 LOWEST     24
 AVERAGE    55

..........................................................


THE BOZEMAN/GALLATIN FIELD MT CLIMATE NORMALS FOR TODAY
                         NORMAL    RECORD    YEAR
 MAXIMUM TEMPERATURE (F)   74        93      2009
 MINIMUM TEMPERATURE (F)   40        23      1965


SUNRISE AND SUNSET
SEPTEMBER 17 2014.....SUNRISE   705 AM MDT   SUNSET   732 PM MDT
SEPTEMBER 18 2014.....SUNRISE   707 AM MDT   SUNSET   730 PM MDT


-  INDICATES NEGATIVE NUMBERS.
R  INDICATES RECORD WAS SET OR TIED.
MM INDICATES DATA IS MISSING.
T  INDICATES TRACE AMOUNT.




$$
