000
CDUS45 KTFX 172230
CLIBZN


CLIMATE REPORT
NATIONAL WEATHER SERVICE GREAT FALLS MT
430 PM MDT TUE OCT 17 2017


...................................

...THE BOZEMAN/GALLATIN FIELD MT CLIMATE SUMMARY FOR OCTOBER 17 2017...
VALID TODAY AS OF 0400 PM LOCAL TIME.

CLIMATE NORMAL PERIOD 1981 TO 2010
CLIMATE RECORD PERIOD 1935 TO 2017


WEATHER ITEM   OBSERVED TIME   RECORD YEAR NORMAL DEPARTURE LAST
                VALUE   (LST)  VALUE       VALUE  FROM      YEAR
                                                  NORMAL
..................................................................
TEMPERATURE (F)
 TODAY
  MAXIMUM         74    112 PM  80    2003  61     13       53
  MINIMUM         27    721 AM  12    1948  30     -3       37
  AVERAGE         51                        46      5       45

PRECIPITATION (IN)
  TODAY            0.00          0.45 1945   0.04  -0.04     0.20
  MONTH TO DATE    0.30                      0.67  -0.37     1.65
  SINCE OCT 1      0.30                      0.67  -0.37     1.65
  SINCE JAN 1     10.40                     12.28  -1.88    11.54

SNOWFALL (IN)
  TODAY            0.0           0.5  1951   0.1   -0.1      0.0
  MONTH TO DATE    0.2                       0.9   -0.7      3.0
  SINCE SEP 1      0.2                       1.2   -1.0      3.0
  SINCE JUL 1      0.2                       1.2   -1.0      3.0

DEGREE DAYS
 HEATING
  TODAY           14                        19     -5       20
  MONTH TO DATE  384                       281    103      317
  SINCE SEP 1    702                       519    183      624
  SINCE JUL 1    713                       586    127      733

 COOLING
  TODAY            0                         0      0        0
  MONTH TO DATE    0                         0      0        0
  SINCE SEP 1     27                        22      5       10
  SINCE JAN 1    327                       368    -41      232
..................................................................


WIND (MPH)
  HIGHEST WIND SPEED    25   HIGHEST WIND DIRECTION    SW (230)
  HIGHEST GUST SPEED    35   HIGHEST GUST DIRECTION    SW (230)
  AVERAGE WIND SPEED     6.4


SKY COVER
  AVERAGE SKY COVER 0.0


WEATHER CONDITIONS
 THE FOLLOWING WEATHER WAS RECORDED TODAY.
  NO SIGNIFICANT WEATHER WAS OBSERVED.


RELATIVE HUMIDITY (PERCENT)
 HIGHEST    85           600 AM
 LOWEST     11           100 PM
 AVERAGE    48

..........................................................


THE BOZEMAN/GALLATIN FIELD MT CLIMATE NORMALS FOR TOMORROW
                         NORMAL    RECORD    YEAR
 MAXIMUM TEMPERATURE (F)   61        82      2003
 MINIMUM TEMPERATURE (F)   30        10      1938


SUNRISE AND SUNSET
OCTOBER 17 2017.......SUNRISE   744 AM MDT   SUNSET   635 PM MDT
OCTOBER 18 2017.......SUNRISE   746 AM MDT   SUNSET   633 PM MDT


-  INDICATES NEGATIVE NUMBERS.
R  INDICATES RECORD WAS SET OR TIED.
MM INDICATES DATA IS MISSING.
T  INDICATES TRACE AMOUNT.




$$
