000
CDUS45 KTFX 310856
CLIBZN


CLIMATE REPORT
NATIONAL WEATHER SERVICE GREAT FALLS MT
255 AM MDT MON AUG 31 2015


...................................

...THE BOZEMAN/GALLATIN FIELD MT CLIMATE SUMMARY FOR AUGUST 30 2015...

CLIMATE NORMAL PERIOD 1981 TO 2010
CLIMATE RECORD PERIOD 1935 TO 2015


WEATHER ITEM   OBSERVED TIME   RECORD YEAR NORMAL DEPARTURE LAST
                VALUE   (LST)  VALUE       VALUE  FROM      YEAR
                                                  NORMAL
..................................................................
TEMPERATURE (F)
 YESTERDAY
  MAXIMUM         84    455 PM  95    2007  83      1       68
                                      1954
  MINIMUM         51   1156 PM  30    1993  46      5       51
  AVERAGE         68                        64      4       60

PRECIPITATION (IN)
  YESTERDAY        0.08          0.49 2014   0.03   0.05     0.49
  MONTH TO DATE    0.73                      1.04  -0.31     2.93
  SINCE OCT 1     11.00                     12.84  -1.84    13.36
  SINCE JAN 1      9.07                     10.46  -1.39    12.31

SNOWFALL (IN)
  YESTERDAY        0.0           0.0  1998   0.0    0.0      0.0
                                      1994
  MONTH TO DATE    0.0                       0.0    0.0      0.0
  SINCE JUN 1      0.0                       0.0    0.0      0.0
  SINCE JUL 1      0.0                       0.0    0.0      0.0
  SNOW DEPTH       0

DEGREE DAYS
 HEATING
  YESTERDAY        0                         3     -3        5
  MONTH TO DATE   62                        36     26       67
  SINCE JUN 1    165                       205    -40      316
  SINCE JUL 1     93                        64     29       80

 COOLING
  YESTERDAY        3                         2      1        0
  MONTH TO DATE   86                       136    -50       59
  SINCE JUN 1    234                       340   -106      182
  SINCE JAN 1    234                       344   -110      182
..................................................................


WIND (MPH)
  HIGHEST WIND SPEED    32   HIGHEST WIND DIRECTION     W (270)
  HIGHEST GUST SPEED    40   HIGHEST GUST DIRECTION     W (270)
  AVERAGE WIND SPEED     8.5


SKY COVER
  AVERAGE SKY COVER 0.4


WEATHER CONDITIONS
 THE FOLLOWING WEATHER WAS RECORDED YESTERDAY.
  THUNDERSTORM
  LIGHT RAIN
  FOG
  HAZE


RELATIVE HUMIDITY (PERCENT)
 HIGHEST    56
 LOWEST     12
 AVERAGE    34

..........................................................


THE BOZEMAN/GALLATIN FIELD MT CLIMATE NORMALS FOR TODAY
                         NORMAL    RECORD    YEAR
 MAXIMUM TEMPERATURE (F)   82        97      1991
 MINIMUM TEMPERATURE (F)   46        32      1993


SUNRISE AND SUNSET
AUGUST 31 2015........SUNRISE   644 AM MDT   SUNSET   805 PM MDT
SEPTEMBER  1 2015.....SUNRISE   645 AM MDT   SUNSET   803 PM MDT


-  INDICATES NEGATIVE NUMBERS.
R  INDICATES RECORD WAS SET OR TIED.
MM INDICATES DATA IS MISSING.
T  INDICATES TRACE AMOUNT.




$$
