000
CDUS45 KTFX 271001
CLIBZN


CLIMATE REPORT
NATIONAL WEATHER SERVICE GREAT FALLS MT
400 AM MDT WED AUG 27 2014


...................................

...THE BOZEMAN/GALLATIN FIELD MT CLIMATE SUMMARY FOR AUGUST 26 2014...

CLIMATE NORMAL PERIOD 1981 TO 2010
CLIMATE RECORD PERIOD 1935 TO 2014


WEATHER ITEM   OBSERVED TIME   RECORD YEAR NORMAL DEPARTURE
                VALUE   (LST)  VALUE       VALUE  FROM
                                                  NORMAL
...............................................................
TEMPERATURE (F)
 YESTERDAY
  MAXIMUM         77    504 PM 101    2010  84     -7
  MINIMUM         42    520 AM  29    1992  47     -5
  AVERAGE         60                        66     -6

PRECIPITATION (IN)
  YESTERDAY        0.00          0.74 1977   0.04  -0.04
  MONTH TO DATE    2.43                      0.90   1.53
  SINCE OCT 1     12.86                     12.70   0.16
  SINCE JAN 1     11.81                     10.32   1.49

SNOWFALL (IN)
  YESTERDAY        0.0           0.0  1999   0.0    0.0
                                      1994
  MONTH TO DATE    0.0                       0.0    0.0
  SINCE JUN 1      0.0                       0.0    0.0
  SINCE JUL 1      0.0                       0.0    0.0
  SNOW DEPTH       0

DEGREE DAYS
 HEATING
  YESTERDAY        5                                3
  MONTH TO DATE   60                               35
  SINCE JUN 1    309                              115
  SINCE JUL 1     73                               20

 COOLING
  YESTERDAY        0                               -3
  MONTH TO DATE   59                              -67
  SINCE JUN 1    182                             -148
  SINCE JAN 1    182                             -152
...............................................................


WIND (MPH)
  HIGHEST WIND SPEED    13   HIGHEST WIND DIRECTION     S (160)
  HIGHEST GUST SPEED    15   HIGHEST GUST DIRECTION     S (160)
  AVERAGE WIND SPEED     4.4



WEATHER CONDITIONS
 THE FOLLOWING WEATHER WAS RECORDED YESTERDAY.
  NO SIGNIFICANT WEATHER WAS OBSERVED.


RELATIVE HUMIDITY (PERCENT)
 HIGHEST    93
 LOWEST     29
 AVERAGE    61

..........................................................


THE BOZEMAN/GALLATIN FIELD MT CLIMATE NORMALS FOR TODAY
                         NORMAL    RECORD    YEAR
 MAXIMUM TEMPERATURE (F)   84        95      2011
                                             1971
 MINIMUM TEMPERATURE (F)   47        30      1976


SUNRISE AND SUNSET
AUGUST 27 2014........SUNRISE   639 AM MDT   SUNSET   812 PM MDT
AUGUST 28 2014........SUNRISE   641 AM MDT   SUNSET   810 PM MDT


-  INDICATES NEGATIVE NUMBERS.
R  INDICATES RECORD WAS SET OR TIED.
MM INDICATES DATA IS MISSING.
T  INDICATES TRACE AMOUNT.




$$
