000
CDUS45 KTFX 040839
CLIBZN


CLIMATE REPORT
NATIONAL WEATHER SERVICE GREAT FALLS MT
136 AM MST WED MAR 4 2015


...................................

...THE BOZEMAN/GALLATIN FIELD MT CLIMATE SUMMARY FOR MARCH 3 2015...

CLIMATE NORMAL PERIOD 1981 TO 2010
CLIMATE RECORD PERIOD 1935 TO 2015


WEATHER ITEM   OBSERVED TIME   RECORD YEAR NORMAL DEPARTURE LAST
                VALUE   (LST)  VALUE       VALUE  FROM      YEAR
                                                  NORMAL
..................................................................
TEMPERATURE (F)
 YESTERDAY
  MAXIMUM         18    527 PM  64    1994  45    -27       48
  MINIMUM          1   1159 PM -27    1976  19    -18       11
  AVERAGE         10                        32    -22       30

PRECIPITATION (IN)
  YESTERDAY        T             0.43 1982   0.03  -0.03     0.03
  MONTH TO DATE    0.01                      0.07  -0.06     0.05
  SINCE OCT 1      2.31                      3.36  -1.05     2.05
  SINCE JAN 1      0.38                      0.98  -0.60     1.00

SNOWFALL (IN)
  YESTERDAY       MM             4.2  1982   0.3   MM         T
  MONTH TO DATE    0.0                       0.7   -0.7      2.0
  SINCE MAR 1      0.0                       0.7   -0.7      2.0
  SINCE JUL 1     30.4                      23.0    7.4     27.0
  SNOW DEPTH       2

DEGREE DAYS
 HEATING
  YESTERDAY       55                        33     22       35
  MONTH TO DATE  141                       101     40      165
  SINCE MAR 1    141                       101     40      165
  SINCE JUL 1   5723                      5681     42     6180

 COOLING
  YESTERDAY        0                         0      0        0
  MONTH TO DATE    0                         0      0        0
  SINCE MAR 1      0                         0      0        0
  SINCE JAN 1      0                         0      0        0
..................................................................


WIND (MPH)
  HIGHEST WIND SPEED    21   HIGHEST WIND DIRECTION     N (350)
  HIGHEST GUST SPEED    23   HIGHEST GUST DIRECTION     N (350)
  AVERAGE WIND SPEED     6.9


SKY COVER
  AVERAGE SKY COVER 0.4


WEATHER CONDITIONS
 THE FOLLOWING WEATHER WAS RECORDED YESTERDAY.
  LIGHT SNOW
  FOG
  HAZE


RELATIVE HUMIDITY (PERCENT)
 HIGHEST    88
 LOWEST     43
 AVERAGE    66

..........................................................


THE BOZEMAN/GALLATIN FIELD MT CLIMATE NORMALS FOR TODAY
                         NORMAL    RECORD    YEAR
 MAXIMUM TEMPERATURE (F)   45        68      1987
 MINIMUM TEMPERATURE (F)   19       -31      1989


SUNRISE AND SUNSET
MARCH  4 2015.........SUNRISE   658 AM MST   SUNSET   615 PM MST
MARCH  5 2015.........SUNRISE   656 AM MST   SUNSET   617 PM MST


-  INDICATES NEGATIVE NUMBERS.
R  INDICATES RECORD WAS SET OR TIED.
MM INDICATES DATA IS MISSING.
T  INDICATES TRACE AMOUNT.




$$
