000
CDUS45 KTFX 272230
CLIBZN


CLIMATE REPORT
NATIONAL WEATHER SERVICE GREAT FALLS MT
430 PM MDT FRI MAY 27 2016


...................................

...THE BOZEMAN/GALLATIN FIELD MT CLIMATE SUMMARY FOR MAY 27 2016...
VALID TODAY AS OF 0400 PM LOCAL TIME.

CLIMATE NORMAL PERIOD 1981 TO 2010
CLIMATE RECORD PERIOD 1935 TO 2016


WEATHER ITEM   OBSERVED TIME   RECORD YEAR NORMAL DEPARTURE LAST
                VALUE   (LST)  VALUE       VALUE  FROM      YEAR
                                                  NORMAL
..................................................................
TEMPERATURE (F)
 TODAY
  MAXIMUM         61   1225 PM  86    1966  71    -10       64
  MINIMUM         39    307 AM  29    1973  42     -3       48
  AVERAGE         50                        57     -7       56

PRECIPITATION (IN)
  TODAY            0.11          0.85 1987   0.09   0.02     0.07
  MONTH TO DATE    2.39                      2.06   0.33     2.44
  SINCE OCT 1      7.63                      7.89  -0.26     7.00
  SINCE JAN 1      4.78                      5.51  -0.73     5.07

SNOWFALL (IN)
  TODAY           MM             T    1982   0.0   MM        0.0
                                      1995
  MONTH TO DATE    T                         2.3   -2.3      0.0
  SINCE MAR 1      2.1                      17.5  -15.4      7.0
  SINCE JUL 1     25.7                      39.8  -14.1     37.4

DEGREE DAYS
 HEATING
  TODAY           15                         9      6        9
  MONTH TO DATE  389                       324     65      412
  SINCE MAR 1   1763                      1805    -42     1854
  SINCE JUL 1   7448                      7385     63     7436

 COOLING
  TODAY            0                         0      0        0
  MONTH TO DATE    0                         0      0        0
  SINCE MAR 1      0                         0      0        0
  SINCE JAN 1      0                         0      0        0
..................................................................


WIND (MPH)
  HIGHEST WIND SPEED    21   HIGHEST WIND DIRECTION    NW (310)
  HIGHEST GUST SPEED    24   HIGHEST GUST DIRECTION    NW (310)
  AVERAGE WIND SPEED     4.8


SKY COVER
  AVERAGE SKY COVER 0.6


WEATHER CONDITIONS
 THE FOLLOWING WEATHER WAS RECORDED TODAY.
  RAIN
  LIGHT RAIN
  FOG


RELATIVE HUMIDITY (PERCENT)
 HIGHEST    93           200 AM
 LOWEST     53           200 PM
 AVERAGE    73

..........................................................


THE BOZEMAN/GALLATIN FIELD MT CLIMATE NORMALS FOR TOMORROW
                         NORMAL    RECORD    YEAR
 MAXIMUM TEMPERATURE (F)   71        87      2014
                                             1958
 MINIMUM TEMPERATURE (F)   42        24      1947


SUNRISE AND SUNSET
MAY 27 2016...........SUNRISE   541 AM MDT   SUNSET   903 PM MDT
MAY 28 2016...........SUNRISE   540 AM MDT   SUNSET   904 PM MDT


-  INDICATES NEGATIVE NUMBERS.
R  INDICATES RECORD WAS SET OR TIED.
MM INDICATES DATA IS MISSING.
T  INDICATES TRACE AMOUNT.




$$
