000
CDUS45 KTFX 280942
CLIBZN


CLIMATE REPORT
NATIONAL WEATHER SERVICE GREAT FALLS MT
240 AM MST SUN DEC 28 2014


...................................

...THE BOZEMAN/GALLATIN FIELD MT CLIMATE SUMMARY FOR DECEMBER 27 2014...

CLIMATE NORMAL PERIOD 1981 TO 2010
CLIMATE RECORD PERIOD 1935 TO 2014


WEATHER ITEM   OBSERVED TIME   RECORD YEAR NORMAL DEPARTURE
                VALUE   (LST)  VALUE       VALUE  FROM
                                                  NORMAL
...............................................................
TEMPERATURE (F)
 YESTERDAY
  MAXIMUM         24   1146 PM  63    1980  33     -9
  MINIMUM         -7    237 AM -26    1941   8    -15
  AVERAGE          9                        21    -12

PRECIPITATION (IN)
  YESTERDAY        T             0.21 1964   0.02  -0.02
  MONTH TO DATE    0.53                      0.46   0.07
  SINCE OCT 1      1.87                      2.32  -0.45
  SINCE JAN 1     15.48                     13.93   1.55

SNOWFALL (IN)
  YESTERDAY        T             3.0  1964   0.2   -0.2
  MONTH TO DATE    7.1                       5.4    1.7
  SINCE DEC 1      7.1                       5.4    1.7
  SINCE JUL 1     22.7                      12.8    9.9
  SNOW DEPTH       6

DEGREE DAYS
 HEATING
  YESTERDAY       56                               12
  MONTH TO DATE 1032                             -149
  SINCE DEC 1   1032                             -149
  SINCE JUL 1   3159                               97

 COOLING
  YESTERDAY        0                                0
  MONTH TO DATE    0                                0
  SINCE DEC 1      0                                0
  SINCE JAN 1    187                             -181
...............................................................


WIND (MPH)
  HIGHEST WIND SPEED    10   HIGHEST WIND DIRECTION     S (170)
  HIGHEST GUST SPEED    11   HIGHEST GUST DIRECTION     S (160)
  AVERAGE WIND SPEED     3.0



WEATHER CONDITIONS
 THE FOLLOWING WEATHER WAS RECORDED YESTERDAY.
  LIGHT SNOW
  FOG
  FOG W/VISIBILITY <= 1/4 MILE


RELATIVE HUMIDITY (PERCENT)
 HIGHEST    95
 LOWEST     71
 AVERAGE    83

..........................................................


THE BOZEMAN/GALLATIN FIELD MT CLIMATE NORMALS FOR TODAY
                         NORMAL    RECORD    YEAR
 MAXIMUM TEMPERATURE (F)   33        51      1945
 MINIMUM TEMPERATURE (F)    9       -32      1983


SUNRISE AND SUNSET
DECEMBER 28 2014......SUNRISE   805 AM MST   SUNSET   447 PM MST
DECEMBER 29 2014......SUNRISE   805 AM MST   SUNSET   448 PM MST


-  INDICATES NEGATIVE NUMBERS.
R  INDICATES RECORD WAS SET OR TIED.
MM INDICATES DATA IS MISSING.
T  INDICATES TRACE AMOUNT.




$$
