000
CDUS45 KTFX 200957
CLIBZN


CLIMATE REPORT
NATIONAL WEATHER SERVICE GREAT FALLS MT
351 AM MDT MON OCT 20 2014


...................................

...THE BOZEMAN/GALLATIN FIELD MT CLIMATE SUMMARY FOR OCTOBER 19 2014...

CLIMATE NORMAL PERIOD 1981 TO 2010
CLIMATE RECORD PERIOD 1935 TO 2014


WEATHER ITEM   OBSERVED TIME   RECORD YEAR NORMAL DEPARTURE
                VALUE   (LST)  VALUE       VALUE  FROM
                                                  NORMAL
...............................................................
TEMPERATURE (F)
 YESTERDAY
  MAXIMUM         70    352 PM  81    2003  60     10
  MINIMUM         29    623 AM   9    1938  30     -1
  AVERAGE         50                        45      5

PRECIPITATION (IN)
  YESTERDAY        0.00          0.45 1943   0.03  -0.03
                                      1943
                                      2009
  MONTH TO DATE    0.21                      0.73  -0.52
  SINCE OCT 1      0.21                      0.73  -0.52
  SINCE JAN 1     13.82                     12.34   1.48

SNOWFALL (IN)
  YESTERDAY        0.0           3.8  1949   0.1   -0.1
  MONTH TO DATE    0.0                       1.0   -1.0
  SINCE SEP 1      T                         1.3   -1.3
  SINCE JUL 1      T                         1.3   -1.3
  SNOW DEPTH       0

DEGREE DAYS
 HEATING
  YESTERDAY       15                               -5
  MONTH TO DATE  306                              -15
  SINCE SEP 1    611                               52
  SINCE JUL 1    697                               71

 COOLING
  YESTERDAY        0                                0
  MONTH TO DATE    0                                0
  SINCE SEP 1      5                              -17
  SINCE JAN 1    187                             -181
...............................................................


WIND (MPH)
  HIGHEST WIND SPEED    10   HIGHEST WIND DIRECTION    SE (150)
  HIGHEST GUST SPEED    12   HIGHEST GUST DIRECTION     S (160)
  AVERAGE WIND SPEED     3.0



WEATHER CONDITIONS
 THE FOLLOWING WEATHER WAS RECORDED YESTERDAY.
  NO SIGNIFICANT WEATHER WAS OBSERVED.


RELATIVE HUMIDITY (PERCENT)
 HIGHEST    92
 LOWEST     31
 AVERAGE    62

..........................................................


THE BOZEMAN/GALLATIN FIELD MT CLIMATE NORMALS FOR TODAY
                         NORMAL    RECORD    YEAR
 MAXIMUM TEMPERATURE (F)   60        79      2003
 MINIMUM TEMPERATURE (F)   29        14      1938


SUNRISE AND SUNSET
OCTOBER 20 2014.......SUNRISE   748 AM MDT   SUNSET   630 PM MDT
OCTOBER 21 2014.......SUNRISE   749 AM MDT   SUNSET   628 PM MDT


-  INDICATES NEGATIVE NUMBERS.
R  INDICATES RECORD WAS SET OR TIED.
MM INDICATES DATA IS MISSING.
T  INDICATES TRACE AMOUNT.




$$
