000
CDUS45 KTFX 202338
CLIBZN


CLIMATE REPORT
NATIONAL WEATHER SERVICE GREAT FALLS MT
437 PM MST THU NOV 20 2014


...................................

...THE BOZEMAN/GALLATIN FIELD MT CLIMATE SUMMARY FOR NOVEMBER 20 2014...
VALID TODAY AS OF 0400 PM LOCAL TIME.

CLIMATE NORMAL PERIOD 1981 TO 2010
CLIMATE RECORD PERIOD 1935 TO 2014


WEATHER ITEM   OBSERVED TIME   RECORD YEAR NORMAL DEPARTURE LAST
                VALUE   (LST)  VALUE       VALUE  FROM      YEAR
                                                  NORMAL
..................................................................
TEMPERATURE (F)
 TODAY
  MAXIMUM         38    306 PM  62    1966  42     -4       49
  MINIMUM         10   1205 AM -21    1977  18     -8       12
  AVERAGE         24                        30     -6       31

PRECIPITATION (IN)
  TODAY            T             0.32 1962   0.03  -0.03     0.14
  MONTH TO DATE    0.35                      0.53  -0.18     0.36
  SINCE OCT 1      0.74                      1.63  -0.89     0.72
  SINCE JAN 1     14.35                     13.24   1.11    11.49

SNOWFALL (IN)
  TODAY            T             4.0  1973   0.2   -0.2      0.3
  MONTH TO DATE    5.6                       3.0    2.6      0.5
  SINCE SEP 1      5.6                       5.2    0.4      0.5
  SINCE JUL 1      5.6                       5.2    0.4      0.5
  SNOW DEPTH      MM

DEGREE DAYS
 HEATING
  TODAY           41                        35      6       34
  MONTH TO DATE  847                       602    245      583
  SINCE SEP 1   1698                      1432    266     1578
  SINCE JUL 1   1784                      1499    285     1581

 COOLING
  TODAY            0                         0      0        0
  MONTH TO DATE    0                         0      0        0
  SINCE SEP 1      5                        22    -17       23
  SINCE JAN 1    187                       368   -181      284
..................................................................


WIND (MPH)
  HIGHEST WIND SPEED     8   HIGHEST WIND DIRECTION    SE (150)
  HIGHEST GUST SPEED     8   HIGHEST GUST DIRECTION    SE (150)
  AVERAGE WIND SPEED     1.7


SKY COVER
  AVERAGE SKY COVER 0.4


WEATHER CONDITIONS
 THE FOLLOWING WEATHER WAS RECORDED TODAY.
  LIGHT SNOW


RELATIVE HUMIDITY (PERCENT)
 HIGHEST    96           700 AM
 LOWEST     52           200 PM
 AVERAGE    74

..........................................................


THE BOZEMAN/GALLATIN FIELD MT CLIMATE NORMALS FOR TOMORROW
                         NORMAL    RECORD    YEAR
 MAXIMUM TEMPERATURE (F)   41        58      1954
 MINIMUM TEMPERATURE (F)   17       -27      1977


SUNRISE AND SUNSET
NOVEMBER 20 2014......SUNRISE   731 AM MST   SUNSET   449 PM MST
NOVEMBER 21 2014......SUNRISE   733 AM MST   SUNSET   448 PM MST


-  INDICATES NEGATIVE NUMBERS.
R  INDICATES RECORD WAS SET OR TIED.
MM INDICATES DATA IS MISSING.
T  INDICATES TRACE AMOUNT.




$$
