000
CDUS45 KTFX 270919
CLIBZN


CLIMATE REPORT
NATIONAL WEATHER SERVICE GREAT FALLS MT
318 AM MDT TUE JUN 27 2017


...................................

...THE BOZEMAN/GALLATIN FIELD MT CLIMATE SUMMARY FOR JUNE 26 2017...

CLIMATE NORMAL PERIOD 1981 TO 2010
CLIMATE RECORD PERIOD 1935 TO 2017


WEATHER ITEM   OBSERVED TIME   RECORD YEAR NORMAL DEPARTURE LAST
                VALUE   (LST)  VALUE       VALUE  FROM      YEAR
                                                  NORMAL
..................................................................
TEMPERATURE (F)
 YESTERDAY
  MAXIMUM         94    435 PM  96    1990  81     13       83
  MINIMUM         43    447 AM  32    1985  48     -5       38
  AVERAGE         69                        65      4       61

PRECIPITATION (IN)
  YESTERDAY        T             1.69 1971   0.06  -0.06     0.00
  MONTH TO DATE    2.14                      2.18  -0.04     0.91
  SINCE OCT 1     11.02                     10.46   0.56     8.66
  SINCE JAN 1      7.69                      8.08  -0.39     5.81

SNOWFALL (IN)
  YESTERDAY        0.0           0.0  1999   0.0    0.0      0.0
                                      2001
                                      1994
  MONTH TO DATE    0.0                       0.3   -0.3      0.0
  SINCE JUN 1      0.0                       0.3   -0.3      0.0
  SINCE JUL 1     44.5                      40.2    4.3     25.7
  SNOW DEPTH       0

DEGREE DAYS
 HEATING
  YESTERDAY        0                         3     -3        4
  MONTH TO DATE  143                       132     11       99
  SINCE JUN 1    143                       132     11       99
  SINCE JUL 1   8108                      7549    559     7595

 COOLING
  YESTERDAY        4                         2      2        0
  MONTH TO DATE   21                        28     -7       34
  SINCE JUN 1     21                        28     -7       34
  SINCE JAN 1     21                        32    -11       34
..................................................................


WIND (MPH)
  HIGHEST WIND SPEED    25   HIGHEST WIND DIRECTION     W (260)
  HIGHEST GUST SPEED    32   HIGHEST GUST DIRECTION     W (270)
  AVERAGE WIND SPEED     6.8


SKY COVER
  AVERAGE SKY COVER 0.0


WEATHER CONDITIONS
 THE FOLLOWING WEATHER WAS RECORDED YESTERDAY.
  LIGHT RAIN
  HAZE


RELATIVE HUMIDITY (PERCENT)
 HIGHEST    86
 LOWEST     10
 AVERAGE    48

..........................................................


THE BOZEMAN/GALLATIN FIELD MT CLIMATE NORMALS FOR TODAY
                         NORMAL    RECORD    YEAR
 MAXIMUM TEMPERATURE (F)   82        98      2015
 MINIMUM TEMPERATURE (F)   48        34      1976


SUNRISE AND SUNSET
JUNE 27 2017..........SUNRISE   537 AM MDT   SUNSET   919 PM MDT
JUNE 28 2017..........SUNRISE   537 AM MDT   SUNSET   918 PM MDT


-  INDICATES NEGATIVE NUMBERS.
R  INDICATES RECORD WAS SET OR TIED.
MM INDICATES DATA IS MISSING.
T  INDICATES TRACE AMOUNT.




$$
