000
CDUS45 KTFX 051000
CLIBZN


CLIMATE REPORT
NATIONAL WEATHER SERVICE GREAT FALLS MT
300 AM MST FRI FEB 5 2016


...................................

...THE BOZEMAN/GALLATIN FIELD MT CLIMATE SUMMARY FOR FEBRUARY 4 2016...

CLIMATE NORMAL PERIOD 1981 TO 2010
CLIMATE RECORD PERIOD 1935 TO 2016


WEATHER ITEM   OBSERVED TIME   RECORD YEAR NORMAL DEPARTURE LAST
                VALUE   (LST)  VALUE       VALUE  FROM      YEAR
                                                  NORMAL
..................................................................
TEMPERATURE (F)
 YESTERDAY
  MAXIMUM         36    416 PM  62    2005  37     -1       30
  MINIMUM          5    217 AM -43    1989  13     -8       17
  AVERAGE         21                        25     -4       24

PRECIPITATION (IN)
  YESTERDAY        T             0.36 1975   0.01  -0.01      T
  MONTH TO DATE    T                         0.05  -0.05     0.04
  SINCE OCT 1      3.21                      2.91   0.30     2.19
  SINCE JAN 1      0.36                      0.53  -0.17     0.26

SNOWFALL (IN)
  YESTERDAY        T             3.7  1944   0.2   -0.2      0.1
  MONTH TO DATE    T                         0.6   -0.6      0.4
  SINCE DEC 1     17.0                      10.6    6.4     13.3
  SINCE JUL 1     23.6                      18.0    5.6     28.9
  SNOW DEPTH       9

DEGREE DAYS
 HEATING
  YESTERDAY       44                        40      4       41
  MONTH TO DATE  201                       160     41      143
  SINCE DEC 1   2952                      2801    151     2687
  SINCE JUL 1   4916                      4682    234     4814

 COOLING
  YESTERDAY        0                         0      0        0
  MONTH TO DATE    0                         0      0        0
  SINCE DEC 1      0                         0      0        0
  SINCE JAN 1      0                         0      0        0
..................................................................


WIND (MPH)
  HIGHEST WIND SPEED    23   HIGHEST WIND DIRECTION    SW (240)
  HIGHEST GUST SPEED    30   HIGHEST GUST DIRECTION     W (250)
  AVERAGE WIND SPEED     7.3


SKY COVER
  AVERAGE SKY COVER 0.8


WEATHER CONDITIONS
 THE FOLLOWING WEATHER WAS RECORDED YESTERDAY.
  LIGHT SNOW


RELATIVE HUMIDITY (PERCENT)
 HIGHEST    81
 LOWEST     52
 AVERAGE    67

..........................................................


THE BOZEMAN/GALLATIN FIELD MT CLIMATE NORMALS FOR TODAY
                         NORMAL    RECORD    YEAR
 MAXIMUM TEMPERATURE (F)   38        65      2007
 MINIMUM TEMPERATURE (F)   13       -43      1989


SUNRISE AND SUNSET
FEBRUARY  5 2016......SUNRISE   742 AM MST   SUNSET   536 PM MST
FEBRUARY  6 2016......SUNRISE   740 AM MST   SUNSET   537 PM MST


-  INDICATES NEGATIVE NUMBERS.
R  INDICATES RECORD WAS SET OR TIED.
MM INDICATES DATA IS MISSING.
T  INDICATES TRACE AMOUNT.




$$
