000
CDUS42 KCAE 260631
CLICAE


CLIMATE REPORT
NATIONAL WEATHER SERVICE COLUMBIA SC
131 AM EST SUN FEB 26 2017


...................................

...THE COLUMBIA METRO AIRPORT SC CLIMATE SUMMARY FOR FEBRUARY 25 2017...

CLIMATE NORMAL PERIOD 1981 TO 2010
CLIMATE RECORD PERIOD 1887 TO 2017


WEATHER ITEM   OBSERVED TIME   RECORD YEAR NORMAL DEPARTURE LAST
                VALUE   (LST)  VALUE       VALUE  FROM      YEAR
                                                  NORMAL
..................................................................
TEMPERATURE (F)
 YESTERDAY
  MAXIMUM         80    311 PM  83    1930  63     17       57
  MINIMUM         53   1159 PM  13    1967  39     14       40
  AVERAGE         67                        51     16       49

PRECIPITATION (IN)
  YESTERDAY        0.00          1.73 1897   0.13  -0.13     0.00
  MONTH TO DATE    1.60                      3.22  -1.62     4.69
  SINCE DEC 1     11.99                     10.02   1.97    13.08
  SINCE JAN 1      8.64                      6.80   1.84     6.63

SNOWFALL (IN)
  YESTERDAY        0.0          MM      MM   0.1             0.0
  MONTH TO DATE    0.0                       0.5              T
  SINCE DEC 1      0.1                       1.4              T
  SINCE JUL 1      0.1                       1.4              T

DEGREE DAYS
 HEATING
  YESTERDAY        0                        14    -14       16
  MONTH TO DATE  198                       422   -224      401
  SINCE DEC 1   1012                      1617   -605     1233
  SINCE JUL 1   1314                      2058   -744     1503

 COOLING
  YESTERDAY        2                         0      2        0
  MONTH TO DATE   11                         0     11        4
  SINCE DEC 1     18                         4     14       63
  SINCE JAN 1     15                         1     14        4
..................................................................


WIND (MPH)
  HIGHEST WIND SPEED    28   HIGHEST WIND DIRECTION     W (260)
  HIGHEST GUST SPEED    43   HIGHEST GUST DIRECTION     W (260)
  AVERAGE WIND SPEED    13.1


SKY COVER
  AVERAGE SKY COVER 0.3


WEATHER CONDITIONS
 THE FOLLOWING WEATHER WAS RECORDED YESTERDAY.
  NO SIGNIFICANT WEATHER WAS OBSERVED.


RELATIVE HUMIDITY (PERCENT)
 HIGHEST    90           400 AM
 LOWEST     15           500 PM
 AVERAGE    53

..........................................................


THE COLUMBIA METRO AIRPORT SC CLIMATE NORMALS FOR TODAY
                         NORMAL    RECORD    YEAR
 MAXIMUM TEMPERATURE (F)   63        84      1996
                                             1977
 MINIMUM TEMPERATURE (F)   39         9      1967


SUNRISE AND SUNSET
FEBRUARY 26 2017......SUNRISE   656 AM EST   SUNSET   619 PM EST
FEBRUARY 27 2017......SUNRISE   655 AM EST   SUNSET   619 PM EST


-  INDICATES NEGATIVE NUMBERS.
R  INDICATES RECORD WAS SET OR TIED.
MM INDICATES DATA IS MISSING.
T  INDICATES TRACE AMOUNT.




$$
