000
CDUS42 KCAE 290643
CLICAE


CLIMATE REPORT
NATIONAL WEATHER SERVICE COLUMBIA SC
243 AM EDT WED MAR 29 2017


...................................

...THE COLUMBIA METRO AIRPORT SC CLIMATE SUMMARY FOR MARCH 28 2017...

CLIMATE NORMAL PERIOD 1981 TO 2010
CLIMATE RECORD PERIOD 1887 TO 2017


WEATHER ITEM   OBSERVED TIME   RECORD YEAR NORMAL DEPARTURE LAST
                VALUE   (LST)  VALUE       VALUE  FROM      YEAR
                                                  NORMAL
..................................................................
TEMPERATURE (F)
 YESTERDAY
  MAXIMUM         85    216 PM  92    1907  72     13       82
  MINIMUM         61   1135 PM  27    2001  46     15       53
  AVERAGE         73                        59     14       68

PRECIPITATION (IN)
  YESTERDAY        0.00          2.45 1980   0.12  -0.12     0.06
  MONTH TO DATE    1.84                      3.39  -1.55     1.86
  SINCE MAR 1      1.84                      3.39  -1.55     1.86
  SINCE JAN 1     10.48                     10.58  -0.10     8.49

SNOWFALL (IN)
  YESTERDAY        0.0          MM      MM   0.0             0.0
  MONTH TO DATE    T                         0.1             0.0
  SINCE MAR 1      T                         0.1             0.0
  SINCE JUL 1      0.1                       1.5              T

DEGREE DAYS
 HEATING
  YESTERDAY        0                         7     -7        0
  MONTH TO DATE  274                       288    -14      135
  SINCE MAR 1    274                       288    -14      135
  SINCE JUL 1   1615                      2387   -772     1698

 COOLING
  YESTERDAY        8                         1      7        3
  MONTH TO DATE   32                        16     16       68
  SINCE MAR 1     32                        16     16       68
  SINCE JAN 1     50                        20     30       72
..................................................................


WIND (MPH)
  HIGHEST WIND SPEED    18   HIGHEST WIND DIRECTION     W (270)
  HIGHEST GUST SPEED    24   HIGHEST GUST DIRECTION     W (260)
  AVERAGE WIND SPEED     7.9


SKY COVER
  AVERAGE SKY COVER 0.3


WEATHER CONDITIONS
 THE FOLLOWING WEATHER WAS RECORDED YESTERDAY.
  THUNDERSTORM


RELATIVE HUMIDITY (PERCENT)
 HIGHEST    78           700 AM
 LOWEST     43           100 PM
 AVERAGE    61

..........................................................


THE COLUMBIA METRO AIRPORT SC CLIMATE NORMALS FOR TODAY
                         NORMAL    RECORD    YEAR
 MAXIMUM TEMPERATURE (F)   72        91      1907
 MINIMUM TEMPERATURE (F)   46        26      1955


SUNRISE AND SUNSET
MARCH 29 2017.........SUNRISE   716 AM EDT   SUNSET   743 PM EDT
MARCH 30 2017.........SUNRISE   714 AM EDT   SUNSET   744 PM EDT


-  INDICATES NEGATIVE NUMBERS.
R  INDICATES RECORD WAS SET OR TIED.
MM INDICATES DATA IS MISSING.
T  INDICATES TRACE AMOUNT.




$$
