000
CDUS42 KCAE 270531
CLICAE


CLIMATE REPORT
NATIONAL WEATHER SERVICE COLUMBIA SC
131 AM EDT WED MAY 27 2015


...................................

...THE COLUMBIA METRO AIRPORT SC CLIMATE SUMMARY FOR MAY 26 2015...

CLIMATE NORMAL PERIOD 1981 TO 2010
CLIMATE RECORD PERIOD 1887 TO 2015


WEATHER ITEM   OBSERVED TIME   RECORD YEAR NORMAL DEPARTURE LAST
                VALUE   (LST)  VALUE       VALUE  FROM      YEAR
                                                  NORMAL
..................................................................
TEMPERATURE (F)
 YESTERDAY
  MAXIMUM         90    256 PM 100    1953  86      4       89
                                      1926
  MINIMUM         67    544 AM  40    1979  63      4       63
  AVERAGE         79                        74      5       76

PRECIPITATION (IN)
  YESTERDAY        T             1.56 1996   0.10  -0.10     0.00
                                      1890
  MONTH TO DATE    1.71                      2.43  -0.72     2.66
  SINCE MAR 1      8.52                      8.78  -0.26     9.58
  SINCE JAN 1     15.88                     15.97  -0.09    15.90

SNOWFALL (IN)
  YESTERDAY        0.0          MM      MM   0.0             0.0
  MONTH TO DATE    0.0                       0.0             0.0
  SINCE MAR 1      0.0                       0.1             0.0
  SINCE JUL 1      T                         1.5             4.2

DEGREE DAYS
 HEATING
  YESTERDAY        0                         0      0        0
  MONTH TO DATE    6                        18    -12       10
  SINCE MAR 1    274                       450   -176      476
  SINCE JUL 1   2463                      2549    -86     2560

 COOLING
  YESTERDAY       14                        10      4       11
  MONTH TO DATE  216                       173     43      236
  SINCE MAR 1    359                       264     95      337
  SINCE JAN 1    359                       268     91      344
..................................................................


WIND (MPH)
  HIGHEST WIND SPEED    24   HIGHEST WIND DIRECTION     W (280)
  HIGHEST GUST SPEED    27   HIGHEST GUST DIRECTION     W (270)
  AVERAGE WIND SPEED     4.0


SKY COVER
  AVERAGE SKY COVER 0.6


WEATHER CONDITIONS
 THE FOLLOWING WEATHER WAS RECORDED YESTERDAY.
  THUNDERSTORM
  LIGHT RAIN
  FOG
  HAZE


RELATIVE HUMIDITY (PERCENT)
 HIGHEST    90           700 AM
 LOWEST     46           100 PM
 AVERAGE    68

..........................................................


THE COLUMBIA METRO AIRPORT SC CLIMATE NORMALS FOR TODAY
                         NORMAL    RECORD    YEAR
 MAXIMUM TEMPERATURE (F)   86        99      1916
 MINIMUM TEMPERATURE (F)   63        42      1979


SUNRISE AND SUNSET
MAY 27 2015...........SUNRISE   616 AM EDT   SUNSET   827 PM EDT
MAY 28 2015...........SUNRISE   616 AM EDT   SUNSET   828 PM EDT


-  INDICATES NEGATIVE NUMBERS.
R  INDICATES RECORD WAS SET OR TIED.
MM INDICATES DATA IS MISSING.
T  INDICATES TRACE AMOUNT.




$$
