000
CDUS42 KCAE 230532
CLICAE


CLIMATE REPORT
NATIONAL WEATHER SERVICE COLUMBIA SC
132 AM EDT FRI JUN 23 2017


...................................

...THE COLUMBIA METRO AIRPORT SC CLIMATE SUMMARY FOR JUNE 22 2017...

CLIMATE NORMAL PERIOD 1981 TO 2010
CLIMATE RECORD PERIOD 1887 TO 2017


WEATHER ITEM   OBSERVED TIME   RECORD YEAR NORMAL DEPARTURE LAST
                VALUE   (LST)  VALUE       VALUE  FROM      YEAR
                                                  NORMAL
..................................................................
TEMPERATURE (F)
 YESTERDAY
  MAXIMUM         88   1252 PM 101    1988  91     -3       99
                                      1956
                                      1939
  MINIMUM         75    608 AM  58    2003  70      5       74
                                      1966
  AVERAGE         82                        80      2       87

PRECIPITATION (IN)
  YESTERDAY        0.00          2.68 1973   0.17  -0.17      T
  MONTH TO DATE    4.11                      3.43   0.68     2.34
  SINCE JUN 1      4.11                      3.43   0.68     2.34
  SINCE JAN 1     28.39                     19.94   8.45    16.26

SNOWFALL (IN)
  YESTERDAY        0.0          MM      MM   0.0             0.0
  MONTH TO DATE    0.0                       0.0             0.0
  SINCE JUN 1      0.0                       0.0             0.0
  SINCE JUL 1      0.1                       1.5              T

DEGREE DAYS
 HEATING
  YESTERDAY        0                         0      0        0
  MONTH TO DATE    0                         0      0        0
  SINCE JUN 1      0                         0      0        0
  SINCE JUL 1   1665                      2551   -886     1791

 COOLING
  YESTERDAY       17                        15      2       22
  MONTH TO DATE  327                       295     32      379
  SINCE JUN 1    327                       295     32      379
  SINCE JAN 1    856                       616    240      818
..................................................................


WIND (MPH)
  HIGHEST WIND SPEED    13   HIGHEST WIND DIRECTION     E (110)
  HIGHEST GUST SPEED    16   HIGHEST GUST DIRECTION     E (110)
  AVERAGE WIND SPEED     3.7


SKY COVER
  AVERAGE SKY COVER 0.9


WEATHER CONDITIONS
 THE FOLLOWING WEATHER WAS RECORDED YESTERDAY.
  FOG


RELATIVE HUMIDITY (PERCENT)
 HIGHEST    94           400 AM
 LOWEST     63           100 PM
 AVERAGE    79

..........................................................


THE COLUMBIA METRO AIRPORT SC CLIMATE NORMALS FOR TODAY
                         NORMAL    RECORD    YEAR
 MAXIMUM TEMPERATURE (F)   91       102      1988
                                             1956
                                             1914
 MINIMUM TEMPERATURE (F)   70        55      1947


SUNRISE AND SUNSET
JUNE 23 2017..........SUNRISE   614 AM EDT   SUNSET   839 PM EDT
JUNE 24 2017..........SUNRISE   615 AM EDT   SUNSET   839 PM EDT


-  INDICATES NEGATIVE NUMBERS.
R  INDICATES RECORD WAS SET OR TIED.
MM INDICATES DATA IS MISSING.
T  INDICATES TRACE AMOUNT.




$$
