000
CDUS42 KCAE 030628
CLICAE


CLIMATE REPORT
NATIONAL WEATHER SERVICE COLUMBIA SC
226 AM EDT FRI JUL 3 2015


...................................

...THE COLUMBIA METRO AIRPORT SC CLIMATE SUMMARY FOR JULY 2 2015...

CLIMATE NORMAL PERIOD 1981 TO 2010
CLIMATE RECORD PERIOD 1887 TO 2015


WEATHER ITEM   OBSERVED TIME   RECORD YEAR NORMAL DEPARTURE LAST
                VALUE   (LST)  VALUE       VALUE  FROM      YEAR
                                                  NORMAL
..................................................................
TEMPERATURE (F)
 YESTERDAY
  MAXIMUM         94    216 PM 103    1970  92      2       98
  MINIMUM         71   1159 PM  55    1988  71      0       76
  AVERAGE         83                        82      1       87

PRECIPITATION (IN)
  YESTERDAY        1.21          1.90 1890   0.15   1.06     0.00
  MONTH TO DATE    1.21                      0.30   0.91     0.00
  SINCE JUN 1     10.00                      4.99   5.01     1.41
  SINCE JAN 1     25.88                     21.50   4.38    20.37

SNOWFALL (IN)
  YESTERDAY        0.0          MM      MM   0.0             0.0
  MONTH TO DATE    0.0                       0.0             0.0
  SINCE JUN 1      0.0                       0.0             0.0
  SINCE JUL 1      0.0                       0.0             0.0

DEGREE DAYS
 HEATING
  YESTERDAY        0                         0      0        0
  MONTH TO DATE    0                         0      0        0
  SINCE JUN 1      0                         1     -1        0
  SINCE JUL 1      0                         0      0        0

 COOLING
  YESTERDAY       18                        17      1       22
  MONTH TO DATE   33                        34     -1       42
  SINCE JUN 1    570                       458    112      562
  SINCE JAN 1    991                       779    212      976
..................................................................


WIND (MPH)
  HIGHEST WIND SPEED    48   HIGHEST WIND DIRECTION    NW (320)
  HIGHEST GUST SPEED    48   HIGHEST GUST DIRECTION    NW (320)
  AVERAGE WIND SPEED     7.8


SKY COVER
  AVERAGE SKY COVER 0.7


WEATHER CONDITIONS
 THE FOLLOWING WEATHER WAS RECORDED YESTERDAY.
  THUNDERSTORM
  LIGHT RAIN
  FOG
  HAZE


RELATIVE HUMIDITY (PERCENT)
 HIGHEST    93           600 PM
 LOWEST     44           200 PM
 AVERAGE    69

..........................................................


THE COLUMBIA METRO AIRPORT SC CLIMATE NORMALS FOR TODAY
                         NORMAL    RECORD    YEAR
 MAXIMUM TEMPERATURE (F)   93       103      1970
 MINIMUM TEMPERATURE (F)   71        61      1952


SUNRISE AND SUNSET
JULY  3 2015..........SUNRISE   618 AM EDT   SUNSET   839 PM EDT
JULY  4 2015..........SUNRISE   618 AM EDT   SUNSET   839 PM EDT


-  INDICATES NEGATIVE NUMBERS.
R  INDICATES RECORD WAS SET OR TIED.
MM INDICATES DATA IS MISSING.
T  INDICATES TRACE AMOUNT.




$$
