184
CDUS45 KGJT 220823
CLICAG


CLIMATE REPORT
NATIONAL WEATHER SERVICE GRAND JUNCTION CO
121 AM MST WED FEB 22 2017


...................................

...THE CRAIG CO CLIMATE SUMMARY FOR FEBRUARY 21 2017...

CLIMATE NORMAL PERIOD 1981 TO 2010
CLIMATE RECORD PERIOD 9999 TO 9999


WEATHER ITEM   OBSERVED TIME   RECORD YEAR NORMAL DEPARTURE LAST
                VALUE   (LST)  VALUE       VALUE  FROM      YEAR
                                                  NORMAL
..................................................................
TEMPERATURE (F)
 YESTERDAY
  MAXIMUM         57    131 PM  MM      MM  35     22       34
  MINIMUM         34   1158 PM  MM      MM   9     25       12
  AVERAGE         46                        22     24       23

PRECIPITATION (IN)
  YESTERDAY        0.00         MM      MM   0.03  -0.03     0.00
  MONTH TO DATE    0.84                      0.62   0.22     0.34
  SINCE DEC 1      3.86                      2.50   1.36     3.11
  SINCE JAN 1      2.66                      1.50   1.16     1.74

SNOWFALL (IN)
  YESTERDAY       MM            MM      MM  MM     MM       MM
  MONTH TO DATE   MM                        MM     MM       MM
  SINCE DEC 1     MM                        MM     MM       MM
  SINCE JUL 1     MM                        MM     MM       MM
  SNOW DEPTH      MM

DEGREE DAYS
 HEATING
  YESTERDAY       19                        43    -24       42
  MONTH TO DATE  656                       953   -297     1008
  SINCE DEC 1   3581                      3952   -371     4278
  SINCE JUL 1   5219                      6037   -818     5955

 COOLING
  YESTERDAY        0                         0      0        0
  MONTH TO DATE    0                         0      0        0
  SINCE DEC 1      0                         0      0        0
  SINCE JAN 1      0                         0      0        0
..................................................................


WIND (MPH)
  HIGHEST WIND SPEED    35   HIGHEST WIND DIRECTION    SW (210)
  HIGHEST GUST SPEED    46   HIGHEST GUST DIRECTION    SW (210)
  AVERAGE WIND SPEED    16.5


SKY COVER
  POSSIBLE SUNSHINE  MM
  AVERAGE SKY COVER 0.5


WEATHER CONDITIONS
 THE FOLLOWING WEATHER WAS RECORDED YESTERDAY.
  NO SIGNIFICANT WEATHER WAS OBSERVED.


RELATIVE HUMIDITY (PERCENT)
 HIGHEST    65           300 AM
 LOWEST     38           100 PM
 AVERAGE    52

..........................................................


THE CRAIG CO CLIMATE NORMALS FOR TODAY
                         NORMAL    RECORD    YEAR
 MAXIMUM TEMPERATURE (F)   36        MM        MM
 MINIMUM TEMPERATURE (F)   10        MM        MM


SUNRISE AND SUNSET
FEBRUARY 22 2017......SUNRISE   654 AM MST   SUNSET   554 PM MST
FEBRUARY 23 2017......SUNRISE   652 AM MST   SUNSET   555 PM MST


-  INDICATES NEGATIVE NUMBERS.
R  INDICATES RECORD WAS SET OR TIED.
MM INDICATES DATA IS MISSING.
T  INDICATES TRACE AMOUNT.




$$
