000
CDUS45 KGJT 300746
CLICAG


CLIMATE REPORT
NATIONAL WEATHER SERVICE GRAND JUNCTION CO
130 AM MDT TUE SEP 30 2014


...................................

...THE CRAIG CO CLIMATE SUMMARY FOR SEPTEMBER 29 2014...

CLIMATE NORMAL PERIOD 1981 TO 2010
CLIMATE RECORD PERIOD 9999 TO 9999


WEATHER ITEM   OBSERVED TIME   RECORD YEAR NORMAL DEPARTURE LAST
                VALUE   (LST)  VALUE       VALUE  FROM      YEAR
                                                  NORMAL
..................................................................
TEMPERATURE (F)
 YESTERDAY
  MAXIMUM         60   1238 PM  MM      MM  69     -9       68
  MINIMUM         41    550 AM  MM      MM  31     10       28
  AVERAGE         51                        50      1       48

PRECIPITATION (IN)
  YESTERDAY        0.01         MM      MM   0.06  -0.05     0.00
  MONTH TO DATE    1.66                      1.84  -0.18     3.19
  SINCE SEP 1      1.66                      1.84  -0.18     3.19
  SINCE JAN 1     11.68                     11.90  -0.22     9.31

SNOWFALL (IN)
  YESTERDAY       MM            MM      MM  MM     MM       MM
  MONTH TO DATE   MM                        MM     MM       MM
  SINCE SEP 1     MM                        MM     MM       MM
  SINCE JUL 1     MM                        MM     MM       MM
  SNOW DEPTH      MM

DEGREE DAYS
 HEATING
  YESTERDAY       14                        15     -1       17
  MONTH TO DATE  178                       272    -94      169
  SINCE SEP 1    178                       272    -94      169
  SINCE JUL 1    281                       349    -68      174

 COOLING
  YESTERDAY        0                         0      0        0
  MONTH TO DATE    1                         0      1       45
  SINCE SEP 1      1                         0      1       45
  SINCE JAN 1     71                       140    -69      377
..................................................................


WIND (MPH)
  HIGHEST WIND SPEED    20   HIGHEST WIND DIRECTION     W (280)
  HIGHEST GUST SPEED    24   HIGHEST GUST DIRECTION     W (280)
  AVERAGE WIND SPEED     7.9


SKY COVER
  POSSIBLE SUNSHINE  MM
  AVERAGE SKY COVER 0.5


WEATHER CONDITIONS
 THE FOLLOWING WEATHER WAS RECORDED YESTERDAY.
  THUNDERSTORM
  LIGHT RAIN


RELATIVE HUMIDITY (PERCENT)
 HIGHEST    89           500 AM
 LOWEST     51           100 PM
 AVERAGE    70

..........................................................


THE CRAIG CO CLIMATE NORMALS FOR TODAY
                         NORMAL    RECORD    YEAR
 MAXIMUM TEMPERATURE (F)   68        MM        MM
 MINIMUM TEMPERATURE (F)   31        MM        MM


SUNRISE AND SUNSET
SEPTEMBER 30 2014.....SUNRISE   706 AM MDT   SUNSET   654 PM MDT
OCTOBER  1 2014.......SUNRISE   707 AM MDT   SUNSET   652 PM MDT


-  INDICATES NEGATIVE NUMBERS.
R  INDICATES RECORD WAS SET OR TIED.
MM INDICATES DATA IS MISSING.
T  INDICATES TRACE AMOUNT.




$$
