000
CDUS41 KCLE 280545
CLICAK


CLIMATE REPORT
NATIONAL WEATHER SERVICE CLEVELAND OH
145 AM EDT THU AUG 28 2014


...................................

...THE AKRON CANTON OH CLIMATE SUMMARY FOR AUGUST 27 2014...

CLIMATE NORMAL PERIOD 1981 TO 2010
CLIMATE RECORD PERIOD 1887 TO 2014


WEATHER ITEM   OBSERVED TIME   RECORD YEAR NORMAL DEPARTURE LAST
                VALUE   (LST)  VALUE       VALUE  FROM      YEAR
                                                  NORMAL
..................................................................
TEMPERATURE (F)
 YESTERDAY
  MAXIMUM         85    249 PM  97    1948  79      6       80
  MINIMUM         65   1159 PM  44    1914  59      6       71
  AVERAGE         75                        69      6       76

PRECIPITATION (IN)
  YESTERDAY        0.00                      0.12  -0.12     0.57
  MONTH TO DATE    5.24                      3.12   2.12     1.76
  SINCE JUN 1     18.68                     11.03   7.65    14.78
  SINCE JAN 1     35.31                     26.76   8.55    27.04

SNOWFALL (IN)
  YESTERDAY        0.0                       0.0    0.0      0.0
  MONTH TO DATE    0.0                       0.0    0.0      0.0
  SINCE JUN 1      0.0                       0.0    0.0      0.0
  SINCE JUL 1      0.0                       0.0    0.0      0.0
  SNOW DEPTH       0

DEGREE DAYS
 HEATING
  YESTERDAY        0                         1     -1        0
  MONTH TO DATE    6                         6      0        8
  SINCE JUN 1     31                        61    -30       40
  SINCE JUL 1     16                        12      4       13

 COOLING
  YESTERDAY       10                         5      5       11
  MONTH TO DATE  176                       166     10      138
  SINCE JUN 1    536                       523     13      571
  SINCE JAN 1    612                       565     47      677
..................................................................


WIND (MPH)
  HIGHEST WIND SPEED    16   HIGHEST WIND DIRECTION    NW (330)
  HIGHEST GUST SPEED    20   HIGHEST GUST DIRECTION    NW (330)
  AVERAGE WIND SPEED     4.9


SKY COVER
  POSSIBLE SUNSHINE  MM
  AVERAGE SKY COVER 0.7


WEATHER CONDITIONS
 THE FOLLOWING WEATHER WAS RECORDED YESTERDAY.
  FOG
  HAZE


RELATIVE HUMIDITY (PERCENT)
 HIGHEST    90           600 AM
 LOWEST     58           200 PM
 AVERAGE    74

..........................................................


THE AKRON CANTON OH CLIMATE NORMALS FOR TODAY
                         NORMAL    RECORD    YEAR
 MAXIMUM TEMPERATURE (F)   79        94      1973
                                             1953
                                             1948
 MINIMUM TEMPERATURE (F)   59        43      1941


SUNRISE AND SUNSET
AUGUST 28 2014........SUNRISE   649 AM EDT   SUNSET   805 PM EDT
AUGUST 29 2014........SUNRISE   650 AM EDT   SUNSET   803 PM EDT


-  INDICATES NEGATIVE NUMBERS.
R  INDICATES RECORD WAS SET OR TIED.
MM INDICATES DATA IS MISSING.
T  INDICATES TRACE AMOUNT.




$$
