000
CDUS45 KABQ 060834
CLICAO


CLIMATE REPORT
NATIONAL WEATHER SERVICE ALBUQUERQUE NM
234 AM MDT MON JUL 6 2015


...................................

...THE CLAYTON  NM CLIMATE SUMMARY FOR JULY 5 2015...

CLIMATE NORMAL PERIOD 1981 TO 2010
CLIMATE RECORD PERIOD 1896 TO 2015


WEATHER ITEM   OBSERVED TIME   RECORD YEAR NORMAL DEPARTURE
                VALUE   (LST)  VALUE       VALUE  FROM
                                                  NORMAL
...............................................................
TEMPERATURE (F)
 YESTERDAY
  MAXIMUM         95    241 PM  99    1996  89      6
                                      1966
                                      1932
  MINIMUM         65    441 AM  45    1958  60      5
  AVERAGE         80                        74      6

PRECIPITATION (IN)
  YESTERDAY        0.00          2.42 1958   0.07  -0.07
  MONTH TO DATE    0.41                      0.38   0.03
  SINCE JUN 1      1.97                      2.51  -0.54
  SINCE JAN 1     13.50                      6.98   6.52

SNOWFALL (IN)
  YESTERDAY        0.0
  MONTH TO DATE    0.0
  SINCE JUN 1      0.0
  SINCE JUL 1      0.0

DEGREE DAYS
 HEATING
  YESTERDAY        0                         0      0
  MONTH TO DATE    0                         0      0
  SINCE JUN 1      2                        23    -21
  SINCE JUL 1      0                         0      0

 COOLING
  YESTERDAY       15                        10      5
  MONTH TO DATE   63                        46     17
  SINCE JUN 1    308                       229     79
  SINCE JAN 1    313                       280     33
...............................................................


WIND (MPH)
  HIGHEST WIND SPEED    28   HIGHEST WIND DIRECTION     S (200)
  HIGHEST GUST SPEED    36   HIGHEST GUST DIRECTION     S (190)
  AVERAGE WIND SPEED    16.1


SKY COVER
  AVERAGE SKY COVER 0.0


WEATHER CONDITIONS
 THE FOLLOWING WEATHER WAS RECORDED YESTERDAY.
  NO SIGNIFICANT WEATHER WAS OBSERVED.


RELATIVE HUMIDITY (PERCENT)
 HIGHEST    73           100 AM
 LOWEST     27           600 PM
 AVERAGE    50

..........................................................


THE CLAYTON  NM CLIMATE NORMALS FOR TODAY
                         NORMAL    RECORD    YEAR
 MAXIMUM TEMPERATURE (F)   89       100      1992
 MINIMUM TEMPERATURE (F)   60        45      1920


SUNRISE AND SUNSET
JULY  6 2015..........SUNRISE   541 AM MDT   SUNSET   814 PM MDT
JULY  7 2015..........SUNRISE   541 AM MDT   SUNSET   814 PM MDT


-  INDICATES NEGATIVE NUMBERS.
R  INDICATES RECORD WAS SET OR TIED.
MM INDICATES DATA IS MISSING.
T  INDICATES TRACE AMOUNT.




$$
