000
CDUS45 KABQ 220831
CLICAO


CLIMATE REPORT
NATIONAL WEATHER SERVICE ALBUQUERQUE NM
130 AM MST WED NOV 22 2017


...................................

...THE CLAYTON  NM CLIMATE SUMMARY FOR NOVEMBER 21 2017...

CLIMATE NORMAL PERIOD 1981 TO 2010
CLIMATE RECORD PERIOD 1896 TO 2017


WEATHER ITEM   OBSERVED TIME   RECORD YEAR NORMAL DEPARTURE
                VALUE   (LST)  VALUE       VALUE  FROM
                                                  NORMAL
...............................................................
TEMPERATURE (F)
 YESTERDAY
  MAXIMUM         57    116 PM  80    1921  55      2
  MINIMUM         28    937 PM   5    1947  28      0
  AVERAGE         43                        41      2

PRECIPITATION (IN)
  YESTERDAY        0.00          0.29 1992   0.01  -0.01
  MONTH TO DATE    0.04                      0.35  -0.31
  SINCE SEP 1      5.45                      3.13   2.32
  SINCE JAN 1     20.37                     15.33   5.04

SNOWFALL (IN)
  YESTERDAY        0.0
  MONTH TO DATE    0.5
  SINCE SEP 1      0.5
  SINCE JUL 1      0.5

DEGREE DAYS
 HEATING
  YESTERDAY       22                        24     -2
  MONTH TO DATE  335                       408    -73
  SINCE SEP 1    747                       812    -65
  SINCE JUL 1    751                       818    -67

 COOLING
  YESTERDAY        0                         0      0
  MONTH TO DATE    0                         0      0
  SINCE SEP 1    117                       112      5
  SINCE JAN 1    827                       909    -82
...............................................................


WIND (MPH)
  HIGHEST WIND SPEED    32   HIGHEST WIND DIRECTION     N (20)
  HIGHEST GUST SPEED    42   HIGHEST GUST DIRECTION     N (20)
  AVERAGE WIND SPEED    13.4


SKY COVER
  AVERAGE SKY COVER 0.1


WEATHER CONDITIONS
 THE FOLLOWING WEATHER WAS RECORDED YESTERDAY.
  NO SIGNIFICANT WEATHER WAS OBSERVED.


RELATIVE HUMIDITY (PERCENT)
 HIGHEST    78          1100 PM
 LOWEST     15          1200 AM
 AVERAGE    47

..........................................................


THE CLAYTON  NM CLIMATE NORMALS FOR TODAY
                         NORMAL    RECORD    YEAR
 MAXIMUM TEMPERATURE (F)   54        79      1998
                                             1924
 MINIMUM TEMPERATURE (F)   27        -4      1929


SUNRISE AND SUNSET
NOVEMBER 22 2017......SUNRISE   637 AM MST   SUNSET   440 PM MST
NOVEMBER 23 2017......SUNRISE   638 AM MST   SUNSET   440 PM MST


-  INDICATES NEGATIVE NUMBERS.
R  INDICATES RECORD WAS SET OR TIED.
MM INDICATES DATA IS MISSING.
T  INDICATES TRACE AMOUNT.




$$
