000
CDUS45 KABQ 290835
CLICAO


CLIMATE REPORT
NATIONAL WEATHER SERVICE ALBUQUERQUE NM
131 AM MST THU JAN 29 2015


...................................

...THE CLAYTON  NM CLIMATE SUMMARY FOR JANUARY 28 2015...

CLIMATE NORMAL PERIOD 1981 TO 2010
CLIMATE RECORD PERIOD 1896 TO 2015


WEATHER ITEM   OBSERVED TIME   RECORD YEAR NORMAL DEPARTURE
                VALUE   (LST)  VALUE       VALUE  FROM
                                                  NORMAL
...............................................................
TEMPERATURE (F)
 YESTERDAY
  MAXIMUM         68    128 PM  75    1986  50     18
  MINIMUM         42   1054 PM -10    1948  22     20
  AVERAGE         55                        36     19

PRECIPITATION (IN)
  YESTERDAY        0.00          0.25 2010   0.01  -0.01
  MONTH TO DATE    1.39                      0.25   1.14
  SINCE DEC 1      1.89                      0.61   1.28
  SINCE JAN 1      1.39                      0.25   1.14

SNOWFALL (IN)
  YESTERDAY        0.0
  MONTH TO DATE    9.0
  SINCE DEC 1     12.5
  SINCE JUL 1     15.1

DEGREE DAYS
 HEATING
  YESTERDAY       10                        29    -19
  MONTH TO DATE  797                       827    -30
  SINCE DEC 1   1686                      1763    -77
  SINCE JUL 1   2638                      2815   -177

 COOLING
  YESTERDAY        0                         0      0
  MONTH TO DATE    0                         0      0
  SINCE DEC 1      0                         0      0
  SINCE JAN 1      0                         0      0
...............................................................


WIND (MPH)
  HIGHEST WIND SPEED    21   HIGHEST WIND DIRECTION    NE (30)
  HIGHEST GUST SPEED    25   HIGHEST GUST DIRECTION    NE (30)
  AVERAGE WIND SPEED    10.0


SKY COVER
  AVERAGE SKY COVER 0.0


WEATHER CONDITIONS
 THE FOLLOWING WEATHER WAS RECORDED YESTERDAY.
  NO SIGNIFICANT WEATHER WAS OBSERVED.


RELATIVE HUMIDITY (PERCENT)
 HIGHEST    65           800 PM
 LOWEST     20           200 PM
 AVERAGE    43

..........................................................


THE CLAYTON  NM CLIMATE NORMALS FOR TODAY
                         NORMAL    RECORD    YEAR
 MAXIMUM TEMPERATURE (F)   50        72      1971
 MINIMUM TEMPERATURE (F)   22        -6      1951


SUNRISE AND SUNSET
JANUARY 29 2015.......SUNRISE   656 AM MST   SUNSET   515 PM MST
JANUARY 30 2015.......SUNRISE   656 AM MST   SUNSET   516 PM MST


-  INDICATES NEGATIVE NUMBERS.
R  INDICATES RECORD WAS SET OR TIED.
MM INDICATES DATA IS MISSING.
T  INDICATES TRACE AMOUNT.

$$
