000
CDUS45 KABQ 190846
CLICAO


CLIMATE REPORT
NATIONAL WEATHER SERVICE ALBUQUERQUE NM
245 AM MDT TUE SEP 19 2017


...................................

...THE CLAYTON  NM CLIMATE SUMMARY FOR SEPTEMBER 18 2017...

CLIMATE NORMAL PERIOD 1981 TO 2010
CLIMATE RECORD PERIOD 1896 TO 2017


WEATHER ITEM   OBSERVED TIME   RECORD YEAR NORMAL DEPARTURE
                VALUE   (LST)  VALUE       VALUE  FROM
                                                  NORMAL
...............................................................
TEMPERATURE (F)
 YESTERDAY
  MAXIMUM         84    121 PM  94    1997  79      5
  MINIMUM         54    408 AM  32    1971  51      3
  AVERAGE         69                        65      4

PRECIPITATION (IN)
  YESTERDAY        0.03          1.09 1961   0.06  -0.03
  MONTH TO DATE    0.34                      1.08  -0.74
  SINCE SEP 1      0.34                      1.08  -0.74
  SINCE JAN 1     15.26                     13.28   1.98

SNOWFALL (IN)
  YESTERDAY        0.0
  MONTH TO DATE    0.0
  SINCE SEP 1      0.0
  SINCE JUL 1      0.0

DEGREE DAYS
 HEATING
  YESTERDAY        0                         3     -3
  MONTH TO DATE    8                        25    -17
  SINCE SEP 1      8                        25    -17
  SINCE JUL 1     12                        31    -19

 COOLING
  YESTERDAY        4                         3      1
  MONTH TO DATE   96                        82     14
  SINCE SEP 1     96                        82     14
  SINCE JAN 1    806                       879    -73
...............................................................


WIND (MPH)
  HIGHEST WIND SPEED    30   HIGHEST WIND DIRECTION     E (80)
  HIGHEST GUST SPEED    36   HIGHEST GUST DIRECTION     E (80)
  AVERAGE WIND SPEED    11.7


SKY COVER
  AVERAGE SKY COVER 0.2


WEATHER CONDITIONS
 THE FOLLOWING WEATHER WAS RECORDED YESTERDAY.
  THUNDERSTORM
  LIGHT RAIN
  FOG
  FOG W/VISIBILITY <= 1/4 MILE


RELATIVE HUMIDITY (PERCENT)
 HIGHEST   100           200 AM
 LOWEST     23           100 PM
 AVERAGE    62

..........................................................


THE CLAYTON  NM CLIMATE NORMALS FOR TODAY
                         NORMAL    RECORD    YEAR
 MAXIMUM TEMPERATURE (F)   78        94      1983
 MINIMUM TEMPERATURE (F)   51        33      1971


SUNRISE AND SUNSET
SEPTEMBER 19 2017.....SUNRISE   638 AM MDT   SUNSET   653 PM MDT
SEPTEMBER 20 2017.....SUNRISE   639 AM MDT   SUNSET   652 PM MDT


-  INDICATES NEGATIVE NUMBERS.
R  INDICATES RECORD WAS SET OR TIED.
MM INDICATES DATA IS MISSING.
T  INDICATES TRACE AMOUNT.




$$
