000
CDUS45 KABQ 020840
CLICAO


CLIMATE REPORT
NATIONAL WEATHER SERVICE ALBUQUERQUE NM
138 AM MST MON MAR 2 2015


...................................

...THE CLAYTON  NM CLIMATE SUMMARY FOR MARCH 1 2015...

CLIMATE NORMAL PERIOD 1981 TO 2010
CLIMATE RECORD PERIOD 1896 TO 2015


WEATHER ITEM   OBSERVED TIME   RECORD YEAR NORMAL DEPARTURE
                VALUE   (LST)  VALUE       VALUE  FROM
                                                  NORMAL
...............................................................
TEMPERATURE (F)
 YESTERDAY
  MAXIMUM         31    343 PM  78    2008  54    -23
  MINIMUM         21    453 AM  -6    1922  26     -5
  AVERAGE         26                        40    -14

PRECIPITATION (IN)
  YESTERDAY        0.00          0.54 1948   0.02  -0.02
  MONTH TO DATE    0.00                      0.02  -0.02
  SINCE MAR 1      0.00                      0.02  -0.02
  SINCE JAN 1      3.02                      0.64   2.38

SNOWFALL (IN)
  YESTERDAY        0.0
  MONTH TO DATE    0.0
  SINCE MAR 1      0.0
  SINCE JUL 1     25.2

DEGREE DAYS
 HEATING
  YESTERDAY       39                        25     14
  MONTH TO DATE   39                        25     14
  SINCE MAR 1     39                        25     14
  SINCE JUL 1   3482                      3702   -220

 COOLING
  YESTERDAY        0                         0      0
  MONTH TO DATE    0                         0      0
  SINCE MAR 1      0                         0      0
  SINCE JAN 1      0                         0      0
...............................................................


WIND (MPH)
  HIGHEST WIND SPEED    15   HIGHEST WIND DIRECTION    NE (40)
  HIGHEST GUST SPEED    18   HIGHEST GUST DIRECTION    NE (60)
  AVERAGE WIND SPEED     8.7


SKY COVER
  AVERAGE SKY COVER 1.0


WEATHER CONDITIONS
 THE FOLLOWING WEATHER WAS RECORDED YESTERDAY.
  FOG
  HAZE


RELATIVE HUMIDITY (PERCENT)
 HIGHEST   100           600 AM
 LOWEST     69           400 PM
 AVERAGE    85

..........................................................


THE CLAYTON  NM CLIMATE NORMALS FOR TODAY
                         NORMAL    RECORD    YEAR
 MAXIMUM TEMPERATURE (F)   55        80      2009
 MINIMUM TEMPERATURE (F)   27        -2      1960


SUNRISE AND SUNSET
MARCH  2 2015.........SUNRISE   622 AM MST   SUNSET   548 PM MST
MARCH  3 2015.........SUNRISE   621 AM MST   SUNSET   549 PM MST


-  INDICATES NEGATIVE NUMBERS.
R  INDICATES RECORD WAS SET OR TIED.
MM INDICATES DATA IS MISSING.
T  INDICATES TRACE AMOUNT.




$$
