000
CDUS41 KCAR 260543
CLICAR


CLIMATE REPORT
NATIONAL WEATHER SERVICE CARIBOU, ME
1239 AM EST SUN FEB 26 2017


...................................

...THE CARIBOU ME CLIMATE SUMMARY FOR FEBRUARY 25 2017...

CLIMATE NORMAL PERIOD 1981 TO 2010
CLIMATE RECORD PERIOD 1939 TO 2017


WEATHER ITEM   OBSERVED TIME   RECORD YEAR NORMAL DEPARTURE LAST
                VALUE   (LST)  VALUE       VALUE  FROM      YEAR
                                                  NORMAL
..................................................................
TEMPERATURE (F)
 YESTERDAY
  MAXIMUM         46   1159 PM  50    2016  27     19       50
  MINIMUM         30    724 AM -24    1972   7     23       33
  AVERAGE         38                        17     21       42

PRECIPITATION (IN)
  YESTERDAY        0.16          0.92 1998   0.08   0.08     0.80
  MONTH TO DATE    1.82                      1.96  -0.14     3.83
  SINCE DEC 1      9.47                      7.94   1.53    10.13
  SINCE JAN 1      5.27                      4.67   0.60     5.25

SNOWFALL (IN)
  YESTERDAY        T            11.2  1946   0.8   -0.8       T
  MONTH TO DATE   15.8                      19.9   -4.1     14.9
  SINCE DEC 1     76.4                      68.0    8.4     53.9
  SINCE JUL 1     96.6                      80.2   16.4     58.0
  SNOW DEPTH      26

DEGREE DAYS
 HEATING
  YESTERDAY       27                        48    -21       23
  MONTH TO DATE 1243                      1285    -42     1174
  SINCE DEC 1   4184                      4434   -250     3753
  SINCE JUL 1   5871                      6579   -708     5571

 COOLING
  YESTERDAY        0                         0      0        0
  MONTH TO DATE    0                         0      0        0
  SINCE DEC 1      0                         0      0        0
  SINCE JAN 1      0                         0      0        0
..................................................................


WIND (MPH)
  HIGHEST WIND SPEED    16   HIGHEST WIND DIRECTION    SE (150)
  HIGHEST GUST SPEED    22   HIGHEST GUST DIRECTION    SE (140)
  AVERAGE WIND SPEED     7.2


SKY COVER
  POSSIBLE SUNSHINE  MM
  AVERAGE SKY COVER 1.0


WEATHER CONDITIONS
 THE FOLLOWING WEATHER WAS RECORDED YESTERDAY.
  LIGHT RAIN
  FREEZING RAIN
  LT FREEZING RAIN
  SLEET
  FOG
  FOG W/VISIBILITY <= 1/4 MILE


RELATIVE HUMIDITY (PERCENT)
 HIGHEST   100          1200 PM
 LOWEST     78           400 AM
 AVERAGE    89

..........................................................


THE CARIBOU ME CLIMATE NORMALS FOR TODAY
                         NORMAL    RECORD    YEAR
 MAXIMUM TEMPERATURE (F)   28        42      1976
 MINIMUM TEMPERATURE (F)    8       -18      1943


SUNRISE AND SUNSET
FEBRUARY 26 2017......SUNRISE   617 AM EST   SUNSET   514 PM EST
FEBRUARY 27 2017......SUNRISE   615 AM EST   SUNSET   515 PM EST


-  INDICATES NEGATIVE NUMBERS.
R  INDICATES RECORD WAS SET OR TIED.
MM INDICATES DATA IS MISSING.
T  INDICATES TRACE AMOUNT.




$$
