000
CDUS41 KCAR 300528
CLICAR

CLIMATE REPORT
NATIONAL WEATHER SERVICE CARIBOU, ME
127 AM EDT MON MAY 30 2016


...................................

...THE CARIBOU ME CLIMATE SUMMARY FOR MAY 29 2016...

CLIMATE NORMAL PERIOD 1981 TO 2010
CLIMATE RECORD PERIOD 1939 TO 2016


WEATHER ITEM   OBSERVED TIME   RECORD YEAR NORMAL DEPARTURE LAST
                VALUE   (LST)  VALUE       VALUE  FROM      YEAR
                                                  NORMAL
..................................................................
TEMPERATURE (F)
 YESTERDAY
  MAXIMUM         55    325 PM  91    1960  67    -12       75
  MINIMUM         50   1159 PM  33    1970  45      5       50
  AVERAGE         53                        56     -3       63

PRECIPITATION (IN)
  YESTERDAY        0.22          1.48 1993   0.11   0.11     0.00
  MONTH TO DATE    2.85                      3.10  -0.25     2.31
  SINCE MAR 1     10.35                      8.27   2.08     6.31
  SINCE JAN 1     15.82                     13.19   2.63    10.41

SNOWFALL (IN)
  YESTERDAY        0.0           0.0  2002   0.0    0.0      0.0
                                      2001
  MONTH TO DATE    4.8                       0.5    4.3      0.3
  SINCE MAR 1     34.8                      26.2    8.6     33.8
  SINCE JUL 1     94.8                     108.7  -13.9    142.1
  SNOW DEPTH       0

DEGREE DAYS
 HEATING
  YESTERDAY       12                        10      2        2
  MONTH TO DATE  342                       405    -63      294
  SINCE MAR 1   2472                      2450     22     2541
  SINCE JUL 1   8214                      9171   -957     9282

 COOLING
  YESTERDAY        0                         0      0        0
  MONTH TO DATE    7                         0      7       16
  SINCE MAR 1      7                         0      7       16
  SINCE JAN 1      7                         0      7       16
..................................................................


WIND (MPH)
  HIGHEST WIND SPEED    16   HIGHEST WIND DIRECTION     S (160)
  HIGHEST GUST SPEED    20   HIGHEST GUST DIRECTION     S (160)
  AVERAGE WIND SPEED     8.5


SKY COVER
  POSSIBLE SUNSHINE  MM
  AVERAGE SKY COVER 1.0


WEATHER CONDITIONS
 THE FOLLOWING WEATHER WAS RECORDED YESTERDAY.
  THUNDERSTORM
  RAIN
  LIGHT RAIN
  FOG


RELATIVE HUMIDITY (PERCENT)
 HIGHEST    93           500 PM
 LOWEST     72          1200 AM
 AVERAGE    83

..........................................................


THE CARIBOU ME CLIMATE NORMALS FOR TODAY
                         NORMAL    RECORD    YEAR
 MAXIMUM TEMPERATURE (F)   67        85      1999
 MINIMUM TEMPERATURE (F)   45        32      1967


SUNRISE AND SUNSET
MAY 30 2016...........SUNRISE   442 AM EDT   SUNSET   817 PM EDT
MAY 31 2016...........SUNRISE   442 AM EDT   SUNSET   818 PM EDT


-  INDICATES NEGATIVE NUMBERS.
R  INDICATES RECORD WAS SET OR TIED.
MM INDICATES DATA IS MISSING.
T  INDICATES TRACE AMOUNT.

THE CARIBOU ME 4-INCH UNDER SOD SOIL TEMP FOR MAY 29 2016:
MAXIMUM SOIL TEMPERATURE: 58F
MINIMUM SOIL TEMPERATURE: 56F

$$

CB
