000
CDUS41 KCAR 282134
CLICAR


CLIMATE REPORT
NATIONAL WEATHER SERVICE CARIBOU, ME
431 PM EST SUN DEC 28 2014


...................................

...THE CARIBOU ME CLIMATE SUMMARY FOR DECEMBER 28 2014...
VALID TODAY AS OF 0400 PM LOCAL TIME.

CLIMATE NORMAL PERIOD 1981 TO 2010
CLIMATE RECORD PERIOD 1939 TO 2014


WEATHER ITEM   OBSERVED TIME   RECORD YEAR NORMAL DEPARTURE LAST
                VALUE   (LST)  VALUE       VALUE  FROM      YEAR
                                                  NORMAL
..................................................................
TEMPERATURE (F)
 TODAY
  MAXIMUM         42    104 PM  47    1961  22     20       30
  MINIMUM         28    110 AM -21    1993   5     23        4
  AVERAGE         35                        14     21       17

PRECIPITATION (IN)
  TODAY            0.10          0.80 1954   0.10   0.00      T
  MONTH TO DATE    5.85                      3.00   2.85     3.35
  SINCE DEC 1      5.85                      3.00   2.85     3.35
  SINCE JAN 1     46.26                     38.22   8.04    49.93

SNOWFALL (IN)
  TODAY            0.4          11.6  1954   0.8   -0.4       T
  MONTH TO DATE   26.9                      20.4    6.5     40.7
  SINCE DEC 1     26.9                      20.4    6.5     40.7
  SINCE JUL 1     55.7                      32.6   23.1     50.8
  SNOW DEPTH       7

DEGREE DAYS
 HEATING
  TODAY           30                        52    -22       48
  MONTH TO DATE 1125                      1293   -168     1430
  SINCE DEC 1   1125                      1293   -168     1430
  SINCE JUL 1   3077                      3438   -361     3386

 COOLING
  TODAY            0                         0      0        0
  MONTH TO DATE    0                         0      0        0
  SINCE DEC 1      0                         0      0        0
  SINCE JAN 1    266                       180     86      192
..................................................................


WIND (MPH)
  HIGHEST WIND SPEED    17   HIGHEST WIND DIRECTION    NW (310)
  HIGHEST GUST SPEED    24   HIGHEST GUST DIRECTION    NW (310)
  AVERAGE WIND SPEED     7.9


SKY COVER
  POSSIBLE SUNSHINE  MM
  AVERAGE SKY COVER 1.0


WEATHER CONDITIONS
 THE FOLLOWING WEATHER WAS RECORDED TODAY.
  LIGHT RAIN
  LIGHT SNOW
  FOG


RELATIVE HUMIDITY (PERCENT)
 HIGHEST   100           800 AM
 LOWEST     70           100 PM
 AVERAGE    85

..........................................................


THE CARIBOU ME CLIMATE NORMALS FOR TOMORROW
                         NORMAL    RECORD    YEAR
 MAXIMUM TEMPERATURE (F)   22        47      1982
 MINIMUM TEMPERATURE (F)    4       -23      1946


SUNRISE AND SUNSET
DECEMBER 28 2014......SUNRISE   717 AM EST   SUNSET   351 PM EST
DECEMBER 29 2014......SUNRISE   717 AM EST   SUNSET   351 PM EST


-  INDICATES NEGATIVE NUMBERS.
R  INDICATES RECORD WAS SET OR TIED.
MM INDICATES DATA IS MISSING.
T  INDICATES TRACE AMOUNT.




$$
