000
CDUS41 KCAR 190546
CLICAR


CLIMATE REPORT
NATIONAL WEATHER SERVICE CARIBOU, ME
142 AM EDT THU OCT 19 2017


...................................

...THE CARIBOU ME CLIMATE SUMMARY FOR OCTOBER 18 2017...

CLIMATE NORMAL PERIOD 1981 TO 2010
CLIMATE RECORD PERIOD 1939 TO 2017


WEATHER ITEM   OBSERVED TIME   RECORD YEAR NORMAL DEPARTURE LAST
                VALUE   (LST)  VALUE       VALUE  FROM      YEAR
                                                  NORMAL
..................................................................
TEMPERATURE (F)
 YESTERDAY
  MAXIMUM         57    315 PM  79    1968  51      6       59
  MINIMUM         36   1043 PM  17    1972  34      2       33
  AVERAGE         47                        42      5       46

PRECIPITATION (IN)
  YESTERDAY        T             0.84 1946   0.11  -0.11     0.21
  MONTH TO DATE    1.66                      2.04  -0.38     1.05
  SINCE SEP 1      4.79                      5.36  -0.57     3.53
  SINCE JAN 1     30.65                     30.10   0.55    34.64

SNOWFALL (IN)
  YESTERDAY        0.0           2.7  1970   0.0    0.0      0.0
  MONTH TO DATE    0.0                       0.4   -0.4      0.0
  SINCE SEP 1      0.0                       0.5   -0.5      0.0
  SINCE JUL 1      0.0                       0.5   -0.5      0.0
  SNOW DEPTH       0

DEGREE DAYS
 HEATING
  YESTERDAY       18                        22     -4       19
  MONTH TO DATE  245                       347   -102      279
  SINCE SEP 1    391                       660   -269      484
  SINCE JUL 1    515                       814   -299      564

 COOLING
  YESTERDAY        0                         0      0        0
  MONTH TO DATE    0                         0      0        0
  SINCE SEP 1     34                        11     23       22
  SINCE JAN 1    221                       180     41      275
..................................................................


WIND (MPH)
  HIGHEST WIND SPEED    22   HIGHEST WIND DIRECTION    NW (310)
  HIGHEST GUST SPEED    29   HIGHEST GUST DIRECTION    NW (310)
  AVERAGE WIND SPEED     6.5


SKY COVER
  POSSIBLE SUNSHINE  MM
  AVERAGE SKY COVER 0.1


WEATHER CONDITIONS
 THE FOLLOWING WEATHER WAS RECORDED YESTERDAY.
  LIGHT RAIN


RELATIVE HUMIDITY (PERCENT)
 HIGHEST    76           600 AM
 LOWEST     36           300 PM
 AVERAGE    56

..........................................................


THE CARIBOU ME CLIMATE NORMALS FOR TODAY
                         NORMAL    RECORD    YEAR
 MAXIMUM TEMPERATURE (F)   51        75      1963
 MINIMUM TEMPERATURE (F)   34        14      1972


SUNRISE AND SUNSET
OCTOBER 19 2017.......SUNRISE   656 AM EDT   SUNSET   537 PM EDT
OCTOBER 20 2017.......SUNRISE   657 AM EDT   SUNSET   536 PM EDT


-  INDICATES NEGATIVE NUMBERS.
R  INDICATES RECORD WAS SET OR TIED.
MM INDICATES DATA IS MISSING.
T  INDICATES TRACE AMOUNT.




$$
