803
CDUS41 KCAR 220528
CLICAR


CLIMATE REPORT
NATIONAL WEATHER SERVICE CARIBOU, ME
128 AM EDT MON MAY 22 2017


...................................

...THE CARIBOU ME CLIMATE SUMMARY FOR MAY 21 2017...

CLIMATE NORMAL PERIOD 1981 TO 2010
CLIMATE RECORD PERIOD 1939 TO 2017


WEATHER ITEM   OBSERVED TIME   RECORD YEAR NORMAL DEPARTURE LAST
                VALUE   (LST)  VALUE       VALUE  FROM      YEAR
                                                  NORMAL
..................................................................
TEMPERATURE (F)
 YESTERDAY
  MAXIMUM         68    317 PM  92    1992  65      3       81
  MINIMUM         41    440 AM  31    1974  42     -1       48
  AVERAGE         55                        53      2       65

PRECIPITATION (IN)
  YESTERDAY        0.00          1.04 1973   0.12  -0.12     0.00
  MONTH TO DATE    3.73                      2.18   1.55     2.16
  SINCE MAR 1     10.31                      7.35   2.96     9.66
  SINCE JAN 1     15.93                     12.27   3.66    15.13

SNOWFALL (IN)
  YESTERDAY        0.0           0.2  1961   0.1   -0.1      0.0
  MONTH TO DATE    T                         0.5   -0.5      4.8
  SINCE MAR 1     33.0                      26.2    6.8     34.8
  SINCE JUL 1    129.6                     108.7   20.9     94.8
  SNOW DEPTH       0

DEGREE DAYS
 HEATING
  YESTERDAY       10                        12     -2        0
  MONTH TO DATE  285                       320    -35      304
  SINCE MAR 1   2372                      2365      7     2434
  SINCE JUL 1   8353                      9086   -733     8176

 COOLING
  YESTERDAY        0                         0      0        0
  MONTH TO DATE    6                         0      6        0
  SINCE MAR 1      6                         0      6        0
  SINCE JAN 1      6                         0      6        0
..................................................................


WIND (MPH)
  HIGHEST WIND SPEED    20   HIGHEST WIND DIRECTION     N (10)
  HIGHEST GUST SPEED    25   HIGHEST GUST DIRECTION     N (10)
  AVERAGE WIND SPEED     8.7


SKY COVER
  POSSIBLE SUNSHINE  MM
  AVERAGE SKY COVER 0.0


WEATHER CONDITIONS
 THE FOLLOWING WEATHER WAS RECORDED YESTERDAY.
  NO SIGNIFICANT WEATHER WAS OBSERVED.


RELATIVE HUMIDITY (PERCENT)
 HIGHEST    61          1100 PM
 LOWEST     20           200 PM
 AVERAGE    41

..........................................................


THE CARIBOU ME CLIMATE NORMALS FOR TODAY
                         NORMAL    RECORD    YEAR
 MAXIMUM TEMPERATURE (F)   65        96      1977
 MINIMUM TEMPERATURE (F)   42        31      2007


SUNRISE AND SUNSET
MAY 22 2017...........SUNRISE   449 AM EDT   SUNSET   809 PM EDT
MAY 23 2017...........SUNRISE   448 AM EDT   SUNSET   810 PM EDT


-  INDICATES NEGATIVE NUMBERS.
R  INDICATES RECORD WAS SET OR TIED.
MM INDICATES DATA IS MISSING.
T  INDICATES TRACE AMOUNT.




$$
