000
CDUS41 KCAR 020542
CLICAR


CLIMATE REPORT
NATIONAL WEATHER SERVICE CARIBOU, ME
140 AM EDT MON MAY 2 2016


...................................

...THE CARIBOU ME CLIMATE SUMMARY FOR MAY 1 2016...

CLIMATE NORMAL PERIOD 1981 TO 2010
CLIMATE RECORD PERIOD 1939 TO 2016


WEATHER ITEM   OBSERVED TIME   RECORD YEAR NORMAL DEPARTURE LAST
                VALUE   (LST)  VALUE       VALUE  FROM      YEAR
                                                  NORMAL
..................................................................
TEMPERATURE (F)
 YESTERDAY
  MAXIMUM         63    452 PM  83    2004  56      7       58
  MINIMUM         28    424 AM  24    1978  36     -8       34
                                      1974
  AVERAGE         46                        46      0       46

PRECIPITATION (IN)
  YESTERDAY        0.00          0.91 1974   0.09  -0.09     0.00
  MONTH TO DATE    0.00                      0.09  -0.09     0.00
  SINCE MAR 1      7.50                      5.26   2.24     4.00
  SINCE JAN 1     12.97                     10.18   2.79     8.10

SNOWFALL (IN)
  YESTERDAY        0.0           1.0  1982   0.0    0.0      0.0
  MONTH TO DATE    0.0                       0.0    0.0      0.0
  SINCE MAR 1     30.0                      25.7    4.3     33.5
  SINCE JUL 1     90.0                     108.2  -18.2    141.8
  SNOW DEPTH       0

DEGREE DAYS
 HEATING
  YESTERDAY       19                        19      0       19
  MONTH TO DATE   19                        19      0       19
  SINCE MAR 1   2149                      2064     85     2266
  SINCE JUL 1   7891                      8785   -894     9007

 COOLING
  YESTERDAY        0                         0      0        0
  MONTH TO DATE    0                         0      0        0
  SINCE MAR 1      0                         0      0        0
  SINCE JAN 1      0                         0      0        0
..................................................................


WIND (MPH)
  HIGHEST WIND SPEED    10   HIGHEST WIND DIRECTION    SW (230)
  HIGHEST GUST SPEED    13   HIGHEST GUST DIRECTION    SW (230)
  AVERAGE WIND SPEED     3.5


SKY COVER
  POSSIBLE SUNSHINE  MM
  AVERAGE SKY COVER 0.2


WEATHER CONDITIONS
 THE FOLLOWING WEATHER WAS RECORDED YESTERDAY.
  NO SIGNIFICANT WEATHER WAS OBSERVED.


RELATIVE HUMIDITY (PERCENT)
 HIGHEST    69           400 AM
 LOWEST     20           100 PM
 AVERAGE    45

..........................................................


THE CARIBOU ME CLIMATE NORMALS FOR TODAY
                         NORMAL    RECORD    YEAR
 MAXIMUM TEMPERATURE (F)   57        83      2001
 MINIMUM TEMPERATURE (F)   36        18      1974


SUNRISE AND SUNSET
MAY  2 2016...........SUNRISE   515 AM EDT   SUNSET   744 PM EDT
MAY  3 2016...........SUNRISE   513 AM EDT   SUNSET   746 PM EDT


-  INDICATES NEGATIVE NUMBERS.
R  INDICATES RECORD WAS SET OR TIED.
MM INDICATES DATA IS MISSING.
T  INDICATES TRACE AMOUNT.




$$
