000
CDUS41 KCAR 212026
CLICAR


CLIMATE REPORT
NATIONAL WEATHER SERVICE CARIBOU, ME
426 PM EDT SUN SEP 21 2014


...................................

...THE CARIBOU ME CLIMATE SUMMARY FOR SEPTEMBER 21 2014...
VALID TODAY AS OF 0400 PM LOCAL TIME.

CLIMATE NORMAL PERIOD 1981 TO 2010
CLIMATE RECORD PERIOD 1939 TO 2014


WEATHER ITEM   OBSERVED TIME   RECORD YEAR NORMAL DEPARTURE LAST
                VALUE   (LST)  VALUE       VALUE  FROM      YEAR
                                                  NORMAL
..................................................................
TEMPERATURE (F)
 TODAY
  MAXIMUM         73    153 PM  84    1968  63     10       72
  MINIMUM         53    542 AM  28    1962  43     10       54
                                      1950
  AVERAGE         63                        53     10       63

PRECIPITATION (IN)
  TODAY            T             1.04 1987   0.12  -0.12     0.00
  MONTH TO DATE    2.47                      2.29   0.18     5.47
  SINCE SEP 1      2.47                      2.29   0.18     5.47
  SINCE JAN 1     31.13                     27.03   4.10    38.49

SNOWFALL (IN)
  TODAY            0.0           0.0  2002   0.0    0.0      0.0
                                      2001
  MONTH TO DATE    0.0                       0.0    0.0      0.0
  SINCE SEP 1      0.0                       0.0    0.0      0.0
  SINCE JUL 1      0.0                       0.0    0.0      0.0
  SNOW DEPTH       0

DEGREE DAYS
 HEATING
  TODAY            2                        12    -10        2
  MONTH TO DATE  209                       184     25      163
  SINCE SEP 1    209                       184     25      163
  SINCE JUL 1    267                       338    -71      277

 COOLING
  TODAY            0                         0      0        0
  MONTH TO DATE   21                        10     11       13
  SINCE SEP 1     21                        10     11       13
  SINCE JAN 1    262                       179     83      192
..................................................................


WIND (MPH)
  HIGHEST WIND SPEED    24   HIGHEST WIND DIRECTION     S (190)
  HIGHEST GUST SPEED    35   HIGHEST GUST DIRECTION     S (200)
  AVERAGE WIND SPEED    13.2


SKY COVER
  POSSIBLE SUNSHINE  MM
  AVERAGE SKY COVER 0.2


WEATHER CONDITIONS
 THE FOLLOWING WEATHER WAS RECORDED TODAY.
  LIGHT RAIN
  FOG


RELATIVE HUMIDITY (PERCENT)
 HIGHEST    93           500 AM
 LOWEST     61          1100 AM
 AVERAGE    77

..........................................................


THE CARIBOU ME CLIMATE NORMALS FOR TOMORROW
                         NORMAL    RECORD    YEAR
 MAXIMUM TEMPERATURE (F)   63        86      1965
 MINIMUM TEMPERATURE (F)   42        23      1950


SUNRISE AND SUNSET
SEPTEMBER 21 2014.....SUNRISE   617 AM EDT   SUNSET   632 PM EDT
SEPTEMBER 22 2014.....SUNRISE   619 AM EDT   SUNSET   630 PM EDT


-  INDICATES NEGATIVE NUMBERS.
R  INDICATES RECORD WAS SET OR TIED.
MM INDICATES DATA IS MISSING.
T  INDICATES TRACE AMOUNT.




$$
