000
CDAK48 PAFC 041307 RRB
CLICDB

CLIMATE REPORT
NATIONAL WEATHER SERVICE ANCHORAGE, AK
400 AM AKST SUN DEC 4 2016


...................................

...THE COLD BAY CLIMATE SUMMARY FOR DECEMBER 3 2016...

CLIMATE NORMAL PERIOD 1981 TO 2010
CLIMATE RECORD PERIOD 1942 TO 2016


WEATHER ITEM   OBSERVED TIME   RECORD YEAR NORMAL DEPARTURE LAST
                VALUE   (LST)  VALUE       VALUE  FROM      YEAR
                                                  NORMAL
..................................................................
TEMPERATURE (F)
 YESTERDAY
  MAXIMUM         35    454 AM  49    2013  37     -2       35
  MINIMUM         17    955 AM   9    1987  28    -11       26
  AVERAGE         26                        32     -6       31

PRECIPITATION (IN)
  YESTERDAY        0.01          1.00 1986   0.16  -0.15     0.51
  MONTH TO DATE    0.27                      0.49  -0.22     1.10
  SINCE DEC 1      0.27                      0.49  -0.22     1.10
  SINCE JAN 1     36.27                     37.70  -1.43    32.51

SNOWFALL (IN)
  YESTERDAY        0.1           3.2  1985   0.4   -0.3       T
  MONTH TO DATE    2.7                       1.2    1.5       T
  SINCE DEC 1      2.7                       1.2    1.5       T
  SINCE JUL 1      4.5                      13.8   -9.3      5.3
  SNOW DEPTH       1

DEGREE DAYS
 HEATING
  YESTERDAY       39                        32      7       34
  MONTH TO DATE  110                        96     14      102
  SINCE DEC 1    110                        96     14      102
  SINCE JUL 1   2460                      3116   -656     2595

 COOLING
  YESTERDAY        0                         0      0        0
  MONTH TO DATE    0                         0      0        0
  SINCE DEC 1      0                         0      0        0
  SINCE JAN 1      0                         0      0        0
..................................................................


WIND (MPH)
  RESULTANT WIND SPEED   2   RESULTANT WIND DIRECTION  NE (50)
  HIGHEST WIND SPEED    29   HIGHEST WIND DIRECTION    SW (240)
  HIGHEST GUST SPEED    33   HIGHEST GUST DIRECTION    SW (240)
  AVERAGE WIND SPEED    10.1



WEATHER CONDITIONS
 THE FOLLOWING WEATHER WAS RECORDED YESTERDAY.
  LIGHT RAIN
  LIGHT SNOW
  FOG


RELATIVE HUMIDITY (PERCENT)
 HIGHEST   100
 LOWEST     69
 AVERAGE    85

..........................................................


THE COLD BAY CLIMATE NORMALS FOR TODAY
                         NORMAL    RECORD    YEAR
 MAXIMUM TEMPERATURE (F)   37        50      2013
 MINIMUM TEMPERATURE (F)   28        10      1987
                                             1981
                                             1977


SUNRISE AND SUNSET
DECEMBER  4 2016......SUNRISE   959 AM AKST  SUNSET   524 PM AKST
DECEMBER  5 2016......SUNRISE  1000 AM AKST  SUNSET   523 PM AKST

CIVIL TWILIGHT
DECEMBER 4 2016         START    915 AM GMT     END    609 PM GMT
DECEMBER 5 2016         START    916 AM GMT     END    608 PM GMT



-  INDICATES NEGATIVE NUMBERS.
R  INDICATES RECORD WAS SET OR TIED.
MM INDICATES DATA IS MISSING.
T  INDICATES TRACE AMOUNT.




$$
&&
------------------------------------------------------
AMOUNT OF DAYLIGHT TODAY  (HOUR:MIN)........ 7:25
GAIN/LOSS SINCE YESTERDAY (HOUR:MIN:SEC)....-0:02:05

$$
