000
CDAK48 PACD 011111
CLICDB

CLIMATE REPORT
NATIONAL WEATHER SERVICE COLD BAY, AK
311 AM AKDT SUN MAY 1 2016

...................................
...THE COLD BAY AP CLIMATE SUMMARY FOR APRIL 30 2016...

CLIMATE NORMAL PERIOD  1981 TO  2010
CLIMATE RECORD PERIOD  1950 TO  2016

WEATHER ITEM   OBSERVED TIME    RECORD YEAR NORMAL DEPARTURE LAST
               VALUE    (LST)   VALUE       VALUE  FROM      YEAR
                                                   NORMAL
...................................................................
TEMPERATURE
YESTERDAY
 MAXIMUM            45  1253 PM    55  1958     42       3     47
 MINIMUM            35  0318 AM    21  2013     32       3     34
 AVERAGE            40                          37       3     41

PRECIPITATION
(INCHES)
 YESTERDAY           T           0.45  1999   0.07   -0.07   0.07
 MONTH TO DATE    3.04                        2.42    0.62   1.96
 SINCE MAR 1      4.23                        5.12   -0.89   5.11
 SINCE JAN 1     10.72                       11.26   -0.54   7.62

SNOWFALL
(INCHES)
 YESTERDAY         0.0            2.8  1956    0.1    -0.1    0.0
 MONTH TO DATE     0.7                         6.6    -5.9    8.0
 SINCE MAR 1       8.2                        19.6   -11.4   13.6
 SINCE JUL 1      50.1                        71.8   -21.7   22.3
 SNOW DEPTH (IN)     0                                          0

DEGREE DAYS
 HEATING
  YESTERDAY         25                          28      -3     24
  MONTH TO DATE    746                         930    -184    906
  SINCE MAR 1     1734                        2009    -275   1848
  SINCE JUL 1     7459                        8233    -774   7221

 COOLING
  YESTERDAY          0                           0       0      0
  MONTH TO DATE      0                           0       0      0
  SINCE MAR 1        0                           0       0      0
  SINCE JAN 1        0                           0       0      0
...................................................................

WIND (MPH)
 HIGHEST WIND SPEED    29     HIGHEST WIND DIRECTION    320
 HIGHEST GUST SPEED    33     HIGHEST GUST DIRECTION    310
 AVERAGE WIND SPEED  18.0

WEATHER CONDITIONS
 THE FOLLOWING WEATHER WAS RECORDED YESTERDAY.
  RAIN

...................................................................

THE COLD BAY CLIMATE NORMALS FOR TODAY
                           NORMAL    RECORD   YEAR
 MAXIMUM TEMPERATURE (F)     42        54     2004
 MINIMUM TEMPERATURE (F)     32        22     1964

SUNRISE AND SUNSET
 MAY 1 2016..........SUNRISE  7:09 AM      SUNSET 10:29 PM
 MAY 2 2016..........SUNRISE  7:07 AM      SUNSET 10:31 PM

-  INDICATES NEGATIVE NUMBERS.
R  INDICATES RECORD HAS BEEN SET OR TIED.
MM INDICATES DATA IS MISSING.
T  INDICATES TRACE OF PRECIPITATION.

&&
-------------------------------------------------------------------

AMOUNT OF DAYLIGHT TODAY  (HOUR:MIN)........15 HOURS 20 MINUTES
GAIN SINCE YESTERDAY (HOUR:MIN:SEC).........+0:04:06

$$
RCS MAY 16
