000
CDAK48 PACD 011141
CLICDB

CLIMATE REPORT
NATIONAL WEATHER SERVICE COLD BAY, AK
341 AM AKDT SAT NOV 1 2014

...................................
...THE COLD BAY AP CLIMATE SUMMARY FOR OCTOBER 31 2014...

CLIMATE NORMAL PERIOD  1981 TO  2010
CLIMATE RECORD PERIOD  1942 TO  2014

WEATHER ITEM   OBSERVED TIME    RECORD YEAR NORMAL DEPARTURE LAST
               VALUE    (LST)   VALUE       VALUE  FROM      YEAR
                                                   NORMAL
...................................................................
TEMPERATURE
YESTERDAY
 MAXIMUM            50  1227 AM    51  1991     42       8     44
 MINIMUM            36  0819 PM     6  1999     32       4     39
 AVERAGE            43                          37       6     42

PRECIPITATION
(INCHES)
 YESTERDAY        0.09           0.90  1967   0.15   -0.06   0.15
 MONTH TO DATE    2.08                        4.76   -2.68   5.79
 SINCE SEP 1      7.55                        9.49   -1.94  10.70
 SINCE JAN 1     25.96                       32.23   -6.27  37.62

SNOWFALL
(INCHES)
 YESTERDAY         0.0            3.3  1999    0.2    -0.2    0.0
 MONTH TO DATE     2.4                         2.4     0.0    0.0
 SINCE SEP 1       2.4                         2.4    -0.0    0.0
 SINCE JUL 1       2.4                         2.4     0.0    0.0
 SNOW DEPTH (IN)     0                                          0

DEGREE DAYS
 HEATING
  YESTERDAY         22                          28      -6     23
  MONTH TO DATE    764                         762       2    581
  SINCE SEP 1     1184                        1269     -85   1039
  SINCE JUL 1     1726                        2113    -387   1710

 COOLING
  YESTERDAY          0                           0       0      0
  MONTH TO DATE      0                           0       0      0
  SINCE SEP 1        0                           0       0      0
  SINCE JAN 1        0                           0       0      0
...................................................................

WIND (MPH)
 HIGHEST WIND SPEED    44     HIGHEST WIND DIRECTION    250
 HIGHEST GUST SPEED    52     HIGHEST GUST DIRECTION    250
 AVERAGE WIND SPEED  21.9


WEATHER CONDITIONS
 THE FOLLOWING WEATHER WAS RECORDED YESTERDAY.
  FOG
  RAIN

...................................................................

THE COLD BAY CLIMATE NORMALS FOR TODAY
                           NORMAL    RECORD   YEAR
 MAXIMUM TEMPERATURE (F)     42        52     1994
 MINIMUM TEMPERATURE (F)     32        20     2004

SUNRISE AND SUNSET
 NOV 1 2014..........SUNRISE  9:56 AM      SUNSET  7:13 PM
 NOV 2 2014..........SUNRISE  8:59 AM      SUNSET  6:11 PM

-  INDICATES NEGATIVE NUMBERS.
R  INDICATES RECORD HAS BEEN SET OR TIED.
MM INDICATES DATA IS MISSING.
T  INDICATES TRACE OF PRECIPITATION.

&&
-------------------------------------------------------------------

AMOUNT OF DAYLIGHT TODAY  (HOUR:MIN)........9 HOURS 17 MINUTES
LOSS SINCE YESTERDAY (HOUR:MIN:SEC).........-0:04:09

$$

RCS NOV 14
