012
CDAK48 PACD 312317
CLICDB

CLIMATE REPORT
NATIONAL WEATHER SERVICE COLD BAY, AK
317 PM AKDT TUE MAY 31 2016

...................................
...THE COLD BAY AP CLIMATE SUMMARY FOR MAY 31 2016...
VALID TODAY AS OF 2:00 PM LOCAL TIME

CLIMATE NORMAL PERIOD  1981 TO  2010
CLIMATE RECORD PERIOD  1942 TO  2016

WEATHER ITEM   OBSERVED TIME    RECORD YEAR NORMAL DEPARTURE LAST
               VALUE    (LST)   VALUE       VALUE  FROM      YEAR
                                                   NORMAL
...................................................................
TEMPERATURE
TODAY
 MAXIMUM            51  0216 PM    65  1964     49       2     48
 MINIMUM            43  0543 AM    28  2014     38       5     43
 AVERAGE            47                          43       4     46

PRECIPITATION
(INCHES)
 TODAY            0.10           1.04  1971   0.09    0.01   0.28
 MONTH TO DATE    1.70                        2.60   -0.90   5.23
 SINCE MAR 1      5.93                        7.72   -1.79  10.34
 SINCE JAN 1     12.42                       13.86   -1.44  12.85

SNOWFALL
(INCHES)
 TODAY             0.0            2.5  1971    0.0     0.0    0.0
 MONTH TO DATE     0.0                         1.3    -1.3      T
 SINCE MAR 1       8.2                        20.9   -12.7   13.6
 SINCE JUL 1      50.1                        73.1   -23.0   22.3
 SNOW DEPTH (IN)     0                                          0

DEGREE DAYS
 HEATING
  TODAY             18                          22      -4     19
  MONTH TO DATE    629                         765    -136    657
  SINCE MAR 1     2363                        2774    -411   2505
  SINCE JUL 1     8088                        8998    -910   7878

 COOLING
  TODAY              0                           0       0      0
  MONTH TO DATE      0                           0       0      0
  SINCE MAR 1        0                           0       0      0
  SINCE JAN 1        0                           0       0      0
...................................................................

WIND (MPH)
 HIGHEST WIND SPEED    40     HIGHEST WIND DIRECTION    120
 HIGHEST GUST SPEED    49     HIGHEST GUST DIRECTION    120
 AVERAGE WIND SPEED    MM

WEATHER CONDITIONS
 THE FOLLOWING WEATHER WAS RECORDED TODAY.
  FOG
  RAIN

...................................................................

THE COLD BAY CLIMATE NORMALS FOR TOMORROW
                        NORMAL    RECORD   YEAR
 MAXIMUM TEMPERATURE      49        63     1964
 MINIMUM TEMPERATURE      38        32     1985

SUNRISE AND SUNSET
 MAY 31 2016..........SUNRISE  6:19 AM      SUNSET 11:21 PM
 JUN  1 2016..........SUNRISE  6:18 AM      SUNSET 11:22 PM

-  INDICATES NEGATIVE NUMBERS.
R  INDICATES RECORD HAS BEEN SET OR TIED.
MM INDICATES DATA IS MISSING.
T  INDICATES TRACE OF PRECIPITATION.

&&
-------------------------------------------------------------------

AMOUNT OF DAYLIGHT TODAY  (HOUR:MIN)........17 HOURS 2 MINUTES
GAIN SINCE YESTERDAY (HOUR:MIN:SEC).........+0:02:21

$$
RCS MAY 16
