000
CDAK48 PACD 251302
CLICDB


CLIMATE REPORT
NATIONAL WEATHER SERVICE ANCHORAGE, AK
502 AM AKDT SAT MAR 25 2017


...................................

...THE COLD BAY CLIMATE SUMMARY FOR MARCH 24 2017...

CLIMATE NORMAL PERIOD 1981 TO 2010
CLIMATE RECORD PERIOD 1942 TO 2017


WEATHER ITEM   OBSERVED TIME   RECORD YEAR NORMAL DEPARTURE LAST
                VALUE   (LST)  VALUE       VALUE  FROM      YEAR
                                                  NORMAL
..................................................................
TEMPERATURE (F)
 YESTERDAY
  MAXIMUM         41    339 PM  48    1964  35      6       MM
  MINIMUM          9    639 AM  -1    2009  25    -16       MM
                                      2007
  AVERAGE         25                        30     -5       MM

PRECIPITATION (IN)
  YESTERDAY        0.00          0.67 1991   0.08  -0.08     0.01
  MONTH TO DATE    0.01                      2.16  -2.15     0.81
  SINCE MAR 1      0.01                      2.16  -2.15     0.81
  SINCE JAN 1      6.99                      8.30  -1.31     7.29

SNOWFALL (IN)
  YESTERDAY        0.0           2.6  1987   0.4   -0.4     MM
  MONTH TO DATE    T                        10.3  -10.3      0.0
  SINCE MAR 1      T                        10.3  -10.3      0.0
  SINCE JUL 1     36.6                      62.5  -25.9     38.3
  SNOW DEPTH       0

DEGREE DAYS
 HEATING
  YESTERDAY       40                        35      5       MM
  MONTH TO DATE  946                       840    106      729
  SINCE MAR 1    946                       840    106      729
  SINCE JUL 1   6506                      7058   -552     5945

 COOLING
  YESTERDAY        0                         0      0       MM
  MONTH TO DATE    0                         0      0        0
  SINCE MAR 1      0                         0      0        0
  SINCE JAN 1      0                         0      0        0
..................................................................


WIND (MPH)
  RESULTANT WIND SPEED  10   RESULTANT WIND DIRECTION  SE (140)
  HIGHEST WIND SPEED    25   HIGHEST WIND DIRECTION    SE (150)
  HIGHEST GUST SPEED    31   HIGHEST GUST DIRECTION     S (160)
  AVERAGE WIND SPEED    12.8



WEATHER CONDITIONS
 THE FOLLOWING WEATHER WAS RECORDED YESTERDAY.
  HAZE


RELATIVE HUMIDITY (PERCENT)
 HIGHEST    96
 LOWEST     47
 AVERAGE    72

..........................................................


THE COLD BAY CLIMATE NORMALS FOR TODAY
                         NORMAL    RECORD    YEAR
 MAXIMUM TEMPERATURE (F)   36        47      1963
 MINIMUM TEMPERATURE (F)   25         2      1956


SUNRISE AND SUNSET
MARCH 25 2017.........SUNRISE   839 AM AKDT  SUNSET   916 PM AKDT
MARCH 26 2017.........SUNRISE   836 AM AKDT  SUNSET   918 PM AKDT


-  INDICATES NEGATIVE NUMBERS.
R  INDICATES RECORD WAS SET OR TIED.
MM INDICATES DATA IS MISSING.
T  INDICATES TRACE AMOUNT.




$$
