110
CDUS45 KSLC 231227
CLICDC


CLIMATE REPORT
NATIONAL WEATHER SERVICE SALT LAKE CITY UT
627 AM MDT MON OCT 23 2017


...................................

...THE CEDAR CITY UT CLIMATE SUMMARY FOR OCTOBER 22 2017...

CLIMATE NORMAL PERIOD 1981 TO 2010
CLIMATE RECORD PERIOD 1928 TO 2017


WEATHER ITEM   OBSERVED TIME   RECORD YEAR NORMAL DEPARTURE LAST
                VALUE   (LST)  VALUE       VALUE  FROM      YEAR
                                                  NORMAL
..................................................................
TEMPERATURE (F)
 YESTERDAY
  MAXIMUM         73    242 PM  83    2003  63     10       76
  MINIMUM         28    612 AM  15    1996  32     -4       36
  AVERAGE         51                        48      3       56

PRECIPITATION (IN)
  YESTERDAY        0.00          0.88 1953   0.04  -0.04     0.00
  MONTH TO DATE    0.03                      0.93  -0.90     0.02
  SINCE OCT 1      0.03                      0.93  -0.90     0.02
  SINCE JAN 1      9.03                      9.13  -0.10     7.94

DEGREE DAYS
 HEATING
  YESTERDAY       14                        18     -4        9
  MONTH TO DATE  316                       301     15      229
  SINCE SEP 1    503                       435     68      342
  SINCE JUL 1    503                       444     59      346

 COOLING
  YESTERDAY        0                         0      0        0
  MONTH TO DATE    0                         0      0        2
  SINCE SEP 1     73                        39     34       33
  SINCE JAN 1    865                       588    277      826
..................................................................


WIND (MPH)
  RESULTANT WIND SPEED   1   RESULTANT WIND DIRECTION  SE (140)
  HIGHEST WIND SPEED    10   HIGHEST WIND DIRECTION    SE (150)
  HIGHEST GUST SPEED    12   HIGHEST GUST DIRECTION    SE (140)
  AVERAGE WIND SPEED     3.5



WEATHER CONDITIONS
 THE FOLLOWING WEATHER WAS RECORDED YESTERDAY.
  NO SIGNIFICANT WEATHER WAS OBSERVED.


RELATIVE HUMIDITY (PERCENT)
 HIGHEST    63           600 AM
 LOWEST     13           200 PM
 AVERAGE    38

..........................................................


THE CEDAR CITY UT CLIMATE NORMALS FOR TODAY
                         NORMAL    RECORD    YEAR
 MAXIMUM TEMPERATURE (F)   63        79      2003
 MINIMUM TEMPERATURE (F)   31        19      1995


SUNRISE AND SUNSET
OCTOBER 23 2017.......SUNRISE   749 AM MDT   SUNSET   644 PM MDT
OCTOBER 24 2017.......SUNRISE   750 AM MDT   SUNSET   643 PM MDT


-  INDICATES NEGATIVE NUMBERS.
R  INDICATES RECORD WAS SET OR TIED.
MM INDICATES DATA IS MISSING.
T  INDICATES TRACE AMOUNT.




$$
