000
CDUS45 KSLC 060027
CLICDC


CLIMATE REPORT
NATIONAL WEATHER SERVICE SALT LAKE CITY UT
526 PM MST MON DEC 5 2016


...................................

...THE CEDAR CITY UT CLIMATE SUMMARY FOR DECEMBER 5 2016...
VALID TODAY AS OF 0500 PM LOCAL TIME.

CLIMATE NORMAL PERIOD 1981 TO 2010
CLIMATE RECORD PERIOD 1928 TO 2016


WEATHER ITEM   OBSERVED TIME   RECORD YEAR NORMAL DEPARTURE LAST
                VALUE   (LST)  VALUE       VALUE  FROM      YEAR
                                                  NORMAL
..................................................................
TEMPERATURE (F)
 TODAY
  MAXIMUM         48   1011 AM  64    1995  43      5       47
  MINIMUM         27    705 AM -18    2013  17     10       16
  AVERAGE         38                        30      8       32

PRECIPITATION (IN)
  TODAY            0.00          0.36 1951   0.02  -0.02     0.00
  MONTH TO DATE    T                         0.12  -0.12     0.00
  SINCE OCT 1      1.71                      2.39  -0.68     2.23
  SINCE JAN 1      9.63                     10.59  -0.96    12.02

DEGREE DAYS
 HEATING
  TODAY           27                        35     -8       33
  MONTH TO DATE  173                       172      1      160
  SINCE DEC 1    173                       172      1      160
  SINCE JUL 1   1270                      1614   -344     1392

 COOLING
  TODAY            0                         0      0        0
  MONTH TO DATE    0                         0      0        0
  SINCE DEC 1      0                         0      0        0
  SINCE JAN 1    826                       588    238      706
..................................................................


WIND (MPH)
  RESULTANT WIND SPEED   3   RESULTANT WIND DIRECTION   S (200)
  HIGHEST WIND SPEED    17   HIGHEST WIND DIRECTION    NW (320)
  HIGHEST GUST SPEED    21   HIGHEST GUST DIRECTION    NW (330)
  AVERAGE WIND SPEED     7.0



WEATHER CONDITIONS
 THE FOLLOWING WEATHER WAS RECORDED TODAY.
  NO SIGNIFICANT WEATHER WAS OBSERVED.


RELATIVE HUMIDITY (PERCENT)
 HIGHEST    58           700 AM
 LOWEST     26          1000 AM
 AVERAGE    42

..........................................................


THE CEDAR CITY UT CLIMATE NORMALS FOR TOMORROW
                         NORMAL    RECORD    YEAR
 MAXIMUM TEMPERATURE (F)   43        62      1981
 MINIMUM TEMPERATURE (F)   17       -19      2013


SUNRISE AND SUNSET
DECEMBER  5 2016......SUNRISE   733 AM MST   SUNSET   513 PM MST
DECEMBER  6 2016......SUNRISE   734 AM MST   SUNSET   513 PM MST


-  INDICATES NEGATIVE NUMBERS.
R  INDICATES RECORD WAS SET OR TIED.
MM INDICATES DATA IS MISSING.
T  INDICATES TRACE AMOUNT.




$$
