000
CDUS45 KSLC 241250
CLICDC


CLIMATE REPORT
NATIONAL WEATHER SERVICE SALT LAKE CITY UT
550 AM MST MON NOV 24 2014


...................................

...THE CEDAR CITY UT CLIMATE SUMMARY FOR NOVEMBER 23 2014...

CLIMATE NORMAL PERIOD 1981 TO 2010
CLIMATE RECORD PERIOD 1928 TO 2014


WEATHER ITEM   OBSERVED TIME   RECORD YEAR NORMAL DEPARTURE LAST
                VALUE   (LST)  VALUE       VALUE  FROM      YEAR
                                                  NORMAL
..................................................................
TEMPERATURE (F)
 YESTERDAY
  MAXIMUM         41    223 PM  64    1995  48     -7       30
  MINIMUM         17   1146 PM  -3    1994  21     -4       27
  AVERAGE         29                        34     -5       29

PRECIPITATION (IN)
  YESTERDAY        0.02          0.45 1951   0.03  -0.01     0.08
  MONTH TO DATE    1.13                      0.74   0.39     0.56
  SINCE OCT 1      1.35                      2.08  -0.73     1.03
  SINCE JAN 1      9.03                     10.28  -1.25    14.07

DEGREE DAYS
 HEATING
  YESTERDAY       36                        31      5       36
  MONTH TO DATE  601                       598      3      563
  SINCE SEP 1   1017                      1208   -191     1314
  SINCE JUL 1   1023                      1217   -194     1317

 COOLING
  YESTERDAY        0                         0      0        0
  MONTH TO DATE    0                         0      0        0
  SINCE SEP 1     61                        39     22       35
  SINCE JAN 1    607                       588     19      667
..................................................................


WIND (MPH)
  RESULTANT WIND SPEED   8   RESULTANT WIND DIRECTION   N (20)
  HIGHEST WIND SPEED    21   HIGHEST WIND DIRECTION    NE (30)
  HIGHEST GUST SPEED    29   HIGHEST GUST DIRECTION     N (20)
  AVERAGE WIND SPEED     8.8



WEATHER CONDITIONS
 THE FOLLOWING WEATHER WAS RECORDED YESTERDAY.
  NO SIGNIFICANT WEATHER WAS OBSERVED.


RELATIVE HUMIDITY (PERCENT)
 HIGHEST    92          1200 AM
 LOWEST     27           400 PM
 AVERAGE    60

..........................................................


THE CEDAR CITY UT CLIMATE NORMALS FOR TODAY
                         NORMAL    RECORD    YEAR
 MAXIMUM TEMPERATURE (F)   48        69      1970
 MINIMUM TEMPERATURE (F)   20        -8      2010


SUNRISE AND SUNSET
NOVEMBER 24 2014......SUNRISE   722 AM MST   SUNSET   516 PM MST
NOVEMBER 25 2014......SUNRISE   723 AM MST   SUNSET   516 PM MST


-  INDICATES NEGATIVE NUMBERS.
R  INDICATES RECORD WAS SET OR TIED.
MM INDICATES DATA IS MISSING.
T  INDICATES TRACE AMOUNT.




$$
