000
CDUS45 KSLC 251228
CLICDC


CLIMATE REPORT
NATIONAL WEATHER SERVICE SALT LAKE CITY UT
627 AM MDT THU AUG 25 2016


...................................

...THE CEDAR CITY UT CLIMATE SUMMARY FOR AUGUST 24 2016...

CLIMATE NORMAL PERIOD 1981 TO 2010
CLIMATE RECORD PERIOD 1928 TO 2016


WEATHER ITEM   OBSERVED TIME   RECORD YEAR NORMAL DEPARTURE LAST
                VALUE   (LST)  VALUE       VALUE  FROM      YEAR
                                                  NORMAL
..................................................................
TEMPERATURE (F)
 YESTERDAY
  MAXIMUM         87    249 PM  97    2011  86      1       93
  MINIMUM         52    501 AM  41    1968  53     -1       54
  AVERAGE         70                        70      0       74

PRECIPITATION (IN)
  YESTERDAY        T             0.84 2013   0.04  -0.04     0.00
  MONTH TO DATE    1.06                      0.92   0.14     0.73
  SINCE OCT 1     10.39                     10.44  -0.05    10.79
  SINCE JAN 1      6.83                      7.33  -0.50     8.66

DEGREE DAYS
 HEATING
  YESTERDAY        0                         0      0        0
  MONTH TO DATE    0                         0      0        0
  SINCE JUN 1      4                        79    -75       26
  SINCE JUL 1      0                         3     -3        1

 COOLING
  YESTERDAY        5                         5      0        9
  MONTH TO DATE  201                       165     36      180
  SINCE JUN 1    769                       510    259      572
  SINCE JAN 1    772                       518    254      574
..................................................................


WIND (MPH)
  RESULTANT WIND SPEED   3   RESULTANT WIND DIRECTION  SW (210)
  HIGHEST WIND SPEED    21   HIGHEST WIND DIRECTION     W (270)
  HIGHEST GUST SPEED    28   HIGHEST GUST DIRECTION     W (260)
  AVERAGE WIND SPEED     7.2



WEATHER CONDITIONS
 THE FOLLOWING WEATHER WAS RECORDED YESTERDAY.
  THUNDERSTORM


RELATIVE HUMIDITY (PERCENT)
 HIGHEST    55           600 AM
 LOWEST     14           200 PM
 AVERAGE    35

..........................................................


THE CEDAR CITY UT CLIMATE NORMALS FOR TODAY
                         NORMAL    RECORD    YEAR
 MAXIMUM TEMPERATURE (F)   86        97      2011
                                             1985
 MINIMUM TEMPERATURE (F)   53        42      1960


SUNRISE AND SUNSET
AUGUST 25 2016........SUNRISE   657 AM MDT   SUNSET   811 PM MDT
AUGUST 26 2016........SUNRISE   658 AM MDT   SUNSET   809 PM MDT


-  INDICATES NEGATIVE NUMBERS.
R  INDICATES RECORD WAS SET OR TIED.
MM INDICATES DATA IS MISSING.
T  INDICATES TRACE AMOUNT.




$$
