000
CDUS45 KSLC 020035
CLICDC


CLIMATE REPORT
NATIONAL WEATHER SERVICE SALT LAKE CITY UT
535 PM MST SUN FEB 1 2015


...................................

...THE CEDAR CITY UT CLIMATE SUMMARY FOR FEBRUARY 1 2015...
VALID TODAY AS OF 0500 PM LOCAL TIME.

CLIMATE NORMAL PERIOD 1981 TO 2010
CLIMATE RECORD PERIOD 1928 TO 2015


WEATHER ITEM   OBSERVED TIME   RECORD YEAR NORMAL DEPARTURE LAST
                VALUE   (LST)  VALUE       VALUE  FROM      YEAR
                                                  NORMAL
..................................................................
TEMPERATURE (F)
 TODAY
  MAXIMUM         50    359 PM  65    1995  43      7       32
  MINIMUM         22    712 AM -16    1951  18      4        5
  AVERAGE         36                        30      6       19

PRECIPITATION (IN)
  TODAY            0.01          0.32 1990   0.03  -0.02     0.06
  MONTH TO DATE    0.01                      0.03  -0.02     0.06
  SINCE OCT 1      2.67                      4.00  -1.33     2.44
  SINCE JAN 1      0.54                      0.89  -0.35     0.50

DEGREE DAYS
 HEATING
  TODAY           29                        34     -5       46
  MONTH TO DATE   29                        34     -5       46
  SINCE DEC 1   1977                      2267   -290     2349
  SINCE JUL 1   3168                      3709   -541     3877

 COOLING
  TODAY            0                         0      0        0
  MONTH TO DATE    0                         0      0        0
  SINCE DEC 1      0                         0      0        0
  SINCE JAN 1      0                         0      0        0
..................................................................


WIND (MPH)
  RESULTANT WIND SPEED   1   RESULTANT WIND DIRECTION  NE (30)
  HIGHEST WIND SPEED     8   HIGHEST WIND DIRECTION    NE (40)
  HIGHEST GUST SPEED    13   HIGHEST GUST DIRECTION    NE (30)
  AVERAGE WIND SPEED     1.5



WEATHER CONDITIONS
 THE FOLLOWING WEATHER WAS RECORDED TODAY.
  NO SIGNIFICANT WEATHER WAS OBSERVED.


RELATIVE HUMIDITY (PERCENT)
 HIGHEST    92           100 AM
 LOWEST     33           400 PM
 AVERAGE    63

..........................................................


THE CEDAR CITY UT CLIMATE NORMALS FOR TOMORROW
                         NORMAL    RECORD    YEAR
 MAXIMUM TEMPERATURE (F)   43        64      1995
 MINIMUM TEMPERATURE (F)   18        -8      1951


SUNRISE AND SUNSET
FEBRUARY  1 2015......SUNRISE   736 AM MST   SUNSET   556 PM MST
FEBRUARY  2 2015......SUNRISE   735 AM MST   SUNSET   557 PM MST


-  INDICATES NEGATIVE NUMBERS.
R  INDICATES RECORD WAS SET OR TIED.
MM INDICATES DATA IS MISSING.
T  INDICATES TRACE AMOUNT.




$$
