000
CDUS45 KSLC 281245
CLICDC


CLIMATE REPORT
NATIONAL WEATHER SERVICE SALT LAKE CITY UT
645 AM MDT FRI AUG 28 2015


...................................

...THE CEDAR CITY UT CLIMATE SUMMARY FOR AUGUST 27 2015...

CLIMATE NORMAL PERIOD 1981 TO 2010
CLIMATE RECORD PERIOD 1928 TO 2015


WEATHER ITEM   OBSERVED TIME   RECORD YEAR NORMAL DEPARTURE LAST
                VALUE   (LST)  VALUE       VALUE  FROM      YEAR
                                                  NORMAL
..................................................................
TEMPERATURE (F)
 YESTERDAY
  MAXIMUM         85    317 PM  95    2001  85      0       78
  MINIMUM         52    615 AM  40    1992  53     -1       45
  AVERAGE         69                        69      0       62

PRECIPITATION (IN)
  YESTERDAY        0.00          0.37 1972   0.03  -0.03     0.00
                                      1972
                                      2007
  MONTH TO DATE    0.98                      1.01  -0.03     1.24
  SINCE OCT 1     11.04                     10.53   0.51     7.05
  SINCE JAN 1      8.91                      7.42   1.49     5.11

DEGREE DAYS
 HEATING
  YESTERDAY        0                         0      0        3
  MONTH TO DATE    0                         0      0        6
  SINCE JUN 1     26                        79    -53       33
  SINCE JUL 1      1                         3     -2        6

 COOLING
  YESTERDAY        4                         4      0        0
  MONTH TO DATE  196                       179     17      109
  SINCE JUN 1    588                       524     64      504
  SINCE JAN 1    590                       532     58      529
..................................................................


WIND (MPH)
  RESULTANT WIND SPEED   1   RESULTANT WIND DIRECTION  NE (50)
  HIGHEST WIND SPEED    10   HIGHEST WIND DIRECTION     N (20)
  HIGHEST GUST SPEED    13   HIGHEST GUST DIRECTION    NE (40)
  AVERAGE WIND SPEED     4.1



WEATHER CONDITIONS
 THE FOLLOWING WEATHER WAS RECORDED YESTERDAY.
  NO SIGNIFICANT WEATHER WAS OBSERVED.


RELATIVE HUMIDITY (PERCENT)
 HIGHEST   100           500 AM
 LOWEST     20           400 PM
 AVERAGE    60

..........................................................


THE CEDAR CITY UT CLIMATE NORMALS FOR TODAY
                         NORMAL    RECORD    YEAR
 MAXIMUM TEMPERATURE (F)   85        95      2009
 MINIMUM TEMPERATURE (F)   52        37      1973


SUNRISE AND SUNSET
AUGUST 28 2015........SUNRISE   659 AM MDT   SUNSET   808 PM MDT
AUGUST 29 2015........SUNRISE   700 AM MDT   SUNSET   806 PM MDT


-  INDICATES NEGATIVE NUMBERS.
R  INDICATES RECORD WAS SET OR TIED.
MM INDICATES DATA IS MISSING.
T  INDICATES TRACE AMOUNT.




$$
