000
CDUS45 KCYS 300730
CLICDR


CLIMATE REPORT
NATIONAL WEATHER SERVICE CHEYENNE WY
130 AM MDT SAT AUG 30 2014


...................................

...THE CHADRON NE AIRPORT CLIMATE SUMMARY FOR AUGUST 29 2014...

CLIMATE NORMAL PERIOD 1981 TO 2010
CLIMATE RECORD PERIOD 1895 TO 2014


WEATHER ITEM   OBSERVED TIME   RECORD YEAR NORMAL DEPARTURE LAST
                VALUE   (LST)  VALUE       VALUE  FROM      YEAR
                                                  NORMAL
..................................................................
TEMPERATURE (F)
 YESTERDAY
  MAXIMUM         78   1020 AM 106    2012  86     -8       98
  MINIMUM         53    540 AM  41    1992  52      1       61
  AVERAGE         66                        69     -3       80

PRECIPITATION (IN)
  YESTERDAY        0.03          0.79 2011   0.05  -0.02     0.00
  MONTH TO DATE    2.11                      1.47   0.64     1.41
  SINCE JAN 1     13.90                     13.76   0.14    12.33

DEGREE DAYS
 HEATING
  YESTERDAY        0                         2     -2        0
  MONTH TO DATE    2                        14    -12        0
  SINCE JUN 1     96                       105     -9       58
  SINCE JUL 1     13                        24    -11        0

 COOLING
  YESTERDAY        1                         5     -4       15
  MONTH TO DATE  234                       233      1      285
  SINCE JUN 1    547                       617    -70      715
  SINCE JAN 1    578                       637    -59      743
..................................................................


WIND (MPH)
  HIGHEST WIND SPEED    21   HIGHEST WIND DIRECTION    NE (40)
  HIGHEST GUST SPEED    27   HIGHEST GUST DIRECTION    NE (40)
  AVERAGE WIND SPEED     7.2


SKY COVER
  AVERAGE SKY COVER 0.1


WEATHER CONDITIONS
 THE FOLLOWING WEATHER WAS RECORDED YESTERDAY.
  NO SIGNIFICANT WEATHER WAS OBSERVED.


RELATIVE HUMIDITY (PERCENT)
 HIGHEST    93          1200 AM
 LOWEST     50          1100 AM
 AVERAGE    72

..........................................................


THE CHADRON NE AIRPORT CLIMATE NORMALS FOR TODAY
                         NORMAL    RECORD    YEAR
 MAXIMUM TEMPERATURE (F)   86       106      1990
 MINIMUM TEMPERATURE (F)   51        37      1935


SUNRISE AND SUNSET
AUGUST 30 2014........SUNRISE   615 AM MDT   SUNSET   730 PM MDT
AUGUST 31 2014........SUNRISE   616 AM MDT   SUNSET   729 PM MDT


-  INDICATES NEGATIVE NUMBERS.
R  INDICATES RECORD WAS SET OR TIED.
MM INDICATES DATA IS MISSING.
T  INDICATES TRACE AMOUNT.




$$
