411
CDUS45 KCYS 300745
CLICDR


CLIMATE REPORT
NATIONAL WEATHER SERVICE CHEYENNE WY
145 AM MDT FRI SEP 30 2016


...................................

...THE CHADRON NE AIRPORT CLIMATE SUMMARY FOR SEPTEMBER 29 2016...

CLIMATE NORMAL PERIOD 1981 TO 2010
CLIMATE RECORD PERIOD 1895 TO 2016


WEATHER ITEM   OBSERVED TIME   RECORD YEAR NORMAL DEPARTURE LAST
                VALUE   (LST)  VALUE       VALUE  FROM      YEAR
                                                  NORMAL
..................................................................
TEMPERATURE (F)
 YESTERDAY
  MAXIMUM         82    225 PM  93    1933  71     11       68
  MINIMUM         49    550 AM  17    1984  38     11       50
  AVERAGE         66                        55     11       59

PRECIPITATION (IN)
  YESTERDAY        0.00          2.61 2014   0.05  -0.05     0.00
  MONTH TO DATE    1.23                      1.68  -0.45     0.41
  SINCE JAN 1     13.31                     15.55  -2.24    16.51

DEGREE DAYS
 HEATING
  YESTERDAY        0                        11    -11        6
  MONTH TO DATE  103                       170    -67       66
  SINCE SEP 1    103                       170    -67       66
  SINCE JUL 1    120                       200    -80      102

 COOLING
  YESTERDAY        1                         0      1        0
  MONTH TO DATE   62                        63     -1      112
  SINCE SEP 1     62                        63     -1      112
  SINCE JAN 1    879                       710    169      710
..................................................................


WIND (MPH)
  HIGHEST WIND SPEED    29   HIGHEST WIND DIRECTION     S (160)
  HIGHEST GUST SPEED    36   HIGHEST GUST DIRECTION     S (160)
  AVERAGE WIND SPEED    14.4


SKY COVER
  AVERAGE SKY COVER 0.0


WEATHER CONDITIONS
 THE FOLLOWING WEATHER WAS RECORDED YESTERDAY.
  NO SIGNIFICANT WEATHER WAS OBSERVED.


RELATIVE HUMIDITY (PERCENT)
 HIGHEST    56           600 AM
 LOWEST     26           100 PM
 AVERAGE    41

..........................................................


THE CHADRON NE AIRPORT CLIMATE NORMALS FOR TODAY
                         NORMAL    RECORD    YEAR
 MAXIMUM TEMPERATURE (F)   71        95      1980
 MINIMUM TEMPERATURE (F)   38        19      1984


SUNRISE AND SUNSET
SEPTEMBER 30 2016.....SUNRISE   649 AM MDT   SUNSET   634 PM MDT
OCTOBER  1 2016.......SUNRISE   650 AM MDT   SUNSET   633 PM MDT


-  INDICATES NEGATIVE NUMBERS.
R  INDICATES RECORD WAS SET OR TIED.
MM INDICATES DATA IS MISSING.
T  INDICATES TRACE AMOUNT.




$$
