000
CDUS45 KCYS 020327
CLICDR


CLIMATE REPORT
NATIONAL WEATHER SERVICE CHEYENNE WY
927 PM MDT MON JUN 1 2015


...................................

...THE CHADRON NE AIRPORT CLIMATE SUMMARY FOR JUNE 1 2015...
VALID TODAY AS OF 0900 PM LOCAL TIME.

CLIMATE NORMAL PERIOD 1981 TO 2010
CLIMATE RECORD PERIOD 1895 TO 2015


WEATHER ITEM   OBSERVED TIME   RECORD YEAR NORMAL DEPARTURE LAST
                VALUE   (LST)  VALUE       VALUE  FROM      YEAR
                                                  NORMAL
..................................................................
TEMPERATURE (F)
 TODAY
  MAXIMUM         86    317 PM  98    1940  76     10       72
  MINIMUM         50    509 AM  31    1969  47      3       50
  AVERAGE         68                        61      7       61

PRECIPITATION (IN)
  TODAY            0.00          1.46 2009   0.13  -0.13     0.20
  MONTH TO DATE    0.00                      0.13  -0.13     0.20
  SINCE JAN 1      8.76                      7.07   1.69     8.58

DEGREE DAYS
 COOLING
  TODAY            3                         1      2        0
  MONTH TO DATE    3                         1      2        0
  SINCE JUN 1      3                         1      2        0
  SINCE JAN 1      3                        21    -18       31
..................................................................


WIND (MPH)
  HIGHEST WIND SPEED    22   HIGHEST WIND DIRECTION     S (200)
  HIGHEST GUST SPEED    28   HIGHEST GUST DIRECTION     S (180)
  AVERAGE WIND SPEED     7.2


SKY COVER
  AVERAGE SKY COVER 0.0


WEATHER CONDITIONS
 THE FOLLOWING WEATHER WAS RECORDED TODAY.
  FOG


RELATIVE HUMIDITY (PERCENT)
 HIGHEST   100           300 AM
 LOWEST     40           500 PM
 AVERAGE    70

..........................................................


THE CHADRON NE AIRPORT CLIMATE NORMALS FOR TOMORROW
                         NORMAL    RECORD    YEAR
 MAXIMUM TEMPERATURE (F)   76        95      1940
 MINIMUM TEMPERATURE (F)   47        26      1969


SUNRISE AND SUNSET
JUNE  1 2015..........SUNRISE   517 AM MDT   SUNSET   824 PM MDT
JUNE  2 2015..........SUNRISE   516 AM MDT   SUNSET   825 PM MDT


-  INDICATES NEGATIVE NUMBERS.
R  INDICATES RECORD WAS SET OR TIED.
MM INDICATES DATA IS MISSING.
T  INDICATES TRACE AMOUNT.




$$
