748
CDUS45 KCYS 060757
CLICDR


CLIMATE REPORT
NATIONAL WEATHER SERVICE CHEYENNE WY
1256 AM MST TUE DEC 6 2016


...................................

...THE CHADRON NE AIRPORT CLIMATE SUMMARY FOR DECEMBER 5 2016...

CLIMATE NORMAL PERIOD 1981 TO 2010
CLIMATE RECORD PERIOD 1895 TO 2016


WEATHER ITEM   OBSERVED TIME   RECORD YEAR NORMAL DEPARTURE LAST
                VALUE   (LST)  VALUE       VALUE  FROM      YEAR
                                                  NORMAL
..................................................................
TEMPERATURE (F)
 YESTERDAY
  MAXIMUM         47    349 AM  68    2012  40      7       51
                                      1946
  MINIMUM         15   1158 PM -17    2013  12      3       23
  AVERAGE         31                        26      5       37

PRECIPITATION (IN)
  YESTERDAY        0.04          0.15 1983   0.01   0.03     0.00
  MONTH TO DATE    0.04                      0.08  -0.04     0.14
  SINCE JAN 1     13.88                     17.61  -3.73    19.38

DEGREE DAYS
 HEATING
  YESTERDAY       34                        39     -5       28
  MONTH TO DATE  172                       193    -21      161
  SINCE DEC 1    172                       193    -21      161
  SINCE JUL 1   1284                      1877   -593     1541

 COOLING
  YESTERDAY        0                         0      0        0
  MONTH TO DATE    0                         0      0        0
  SINCE DEC 1      0                         0      0        0
  SINCE JAN 1    883                       712    171      718
..................................................................


WIND (MPH)
  HIGHEST WIND SPEED    32   HIGHEST WIND DIRECTION    NW (310)
  HIGHEST GUST SPEED    40   HIGHEST GUST DIRECTION    NW (300)
  AVERAGE WIND SPEED    11.0


SKY COVER
  AVERAGE SKY COVER 0.5


WEATHER CONDITIONS
 THE FOLLOWING WEATHER WAS RECORDED YESTERDAY.
  SNOW
  LIGHT SNOW
  FOG
  FOG W/VISIBILITY <= 1/4 MILE
  HAZE


RELATIVE HUMIDITY (PERCENT)
 HIGHEST    89          1100 AM
 LOWEST     40           300 AM
 AVERAGE    65

..........................................................


THE CHADRON NE AIRPORT CLIMATE NORMALS FOR TODAY
                         NORMAL    RECORD    YEAR
 MAXIMUM TEMPERATURE (F)   39        74      1939
 MINIMUM TEMPERATURE (F)   12       -23      2013


SUNRISE AND SUNSET
DECEMBER  6 2016......SUNRISE   709 AM MST   SUNSET   418 PM MST
DECEMBER  7 2016......SUNRISE   710 AM MST   SUNSET   418 PM MST


-  INDICATES NEGATIVE NUMBERS.
R  INDICATES RECORD WAS SET OR TIED.
MM INDICATES DATA IS MISSING.
T  INDICATES TRACE AMOUNT.




$$
