000
CDUS45 KCYS 290727
CLICDR


CLIMATE REPORT
NATIONAL WEATHER SERVICE CHEYENNE WY
127 AM MDT WED JUL 29 2015


...................................

...THE CHADRON NE AIRPORT CLIMATE SUMMARY FOR JULY 28 2015...

CLIMATE NORMAL PERIOD 1981 TO 2010
CLIMATE RECORD PERIOD 1895 TO 2015


WEATHER ITEM   OBSERVED TIME   RECORD YEAR NORMAL DEPARTURE LAST
                VALUE   (LST)  VALUE       VALUE  FROM      YEAR
                                                  NORMAL
..................................................................
TEMPERATURE (F)
 YESTERDAY
  MAXIMUM         82    324 PM 106    2006  91     -9       89
  MINIMUM         47   1159 PM  44    1971  59    -12       54
  AVERAGE         65                        75    -10       72

PRECIPITATION (IN)
  YESTERDAY        0.00          1.18 1925   0.06  -0.06     0.00
  MONTH TO DATE    2.41                      1.94   0.47     0.64
  SINCE JAN 1     15.36                     12.12   3.24    11.77

DEGREE DAYS
 HEATING
  YESTERDAY        0                         0      0        0
  MONTH TO DATE    3                         5     -2       11
  SINCE JUN 1     12                        86    -74       94
  SINCE JUL 1      3                         5     -2       11

 COOLING
  YESTERDAY        0                        10    -10        7
  MONTH TO DATE  209                       246    -37      249
  SINCE JUN 1    342                       354    -12      303
  SINCE JAN 1    342                       374    -32      334
..................................................................


WIND (MPH)
  HIGHEST WIND SPEED    23   HIGHEST WIND DIRECTION    NW (310)
  HIGHEST GUST SPEED    34   HIGHEST GUST DIRECTION     W (270)
  AVERAGE WIND SPEED    11.9


SKY COVER
  AVERAGE SKY COVER 0.0


WEATHER CONDITIONS
 THE FOLLOWING WEATHER WAS RECORDED YESTERDAY.
  NO SIGNIFICANT WEATHER WAS OBSERVED.


RELATIVE HUMIDITY (PERCENT)
 HIGHEST    74          1100 PM
 LOWEST     15           500 PM
 AVERAGE    45

..........................................................


THE CHADRON NE AIRPORT CLIMATE NORMALS FOR TODAY
                         NORMAL    RECORD    YEAR
 MAXIMUM TEMPERATURE (F)   91       106      2006
                                             1980
 MINIMUM TEMPERATURE (F)   59        43      2004


SUNRISE AND SUNSET
JULY 29 2015..........SUNRISE   540 AM MDT   SUNSET   817 PM MDT
JULY 30 2015..........SUNRISE   541 AM MDT   SUNSET   816 PM MDT


-  INDICATES NEGATIVE NUMBERS.
R  INDICATES RECORD WAS SET OR TIED.
MM INDICATES DATA IS MISSING.
T  INDICATES TRACE AMOUNT.




$$
