000
CDUS45 KCYS 300732
CLICDR


CLIMATE REPORT
NATIONAL WEATHER SERVICE CHEYENNE WY
130 AM MDT SAT JUL 30 2016


...................................

...THE CHADRON NE AIRPORT CLIMATE SUMMARY FOR JULY 29 2016...

CLIMATE NORMAL PERIOD 1981 TO 2010
CLIMATE RECORD PERIOD 1895 TO 2016


WEATHER ITEM   OBSERVED TIME   RECORD YEAR NORMAL DEPARTURE LAST
                VALUE   (LST)  VALUE       VALUE  FROM      YEAR
                                                  NORMAL
..................................................................
TEMPERATURE (F)
 YESTERDAY
  MAXIMUM         86    139 PM 106    2006  91     -5       88
                                      1980
  MINIMUM         54    437 AM  43    2015  59     -5       43
                                      2004
  AVERAGE         70                        75     -5       66

PRECIPITATION (IN)
  YESTERDAY        0.08          1.12 1923   0.05   0.03     0.00
  MONTH TO DATE    1.55                      1.99  -0.44     2.34
  SINCE JAN 1     10.50                     12.17  -1.67    15.29

DEGREE DAYS
 HEATING
  YESTERDAY        0                         0      0        0
  MONTH TO DATE    0                         5     -5        3
  SINCE JUN 1     13                        86    -73       12
  SINCE JUL 1      0                         5     -5        3

 COOLING
  YESTERDAY        5                        10     -5        1
  MONTH TO DATE  312                       256     56      210
  SINCE JUN 1    561                       364    197      343
  SINCE JAN 1    569                       384    185      343
..................................................................


WIND (MPH)
  HIGHEST WIND SPEED    31   HIGHEST WIND DIRECTION     S (160)
  HIGHEST GUST SPEED    39   HIGHEST GUST DIRECTION     S (170)
  AVERAGE WIND SPEED     6.2


SKY COVER
  AVERAGE SKY COVER 0.1


WEATHER CONDITIONS
 THE FOLLOWING WEATHER WAS RECORDED YESTERDAY.
  THUNDERSTORM
  LIGHT RAIN


RELATIVE HUMIDITY (PERCENT)
 HIGHEST   100           200 AM
 LOWEST     34           200 PM
 AVERAGE    67

..........................................................


THE CHADRON NE AIRPORT CLIMATE NORMALS FOR TODAY
                         NORMAL    RECORD    YEAR
 MAXIMUM TEMPERATURE (F)   91       105      2006
 MINIMUM TEMPERATURE (F)   59        38      1971


SUNRISE AND SUNSET
JULY 30 2016..........SUNRISE   542 AM MDT   SUNSET   815 PM MDT
JULY 31 2016..........SUNRISE   543 AM MDT   SUNSET   814 PM MDT


-  INDICATES NEGATIVE NUMBERS.
R  INDICATES RECORD WAS SET OR TIED.
MM INDICATES DATA IS MISSING.
T  INDICATES TRACE AMOUNT.




$$
