000
CDUS45 KCYS 010738
CLICDR


CLIMATE REPORT
NATIONAL WEATHER SERVICE CHEYENNE WY
137 AM MDT SUN MAY 1 2016


...................................

...THE CHADRON NE AIRPORT CLIMATE SUMMARY FOR APRIL 30 2016...

CLIMATE NORMAL PERIOD 1981 TO 2010
CLIMATE RECORD PERIOD 1895 TO 2016


WEATHER ITEM   OBSERVED TIME   RECORD YEAR NORMAL DEPARTURE LAST
                VALUE   (LST)  VALUE       VALUE  FROM      YEAR
                                                  NORMAL
..................................................................
TEMPERATURE (F)
 YESTERDAY
  MAXIMUM         46    549 PM  88    1939  65    -19       73
  MINIMUM         37    635 AM  12    1950  35      2       44
  AVERAGE         42                        50     -8       59

PRECIPITATION (IN)
  YESTERDAY        0.60          1.75 1942   0.09   0.51     0.00
  MONTH TO DATE    3.66                      1.98   1.68     1.43
  SINCE JAN 1      6.45                      4.18   2.27     2.62

DEGREE DAYS
 HEATING
  YESTERDAY       23                        15      8        6
  MONTH TO DATE  505                       606   -101      538
  SINCE MAR 1   1215                      1511   -296     1215
  SINCE JUL 1   5947                      6763   -816     6160

 COOLING
  YESTERDAY        0                         0      0        0
  MONTH TO DATE    2                         2      0        0
  SINCE MAR 1      2                         2      0        0
  SINCE JAN 1      2                         2      0        0
..................................................................


WIND (MPH)
  HIGHEST WIND SPEED    31   HIGHEST WIND DIRECTION     N (20)
  HIGHEST GUST SPEED    42   HIGHEST GUST DIRECTION    NE (50)
  AVERAGE WIND SPEED    16.0


SKY COVER
  AVERAGE SKY COVER 1.0


WEATHER CONDITIONS
 THE FOLLOWING WEATHER WAS RECORDED YESTERDAY.
  LIGHT RAIN
  FOG


RELATIVE HUMIDITY (PERCENT)
 HIGHEST    92          1200 AM
 LOWEST     60           400 PM
 AVERAGE    76

..........................................................


THE CHADRON NE AIRPORT CLIMATE NORMALS FOR TODAY
                         NORMAL    RECORD    YEAR
 MAXIMUM TEMPERATURE (F)   66        92      1959
 MINIMUM TEMPERATURE (F)   35        20      2005
                                             1962


SUNRISE AND SUNSET
MAY  1 2016...........SUNRISE   546 AM MDT   SUNSET   754 PM MDT
MAY  2 2016...........SUNRISE   545 AM MDT   SUNSET   755 PM MDT


-  INDICATES NEGATIVE NUMBERS.
R  INDICATES RECORD WAS SET OR TIED.
MM INDICATES DATA IS MISSING.
T  INDICATES TRACE AMOUNT.




$$
