000
CDUS44 KLUB 280627
CLICDS


CLIMATE REPORT
NATIONAL WEATHER SERVICE LUBBOCK, TX
127 AM CDT SUN MAY 28 2017


...................................

...THE CHILDRESS CLIMATE SUMMARY FOR MAY 27 2017...

CLIMATE NORMAL PERIOD 1981 TO 2010
CLIMATE RECORD PERIOD 1893 TO 2017


WEATHER ITEM   OBSERVED TIME   RECORD YEAR NORMAL DEPARTURE LAST
                VALUE   (LST)  VALUE       VALUE  FROM      YEAR
                                                  NORMAL
..................................................................
TEMPERATURE (F)
 YESTERDAY
  MAXIMUM        102    403 PM 105    2011  87     15       88
                                      1945
  MINIMUM         63    519 AM  41    1907  62      1       60
  AVERAGE         83                        74      9       74

PRECIPITATION (IN)
  YESTERDAY        0.00          5.00 1902   0.13  -0.13     0.00
  MONTH TO DATE    1.03                      2.63  -1.60     6.65
  SINCE MAR 1      5.05                      6.28  -1.23     9.42
  SINCE JAN 1      9.27                      8.06   1.21    10.67

SNOWFALL (IN)
  YESTERDAY        0.0          MM      MM   0.0    0.0      0.0
  MONTH TO DATE    0.0                       0.0    0.0      0.0
  SINCE MAR 1      0.0                       0.6   -0.6      0.0
  SINCE JUL 1      1.5                       7.0   -5.5      7.0
  SNOW DEPTH       0

DEGREE DAYS
 HEATING
  YESTERDAY        0                         0      0        0
  MONTH TO DATE   21                        27     -6       62
  SINCE MAR 1    380                       555   -175      387
  SINCE JUL 1   2328                      3115   -787     2555

 COOLING
  YESTERDAY       18                        10      8        9
  MONTH TO DATE  164                       180    -16      167
  SINCE MAR 1    299                       270     29      228
  SINCE JAN 1    314                       271     43      230
..................................................................


WIND (MPH)
  RESULTANT WIND SPEED   2   RESULTANT WIND DIRECTION  NW (300)
  HIGHEST WIND SPEED    29   HIGHEST WIND DIRECTION     N (10)
  HIGHEST GUST SPEED    40   HIGHEST GUST DIRECTION     N (10)
  AVERAGE WIND SPEED    11.3


SKY COVER
  AVERAGE SKY COVER 0.0


WEATHER CONDITIONS
 THE FOLLOWING WEATHER WAS RECORDED YESTERDAY.
  NO SIGNIFICANT WEATHER WAS OBSERVED.


RELATIVE HUMIDITY (PERCENT)
 HIGHEST    73           300 AM
 LOWEST      7           100 PM
 AVERAGE    40

..........................................................


THE CHILDRESS CLIMATE NORMALS FOR TODAY
                         NORMAL    RECORD    YEAR
 MAXIMUM TEMPERATURE (F)   87       101      2011
                                             1974
 MINIMUM TEMPERATURE (F)   62        43      1907


SUNRISE AND SUNSET
MAY 28 2017...........SUNRISE   631 AM CDT   SUNSET   846 PM CDT
MAY 29 2017...........SUNRISE   631 AM CDT   SUNSET   847 PM CDT


-  INDICATES NEGATIVE NUMBERS.
R  INDICATES RECORD WAS SET OR TIED.
MM INDICATES DATA IS MISSING.
T  INDICATES TRACE AMOUNT.




$$
