000
CDUS44 KLUB 260626
CLICDS


CLIMATE REPORT
NATIONAL WEATHER SERVICE LUBBOCK, TX
126 AM CDT WED JUL 26 2017


...................................

...THE CHILDRESS CLIMATE SUMMARY FOR JULY 25 2017...

CLIMATE NORMAL PERIOD 1981 TO 2010
CLIMATE RECORD PERIOD 1893 TO 2017


WEATHER ITEM   OBSERVED TIME   RECORD YEAR NORMAL DEPARTURE LAST
                VALUE   (LST)  VALUE       VALUE  FROM      YEAR
                                                  NORMAL
..................................................................
TEMPERATURE (F)
 YESTERDAY
  MAXIMUM        101    258 PM 107    2011  96      5      101
                                      1954
                                      1940
  MINIMUM         74    536 AM  62    2004  71      3       78
  AVERAGE         88                        84      4       90

PRECIPITATION (IN)
  YESTERDAY        0.00          1.31 1985   0.06  -0.06     0.00
  MONTH TO DATE    1.37                      1.60  -0.23     2.74
  SINCE JUN 1      4.28                      5.55  -1.27     6.65
  SINCE JAN 1     13.55                     14.12  -0.57    18.51

SNOWFALL (IN)
  YESTERDAY        0.0          MM      MM   0.0    0.0      0.0
  MONTH TO DATE    0.0                       0.0    0.0      0.0
  SINCE JUN 1      0.0                       0.0    0.0      0.0
  SINCE JUL 1      0.0                       0.0    0.0      0.0
  SNOW DEPTH       0

DEGREE DAYS
 HEATING
  YESTERDAY        0                         0      0        0
  MONTH TO DATE    0                         0      0        0
  SINCE JUN 1      0                         2     -2        0
  SINCE JUL 1      0                         0      0        0

 COOLING
  YESTERDAY       23                        19      4       25
  MONTH TO DATE  495                       460     35      520
  SINCE JUN 1    982                       881    101      989
  SINCE JAN 1   1333                      1193    140     1253
..................................................................


WIND (MPH)
  RESULTANT WIND SPEED   9   RESULTANT WIND DIRECTION   S (160)
  HIGHEST WIND SPEED    21   HIGHEST WIND DIRECTION     S (180)
  HIGHEST GUST SPEED    26   HIGHEST GUST DIRECTION     S (180)
  AVERAGE WIND SPEED    10.3


SKY COVER
  AVERAGE SKY COVER 0.1


WEATHER CONDITIONS
 THE FOLLOWING WEATHER WAS RECORDED YESTERDAY.
  NO SIGNIFICANT WEATHER WAS OBSERVED.


RELATIVE HUMIDITY (PERCENT)
 HIGHEST    87           500 AM
 LOWEST     27           300 PM
 AVERAGE    57

..........................................................


THE CHILDRESS CLIMATE NORMALS FOR TODAY
                         NORMAL    RECORD    YEAR
 MAXIMUM TEMPERATURE (F)   96       108      2011
                                             1944
                                             1940
 MINIMUM TEMPERATURE (F)   71        62      2004


SUNRISE AND SUNSET
JULY 26 2017..........SUNRISE   648 AM CDT   SUNSET   847 PM CDT
JULY 27 2017..........SUNRISE   648 AM CDT   SUNSET   847 PM CDT


-  INDICATES NEGATIVE NUMBERS.
R  INDICATES RECORD WAS SET OR TIED.
MM INDICATES DATA IS MISSING.
T  INDICATES TRACE AMOUNT.




$$
