000
CDUS44 KLUB 240630
CLICDS


CLIMATE REPORT
NATIONAL WEATHER SERVICE LUBBOCK, TX
130 AM CDT THU APR 24 2014


...................................

...THE CHILDRESS CLIMATE SUMMARY FOR APRIL 23 2014...

CLIMATE NORMAL PERIOD 1981 TO 2010
CLIMATE RECORD PERIOD 1893 TO 2014


WEATHER ITEM   OBSERVED TIME   RECORD YEAR NORMAL DEPARTURE LAST
                VALUE   (LST)  VALUE       VALUE  FROM      YEAR
                                                  NORMAL
..................................................................
TEMPERATURE (F)
 YESTERDAY
  MAXIMUM         90    317 PM  97    1989  79     11       47
  MINIMUM         56    611 AM  30    1907  51      5       36
  AVERAGE         73                        64      9       42

PRECIPITATION (IN)
  YESTERDAY        0.06          1.50 1905   0.08  -0.02      T
  MONTH TO DATE    1.51                      1.51   0.00     0.90
  SINCE MAR 1      1.97                      3.04  -1.07     0.90
  SINCE JAN 1      2.33                      4.82  -2.49     4.24

SNOWFALL (IN)
  YESTERDAY        0.0                       0.0    0.0       T
  MONTH TO DATE    0.0                       0.2   -0.2       T
  SINCE MAR 1      T                         0.6   -0.6       T
  SINCE JUL 1      9.5                       7.0    2.5      5.5

DEGREE DAYS
 HEATING
  YESTERDAY        0                         3     -3       23
  MONTH TO DATE  131                       133     -2      238
  SINCE MAR 1    589                       508     81      603
  SINCE JUL 1   3405                      3068    337     2982

 COOLING
  YESTERDAY        8                         3      5        0
  MONTH TO DATE   53                        47      6       26
  SINCE MAR 1     63                        65     -2       30
  SINCE JAN 1     63                        66     -3       30
..................................................................


WIND (MPH)
  HIGHEST WIND SPEED    32   HIGHEST WIND DIRECTION     S (170)
  HIGHEST GUST SPEED    42   HIGHEST GUST DIRECTION     S (170)
  AVERAGE WIND SPEED    16.5


SKY COVER
  POSSIBLE SUNSHINE  MM
  AVERAGE SKY COVER 0.1


WEATHER CONDITIONS
 THE FOLLOWING WEATHER WAS RECORDED YESTERDAY.
  THUNDERSTORM
  LIGHT RAIN
  HAZE


RELATIVE HUMIDITY (PERCENT)
 HIGHEST    73
 LOWEST     34
 AVERAGE    54

..........................................................


THE CHILDRESS CLIMATE NORMALS FOR TODAY
                         NORMAL    RECORD    YEAR
 MAXIMUM TEMPERATURE (F)   79       100      1996
 MINIMUM TEMPERATURE (F)   51        26      2013


SUNRISE AND SUNSET
APRIL 24 2014.........SUNRISE   659 AM CDT   SUNSET   820 PM CDT
APRIL 25 2014.........SUNRISE   658 AM CDT   SUNSET   821 PM CDT


-  INDICATES NEGATIVE NUMBERS.
R  INDICATES RECORD WAS SET OR TIED.
MM INDICATES DATA IS MISSING.
T  INDICATES TRACE AMOUNT.




$$
