000
CDUS44 KLUB 020225
CLICDS


CLIMATE REPORT
NATIONAL WEATHER SERVICE LUBBOCK, TX
825 PM CST SUN MAR 1 2015


...................................

...THE CHILDRESS CLIMATE SUMMARY FOR MARCH 1 2015...
VALID TODAY AS OF 0800 PM LOCAL TIME.

CLIMATE NORMAL PERIOD 1981 TO 2010
CLIMATE RECORD PERIOD 1893 TO 2015


WEATHER ITEM   OBSERVED TIME   RECORD YEAR NORMAL DEPARTURE LAST
                VALUE   (LST)  VALUE       VALUE  FROM      YEAR
                                                  NORMAL
..................................................................
TEMPERATURE (F)
 TODAY
  MAXIMUM         36    526 PM  90    2006  62    -26       50
                                      1976
  MINIMUM         24    413 AM   9    1962  36    -12       24
  AVERAGE         30                        49    -19       37

PRECIPITATION (IN)
  TODAY            0.00          1.00 1942   0.04  -0.04     0.00
  MONTH TO DATE    0.00                      0.04  -0.04     0.00
  SINCE MAR 1      0.00                      0.04  -0.04     0.00
  SINCE JAN 1      1.17                      1.82  -0.65     0.36

SNOWFALL (IN)
  TODAY            0.0          MM      MM   0.0    0.0      0.0
  MONTH TO DATE    0.0                       0.0    0.0      0.0
  SINCE MAR 1      0.0                       0.0    0.0      0.0
  SINCE JUL 1      2.0                       6.4   -4.4      9.5
  SNOW DEPTH       0

DEGREE DAYS
 HEATING
  TODAY           35                        16     19       28
  MONTH TO DATE   35                        16     19       28
  SINCE MAR 1     35                        16     19       28
  SINCE JUL 1   2532                      2576    -44     2844

 COOLING
  TODAY            0                         0      0        0
  MONTH TO DATE    0                         0      0        0
  SINCE MAR 1      0                         0      0        0
  SINCE JAN 1      0                         1     -1        0
..................................................................


WIND (MPH)
  RESULTANT WIND SPEED   2   RESULTANT WIND DIRECTION  NE (30)
  HIGHEST WIND SPEED     9   HIGHEST WIND DIRECTION     E (70)
  HIGHEST GUST SPEED    13   HIGHEST GUST DIRECTION     E (70)
  AVERAGE WIND SPEED     2.5


SKY COVER
  AVERAGE SKY COVER 1.0


WEATHER CONDITIONS
 THE FOLLOWING WEATHER WAS RECORDED TODAY.
  FOG


RELATIVE HUMIDITY (PERCENT)
 HIGHEST   100           600 AM
 LOWEST     75           200 PM
 AVERAGE    88

..........................................................


THE CHILDRESS CLIMATE NORMALS FOR TOMORROW
                         NORMAL    RECORD    YEAR
 MAXIMUM TEMPERATURE (F)   62        96      1904
 MINIMUM TEMPERATURE (F)   36         6      1980


SUNRISE AND SUNSET
MARCH  1 2015.........SUNRISE   710 AM CST   SUNSET   637 PM CST
MARCH  2 2015.........SUNRISE   709 AM CST   SUNSET   638 PM CST


-  INDICATES NEGATIVE NUMBERS.
R  INDICATES RECORD WAS SET OR TIED.
MM INDICATES DATA IS MISSING.
T  INDICATES TRACE AMOUNT.




$$
