000
CDUS44 KLUB 300126
CLICDS


CLIMATE REPORT
NATIONAL WEATHER SERVICE LUBBOCK, TX
825 PM CDT SAT AUG 29 2015


...................................

...THE CHILDRESS CLIMATE SUMMARY FOR AUGUST 29 2015...
VALID TODAY AS OF 0800 PM LOCAL TIME.

CLIMATE NORMAL PERIOD 1981 TO 2010
CLIMATE RECORD PERIOD 1893 TO 2015


WEATHER ITEM   OBSERVED TIME   RECORD YEAR NORMAL DEPARTURE LAST
                VALUE   (LST)  VALUE       VALUE  FROM      YEAR
                                                  NORMAL
..................................................................
TEMPERATURE (F)
 TODAY
  MAXIMUM         93    326 PM 108    1943  93      0       88
  MINIMUM         69    651 AM  55    1987  67      2       66
  AVERAGE         81                        80      1       77

PRECIPITATION (IN)
  TODAY            0.02          1.70 1996   0.08  -0.06     0.00
  MONTH TO DATE    1.93                      2.44  -0.51     2.03
  SINCE JUN 1     10.65                      8.34   2.31     9.38
  SINCE JAN 1     30.25                     16.91  13.34    15.61

SNOWFALL (IN)
  TODAY            0.0          MM      MM   0.0    0.0      0.0
  MONTH TO DATE    0.0                       0.0    0.0      0.0
  SINCE JUN 1      0.0                       0.0    0.0      0.0
  SINCE JUL 1      0.0                       0.0    0.0      0.0
  SNOW DEPTH       0

DEGREE DAYS
 HEATING
  TODAY            0                         0      0        0
  MONTH TO DATE    0                         0      0        0
  SINCE JUN 1      0                         2     -2        0
  SINCE JUL 1      0                         0      0        0

 COOLING
  TODAY           16                        15      1       12
  MONTH TO DATE  518                       497     21      521
  SINCE JUN 1   1549                      1487     62     1456
  SINCE JAN 1   1749                      1799    -50     1820
..................................................................


WIND (MPH)
  RESULTANT WIND SPEED   2   RESULTANT WIND DIRECTION   W (270)
  HIGHEST WIND SPEED    14   HIGHEST WIND DIRECTION     W (270)
  HIGHEST GUST SPEED    20   HIGHEST GUST DIRECTION    SW (210)
  AVERAGE WIND SPEED     5.1


SKY COVER
  AVERAGE SKY COVER 0.1


WEATHER CONDITIONS
 THE FOLLOWING WEATHER WAS RECORDED TODAY.
  THUNDERSTORM
  LIGHT RAIN


RELATIVE HUMIDITY (PERCENT)
 HIGHEST    90           400 AM
 LOWEST     41           300 PM
 AVERAGE    66

..........................................................


THE CHILDRESS CLIMATE NORMALS FOR TOMORROW
                         NORMAL    RECORD    YEAR
 MAXIMUM TEMPERATURE (F)   93       111      2011
 MINIMUM TEMPERATURE (F)   67        55      1893


SUNRISE AND SUNSET
AUGUST 29 2015........SUNRISE   712 AM CDT   SUNSET   812 PM CDT
AUGUST 30 2015........SUNRISE   713 AM CDT   SUNSET   810 PM CDT


-  INDICATES NEGATIVE NUMBERS.
R  INDICATES RECORD WAS SET OR TIED.
MM INDICATES DATA IS MISSING.
T  INDICATES TRACE AMOUNT.




$$
