033
CDUS46 KEKA 221221
CLICEC


CLIMATE REPORT
NATIONAL WEATHER SERVICE EUREKA CA
420 AM PST SUN JAN 22 2017


...................................

...THE CRESCENT CITY CA CLIMATE SUMMARY FOR JANUARY 21 2017...

CLIMATE NORMAL PERIOD 1981 TO 2010
CLIMATE RECORD PERIOD 1894 TO 2017


WEATHER ITEM   OBSERVED TIME   RECORD YEAR NORMAL DEPARTURE LAST
                VALUE   (LST)  VALUE       VALUE  FROM      YEAR
                                                  NORMAL
..................................................................
TEMPERATURE (F)
 YESTERDAY
  MAXIMUM         53   1250 PM  75    1981  54     -1       61
  MINIMUM         45   1211 AM  22    1962  41      4       54
  AVERAGE         49                        48      1       58

PRECIPITATION (IN)
  YESTERDAY        0.41          4.25 1972   0.29   0.12     0.86
  MONTH TO DATE   11.27                      7.81   3.46     9.49
  SINCE OCT 1     56.37                     33.05  23.32    44.17
  SINCE JAN 1     11.27                      7.81   3.46     9.49

SNOWFALL (IN)
  YESTERDAY       MM            MM      MM  MM     MM        0.0
  MONTH TO DATE    0.0                      MM     MM        0.0
  SINCE DEC 1      0.0                      MM     MM        0.0
  SINCE JUL 1      0.0                      MM     MM        0.0
  SNOW DEPTH       0

DEGREE DAYS
 HEATING
  YESTERDAY       16                        17     -1        7
  MONTH TO DATE  410                       357     53      293
  SINCE DEC 1   1002                       896    106      788
  SINCE JUL 1   2335                      2513   -178     1957

 COOLING
  YESTERDAY        0                         0      0        0
  MONTH TO DATE    0                         0      0        0
  SINCE DEC 1      0                         0      0        0
  SINCE JAN 1      0                         0      0        0
..................................................................


WIND (MPH)
  HIGHEST WIND SPEED    26   HIGHEST WIND DIRECTION    SW (220)
  HIGHEST GUST SPEED    40   HIGHEST GUST DIRECTION     S (180)
  AVERAGE WIND SPEED    17.1


SKY COVER
  AVERAGE SKY COVER 0.8


WEATHER CONDITIONS
 THE FOLLOWING WEATHER WAS RECORDED YESTERDAY.
  HEAVY RAIN
  FOG
  HAZE


RELATIVE HUMIDITY (PERCENT)
 HIGHEST    92
 LOWEST     71
 AVERAGE    82

..........................................................


THE CRESCENT CITY CA CLIMATE NORMALS FOR TODAY
                         NORMAL    RECORD    YEAR
 MAXIMUM TEMPERATURE (F)   54        74      1968
 MINIMUM TEMPERATURE (F)   41        26      1962


SUNRISE AND SUNSET
JANUARY 22 2017.......SUNRISE   738 AM PST   SUNSET   520 PM PST
JANUARY 23 2017.......SUNRISE   737 AM PST   SUNSET   521 PM PST


-  INDICATES NEGATIVE NUMBERS.
R  INDICATES RECORD WAS SET OR TIED.
MM INDICATES DATA IS MISSING.
T  INDICATES TRACE AMOUNT.




$$
