000
CDUS46 KEKA 220026
CLICEC


CLIMATE REPORT
NATIONAL WEATHER SERVICE EUREKA CA
422 PM PST TUE FEB 21 2017


...................................

...THE CRESCENT CITY CA CLIMATE SUMMARY FOR FEBRUARY 21 2017...
VALID TODAY AS OF 0400 PM LOCAL TIME.

CLIMATE NORMAL PERIOD 1981 TO 2010
CLIMATE RECORD PERIOD 1894 TO 2017


WEATHER ITEM   OBSERVED TIME   RECORD YEAR NORMAL DEPARTURE LAST
                VALUE   (LST)  VALUE       VALUE  FROM      YEAR
                                                  NORMAL
..................................................................
TEMPERATURE (F)
 TODAY
  MAXIMUM         55   1005 AM  75    1964  54      1       53
  MINIMUM         48    907 AM  29    1952  42      6       41
  AVERAGE         52                        48      4       47

PRECIPITATION (IN)
  TODAY            0.15          2.04 1998   0.28  -0.13     0.23
  MONTH TO DATE   11.89                      6.77   5.12     3.16
  SINCE OCT 1     69.21                     42.40  26.81    52.27
  SINCE JAN 1     24.11                     17.16   6.95    17.59

SNOWFALL (IN)
  TODAY           MM            MM      MM  MM     MM        0.0
  MONTH TO DATE    0.0                      MM     MM        0.0
  SINCE DEC 1      0.0                      MM     MM        0.0
  SINCE JUL 1      0.0                      MM     MM        0.0
  SNOW DEPTH       0

..................................................................


WIND (MPH)
  HIGHEST WIND SPEED    43   HIGHEST WIND DIRECTION     S (180)
  HIGHEST GUST SPEED    52   HIGHEST GUST DIRECTION     S (190)
  AVERAGE WIND SPEED    17.3


SKY COVER
  AVERAGE SKY COVER 0.6


WEATHER CONDITIONS
 THE FOLLOWING WEATHER WAS RECORDED TODAY.
  RAIN
  LIGHT RAIN
  FOG
  HAZE


RELATIVE HUMIDITY (PERCENT)
 HIGHEST    89
 LOWEST     71
 AVERAGE    80

..........................................................


THE CRESCENT CITY CA CLIMATE NORMALS FOR TOMORROW
                         NORMAL    RECORD    YEAR
 MAXIMUM TEMPERATURE (F)   54        70      1981
 MINIMUM TEMPERATURE (F)   42        31      1962


SUNRISE AND SUNSET
FEBRUARY 21 2017......SUNRISE   703 AM PST   SUNSET   558 PM PST
FEBRUARY 22 2017......SUNRISE   702 AM PST   SUNSET   559 PM PST


-  INDICATES NEGATIVE NUMBERS.
R  INDICATES RECORD WAS SET OR TIED.
MM INDICATES DATA IS MISSING.
T  INDICATES TRACE AMOUNT.




$$
