000
CDUS46 KEKA 010018
CLICEC


CLIMATE REPORT
NATIONAL WEATHER SERVICE EUREKA CA
518 PM PDT FRI OCT 31 2014


...................................

...THE CRESCENT CITY CA CLIMATE SUMMARY FOR OCTOBER 31 2014...
VALID TODAY AS OF 0500 PM LOCAL TIME.

CLIMATE NORMAL PERIOD 1981 TO 2010
CLIMATE RECORD PERIOD 1894 TO 2014


WEATHER ITEM   OBSERVED TIME   RECORD YEAR NORMAL DEPARTURE LAST
                VALUE   (LST)  VALUE       VALUE  FROM      YEAR
                                                  NORMAL
..................................................................
TEMPERATURE (F)
 TODAY
  MAXIMUM         60    138 PM  82    1966  59      1       57
  MINIMUM         50    742 AM  29    2002  46      4       40
  AVERAGE         55                        52      3       49

PRECIPITATION (IN)
  TODAY            0.26          1.92 1958   0.24   0.02     0.00
  MONTH TO DATE    6.25                      4.24   2.01     0.11
  SINCE JUL 1      9.84                      6.10   3.74     5.16
  SINCE JAN 1     34.43                     43.03  -8.60    25.09

SNOWFALL (IN)
  TODAY            0.0          MM      MM  MM     MM        0.0
  MONTH TO DATE    0.0                      MM     MM        0.0
  SINCE SEP 1      0.0                      MM     MM        0.0
  SINCE JUL 1      0.0                      MM     MM        0.0
  SNOW DEPTH      MM

..................................................................


WIND (MPH)
  HIGHEST WIND SPEED    20   HIGHEST WIND DIRECTION    NW (300)
  HIGHEST GUST SPEED    26   HIGHEST GUST DIRECTION     W (290)
  AVERAGE WIND SPEED     7.4


SKY COVER
  AVERAGE SKY COVER 0.5


WEATHER CONDITIONS
 THE FOLLOWING WEATHER WAS RECORDED TODAY.
  RAIN
  LIGHT RAIN
  FOG


RELATIVE HUMIDITY (PERCENT)
 HIGHEST   100
 LOWEST     80
 AVERAGE    90

..........................................................


THE CRESCENT CITY CA CLIMATE NORMALS FOR TOMORROW
                         NORMAL    RECORD    YEAR
 MAXIMUM TEMPERATURE (F)   59        75      1969
 MINIMUM TEMPERATURE (F)   45        27      2002


SUNRISE AND SUNSET
OCTOBER 31 2014.......SUNRISE   748 AM PDT   SUNSET   612 PM PDT
NOVEMBER  1 2014......SUNRISE   749 AM PDT   SUNSET   611 PM PDT


-  INDICATES NEGATIVE NUMBERS.
R  INDICATES RECORD WAS SET OR TIED.
MM INDICATES DATA IS MISSING.
T  INDICATES TRACE AMOUNT.




$$
