000
CDUS46 KEKA 291215
CLICEC


CLIMATE REPORT
NATIONAL WEATHER SERVICE EUREKA CA
415 AM PST THU JAN 29 2015


...................................

...THE CRESCENT CITY CA CLIMATE SUMMARY FOR JANUARY 28 2015...

CLIMATE NORMAL PERIOD 1981 TO 2010
CLIMATE RECORD PERIOD 1894 TO 2015


WEATHER ITEM   OBSERVED TIME   RECORD YEAR NORMAL DEPARTURE LAST
                VALUE   (LST)  VALUE       VALUE  FROM      YEAR
                                                  NORMAL
..................................................................
TEMPERATURE (F)
 YESTERDAY
  MAXIMUM         59   1158 AM  70    1984  54      5       58
  MINIMUM         44    621 AM  27    1949  41      3       50
  AVERAGE         52                        48      4       54

PRECIPITATION (IN)
  YESTERDAY        0.00          3.32 1958   0.25  -0.25     0.26
  MONTH TO DATE    1.73                      9.62  -7.89     1.40
  SINCE JUL 1     26.15                     36.72 -10.57    10.39
  SINCE JAN 1      1.73                      9.62  -7.89     1.40

SNOWFALL (IN)
  YESTERDAY        0.0          MM      MM  MM     MM        0.0
  MONTH TO DATE    0.0                      MM     MM        0.0
  SINCE DEC 1      0.0                      MM     MM        0.0
  SINCE JUL 1      0.0                      MM     MM        0.0
  SNOW DEPTH       0

DEGREE DAYS
 HEATING
  YESTERDAY       13                        17     -4       11
  MONTH TO DATE  392                       476    -84      429
  SINCE DEC 1    754                      1015   -261     1074
  SINCE JUL 1   1861                      2632   -771     2666

 COOLING
  YESTERDAY        0                         0      0        0
  MONTH TO DATE    0                         0      0        0
  SINCE DEC 1      0                         0      0        0
  SINCE JAN 1      0                         0      0        0
..................................................................


WIND (MPH)
  HIGHEST WIND SPEED     8   HIGHEST WIND DIRECTION     E (80)
  HIGHEST GUST SPEED    10   HIGHEST GUST DIRECTION     E (90)
  AVERAGE WIND SPEED     4.4


SKY COVER
  AVERAGE SKY COVER 0.1


WEATHER CONDITIONS
 THE FOLLOWING WEATHER WAS RECORDED YESTERDAY.
  FOG


RELATIVE HUMIDITY (PERCENT)
 HIGHEST   100
 LOWEST     62
 AVERAGE    81

..........................................................


THE CRESCENT CITY CA CLIMATE NORMALS FOR TODAY
                         NORMAL    RECORD    YEAR
 MAXIMUM TEMPERATURE (F)   54        70      1962
 MINIMUM TEMPERATURE (F)   41        25      1980


SUNRISE AND SUNSET
JANUARY 29 2015.......SUNRISE   732 AM PST   SUNSET   528 PM PST
JANUARY 30 2015.......SUNRISE   731 AM PST   SUNSET   530 PM PST


-  INDICATES NEGATIVE NUMBERS.
R  INDICATES RECORD WAS SET OR TIED.
MM INDICATES DATA IS MISSING.
T  INDICATES TRACE AMOUNT.




$$
