000
CDUS46 KEKA 140024
CLICEC


CLIMATE REPORT
NATIONAL WEATHER SERVICE EUREKA CA
424 PM PST SAT FEB 13 2016


...................................

...THE CRESCENT CITY CA CLIMATE SUMMARY FOR FEBRUARY 13 2016...
VALID TODAY AS OF 0400 PM LOCAL TIME.

CLIMATE NORMAL PERIOD 1981 TO 2010
CLIMATE RECORD PERIOD 1894 TO 2016


WEATHER ITEM   OBSERVED TIME   RECORD YEAR NORMAL DEPARTURE LAST
                VALUE   (LST)  VALUE       VALUE  FROM      YEAR
                                                  NORMAL
..................................................................
TEMPERATURE (F)
 TODAY
  MAXIMUM         55    223 PM  73    1996  53      2       55
  MINIMUM         42    732 AM  28    1949  42      0       43
  AVERAGE         49                        48      1       49

PRECIPITATION (IN)
  TODAY            0.00          2.65 1961   0.31  -0.31     0.00
  MONTH TO DATE    0.94                      4.35  -3.41     7.27
  SINCE OCT 1     50.05                     39.98  10.07    29.83
  SINCE JAN 1     15.37                     14.74   0.63     9.00

SNOWFALL (IN)
  TODAY            0.0          MM      MM  MM     MM        0.0
  MONTH TO DATE    0.0                      MM     MM        0.0
  SINCE DEC 1      0.0                      MM     MM        0.0
  SINCE JUL 1      0.0                      MM     MM        0.0
  SNOW DEPTH       0

..................................................................


WIND (MPH)
  HIGHEST WIND SPEED     9   HIGHEST WIND DIRECTION     E (80)
  HIGHEST GUST SPEED    13   HIGHEST GUST DIRECTION    NE (50)
  AVERAGE WIND SPEED     3.7


SKY COVER
  AVERAGE SKY COVER 0.2


WEATHER CONDITIONS
 THE FOLLOWING WEATHER WAS RECORDED TODAY.
  FOG
  HAZE


RELATIVE HUMIDITY (PERCENT)
 HIGHEST   100
 LOWEST     66
 AVERAGE    83

..........................................................


THE CRESCENT CITY CA CLIMATE NORMALS FOR TOMORROW
                         NORMAL    RECORD    YEAR
 MAXIMUM TEMPERATURE (F)   53        68      1996
 MINIMUM TEMPERATURE (F)   42        27      1990


SUNRISE AND SUNSET
FEBRUARY 13 2016......SUNRISE   716 AM PST   SUNSET   547 PM PST
FEBRUARY 14 2016......SUNRISE   714 AM PST   SUNSET   548 PM PST


-  INDICATES NEGATIVE NUMBERS.
R  INDICATES RECORD WAS SET OR TIED.
MM INDICATES DATA IS MISSING.
T  INDICATES TRACE AMOUNT.




$$
