000
CDUS46 KEKA 031213
CLICEC


CLIMATE REPORT
NATIONAL WEATHER SERVICE EUREKA CA
512 AM PDT THU SEP 3 2015


...................................

...THE CRESCENT CITY CA CLIMATE SUMMARY FOR SEPTEMBER 2 2015...

CLIMATE NORMAL PERIOD 1981 TO 2010
CLIMATE RECORD PERIOD 1894 TO 2015


WEATHER ITEM   OBSERVED TIME   RECORD YEAR NORMAL DEPARTURE LAST
                VALUE   (LST)  VALUE       VALUE  FROM      YEAR
                                                  NORMAL
..................................................................
TEMPERATURE (F)
 YESTERDAY
  MAXIMUM         68    255 PM  80    1961  62      6       65
  MINIMUM         55   1159 PM  42    1999  51      4       49
  AVERAGE         62                        57      5       57

PRECIPITATION (IN)
  YESTERDAY        0.04          0.26 2000   0.02   0.02     0.00
  MONTH TO DATE    0.04                      0.04   0.00     0.00
  SINCE OCT 1     42.97                     63.14 -20.17    28.77
  SINCE JAN 1     22.14                     37.90 -15.76    24.83

SNOWFALL (IN)
  YESTERDAY        0.0          MM      MM  MM     MM        0.0
  MONTH TO DATE    0.0                      MM     MM        0.0
  SINCE SEP 1      0.0                      MM     MM        0.0
  SINCE JUL 1      0.0                      MM     MM        0.0
  SNOW DEPTH       0

DEGREE DAYS
 HEATING
  YESTERDAY        3                         8     -5        8
  MONTH TO DATE    7                        16     -9       15
  SINCE SEP 1      7                        16     -9       15
  SINCE JUL 1    273                       536   -263      437

 COOLING
  YESTERDAY        0                         0      0        0
  MONTH TO DATE    0                         0      0        0
  SINCE SEP 1      0                         0      0        0
  SINCE JAN 1      4                         0      4        0
..................................................................


WIND (MPH)
  HIGHEST WIND SPEED    18   HIGHEST WIND DIRECTION    NW (330)
  HIGHEST GUST SPEED    25   HIGHEST GUST DIRECTION    NW (330)
  AVERAGE WIND SPEED     7.0


SKY COVER
  AVERAGE SKY COVER 0.5


WEATHER CONDITIONS
 THE FOLLOWING WEATHER WAS RECORDED YESTERDAY.
  LIGHT RAIN
  FOG
  HAZE


RELATIVE HUMIDITY (PERCENT)
 HIGHEST   100
 LOWEST     78
 AVERAGE    89

..........................................................


THE CRESCENT CITY CA CLIMATE NORMALS FOR TODAY
                         NORMAL    RECORD    YEAR
 MAXIMUM TEMPERATURE (F)   62        83      1955
 MINIMUM TEMPERATURE (F)   51        41      1999


SUNRISE AND SUNSET
SEPTEMBER  3 2015.....SUNRISE   645 AM PDT   SUNSET   747 PM PDT
SEPTEMBER  4 2015.....SUNRISE   646 AM PDT   SUNSET   745 PM PDT


-  INDICATES NEGATIVE NUMBERS.
R  INDICATES RECORD WAS SET OR TIED.
MM INDICATES DATA IS MISSING.
T  INDICATES TRACE AMOUNT.




$$
