000
CDUS46 KEKA 211215
CLICEC


CLIMATE REPORT
NATIONAL WEATHER SERVICE EUREKA CA
514 AM PDT THU AUG 21 2014


...................................

...THE CRESCENT CITY CA CLIMATE SUMMARY FOR AUGUST 20 2014...

CLIMATE NORMAL PERIOD 1981 TO 2010
CLIMATE RECORD PERIOD 1894 TO 2014


WEATHER ITEM   OBSERVED TIME   RECORD YEAR NORMAL DEPARTURE LAST
                VALUE   (LST)  VALUE       VALUE  FROM      YEAR
                                                  NORMAL
..................................................................
TEMPERATURE (F)
 YESTERDAY
  MAXIMUM         65    324 PM  84    1961  63      2       65
  MINIMUM         56   1159 PM  42    1996  52      4       48
  AVERAGE         61                        57      4       57

PRECIPITATION (IN)
  YESTERDAY        0.00          0.89 1968   0.02  -0.02     0.00
  MONTH TO DATE    0.04                      0.30  -0.26     0.12
  SINCE JUL 1      0.24                      0.71  -0.47     0.12
  SINCE JAN 1     24.83                     37.64 -12.81    20.05

SNOWFALL (IN)
  YESTERDAY        0.0          MM      MM  MM     MM        0.0
  MONTH TO DATE    0.0                      MM     MM        0.0
  SINCE JUN 1      0.0                      MM     MM        0.0
  SINCE JUL 1      0.0                      MM     MM        0.0
  SNOW DEPTH       0

DEGREE DAYS
 HEATING
  YESTERDAY        4                         8     -4        8
  MONTH TO DATE  139                       160    -21      143
  SINCE JUN 1    673                       743    -70      745
  SINCE JUL 1    352                       434    -82      449

 COOLING
  YESTERDAY        0                         0      0        0
  MONTH TO DATE    0                         0      0        2
  SINCE JUN 1      0                         0      0        2
  SINCE JAN 1      0                         0      0        4
..................................................................


WIND (MPH)
  HIGHEST WIND SPEED    21   HIGHEST WIND DIRECTION    NW (330)
  HIGHEST GUST SPEED    32   HIGHEST GUST DIRECTION    NW (330)
  AVERAGE WIND SPEED     9.2


SKY COVER
  AVERAGE SKY COVER 0.6


WEATHER CONDITIONS
 THE FOLLOWING WEATHER WAS RECORDED YESTERDAY.
  FOG W/VISIBILITY <= 1/4 MILE
  HAZE


RELATIVE HUMIDITY (PERCENT)
 HIGHEST   100
 LOWEST     72
 AVERAGE    86

..........................................................


THE CRESCENT CITY CA CLIMATE NORMALS FOR TODAY
                         NORMAL    RECORD    YEAR
 MAXIMUM TEMPERATURE (F)   63        77      1961
 MINIMUM TEMPERATURE (F)   52        41      1960


SUNRISE AND SUNSET
AUGUST 21 2014........SUNRISE   632 AM PDT   SUNSET   808 PM PDT
AUGUST 22 2014........SUNRISE   633 AM PDT   SUNSET   806 PM PDT


-  INDICATES NEGATIVE NUMBERS.
R  INDICATES RECORD WAS SET OR TIED.
MM INDICATES DATA IS MISSING.
T  INDICATES TRACE AMOUNT.




$$
