000
CDUS45 KGJT 300736
CLICEZ


CLIMATE REPORT
NATIONAL WEATHER SERVICE GRAND JUNCTION CO
133 AM MDT FRI SEP 30 2016


...................................

...THE CORTEZ CO CLIMATE SUMMARY FOR SEPTEMBER 29 2016...

CLIMATE NORMAL PERIOD 1981 TO 2010
CLIMATE RECORD PERIOD 9999 TO 9999


WEATHER ITEM   OBSERVED TIME   RECORD YEAR NORMAL DEPARTURE LAST
                VALUE   (LST)  VALUE       VALUE  FROM      YEAR
                                                  NORMAL
..................................................................
TEMPERATURE (F)
 YESTERDAY
  MAXIMUM         65   1156 AM  MM      MM  73     -8       87
  MINIMUM         50   1056 PM  MM      MM  37     13       44
  AVERAGE         58                        55      3       66

PRECIPITATION (IN)
  YESTERDAY        0.11         MM      MM   0.06   0.05     0.00
  MONTH TO DATE    1.01                      1.73  -0.72     0.31
  SINCE SEP 1      1.01                      1.73  -0.72     0.31
  SINCE JAN 1      9.60                     10.17  -0.57     9.28

SNOWFALL (IN)
  YESTERDAY       MM            MM      MM  MM     MM       MM
  MONTH TO DATE   MM                        MM     MM       MM
  SINCE SEP 1     MM                        MM     MM       MM
  SINCE JUL 1     MM                        MM     MM       MM
  SNOW DEPTH      MM

DEGREE DAYS
 HEATING
  YESTERDAY        7                        10     -3        0
  MONTH TO DATE  134                       151    -17       40
  SINCE SEP 1    134                       151    -17       40
  SINCE JUL 1    147                       163    -16       40

 COOLING
  YESTERDAY        0                         0      0        1
  MONTH TO DATE   20                        16      4       26
  SINCE SEP 1     20                        16      4       26
  SINCE JAN 1    537                       425    112      485
..................................................................


WIND (MPH)
  HIGHEST WIND SPEED    21   HIGHEST WIND DIRECTION     S (170)
  HIGHEST GUST SPEED    27   HIGHEST GUST DIRECTION     S (170)
  AVERAGE WIND SPEED     3.6


SKY COVER
  POSSIBLE SUNSHINE  MM
  AVERAGE SKY COVER 1.0


WEATHER CONDITIONS
 THE FOLLOWING WEATHER WAS RECORDED YESTERDAY.
  HEAVY RAIN
  RAIN
  LIGHT RAIN
  FOG


RELATIVE HUMIDITY (PERCENT)
 HIGHEST    93           700 PM
 LOWEST     44          1200 PM
 AVERAGE    69

..........................................................


THE CORTEZ CO CLIMATE NORMALS FOR TODAY
                         NORMAL    RECORD    YEAR
 MAXIMUM TEMPERATURE (F)   72        MM        MM
 MINIMUM TEMPERATURE (F)   37        MM        MM


SUNRISE AND SUNSET
SEPTEMBER 30 2016.....SUNRISE   710 AM MDT   SUNSET   658 PM MDT
OCTOBER  1 2016.......SUNRISE   710 AM MDT   SUNSET   657 PM MDT


-  INDICATES NEGATIVE NUMBERS.
R  INDICATES RECORD WAS SET OR TIED.
MM INDICATES DATA IS MISSING.
T  INDICATES TRACE AMOUNT.




$$
