000
CDUS45 KGJT 010737
CLICEZ


CLIMATE REPORT
NATIONAL WEATHER SERVICE GRAND JUNCTION CO
133 AM MDT WED JUL 1 2015


...................................

...THE CORTEZ CO CLIMATE SUMMARY FOR JUNE 30 2015...

CLIMATE NORMAL PERIOD 1981 TO 2010
CLIMATE RECORD PERIOD 9999 TO 9999


WEATHER ITEM   OBSERVED TIME   RECORD YEAR NORMAL DEPARTURE LAST
                VALUE   (LST)  VALUE       VALUE  FROM      YEAR
                                                  NORMAL
..................................................................
TEMPERATURE (F)
 YESTERDAY
  MAXIMUM         97    458 PM  MM      MM  89      8       96
  MINIMUM         58    353 AM  MM      MM  48     10       50
  AVERAGE         78                        69      9       73

PRECIPITATION (IN)
  YESTERDAY        0.00         MM      MM   0.01  -0.01     0.00
  MONTH TO DATE    1.63                      0.48   1.15      T
  SINCE JUN 1      1.63                      0.48   1.15      T
  SINCE JAN 1      5.63                      5.62   0.01     2.99

SNOWFALL (IN)
  YESTERDAY       MM            MM      MM  MM     MM       MM
  MONTH TO DATE   MM                        MM     MM       MM
  SINCE JUN 1     MM                        MM     MM       MM
  SINCE JUL 1     MM                        MM     MM       MM
  SNOW DEPTH      MM

DEGREE DAYS
 HEATING
  YESTERDAY        0                         0      0        0
  MONTH TO DATE   40                        74    -34       31
  SINCE JUN 1     40                        75    -35       31
  SINCE JUL 1   5600                      6442   -842     6214

 COOLING
  YESTERDAY       13                         4      9        8
  MONTH TO DATE  115                        58     57       57
  SINCE JUN 1    115                        58     57       57
  SINCE JAN 1    115                        63     52       73
..................................................................


WIND (MPH)
  HIGHEST WIND SPEED    14   HIGHEST WIND DIRECTION     S (200)
  HIGHEST GUST SPEED    18   HIGHEST GUST DIRECTION    NE (50)
  AVERAGE WIND SPEED     4.4


SKY COVER
  POSSIBLE SUNSHINE  MM
  AVERAGE SKY COVER 0.0


WEATHER CONDITIONS
 THE FOLLOWING WEATHER WAS RECORDED YESTERDAY.
  NO SIGNIFICANT WEATHER WAS OBSERVED.


RELATIVE HUMIDITY (PERCENT)
 HIGHEST    72           400 AM
 LOWEST     17           400 PM
 AVERAGE    45

..........................................................


THE CORTEZ CO CLIMATE NORMALS FOR TODAY
                         NORMAL    RECORD    YEAR
 MAXIMUM TEMPERATURE (F)   89        MM        MM
 MINIMUM TEMPERATURE (F)   49        MM        MM


SUNRISE AND SUNSET
JULY  1 2015..........SUNRISE   558 AM MDT   SUNSET   839 PM MDT
JULY  2 2015..........SUNRISE   558 AM MDT   SUNSET   839 PM MDT


-  INDICATES NEGATIVE NUMBERS.
R  INDICATES RECORD WAS SET OR TIED.
MM INDICATES DATA IS MISSING.
T  INDICATES TRACE AMOUNT.




$$
