000
CDUS43 KPAH 220637
CLICGI


CLIMATE REPORT
NATIONAL WEATHER SERVICE PADUCAH KY
1234 AM CST SAT NOV 22 2014


...................................

...THE CAPE GIRARDEAU MO CLIMATE SUMMARY FOR NOVEMBER 21 2014...

CLIMATE NORMAL PERIOD 1981 TO 2010
CLIMATE RECORD PERIOD 1960 TO 2014


WEATHER ITEM   OBSERVED TIME   RECORD YEAR NORMAL DEPARTURE LAST
                VALUE   (LST)  VALUE       VALUE  FROM      YEAR
                                                  NORMAL
..................................................................
TEMPERATURE (F)
 YESTERDAY
  MAXIMUM         45   1159 PM  71    1990  55    -10       55
  MINIMUM         26    515 AM  13    1964  34     -8       47
  AVERAGE         36                        44     -8

PRECIPITATION (IN)
  YESTERDAY        T             1.48 1979   0.16  -0.16     0.34
  MONTH TO DATE    1.04                      3.03  -1.99     1.65
  SINCE SEP 1      7.40                     10.10  -2.70     6.29
  SINCE JAN 1     39.70                     41.15  -1.45    34.52

DEGREE DAYS
 HEATING
  YESTERDAY       29                        21      8       14
  MONTH TO DATE  562                       344    218      358
  SINCE SEP 1    811                       646    165      624
  SINCE JUL 1    811                       647    164      625

 COOLING
  YESTERDAY        0                         0      0        0
  MONTH TO DATE    0                         0      0        0
  SINCE SEP 1    185                       191     -6      260
  SINCE JAN 1   1424                      1451    -27     1441
..................................................................


WIND (MPH)
  HIGHEST WIND SPEED    16   HIGHEST WIND DIRECTION     E (90)
  HIGHEST GUST SPEED    20   HIGHEST GUST DIRECTION     E (90)
  AVERAGE WIND SPEED     6.5


SKY COVER
  AVERAGE SKY COVER 0.8


WEATHER CONDITIONS
 THE FOLLOWING WEATHER WAS RECORDED YESTERDAY.
  LIGHT RAIN


RELATIVE HUMIDITY (PERCENT)
 HIGHEST    92
 LOWEST     45
 AVERAGE    69

..........................................................


THE CAPE GIRARDEAU MO CLIMATE NORMALS FOR TODAY
                         NORMAL    RECORD    YEAR
 MAXIMUM TEMPERATURE (F)   54        69      2010
 MINIMUM TEMPERATURE (F)   34        10      1964


SUNRISE AND SUNSET
NOVEMBER 22 2014......SUNRISE   645 AM CST   SUNSET   444 PM CST
NOVEMBER 23 2014......SUNRISE   646 AM CST   SUNSET   444 PM CST


-  INDICATES NEGATIVE NUMBERS.
R  INDICATES RECORD WAS SET OR TIED.
MM INDICATES DATA IS MISSING.
T  INDICATES TRACE AMOUNT.




$$
