000
CDUS43 KPAH 280638
CLICGI


CLIMATE REPORT
NATIONAL WEATHER SERVICE PADUCAH KY
1237 AM CST FRI NOV 28 2014


...................................

...THE CAPE GIRARDEAU MO CLIMATE SUMMARY FOR NOVEMBER 27 2014...

CLIMATE NORMAL PERIOD 1981 TO 2010
CLIMATE RECORD PERIOD 1960 TO 2014


WEATHER ITEM   OBSERVED TIME   RECORD YEAR NORMAL DEPARTURE LAST
                VALUE   (LST)  VALUE       VALUE  FROM      YEAR
                                                  NORMAL
..................................................................
TEMPERATURE (F)
 YESTERDAY
  MAXIMUM         38    357 PM  75    1990  51    -13       32
  MINIMUM         27   1004 PM  19    2013  32     -5       19
  AVERAGE         33                        42     -9

PRECIPITATION (IN)
  YESTERDAY        0.00          1.55 1985   0.15  -0.15     0.00
  MONTH TO DATE    2.22                      3.96  -1.74     1.65
  SINCE SEP 1      8.58                     11.03  -2.45     6.29
  SINCE JAN 1     40.88                     42.08  -1.20    34.52

DEGREE DAYS
 HEATING
  YESTERDAY       32                        23      9       39
  MONTH TO DATE  697                       476    221      550
  SINCE SEP 1    946                       778    168      816
  SINCE JUL 1    946                       779    167      817

 COOLING
  YESTERDAY        0                         0      0        0
  MONTH TO DATE    0                         0      0        0
  SINCE SEP 1    185                       191     -6      260
  SINCE JAN 1   1424                      1451    -27     1441
..................................................................


WIND (MPH)
  HIGHEST WIND SPEED    21   HIGHEST WIND DIRECTION    NW (330)
  HIGHEST GUST SPEED    29   HIGHEST GUST DIRECTION    NW (320)
  AVERAGE WIND SPEED     8.8


SKY COVER
  AVERAGE SKY COVER 0.6


WEATHER CONDITIONS
 THE FOLLOWING WEATHER WAS RECORDED YESTERDAY.
  NO SIGNIFICANT WEATHER WAS OBSERVED.


RELATIVE HUMIDITY (PERCENT)
 HIGHEST    92
 LOWEST     64
 AVERAGE    78

..........................................................


THE CAPE GIRARDEAU MO CLIMATE NORMALS FOR TODAY
                         NORMAL    RECORD    YEAR
 MAXIMUM TEMPERATURE (F)   51        69      1998
 MINIMUM TEMPERATURE (F)   32        18      1976


SUNRISE AND SUNSET
NOVEMBER 28 2014......SUNRISE   651 AM CST   SUNSET   442 PM CST
NOVEMBER 29 2014......SUNRISE   652 AM CST   SUNSET   442 PM CST


-  INDICATES NEGATIVE NUMBERS.
R  INDICATES RECORD WAS SET OR TIED.
MM INDICATES DATA IS MISSING.
T  INDICATES TRACE AMOUNT.




$$
