619
CDUS43 KPAH 240638
CLICGI


CLIMATE REPORT
NATIONAL WEATHER SERVICE PADUCAH KY
134 AM CDT WED MAY 24 2017


...................................

...THE CAPE GIRARDEAU MO CLIMATE SUMMARY FOR MAY 23 2017...

CLIMATE NORMAL PERIOD 1981 TO 2010
CLIMATE RECORD PERIOD 1960 TO 2017


WEATHER ITEM   OBSERVED TIME   RECORD YEAR NORMAL DEPARTURE LAST
                VALUE   (LST)  VALUE       VALUE  FROM      YEAR
                                                  NORMAL
..................................................................
TEMPERATURE (F)
 YESTERDAY
  MAXIMUM         73    305 PM  93    1996  80     -7       83
  MINIMUM         56    446 AM  38    1963  58     -2       50
  AVERAGE         65                        69     -4

PRECIPITATION (IN)
  YESTERDAY        0.00          2.45 1966   0.16  -0.16     0.00
  MONTH TO DATE    4.58                      4.26   0.32     3.33
  SINCE MAR 1     15.67                     13.02   2.65    13.49
  SINCE JAN 1     18.69                     19.90  -1.21    18.27

DEGREE DAYS
 HEATING
  YESTERDAY        0                         1     -1        0
  MONTH TO DATE   63                        61      2      100
  SINCE MAR 1    690                       882   -192      679
  SINCE JUL 1   3425                      4379   -954     3571

 COOLING
  YESTERDAY        0                         5     -5        2
  MONTH TO DATE   89                        74     15       35
  SINCE MAR 1    131                       105     26       53
  SINCE JAN 1    131                       105     26       53
..................................................................


WIND (MPH)
  HIGHEST WIND SPEED    15   HIGHEST WIND DIRECTION     N (340)
  HIGHEST GUST SPEED    19   HIGHEST GUST DIRECTION     N (340)
  AVERAGE WIND SPEED     4.4


SKY COVER
  AVERAGE SKY COVER 0.4


WEATHER CONDITIONS
 THE FOLLOWING WEATHER WAS RECORDED YESTERDAY.
  NO SIGNIFICANT WEATHER WAS OBSERVED.


RELATIVE HUMIDITY (PERCENT)
 HIGHEST    93
 LOWEST     41
 AVERAGE    67

..........................................................


THE CAPE GIRARDEAU MO CLIMATE NORMALS FOR TODAY
                         NORMAL    RECORD    YEAR
 MAXIMUM TEMPERATURE (F)   80        97      1996
 MINIMUM TEMPERATURE (F)   58        44      1961


SUNRISE AND SUNSET
MAY 24 2017...........SUNRISE   543 AM CDT   SUNSET   808 PM CDT
MAY 25 2017...........SUNRISE   543 AM CDT   SUNSET   808 PM CDT


-  INDICATES NEGATIVE NUMBERS.
R  INDICATES RECORD WAS SET OR TIED.
MM INDICATES DATA IS MISSING.
T  INDICATES TRACE AMOUNT.




$$
