000
CDUS43 KPAH 240630
CLICGI


CLIMATE REPORT
NATIONAL WEATHER SERVICE PADUCAH KY
128 AM CDT SUN MAY 24 2015


...................................

...THE CAPE GIRARDEAU MO CLIMATE SUMMARY FOR MAY 23 2015...

CLIMATE NORMAL PERIOD 1981 TO 2010
CLIMATE RECORD PERIOD 1960 TO 2015


WEATHER ITEM   OBSERVED TIME   RECORD YEAR NORMAL DEPARTURE LAST
                VALUE   (LST)  VALUE       VALUE  FROM      YEAR
                                                  NORMAL
..................................................................
TEMPERATURE (F)
 YESTERDAY
  MAXIMUM         78    415 PM  93    1996  80     -2       84
  MINIMUM         58    505 AM  38    1963  58      0       66
  AVERAGE         68                        69     -1

PRECIPITATION (IN)
  YESTERDAY        0.00          2.45 1966   0.16  -0.16     0.00
  MONTH TO DATE    5.06                      4.26   0.80     4.29
  SINCE MAR 1     18.02                     13.02   5.00    14.61
  SINCE JAN 1     24.54                     19.90   4.64    17.75

DEGREE DAYS
 HEATING
  YESTERDAY        0                         1     -1        0
  MONTH TO DATE   56                        61     -5       78
  SINCE MAR 1    833                       882    -49     1016
  SINCE JUL 1   4611                      4379    232     4941

 COOLING
  YESTERDAY        3                         5     -2       10
  MONTH TO DATE   91                        74     17      113
  SINCE MAR 1    119                       105     14      124
  SINCE JAN 1    119                       105     14      124
..................................................................


WIND (MPH)
  HIGHEST WIND SPEED    14   HIGHEST WIND DIRECTION     S (160)
  HIGHEST GUST SPEED    18   HIGHEST GUST DIRECTION     S (160)
  AVERAGE WIND SPEED     5.5


SKY COVER
  AVERAGE SKY COVER 0.3


WEATHER CONDITIONS
 THE FOLLOWING WEATHER WAS RECORDED YESTERDAY.
  NO SIGNIFICANT WEATHER WAS OBSERVED.


RELATIVE HUMIDITY (PERCENT)
 HIGHEST   100
 LOWEST     36
 AVERAGE    68

..........................................................


THE CAPE GIRARDEAU MO CLIMATE NORMALS FOR TODAY
                         NORMAL    RECORD    YEAR
 MAXIMUM TEMPERATURE (F)   80        97      1996
 MINIMUM TEMPERATURE (F)   58        44      1961


SUNRISE AND SUNSET
MAY 24 2015...........SUNRISE   544 AM CDT   SUNSET   807 PM CDT
MAY 25 2015...........SUNRISE   543 AM CDT   SUNSET   808 PM CDT


-  INDICATES NEGATIVE NUMBERS.
R  INDICATES RECORD WAS SET OR TIED.
MM INDICATES DATA IS MISSING.
T  INDICATES TRACE AMOUNT.




$$
