749
CDUS44 KMRX 270826
CLICHA


CLIMATE REPORT
NATIONAL WEATHER SERVICE MORRISTOWN TN
425 AM EDT WED JUL 27 2016


...................................

...THE CHATTANOOGA  ASOS CLIMATE SUMMARY FOR JULY 26 2016...

CLIMATE NORMAL PERIOD 1981 TO 2010
CLIMATE RECORD PERIOD 1879 TO 2016


WEATHER ITEM   OBSERVED TIME   RECORD YEAR NORMAL DEPARTURE LAST
                VALUE   (LST)  VALUE       VALUE  FROM      YEAR
                                                  NORMAL
..................................................................
TEMPERATURE (F)
 YESTERDAY
  MAXIMUM         98    328 PM 103    1993  90      8       95
  MINIMUM         78    802 AM  58    1911  70      8       73
  AVERAGE         88                        80      8       84

PRECIPITATION (IN)
  YESTERDAY        T             2.89 1950   0.15  -0.15     0.00
  MONTH TO DATE    1.63                      4.17  -2.54     6.18
  SINCE JUN 1      2.85                      8.22  -5.37    10.29
  SINCE JAN 1     20.09                     31.04 -10.95    33.49

DEGREE DAYS
 COOLING
  YESTERDAY       23                        15      8       19
  MONTH TO DATE  498                       386    112      420
  SINCE JUN 1    970                       731    239      861
  SINCE JAN 1   1246                       927    319     1137
..................................................................


WIND (MPH)
  HIGHEST WIND SPEED    14   HIGHEST WIND DIRECTION    NW (300)
  HIGHEST GUST SPEED    17   HIGHEST GUST DIRECTION    NW (300)
  AVERAGE WIND SPEED     3.6


SKY COVER
  POSSIBLE SUNSHINE  MM
  AVERAGE SKY COVER 0.5


WEATHER CONDITIONS
 THE FOLLOWING WEATHER WAS RECORDED YESTERDAY.
  THUNDERSTORM
  LIGHT RAIN


RELATIVE HUMIDITY (PERCENT)
 HIGHEST    85          1200 AM
 LOWEST     39           500 PM
 AVERAGE    62

..........................................................


THE CHATTANOOGA  ASOS CLIMATE NORMALS FOR TODAY
                         NORMAL    RECORD    YEAR
 MAXIMUM TEMPERATURE (F)   90       104      1952
 MINIMUM TEMPERATURE (F)   70        57      1911


SUNRISE AND SUNSET
JULY 27 2016..........SUNRISE   647 AM EDT   SUNSET   847 PM EDT
JULY 28 2016..........SUNRISE   648 AM EDT   SUNSET   847 PM EDT


-  INDICATES NEGATIVE NUMBERS.
R  INDICATES RECORD WAS SET OR TIED.
MM INDICATES DATA IS MISSING.
T  INDICATES TRACE AMOUNT.




$$
