000
CDUS44 KMRX 200902
CLICHA


CLIMATE REPORT
NATIONAL WEATHER SERVICE MORRISTOWN TN
402 AM EST FRI JAN 20 2017


...................................

...THE CHATTANOOGA  ASOS CLIMATE SUMMARY FOR JANUARY 19 2017...

CLIMATE NORMAL PERIOD 1981 TO 2010
CLIMATE RECORD PERIOD 1879 TO 2017


WEATHER ITEM   OBSERVED TIME   RECORD YEAR NORMAL DEPARTURE LAST
                VALUE   (LST)  VALUE       VALUE  FROM      YEAR
                                                  NORMAL
..................................................................
TEMPERATURE (F)
 YESTERDAY
  MAXIMUM         60    304 PM  69    1907  50     10       33
  MINIMUM         49    755 AM   0    1940  31     18       16
  AVERAGE         55                        40     15       25

PRECIPITATION (IN)
  YESTERDAY        0.98          3.57 1988   0.17   0.81     0.00
  MONTH TO DATE    2.39                      3.00  -0.61     0.89
  SINCE DEC 1      7.44                      7.90  -0.46    11.30
  SINCE JAN 1      2.39                      3.00  -0.61     0.89

SNOWFALL (IN)
  YESTERDAY       MM                         0.1   MM        0.0
  MONTH TO DATE    0.3                       1.1   -0.8      0.0
  SINCE DEC 1      0.3                       1.4   -1.1      0.0
  SINCE JUL 1      0.3                       1.4   -1.1      0.0
  SNOW DEPTH       0

DEGREE DAYS
 HEATING
  YESTERDAY       10                        25    -15       40
  MONTH TO DATE  301                       475   -174      505
  SINCE DEC 1    922                      1170   -248      844
  SINCE JUL 1   1242                      1759   -517     1224
..................................................................


WIND (MPH)
  HIGHEST WIND SPEED    10   HIGHEST WIND DIRECTION    SW (230)
  HIGHEST GUST SPEED    14   HIGHEST GUST DIRECTION     S (180)
  AVERAGE WIND SPEED     4.2


SKY COVER
  POSSIBLE SUNSHINE  MM
  AVERAGE SKY COVER 0.9


WEATHER CONDITIONS
 THE FOLLOWING WEATHER WAS RECORDED YESTERDAY.
  HEAVY RAIN
  RAIN
  LIGHT RAIN
  FOG


RELATIVE HUMIDITY (PERCENT)
 HIGHEST   100          1000 PM
 LOWEST     57           200 PM
 AVERAGE    79

..........................................................


THE CHATTANOOGA  ASOS CLIMATE NORMALS FOR TODAY
                         NORMAL    RECORD    YEAR
 MAXIMUM TEMPERATURE (F)   50        71      1929
 MINIMUM TEMPERATURE (F)   31        -9      1985


SUNRISE AND SUNSET
JANUARY 20 2017.......SUNRISE   747 AM EST   SUNSET   558 PM EST
JANUARY 21 2017.......SUNRISE   746 AM EST   SUNSET   559 PM EST


-  INDICATES NEGATIVE NUMBERS.
R  INDICATES RECORD WAS SET OR TIED.
MM INDICATES DATA IS MISSING.
T  INDICATES TRACE AMOUNT.




$$
