000
CDUS44 KMRX 211220
CLICHA

CLIMATE REPORT NATIONAL WEATHER SERVICE MORRISTOWN TN
818 AM EDT TUE OCT 21 2014

...................................

...THE CHATTANOOGA  CLIMATE SUMMARY FOR OCTOBER 20 2014...

CLIMATE NORMAL PERIOD 1981 TO 2010
CLIMATE RECORD PERIOD 1879 TO 2014


WEATHER ITEM   OBSERVED TIME   RECORD YEAR NORMAL DEPARTURE LAST
                VALUE   (LST)  VALUE       VALUE  FROM      YEAR
                                                  NORMAL
..................................................................
TEMPERATURE (F)
 YESTERDAY
  MAXIMUM         72    251 PM  88    1941  72      0       68
  MINIMUM         43    608 AM  31    1948  48     -5       40
  AVERAGE         58                        60     -2       54

PRECIPITATION (IN)
  YESTERDAY        T             1.09 1935   0.09  -0.09     0.00
  MONTH TO DATE    5.96                      2.09   3.87     0.16
  SINCE SEP 1      8.44                      6.13   2.31     2.27
  SINCE JAN 1     37.09                     41.39  -4.30    56.47

SNOWFALL (IN)
  YESTERDAY        0.0                       0.0    0.0      0.0
  MONTH TO DATE    0.0                       0.0    0.0      0.0
  SINCE SEP 1      0.0                       0.0    0.0      0.0
  SINCE JUL 1      0.0                       0.0    0.0      0.0
  SNOW DEPTH       0

DEGREE DAYS
 HEATING
  YESTERDAY        7                         6      1       11
  MONTH TO DATE   55                        75    -20       24
  SINCE SEP 1     55                        90    -35       24
  SINCE JUL 1     55                        90    -35       24

 COOLING
  YESTERDAY        0                         1     -1        0
  MONTH TO DATE   77                        41     36       78
  SINCE SEP 1    402                       280    122      356
  SINCE JAN 1   1903                      1730    173     1748
..................................................................


WIND (MPH)
  HIGHEST WIND SPEED    13   HIGHEST WIND DIRECTION    NW (300)
  HIGHEST GUST SPEED    15   HIGHEST GUST DIRECTION    NW (300)
  AVERAGE WIND SPEED     2.2


SKY COVER
  POSSIBLE SUNSHINE  MM
  AVERAGE SKY COVER  MM


WEATHER CONDITIONS
 THE FOLLOWING WEATHER WAS RECORDED YESTERDAY.
  LIGHT RAIN


RELATIVE HUMIDITY (PERCENT)
 HIGHEST   100           200 AM
 LOWEST     47           300 PM
 AVERAGE    74

..........................................................


THE CHATTANOOGA  ASOS CLIMATE NORMALS FOR TODAY
                         NORMAL    RECORD    YEAR
 MAXIMUM TEMPERATURE (F)   72        89      1963
 MINIMUM TEMPERATURE (F)   48        30      1972


SUNRISE AND SUNSET
OCTOBER 21 2014.......SUNRISE   752 AM EDT   SUNSET   658 PM EDT
OCTOBER 22 2014.......SUNRISE   753 AM EDT   SUNSET   657 PM EDT


-  INDICATES NEGATIVE NUMBERS.
R  INDICATES RECORD WAS SET OR TIED.
MM INDICATES DATA IS MISSING.
T  INDICATES TRACE AMOUNT.

&&

THE LOW TEMPERATURE THIS MORNING WAS 48.
THERE HAS BEEN NO PRECIPITATION SINCE MIDNIGHT.


$$
