000
CDUS44 KMRX 280838
CLICHA

CLIMATE REPORT
NATIONAL WEATHER SERVICE MORRISTOWN TN

437 AM EDT SAT MAR 28 2015


...................................

...THE CHATTANOOGA CLIMATE SUMMARY FOR MARCH 27 2015...

CLIMATE NORMAL PERIOD 1981 TO 2010
CLIMATE RECORD PERIOD 1879 TO 2015


WEATHER ITEM   OBSERVED TIME   RECORD YEAR NORMAL DEPARTURE LAST
                VALUE   (LST)  VALUE       VALUE  FROM      YEAR
                                                  NORMAL
..................................................................
TEMPERATURE (F)
 YESTERDAY
  MAXIMUM         56    311 PM  86    1910  67    -11       67
  MINIMUM         40   1149 PM  17    1955  43     -3       33
  AVERAGE         48                        55     -7       50

PRECIPITATION (IN)
  YESTERDAY        0.03          6.19 1994   0.16  -0.13      T
  MONTH TO DATE    3.59                      4.34  -0.75     1.76
  SINCE MAR 1      3.59                      4.34  -0.75     1.76
  SINCE JAN 1     10.58                     14.09  -3.51     9.35

SNOWFALL (IN)
  YESTERDAY        0.0                       0.1   -0.1      0.0
  MONTH TO DATE    0.0                       1.2   -1.2       T
  SINCE MAR 1      0.0                       1.2   -1.2       T
  SINCE JUL 1      9.5                       3.8    5.7      8.4
  SNOW DEPTH       0

DEGREE DAYS
 HEATING
  YESTERDAY       17                        10      7       15
  MONTH TO DATE  267                       365    -98      397
  SINCE MAR 1    267                       365    -98      397
  SINCE JUL 1   3100                      2987    113     3191

 COOLING
  YESTERDAY        0                         0      0        0
  MONTH TO DATE    2                         0      2        0
  SINCE MAR 1      2                         0      2        0
  SINCE JAN 1      2                         0      2        0
..................................................................


WIND (MPH)
  HIGHEST WIND SPEED    24   HIGHEST WIND DIRECTION    NW (320)
  HIGHEST GUST SPEED    28   HIGHEST GUST DIRECTION    NW (330)
  AVERAGE WIND SPEED    12.8


SKY COVER
  POSSIBLE SUNSHINE  MM
  AVERAGE SKY COVER  MM


WEATHER CONDITIONS
 THE FOLLOWING WEATHER WAS RECORDED YESTERDAY.
  RAIN
  LIGHT RAIN


RELATIVE HUMIDITY (PERCENT)
 HIGHEST    77           100 AM
 LOWEST     32           300 PM
 AVERAGE    55

..........................................................


THE CHATTANOOGA CLIMATE NORMALS FOR TODAY
                         NORMAL    RECORD    YEAR
 MAXIMUM TEMPERATURE (F)   68        87      1907
 MINIMUM TEMPERATURE (F)   44        25      1894


SUNRISE AND SUNSET
MARCH 28 2015.........SUNRISE   734 AM EDT   SUNSET   759 PM EDT
MARCH 29 2015.........SUNRISE   732 AM EDT   SUNSET   800 PM EDT


-  INDICATES NEGATIVE NUMBERS.
R  INDICATES RECORD WAS SET OR TIED.
MM INDICATES DATA IS MISSING.
T  INDICATES TRACE AMOUNT.




$$
