000
CDUS44 KMRX 230830
CLICHA

CLIMATE REPORT
NATIONAL WEATHER SERVICE MORRISTOWN TN

430 AM EDT SAT MAY 23 2015


...................................

...THE CHATTANOOGA CLIMATE SUMMARY FOR MAY 22 2015...

CLIMATE NORMAL PERIOD 1981 TO 2010
CLIMATE RECORD PERIOD 1879 TO 2015


WEATHER ITEM   OBSERVED TIME   RECORD YEAR NORMAL DEPARTURE LAST
                VALUE   (LST)  VALUE       VALUE  FROM      YEAR
                                                  NORMAL
..................................................................
TEMPERATURE (F)
 YESTERDAY
  MAXIMUM         76    436 PM  96    1941  81     -5       89
  MINIMUM         51    548 AM  42    1993  59     -8       62
                                      1883
  AVERAGE         64                        70     -6       76

PRECIPITATION (IN)
  YESTERDAY        0.00          2.17 1955   0.11  -0.11     0.00
  MONTH TO DATE    0.71                      2.98  -2.27     1.80
  SINCE MAR 1     14.19                     11.95   2.24     9.65
  SINCE JAN 1     21.18                     21.70  -0.52    17.24

SNOWFALL (IN)
  YESTERDAY        0.0                       0.0    0.0      0.0
  MONTH TO DATE    0.0                       0.0    0.0      0.0
  SINCE MAR 1      0.0                       1.3   -1.3       T
  SINCE JUL 1      9.5                       3.9    5.6      8.4
  SNOW DEPTH       0

DEGREE DAYS
 HEATING
  YESTERDAY        1                         1      0        0
  MONTH TO DATE   13                        35    -22       47
  SINCE MAR 1    428                       613   -185      602
  SINCE JUL 1   3261                      3235     26     3396

 COOLING
  YESTERDAY        0                         6     -6       11
  MONTH TO DATE  148                        86     62      109
  SINCE MAR 1    195                       132     63      147
  SINCE JAN 1    195                       132     63      147
..................................................................


WIND (MPH)
  HIGHEST WIND SPEED    18   HIGHEST WIND DIRECTION    NE (40)
  HIGHEST GUST SPEED    25   HIGHEST GUST DIRECTION    NE (50)
  AVERAGE WIND SPEED     9.7


SKY COVER
  POSSIBLE SUNSHINE  MM
  AVERAGE SKY COVER 0.4


WEATHER CONDITIONS
 THE FOLLOWING WEATHER WAS RECORDED YESTERDAY.
  NO SIGNIFICANT WEATHER WAS OBSERVED.


RELATIVE HUMIDITY (PERCENT)
 HIGHEST    77           400 AM
 LOWEST     25           400 PM
 AVERAGE    51

..........................................................


THE CHATTANOOGA CLIMATE NORMALS FOR TODAY
NORMAL    RECORD    YEAR                     MAXIMUM TEMPERATURE (F)
  82        93      1953
                    1941                     MINIMUM TEMPERATURE (F)
  59        41      1889


SUNRISE AND SUNSET
MAY 23 2015...........SUNRISE   632 AM EDT   SUNSET   843 PM EDT
MAY 24 2015...........SUNRISE   631 AM EDT   SUNSET   844 PM EDT


-  INDICATES NEGATIVE NUMBERS.
R  INDICATES RECORD WAS SET OR TIED.
MM INDICATES DATA IS MISSING.
T  INDICATES TRACE AMOUNT.




$$
