000
CDUS44 KMRX 220817
CLICHA

CLIMATE REPORT
NATIONAL WEATHER SERVICE MORRISTOWN TN
416 AM EDT FRI AUG 22 2014


...................................

...THE CHATTANOOGA CLIMATE SUMMARY FOR AUGUST 21 2014...

CLIMATE NORMAL PERIOD 1981 TO 2010
CLIMATE RECORD PERIOD 1879 TO 2014


WEATHER ITEM   OBSERVED TIME   RECORD YEAR NORMAL DEPARTURE LAST
                VALUE   (LST)  VALUE       VALUE  FROM      YEAR
                                                  NORMAL
..................................................................
TEMPERATURE (F)
 YESTERDAY
  MAXIMUM         94    456 PM 103    1983  90      4       82
  MINIMUM         70    729 AM  56    1927  69      1       72
  AVERAGE         82                        79      3       77

PRECIPITATION (IN)
  YESTERDAY        0.00          1.22 1901   0.11  -0.11     0.55
  MONTH TO DATE    2.51                      2.45   0.06     5.95
  SINCE JUN 1     10.07                     11.41  -1.34    18.91
  SINCE JAN 1     27.36                     34.23  -6.87    53.58

SNOWFALL (IN)
  YESTERDAY        0.0                       0.0    0.0      0.0
  MONTH TO DATE    0.0                       0.0    0.0      0.0
  SINCE JUN 1      0.0                       0.0    0.0      0.0
  SINCE JUL 1      0.0                       0.0    0.0      0.0
  SNOW DEPTH       0

DEGREE DAYS
 HEATING
  YESTERDAY        0                         0      0        0
  MONTH TO DATE    0                         0      0        0
  SINCE JUN 1      0                         2     -2        0
  SINCE JUL 1      0                         0      0        0

 COOLING
  YESTERDAY       17                        14      3       12
  MONTH TO DATE  291                       312    -21      261
  SINCE JUN 1   1087                      1120    -33     1065
  SINCE JAN 1   1345                      1316     29     1241
..................................................................


WIND (MPH)
  HIGHEST WIND SPEED    10   HIGHEST WIND DIRECTION     W (270)
  HIGHEST GUST SPEED    13   HIGHEST GUST DIRECTION     W (280)
  AVERAGE WIND SPEED     1.4


SKY COVER
  POSSIBLE SUNSHINE  MM
  AVERAGE SKY COVER  MM


WEATHER CONDITIONS
 THE FOLLOWING WEATHER WAS RECORDED YESTERDAY.
  FOG


RELATIVE HUMIDITY (PERCENT)
 HIGHEST    90          1200 AM
 LOWEST     41           300 PM
 AVERAGE    66

..........................................................


THE CHATTANOOGA  ASOS CLIMATE NORMALS FOR TODAY
                         NORMAL    RECORD    YEAR
 MAXIMUM TEMPERATURE (F)   89       103      2007
 MINIMUM TEMPERATURE (F)   69        55      1956
                                             1930


SUNRISE AND SUNSET
AUGUST 22 2014........SUNRISE   706 AM EDT   SUNSET   821 PM EDT
AUGUST 23 2014........SUNRISE   707 AM EDT   SUNSET   819 PM EDT


-  INDICATES NEGATIVE NUMBERS.
R  INDICATES RECORD WAS SET OR TIED.
MM INDICATES DATA IS MISSING.
T  INDICATES TRACE AMOUNT.




$$
