000
CDUS44 KMRX 252132
CLICHA


CLIMATE REPORT
NATIONAL WEATHER SERVICE MORRISTOWN TN
532 PM EDT SAT MAR 25 2017


...................................

...THE CHATTANOOGA  ASOS CLIMATE SUMMARY FOR MARCH 25 2017...
VALID TODAY AS OF 0500 PM LOCAL TIME.

CLIMATE NORMAL PERIOD 1981 TO 2010
CLIMATE RECORD PERIOD 1879 TO 2017


WEATHER ITEM   OBSERVED TIME   RECORD YEAR NORMAL DEPARTURE LAST
                VALUE   (LST)  VALUE       VALUE  FROM      YEAR
                                                  NORMAL
..................................................................
TEMPERATURE (F)
 TODAY
  MAXIMUM         78    329 PM  88    2007  67     11       66
  MINIMUM         61    741 AM  25    1983  43     18       48
                                      1940
  AVERAGE         70                        55     15       57

PRECIPITATION (IN)
  TODAY            0.00          2.28 1964   0.17  -0.17     0.00
  MONTH TO DATE    2.48                      4.02  -1.54     2.39
  SINCE MAR 1      2.48                      4.02  -1.54     2.39
  SINCE JAN 1     10.91                     13.77  -2.86    13.13

SNOWFALL (IN)
  TODAY            0.0                       0.0    0.0      0.0
  MONTH TO DATE    T                         1.1   -1.1       T
  SINCE MAR 1      T                         1.1   -1.1       T
  SINCE JUL 1      0.3                       3.7   -3.4      0.5
  SNOW DEPTH       0

DEGREE DAYS
 HEATING
  TODAY            0                        11    -11        8
  MONTH TO DATE  326                       345    -19      212
  SINCE MAR 1    326                       345    -19      212
  SINCE JUL 1   2137                      2967   -830     2297

 COOLING
  TODAY            5                         0      5        0
  MONTH TO DATE    9                         0      9       12
  SINCE MAR 1      9                         0      9       12
  SINCE JAN 1      9                         0      9       12
..................................................................


WIND (MPH)
  HIGHEST WIND SPEED    20   HIGHEST WIND DIRECTION     S (200)
  HIGHEST GUST SPEED    25   HIGHEST GUST DIRECTION     S (190)
  AVERAGE WIND SPEED    10.4


SKY COVER
  POSSIBLE SUNSHINE  MM
  AVERAGE SKY COVER 0.5


WEATHER CONDITIONS
 THE FOLLOWING WEATHER WAS RECORDED TODAY.
  NO SIGNIFICANT WEATHER WAS OBSERVED.


RELATIVE HUMIDITY (PERCENT)
 HIGHEST    65           800 AM
 LOWEST     36           300 PM
 AVERAGE    51

..........................................................


THE CHATTANOOGA  ASOS CLIMATE NORMALS FOR TOMORROW
                         NORMAL    RECORD    YEAR
 MAXIMUM TEMPERATURE (F)   67        84      2007
                                             1991
                                             1910
 MINIMUM TEMPERATURE (F)   43        19      1894


SUNRISE AND SUNSET
MARCH 25 2017.........SUNRISE   737 AM EDT   SUNSET   757 PM EDT
MARCH 26 2017.........SUNRISE   736 AM EDT   SUNSET   758 PM EDT


-  INDICATES NEGATIVE NUMBERS.
R  INDICATES RECORD WAS SET OR TIED.
MM INDICATES DATA IS MISSING.
T  INDICATES TRACE AMOUNT.




$$
