000
CDUS41 KLWX 180522
CLICHO


CLIMATE REPORT
NATIONAL WEATHER SERVICE BALTIMORE MD/WASHINGTON DC
1221 AM EST WED JAN 18 2017


...................................

...THE CHARLOTTESVILLE VA CLIMATE SUMMARY FOR JANUARY 17 2017...

CLIMATE NORMAL PERIOD 1981 TO 2010
CLIMATE RECORD PERIOD 1889 TO 2017


WEATHER ITEM   OBSERVED TIME   RECORD YEAR NORMAL DEPARTURE LAST
                VALUE   (LST)  VALUE       VALUE  FROM      YEAR
                                                  NORMAL
..................................................................
TEMPERATURE (F)
 YESTERDAY
  MAXIMUM         56   1007 PM  MM      MM  44     12       39
  MINIMUM         41    620 AM  MM      MM  26     15       31
  AVERAGE         49                        35     14       35

PRECIPITATION (IN)
  YESTERDAY        0.08                      0.08   0.00     0.05
  MONTH TO DATE    1.09                      1.54  -0.45     1.45
  SINCE DEC 1      2.81                      4.69  -1.88     5.28
  SINCE JAN 1      1.09                      1.54  -0.45     1.45

DEGREE DAYS
 HEATING
  YESTERDAY       16                        30    -14       30
  MONTH TO DATE  440                       510    -70      475
  SINCE DEC 1   1173                      1355   -182      917
  SINCE JUL 1   1698                      2246   -548     1563

 COOLING
  YESTERDAY        0                         0      0        0
  MONTH TO DATE    0                         0      0        0
  SINCE DEC 1      0                         0      0        2
  SINCE JAN 1      0                         0      0        0
..................................................................


WIND (MPH)
  HIGHEST WIND SPEED    15   HIGHEST WIND DIRECTION     S (190)
  HIGHEST GUST SPEED    19   HIGHEST GUST DIRECTION     S (190)
  AVERAGE WIND SPEED     5.6


SKY COVER
  POSSIBLE SUNSHINE  MM
  AVERAGE SKY COVER 0.8


WEATHER CONDITIONS
 THE FOLLOWING WEATHER WAS RECORDED YESTERDAY.
  LIGHT RAIN
  FOG


RELATIVE HUMIDITY (PERCENT)
 HIGHEST    96          1200 AM
 LOWEST     86           900 PM
 AVERAGE    91

..........................................................


THE CHARLOTTESVILLE VA CLIMATE NORMALS FOR TODAY
                         NORMAL    RECORD    YEAR
 MAXIMUM TEMPERATURE (F)   44        MM        MM
 MINIMUM TEMPERATURE (F)   26        MM        MM


SUNRISE AND SUNSET
JANUARY 18 2017.......SUNRISE   728 AM EST   SUNSET   521 PM EST
JANUARY 19 2017.......SUNRISE   727 AM EST   SUNSET   522 PM EST


-  INDICATES NEGATIVE NUMBERS.
R  INDICATES RECORD WAS SET OR TIED.
MM INDICATES DATA IS MISSING.
T  INDICATES TRACE AMOUNT.




$$
