000
CDUS41 KLWX 290529
CLICHO


CLIMATE REPORT
NATIONAL WEATHER SERVICE BALTIMORE MD/WASHINGTON DC
127 AM EDT FRI MAY 29 2015


...................................

...THE CHARLOTTESVILLE VA CLIMATE SUMMARY FOR MAY 28 2015...

CLIMATE NORMAL PERIOD 1981 TO 2010
CLIMATE RECORD PERIOD 1889 TO 2015


WEATHER ITEM   OBSERVED TIME   RECORD YEAR NORMAL DEPARTURE LAST
                VALUE   (LST)  VALUE       VALUE  FROM      YEAR
                                                  NORMAL
..................................................................
TEMPERATURE (F)
 YESTERDAY
  MAXIMUM         87    107 PM  MM      MM  78      9       89
  MINIMUM         63    536 AM  MM      MM  55      8       66
  AVERAGE         75                        67      8       78

PRECIPITATION (IN)
  YESTERDAY        0.00                      0.15  -0.15     0.42
  MONTH TO DATE    1.65                      3.52  -1.87     4.69
  SINCE MAR 1      9.83                     10.54  -0.71    13.01
  SINCE JAN 1     12.49                     16.01  -3.52    18.10

DEGREE DAYS
 HEATING
  YESTERDAY        0                         2     -2        0
  MONTH TO DATE   43                       116    -73       55
  SINCE MAR 1    893                      1016   -123     1077
  SINCE JUL 1   4408                      4428    -20     4586

 COOLING
  YESTERDAY       10                         3      7       13
  MONTH TO DATE  137                        53     84      107
  SINCE MAR 1    145                        74     71      116
  SINCE JAN 1    145                        74     71      116
..................................................................


WIND (MPH)
  HIGHEST WIND SPEED    17   HIGHEST WIND DIRECTION     N (20)
  HIGHEST GUST SPEED    22   HIGHEST GUST DIRECTION     N (20)
  AVERAGE WIND SPEED     3.6


SKY COVER
  POSSIBLE SUNSHINE  MM
  AVERAGE SKY COVER 0.1


WEATHER CONDITIONS
 THE FOLLOWING WEATHER WAS RECORDED YESTERDAY.
  THUNDERSTORM
  FOG
  HAZE


RELATIVE HUMIDITY (PERCENT)
 HIGHEST    93           300 AM
 LOWEST     44           100 PM
 AVERAGE    69

..........................................................


THE CHARLOTTESVILLE VA CLIMATE NORMALS FOR TODAY
                         NORMAL    RECORD    YEAR
 MAXIMUM TEMPERATURE (F)   78        MM        MM
 MINIMUM TEMPERATURE (F)   56        MM        MM


SUNRISE AND SUNSET
MAY 29 2015...........SUNRISE   554 AM EDT   SUNSET   829 PM EDT
MAY 30 2015...........SUNRISE   553 AM EDT   SUNSET   830 PM EDT


-  INDICATES NEGATIVE NUMBERS.
R  INDICATES RECORD WAS SET OR TIED.
MM INDICATES DATA IS MISSING.
T  INDICATES TRACE AMOUNT.




$$
