000
CDUS41 KLWX 300538
CLICHO


CLIMATE REPORT
NATIONAL WEATHER SERVICE BALTIMORE MD/WASHINGTON DC
137 AM EDT THU OCT 30 2014


...................................

...THE CHARLOTTESVILLE VA CLIMATE SUMMARY FOR OCTOBER 29 2014...

CLIMATE NORMAL PERIOD 1981 TO 2010
CLIMATE RECORD PERIOD 1889 TO 2014


WEATHER ITEM   OBSERVED TIME   RECORD YEAR NORMAL DEPARTURE LAST
                VALUE   (LST)  VALUE       VALUE  FROM      YEAR
                                                  NORMAL
..................................................................
TEMPERATURE (F)
 YESTERDAY
  MAXIMUM         65   1009 AM  MM      MM  64      1       66
  MINIMUM         46   1154 PM  MM      MM  41      5       41
  AVERAGE         56                        52      4       54

PRECIPITATION (IN)
  YESTERDAY        0.01                      0.10  -0.09     0.00
  MONTH TO DATE    3.73                      2.92   0.81     3.47
  SINCE SEP 1      4.59                      7.40  -2.81     4.12
  SINCE JAN 1     33.09                     35.54  -2.45    37.64

DEGREE DAYS
 HEATING
  YESTERDAY        9                        13     -4       11
  MONTH TO DATE  172                       264    -92      230
  SINCE SEP 1    195                       319   -124      300
  SINCE JUL 1    195                       322   -127      305

 COOLING
  YESTERDAY        0                         0      0        0
  MONTH TO DATE   16                        12      4       37
  SINCE SEP 1    168                       123     45      143
  SINCE JAN 1   1096                      1033     63     1145
..................................................................


WIND (MPH)
  HIGHEST WIND SPEED    10   HIGHEST WIND DIRECTION     S (200)
  HIGHEST GUST SPEED    13   HIGHEST GUST DIRECTION     S (200)
  AVERAGE WIND SPEED     3.4


SKY COVER
  POSSIBLE SUNSHINE  MM
  AVERAGE SKY COVER 0.5


WEATHER CONDITIONS
 THE FOLLOWING WEATHER WAS RECORDED YESTERDAY.
  LIGHT RAIN
  FOG
  FOG W/VISIBILITY <= 1/4 MILE


RELATIVE HUMIDITY (PERCENT)
 HIGHEST   100           900 PM
 LOWEST     67          1200 AM
 AVERAGE    84

..........................................................


THE CHARLOTTESVILLE VA CLIMATE NORMALS FOR TODAY
                         NORMAL    RECORD    YEAR
 MAXIMUM TEMPERATURE (F)   64        MM        MM
 MINIMUM TEMPERATURE (F)   40        MM        MM


SUNRISE AND SUNSET
OCTOBER 30 2014.......SUNRISE   738 AM EDT   SUNSET   617 PM EDT
OCTOBER 31 2014.......SUNRISE   739 AM EDT   SUNSET   616 PM EDT


-  INDICATES NEGATIVE NUMBERS.
R  INDICATES RECORD WAS SET OR TIED.
MM INDICATES DATA IS MISSING.
T  INDICATES TRACE AMOUNT.




$$
