000
CDUS41 KLWX 180524
CLICHO


CLIMATE REPORT
NATIONAL WEATHER SERVICE BALTIMORE MD/WASHINGTON DC
124 AM EDT FRI APR 18 2014


...................................

...THE CHARLOTTESVILLE VA CLIMATE SUMMARY FOR APRIL 17 2014...

CLIMATE NORMAL PERIOD 1981 TO 2010
CLIMATE RECORD PERIOD 1889 TO 2014


WEATHER ITEM   OBSERVED TIME   RECORD YEAR NORMAL DEPARTURE LAST
                VALUE   (LST)  VALUE       VALUE  FROM      YEAR
                                                  NORMAL
..................................................................
TEMPERATURE (F)
 YESTERDAY
  MAXIMUM         58    458 PM  MM      MM  68    -10       83
  MINIMUM         28    542 AM  MM      MM  44    -16       60
  AVERAGE         43                        56    -13       72

PRECIPITATION (IN)
  YESTERDAY        0.00                      0.11  -0.11      T
  MONTH TO DATE    2.20                      1.92   0.28     1.74
  SINCE MAR 1      4.69                      5.58  -0.89     4.56
  SINCE JAN 1      9.78                     11.05  -1.27    11.00

DEGREE DAYS
 HEATING
  YESTERDAY       22                        10     12        0
  MONTH TO DATE  170                       202    -32      148
  SINCE MAR 1    897                       794    103      882
  SINCE JUL 1   4406                      4206    200     3939

 COOLING
  YESTERDAY        0                         1     -1        7
  MONTH TO DATE    9                         9      0       40
  SINCE MAR 1      9                        11     -2       40
  SINCE JAN 1      9                        11     -2       40
..................................................................


WIND (MPH)
  HIGHEST WIND SPEED    12   HIGHEST WIND DIRECTION     E (100)
  HIGHEST GUST SPEED    17   HIGHEST GUST DIRECTION     E (110)
  AVERAGE WIND SPEED     4.4


SKY COVER
  POSSIBLE SUNSHINE  MM
  AVERAGE SKY COVER 0.0


WEATHER CONDITIONS
 THE FOLLOWING WEATHER WAS RECORDED YESTERDAY.
  NO SIGNIFICANT WEATHER WAS OBSERVED.


RELATIVE HUMIDITY (PERCENT)
 HIGHEST    78           400 AM
 LOWEST     30           200 PM
 AVERAGE    54

..........................................................


THE CHARLOTTESVILLE VA CLIMATE NORMALS FOR TODAY
                         NORMAL    RECORD    YEAR
 MAXIMUM TEMPERATURE (F)   68        MM        MM
 MINIMUM TEMPERATURE (F)   44        MM        MM


SUNRISE AND SUNSET
APRIL 18 2014.........SUNRISE   634 AM EDT   SUNSET   753 PM EDT
APRIL 19 2014.........SUNRISE   633 AM EDT   SUNSET   754 PM EDT


-  INDICATES NEGATIVE NUMBERS.
R  INDICATES RECORD WAS SET OR TIED.
MM INDICATES DATA IS MISSING.
T  INDICATES TRACE AMOUNT.




$$
