000
CDUS42 KCHS 270621
CLICHS


CLIMATE REPORT
NATIONAL WEATHER SERVICE CHARLESTON SC
220 AM EDT WED JUL 27 2016


...................................

...THE NORTH CHARLESTON SC CLIMATE SUMMARY FOR JULY 26 2016...

CLIMATE NORMAL PERIOD 1981 TO 2010
CLIMATE RECORD PERIOD 1938 TO 2016


WEATHER ITEM   OBSERVED TIME   RECORD YEAR NORMAL DEPARTURE LAST
                VALUE   (LST)  VALUE       VALUE  FROM      YEAR
                                                  NORMAL
..................................................................
TEMPERATURE (F)
 YESTERDAY
  MAXIMUM         97    233 PM  99    2010  91      6       94
                                      1940
  MINIMUM         75    547 AM  67    1959  73      2       70
  AVERAGE         86                        82      4       82

PRECIPITATION (IN)
  YESTERDAY        0.00          2.40 1981   0.21  -0.21     0.00
  MONTH TO DATE    4.32                      5.51  -1.19     7.72
  SINCE JUN 1      7.46                     11.16  -3.70    15.41
  SINCE JAN 1     28.21                     27.47   0.74    30.63

DEGREE DAYS
 HEATING
  YESTERDAY        0                         0      0        0
  MONTH TO DATE    0                         0      0        0
  SINCE JUN 1      0                         1     -1        0
  SINCE JUL 1      0                         0      0        0

 COOLING
  YESTERDAY       21                        17      4       17
  MONTH TO DATE  546                       439    107      479
  SINCE JUN 1   1071                       860    211     1007
  SINCE JAN 1   1566                      1222    344     1440
..................................................................


WIND (MPH)
  HIGHEST WIND SPEED    18   HIGHEST WIND DIRECTION     S (200)
  HIGHEST GUST SPEED    24   HIGHEST GUST DIRECTION     S (200)
  AVERAGE WIND SPEED     7.6


SKY COVER
  POSSIBLE SUNSHINE  MM
  AVERAGE SKY COVER 0.2


WEATHER CONDITIONS
 THE FOLLOWING WEATHER WAS RECORDED YESTERDAY.
  NO SIGNIFICANT WEATHER WAS OBSERVED.


RELATIVE HUMIDITY (PERCENT)
 HIGHEST    87           200 AM
 LOWEST     42           200 PM
 AVERAGE    65

..........................................................


THE NORTH CHARLESTON SC CLIMATE NORMALS FOR TODAY
                         NORMAL    RECORD    YEAR
 MAXIMUM TEMPERATURE (F)   91       100      2005
 MINIMUM TEMPERATURE (F)   73        68      1959
                                             1947


SUNRISE AND SUNSET
JULY 27 2016..........SUNRISE   631 AM EDT   SUNSET   822 PM EDT
JULY 28 2016..........SUNRISE   631 AM EDT   SUNSET   821 PM EDT


-  INDICATES NEGATIVE NUMBERS.
R  INDICATES RECORD WAS SET OR TIED.
MM INDICATES DATA IS MISSING.
T  INDICATES TRACE AMOUNT.




$$
