000
CDUS42 KCHS 180623
CLICHS


CLIMATE REPORT
NATIONAL WEATHER SERVICE CHARLESTON SC
123 AM EST SAT NOV 18 2017


...................................

...THE NORTH CHARLESTON SC CLIMATE SUMMARY FOR NOVEMBER 17 2017...

CLIMATE NORMAL PERIOD 1981 TO 2010
CLIMATE RECORD PERIOD 1938 TO 2017


WEATHER ITEM   OBSERVED TIME   RECORD YEAR NORMAL DEPARTURE LAST
                VALUE   (LST)  VALUE       VALUE  FROM      YEAR
                                                  NORMAL
..................................................................
TEMPERATURE (F)
 YESTERDAY
  MAXIMUM         66    218 PM  84    1964  70     -4       75
  MINIMUM         41    330 AM  29    1967  47     -6       45
  AVERAGE         54                        58     -4       60

PRECIPITATION (IN)
  YESTERDAY        0.00          0.56 1986   0.08  -0.08     0.00
  MONTH TO DATE    1.17                      1.39  -0.22     0.11
  SINCE SEP 1     11.49                     11.24   0.25    22.86
  SINCE JAN 1     49.93                     46.88   3.05    54.85

SNOWFALL (IN)
  YESTERDAY        0.0                       0.0    0.0
  SINCE SEP 1      0.0                       0.0    0.0
  SINCE JUL 1      T                         0.0    0.0

DEGREE DAYS
 HEATING
  YESTERDAY       11                         8      3        5
  MONTH TO DATE  107                       102      5      107
  SINCE SEP 1    165                       171     -6      123
  SINCE JUL 1    165                       171     -6      123

 COOLING
  YESTERDAY        0                         1     -1        0
  MONTH TO DATE   32                        22     10       22
  SINCE SEP 1    637                       481    156      658
  SINCE JAN 1   2679                      2286    393     2933
..................................................................


WIND (MPH)
  HIGHEST WIND SPEED    17   HIGHEST WIND DIRECTION    NE (60)
  HIGHEST GUST SPEED    24   HIGHEST GUST DIRECTION    NE (40)
  AVERAGE WIND SPEED     5.8


SKY COVER
  POSSIBLE SUNSHINE  MM
  AVERAGE SKY COVER 0.0


WEATHER CONDITIONS
 THE FOLLOWING WEATHER WAS RECORDED YESTERDAY.
  FOG


RELATIVE HUMIDITY (PERCENT)
 HIGHEST   100           100 AM
 LOWEST     37           200 PM
 AVERAGE    69

..........................................................


THE NORTH CHARLESTON SC CLIMATE NORMALS FOR TODAY
                         NORMAL    RECORD    YEAR
 MAXIMUM TEMPERATURE (F)   69        86      1978
 MINIMUM TEMPERATURE (F)   47        28      1943
                                             1940


SUNRISE AND SUNSET
NOVEMBER 18 2017......SUNRISE   653 AM EST   SUNSET   517 PM EST
NOVEMBER 19 2017......SUNRISE   654 AM EST   SUNSET   517 PM EST


-  INDICATES NEGATIVE NUMBERS.
R  INDICATES RECORD WAS SET OR TIED.
MM INDICATES DATA IS MISSING.
T  INDICATES TRACE AMOUNT.




$$
