000
CDUS42 KCHS 282229
CLICHS


CLIMATE REPORT
NATIONAL WEATHER SERVICE CHARLESTON SC
528 PM EST WED JAN 28 2015


...................................

...THE NORTH CHARLESTON SC CLIMATE SUMMARY FOR JANUARY 28 2015...
VALID TODAY AS OF 0500 PM LOCAL TIME.

CLIMATE NORMAL PERIOD 1981 TO 2010
CLIMATE RECORD PERIOD 1938 TO 2015


WEATHER ITEM   OBSERVED TIME   RECORD YEAR NORMAL DEPARTURE LAST
                VALUE   (LST)  VALUE       VALUE  FROM      YEAR
                                                  NORMAL
..................................................................
TEMPERATURE (F)
 TODAY
  MAXIMUM         49    404 PM  81    1957  60    -11       56
  MINIMUM         27    707 AM  12    1986  38    -11       31
                                      1940
  AVERAGE         38                        49    -11       44

PRECIPITATION (IN)
  TODAY            0.00          1.28 1943   0.11  -0.11     0.50
  MONTH TO DATE    3.53                      3.35   0.18     2.58
  SINCE DEC 1      6.93                      6.46   0.47     4.73
  SINCE JAN 1      3.53                      3.35   0.18     2.58

SNOWFALL (IN)
  TODAY            0.0                       0.0    0.0
  SINCE DEC 1      T                         0.3   -0.3
  SINCE JUL 1      T                         0.3   -0.3

DEGREE DAYS
 HEATING
  TODAY           27                        16     11       21
  MONTH TO DATE  440                       472    -32      511
  SINCE DEC 1    798                       918   -120      806
  SINCE JUL 1   1136                      1210    -74     1111

 COOLING
  TODAY            0                         0      0        0
  MONTH TO DATE    4                         0      4        2
  SINCE DEC 1      4                         7     -3       36
  SINCE JAN 1      4                         0      4        2
..................................................................


WIND (MPH)
  HIGHEST WIND SPEED    20   HIGHEST WIND DIRECTION     N (360)
  HIGHEST GUST SPEED    25   HIGHEST GUST DIRECTION     N (360)
  AVERAGE WIND SPEED    10.0


SKY COVER
  POSSIBLE SUNSHINE  MM
  AVERAGE SKY COVER 0.0


WEATHER CONDITIONS
 THE FOLLOWING WEATHER WAS RECORDED TODAY.
  NO SIGNIFICANT WEATHER WAS OBSERVED.


RELATIVE HUMIDITY (PERCENT)
 HIGHEST    85           600 AM
 LOWEST     31           200 PM
 AVERAGE    58

..........................................................


THE NORTH CHARLESTON SC CLIMATE NORMALS FOR TOMORROW
                         NORMAL    RECORD    YEAR
 MAXIMUM TEMPERATURE (F)   60        79      2002
                                             1947
 MINIMUM TEMPERATURE (F)   38        14      1940


SUNRISE AND SUNSET
JANUARY 28 2015.......SUNRISE   718 AM EST   SUNSET   549 PM EST
JANUARY 29 2015.......SUNRISE   717 AM EST   SUNSET   550 PM EST


-  INDICATES NEGATIVE NUMBERS.
R  INDICATES RECORD WAS SET OR TIED.
MM INDICATES DATA IS MISSING.
T  INDICATES TRACE AMOUNT.




$$
