000
CDUS42 KCHS 290526
CLICHS


CLIMATE REPORT
NATIONAL WEATHER SERVICE CHARLESTON SC
125 AM EDT FRI AUG 29 2014


...................................

...THE NORTH CHARLESTON SC CLIMATE SUMMARY FOR AUGUST 28 2014...

CLIMATE NORMAL PERIOD 1981 TO 2010
CLIMATE RECORD PERIOD 1938 TO 2014


WEATHER ITEM   OBSERVED TIME   RECORD YEAR NORMAL DEPARTURE LAST
                VALUE   (LST)  VALUE       VALUE  FROM      YEAR
                                                  NORMAL
..................................................................
TEMPERATURE (F)
 YESTERDAY
  MAXIMUM         92    351 PM  98    1990  88      4       91
  MINIMUM         69    608 AM  60    1986  71     -2       72
  AVERAGE         81                        80      1       82

PRECIPITATION (IN)
  YESTERDAY        0.00          3.33 1949   0.25  -0.25     0.00
  MONTH TO DATE    7.08                      6.43   0.65     3.95
  SINCE JUN 1     18.08                     18.61  -0.53    22.62
  SINCE JAN 1     35.33                     34.92   0.41    46.06

DEGREE DAYS
 HEATING
  YESTERDAY        0                         0      0        0
  MONTH TO DATE    0                         0      0        0
  SINCE JUN 1      0                         1     -1        0
  SINCE JUL 1      0                         0      0        0

 COOLING
  YESTERDAY       16                        15      1       17
  MONTH TO DATE  515                       450     65      459
  SINCE JUN 1   1599                      1400    199     1452
  SINCE JAN 1   2109                      1762    347     1799
..................................................................


WIND (MPH)
  HIGHEST WIND SPEED    15   HIGHEST WIND DIRECTION     S (180)
  HIGHEST GUST SPEED    18   HIGHEST GUST DIRECTION     S (190)
  AVERAGE WIND SPEED     4.8


SKY COVER
  POSSIBLE SUNSHINE  MM
  AVERAGE SKY COVER 0.1


WEATHER CONDITIONS
 THE FOLLOWING WEATHER WAS RECORDED YESTERDAY.
  NO SIGNIFICANT WEATHER WAS OBSERVED.


RELATIVE HUMIDITY (PERCENT)
 HIGHEST    90           200 AM
 LOWEST     34           300 PM
 AVERAGE    62

..........................................................


THE NORTH CHARLESTON SC CLIMATE NORMALS FOR TODAY
                         NORMAL    RECORD    YEAR
 MAXIMUM TEMPERATURE (F)   88        97      1990
 MINIMUM TEMPERATURE (F)   71        57      1986


SUNRISE AND SUNSET
AUGUST 29 2014........SUNRISE   653 AM EDT   SUNSET   749 PM EDT
AUGUST 30 2014........SUNRISE   653 AM EDT   SUNSET   748 PM EDT


-  INDICATES NEGATIVE NUMBERS.
R  INDICATES RECORD WAS SET OR TIED.
MM INDICATES DATA IS MISSING.
T  INDICATES TRACE AMOUNT.




$$
