000
CDUS42 KCHS 072206
CLICHS


CLIMATE REPORT
NATIONAL WEATHER SERVICE CHARLESTON SC
506 PM EST WED DEC 7 2016


...................................

...THE NORTH CHARLESTON SC CLIMATE SUMMARY FOR DECEMBER 7 2016...
VALID TODAY AS OF 0500 PM LOCAL TIME.

CLIMATE NORMAL PERIOD 1981 TO 2010
CLIMATE RECORD PERIOD 1938 TO 2016


WEATHER ITEM   OBSERVED TIME   RECORD YEAR NORMAL DEPARTURE LAST
                VALUE   (LST)  VALUE       VALUE  FROM      YEAR
                                                  NORMAL
..................................................................
TEMPERATURE (F)
 TODAY
  MAXIMUM         62    334 PM  81    1998  64     -2       62
                                      1978
                                      1951
  MINIMUM         51    730 AM  23    1984  42      9       45
  AVERAGE         57                        53      4       54

PRECIPITATION (IN)
  TODAY            0.00          1.14 1976   0.08  -0.08     0.47
  MONTH TO DATE    4.13                      0.64   3.49     0.77
  SINCE DEC 1      4.13                      0.64   3.49     0.77
  SINCE JAN 1     58.98                     48.56  10.42    72.52

SNOWFALL (IN)
  TODAY            0.0                       0.0    0.0
  SINCE DEC 1      0.0                       0.0    0.0
  SINCE JUL 1      0.0                       0.0    0.0

DEGREE DAYS
 HEATING
  TODAY            8                        13     -5       11
  MONTH TO DATE   55                        83    -28       48
  SINCE DEC 1     55                        83    -28       48
  SINCE JUL 1    270                       375   -105      194

 COOLING
  TODAY            0                         0      0        0
  MONTH TO DATE    0                         0      0        7
  SINCE DEC 1      0                         0      0        7
  SINCE JAN 1   2958                      2297    661     2614
..................................................................


WIND (MPH)
  HIGHEST WIND SPEED    14   HIGHEST WIND DIRECTION    NW (320)
  HIGHEST GUST SPEED    18   HIGHEST GUST DIRECTION    NW (320)
  AVERAGE WIND SPEED     6.4


SKY COVER
  POSSIBLE SUNSHINE  MM
  AVERAGE SKY COVER 0.8


WEATHER CONDITIONS
 THE FOLLOWING WEATHER WAS RECORDED TODAY.
  FOG


RELATIVE HUMIDITY (PERCENT)
 HIGHEST    96           700 AM
 LOWEST     56           300 PM
 AVERAGE    76

..........................................................


THE NORTH CHARLESTON SC CLIMATE NORMALS FOR TOMORROW
                         NORMAL    RECORD    YEAR
 MAXIMUM TEMPERATURE (F)   63        82      1998
                                             1978
 MINIMUM TEMPERATURE (F)   42        20      1954


SUNRISE AND SUNSET
DECEMBER  7 2016......SUNRISE   710 AM EST   SUNSET   514 PM EST
DECEMBER  8 2016......SUNRISE   711 AM EST   SUNSET   514 PM EST


-  INDICATES NEGATIVE NUMBERS.
R  INDICATES RECORD WAS SET OR TIED.
MM INDICATES DATA IS MISSING.
T  INDICATES TRACE AMOUNT.




$$
