000
CDUS43 KDVN 180909
CLICID


CLIMATE REPORT
NATIONAL WEATHER SERVICE QUAD CITIES IA IL
408 AM CDT THU SEP 18 2014


...................................

...THE CEDAR RAPIDS IA CLIMATE SUMMARY FOR SEPTEMBER 17 2014...

CLIMATE NORMAL PERIOD 1981 TO 2010
CLIMATE RECORD PERIOD 1891 TO 2014


WEATHER ITEM   OBSERVED TIME   RECORD YEAR NORMAL DEPARTURE LAST
                VALUE   (LST)  VALUE       VALUE  FROM      YEAR
                                                  NORMAL
..................................................................
TEMPERATURE (F)
 YESTERDAY
  MAXIMUM         71    321 PM  99    1925  74     -3       67
  MINIMUM         44    606 AM  38    1943  51     -7       49
  AVERAGE         58                        62     -4       58

PRECIPITATION (IN)
  YESTERDAY        0.00         MM      MM   0.10  -0.10      T
  MONTH TO DATE    3.27                      1.87   1.40     0.88
  SINCE SEP 1      3.27                      1.87   1.40     0.88
  SINCE JAN 1     33.75                     27.17   6.58    30.28

DEGREE DAYS
 HEATING
  YESTERDAY        7                         5      2        7
  MONTH TO DATE  100                        47     53       33
  SINCE SEP 1    100                        47     53       33
  SINCE JUL 1    119                        66     53       52

 COOLING
  YESTERDAY        0                         2     -2        0
  MONTH TO DATE   34                        55    -21      114
  SINCE SEP 1     34                        55    -21      114
  SINCE JAN 1    651                       723    -72      834
..................................................................


WIND (MPH)
  HIGHEST WIND SPEED    10   HIGHEST WIND DIRECTION    SE (150)
  HIGHEST GUST SPEED    16   HIGHEST GUST DIRECTION     S (160)
  AVERAGE WIND SPEED     3.7


SKY COVER
  POSSIBLE SUNSHINE  MM
  AVERAGE SKY COVER 0.3


WEATHER CONDITIONS
 THE FOLLOWING WEATHER WAS RECORDED YESTERDAY.
  FOG


RELATIVE HUMIDITY (PERCENT)
 HIGHEST   100           100 AM
 LOWEST     61           200 PM
 AVERAGE    81

..........................................................


THE CEDAR RAPIDS IA CLIMATE NORMALS FOR TODAY
                         NORMAL    RECORD    YEAR
 MAXIMUM TEMPERATURE (F)   74        94      1972
 MINIMUM TEMPERATURE (F)   50        32      1929


SUNRISE AND SUNSET
SEPTEMBER 18 2014.....SUNRISE   650 AM CDT   SUNSET   711 PM CDT
SEPTEMBER 19 2014.....SUNRISE   651 AM CDT   SUNSET   709 PM CDT


-  INDICATES NEGATIVE NUMBERS.
R  INDICATES RECORD WAS SET OR TIED.
MM INDICATES DATA IS MISSING.
T  INDICATES TRACE AMOUNT.




$$
