000
CDUS43 KDVN 230913
CLICID


CLIMATE REPORT
NATIONAL WEATHER SERVICE QUAD CITIES IA IL
413 AM CDT TUE MAY 23 2017


...................................

...THE CEDAR RAPIDS IA CLIMATE SUMMARY FOR MAY 22 2017...

CLIMATE NORMAL PERIOD 1981 TO 2010
CLIMATE RECORD PERIOD 1891 TO 2017


WEATHER ITEM   OBSERVED TIME   RECORD YEAR NORMAL DEPARTURE LAST
                VALUE   (LST)  VALUE       VALUE  FROM      YEAR
                                                  NORMAL
..................................................................
TEMPERATURE (F)
 YESTERDAY
  MAXIMUM         71    128 PM 102    1925  73     -2       82
  MINIMUM         43    508 AM  31    1963  51     -8       50
  AVERAGE         57                        62     -5       66

PRECIPITATION (IN)
  YESTERDAY        T            MM      MM   0.14  -0.14     0.00
  MONTH TO DATE    2.94                      2.91   0.03     1.29
  SINCE MAR 1      9.49                      8.06   1.43     6.05
  SINCE JAN 1     11.66                     10.20   1.46     6.65

DEGREE DAYS
 HEATING
  YESTERDAY        8                         5      3        0
  MONTH TO DATE  175                       161     14      187
  SINCE MAR 1   1410                      1523   -113     1338
  SINCE JUL 1   5686                      6806  -1120     5649

 COOLING
  YESTERDAY        0                         2     -2        1
  MONTH TO DATE   29                        21      8        2
  SINCE MAR 1     38                        28     10        5
  SINCE JAN 1     38                        28     10        5
..................................................................


WIND (MPH)
  HIGHEST WIND SPEED    28   HIGHEST WIND DIRECTION    SW (230)
  HIGHEST GUST SPEED    37   HIGHEST GUST DIRECTION    SW (230)
  AVERAGE WIND SPEED    10.4


SKY COVER
  POSSIBLE SUNSHINE  MM
  AVERAGE SKY COVER 0.3


WEATHER CONDITIONS
 THE FOLLOWING WEATHER WAS RECORDED YESTERDAY.
  LIGHT RAIN


RELATIVE HUMIDITY (PERCENT)
 HIGHEST   100           100 AM
 LOWEST     63          1200 PM
 AVERAGE    82

..........................................................


THE CEDAR RAPIDS IA CLIMATE NORMALS FOR TODAY
                         NORMAL    RECORD    YEAR
 MAXIMUM TEMPERATURE (F)   74        90      1972
 MINIMUM TEMPERATURE (F)   52        31      1931


SUNRISE AND SUNSET
MAY 23 2017...........SUNRISE   539 AM CDT   SUNSET   828 PM CDT
MAY 24 2017...........SUNRISE   539 AM CDT   SUNSET   829 PM CDT


-  INDICATES NEGATIVE NUMBERS.
R  INDICATES RECORD WAS SET OR TIED.
MM INDICATES DATA IS MISSING.
T  INDICATES TRACE AMOUNT.




$$
