000
CDUS43 KDVN 211010
CLICID


CLIMATE REPORT
NATIONAL WEATHER SERVICE QUAD CITIES IA IL
409 AM CST FRI NOV 21 2014


...................................

...THE CEDAR RAPIDS IA CLIMATE SUMMARY FOR NOVEMBER 20 2014...

CLIMATE NORMAL PERIOD 1981 TO 2010
CLIMATE RECORD PERIOD 1891 TO 2014


WEATHER ITEM   OBSERVED TIME   RECORD YEAR NORMAL DEPARTURE LAST
                VALUE   (LST)  VALUE       VALUE  FROM      YEAR
                                                  NORMAL
..................................................................
TEMPERATURE (F)
 YESTERDAY
  MAXIMUM         25    148 PM  73    1897  44    -19       38
  MINIMUM          6   1042 PM   5    1914  26    -20       36
  AVERAGE         16                        35    -19       37

PRECIPITATION (IN)
  YESTERDAY        0.00         MM      MM   0.07  -0.07     0.23
  MONTH TO DATE    0.25                      1.44  -1.19     2.43
  SINCE SEP 1      6.37                      7.22  -0.85     7.58
  SINCE JAN 1     36.85                     32.52   4.33    36.98

DEGREE DAYS
 HEATING
  YESTERDAY       49                        30     19       28
  MONTH TO DATE  681                       502    179      503
  SINCE SEP 1   1275                      1093    182     1011
  SINCE JUL 1   1294                      1112    182     1030

 COOLING
  YESTERDAY        0                         0      0        0
  MONTH TO DATE    0                         0      0        0
  SINCE SEP 1     53                        80    -27      164
  SINCE JAN 1    670                       748    -78      884
..................................................................


WIND (MPH)
  HIGHEST WIND SPEED    21   HIGHEST WIND DIRECTION     W (290)
  HIGHEST GUST SPEED    25   HIGHEST GUST DIRECTION     W (290)
  AVERAGE WIND SPEED    10.7


SKY COVER
  POSSIBLE SUNSHINE  MM
  AVERAGE SKY COVER 0.1


WEATHER CONDITIONS
 THE FOLLOWING WEATHER WAS RECORDED YESTERDAY.
  NO SIGNIFICANT WEATHER WAS OBSERVED.


RELATIVE HUMIDITY (PERCENT)
 HIGHEST    88           700 AM
 LOWEST     60           200 PM
 AVERAGE    74

..........................................................


THE CEDAR RAPIDS IA CLIMATE NORMALS FOR TODAY
                         NORMAL    RECORD    YEAR
 MAXIMUM TEMPERATURE (F)   43        67      1990
 MINIMUM TEMPERATURE (F)   25         0      1937


SUNRISE AND SUNSET
NOVEMBER 21 2014......SUNRISE   704 AM CST   SUNSET   441 PM CST
NOVEMBER 22 2014......SUNRISE   705 AM CST   SUNSET   441 PM CST


-  INDICATES NEGATIVE NUMBERS.
R  INDICATES RECORD WAS SET OR TIED.
MM INDICATES DATA IS MISSING.
T  INDICATES TRACE AMOUNT.




$$
