000
CDUS43 KDVN 232122
CLICID


CLIMATE REPORT
NATIONAL WEATHER SERVICE QUAD CITIES IA IL
422 PM CDT MON MAY 23 2016


...................................

...THE CEDAR RAPIDS IA CLIMATE SUMMARY FOR MAY 23 2016...
VALID TODAY AS OF 0400 PM LOCAL TIME.

CLIMATE NORMAL PERIOD 1981 TO 2010
CLIMATE RECORD PERIOD 1891 TO 2016


WEATHER ITEM   OBSERVED TIME   RECORD YEAR NORMAL DEPARTURE LAST
                VALUE   (LST)  VALUE       VALUE  FROM      YEAR
                                                  NORMAL
..................................................................
TEMPERATURE (F)
 TODAY
  MAXIMUM         85    249 PM  90    1972  74     11       77
  MINIMUM         55    428 AM  31    1931  52      3       52
  AVERAGE         70                        62      8       65

PRECIPITATION (IN)
  TODAY            0.00         MM      MM   0.13  -0.13     0.00
  MONTH TO DATE    1.29                      3.04  -1.75     2.04
  SINCE MAR 1      6.05                      8.19  -2.14     6.28
  SINCE JAN 1      6.65                     10.33  -3.68     7.61

DEGREE DAYS
 HEATING
  TODAY            0                         4     -4        0
  MONTH TO DATE  187                       165     22      123
  SINCE MAR 1   1338                      1527   -189     1414
  SINCE JUL 1   5649                      6810  -1161     6941

 COOLING
  TODAY            5                         2      3        0
  MONTH TO DATE    7                        23    -16       27
  SINCE MAR 1     10                        30    -20       27
  SINCE JAN 1     10                        30    -20       27
..................................................................


WIND (MPH)
  HIGHEST WIND SPEED    25   HIGHEST WIND DIRECTION     S (180)
  HIGHEST GUST SPEED    31   HIGHEST GUST DIRECTION     S (180)
  AVERAGE WIND SPEED    11.9


SKY COVER
  POSSIBLE SUNSHINE  MM
  AVERAGE SKY COVER 0.0


WEATHER CONDITIONS
 THE FOLLOWING WEATHER WAS RECORDED TODAY.
  NO SIGNIFICANT WEATHER WAS OBSERVED.


RELATIVE HUMIDITY (PERCENT)
 HIGHEST    77           400 AM
 LOWEST     31           200 PM
 AVERAGE    54

..........................................................


THE CEDAR RAPIDS IA CLIMATE NORMALS FOR TOMORROW
                         NORMAL    RECORD    YEAR
 MAXIMUM TEMPERATURE (F)   74        99      1921
 MINIMUM TEMPERATURE (F)   52        34      1925


SUNRISE AND SUNSET
MAY 23 2016...........SUNRISE   539 AM CDT   SUNSET   828 PM CDT
MAY 24 2016...........SUNRISE   539 AM CDT   SUNSET   829 PM CDT


-  INDICATES NEGATIVE NUMBERS.
R  INDICATES RECORD WAS SET OR TIED.
MM INDICATES DATA IS MISSING.
T  INDICATES TRACE AMOUNT.




$$
