000
CDUS43 KDVN 180906
CLICID


CLIMATE REPORT
NATIONAL WEATHER SERVICE QUAD CITIES IA IL
405 AM CDT FRI APR 18 2014


...................................

...THE CEDAR RAPIDS IA CLIMATE SUMMARY FOR APRIL 17 2014...

CLIMATE NORMAL PERIOD 1981 TO 2010
CLIMATE RECORD PERIOD 1891 TO 2014


WEATHER ITEM   OBSERVED TIME   RECORD YEAR NORMAL DEPARTURE LAST
                VALUE   (LST)  VALUE       VALUE  FROM      YEAR
                                                  NORMAL
..................................................................
TEMPERATURE (F)
 YESTERDAY
  MAXIMUM         51    502 PM  93    1896  62    -11       50
  MINIMUM         31   1159 PM  22    1997  38     -7       40
  AVERAGE         41                        50     -9       45

PRECIPITATION (IN)
  YESTERDAY        0.00         MM      MM   0.10  -0.10     3.26
  MONTH TO DATE    4.06                      1.57   2.49     7.71
  SINCE MAR 1      4.45                      3.67   0.78    10.05
  SINCE JAN 1      6.20                      5.81   0.39    12.00

DEGREE DAYS
 HEATING
  YESTERDAY       24                        15      9       20
  MONTH TO DATE  346                       314     32      364
  SINCE MAR 1   1416                      1195    221     1474
  SINCE JUL 1   7455                      6478    977     6586

 COOLING
  YESTERDAY        0                         0      0        0
  MONTH TO DATE    4                         0      4        0
  SINCE MAR 1      4                         0      4        0
  SINCE JAN 1      4                         0      4        0
..................................................................


WIND (MPH)
  HIGHEST WIND SPEED    23   HIGHEST WIND DIRECTION     W (290)
  HIGHEST GUST SPEED    28   HIGHEST GUST DIRECTION     S (170)
  AVERAGE WIND SPEED    13.0


SKY COVER
  POSSIBLE SUNSHINE  MM
  AVERAGE SKY COVER 0.6


WEATHER CONDITIONS
 THE FOLLOWING WEATHER WAS RECORDED YESTERDAY.
  NO SIGNIFICANT WEATHER WAS OBSERVED.


RELATIVE HUMIDITY (PERCENT)
 HIGHEST    82           500 AM
 LOWEST     42          1200 AM
 AVERAGE    62

..........................................................


THE CEDAR RAPIDS IA CLIMATE NORMALS FOR TODAY
                         NORMAL    RECORD    YEAR
 MAXIMUM TEMPERATURE (F)   62        90      1994
 MINIMUM TEMPERATURE (F)   39        20      1983


SUNRISE AND SUNSET
APRIL 18 2014.........SUNRISE   622 AM CDT   SUNSET   751 PM CDT
APRIL 19 2014.........SUNRISE   620 AM CDT   SUNSET   752 PM CDT


-  INDICATES NEGATIVE NUMBERS.
R  INDICATES RECORD WAS SET OR TIED.
MM INDICATES DATA IS MISSING.
T  INDICATES TRACE AMOUNT.




$$
