000
CDUS43 KDVN 192221
CLICID


CLIMATE REPORT
NATIONAL WEATHER SERVICE QUAD CITIES IA IL
420 PM CST FRI JAN 19 2018


...................................

...THE CEDAR RAPIDS IA CLIMATE SUMMARY FOR JANUARY 19 2018...
VALID TODAY AS OF 0400 PM LOCAL TIME.

CLIMATE NORMAL PERIOD 1981 TO 2010
CLIMATE RECORD PERIOD 1891 TO 2018


WEATHER ITEM   OBSERVED TIME   RECORD YEAR NORMAL DEPARTURE LAST
                VALUE   (LST)  VALUE       VALUE  FROM      YEAR
                                                  NORMAL
..................................................................
TEMPERATURE (F)
 TODAY
  MAXIMUM         45    244 PM  53    1921  28     17       37
  MINIMUM         25    602 AM -24    1994  11     14       28
  AVERAGE         35                        19     16       33

PRECIPITATION (IN)
  TODAY            0.00         MM      MM   0.03  -0.03     0.30
  MONTH TO DATE    0.08                      0.55  -0.47     1.40
  SINCE DEC 1      0.69                      1.97  -1.28     2.65
  SINCE JAN 1      0.08                      0.55  -0.47     1.40

DEGREE DAYS
 HEATING
  TODAY           30                        46    -16       32
  MONTH TO DATE  998                       869    129      827
  SINCE DEC 1   2273                      2162    111     2123
  SINCE JUL 1   3531                      3608    -77     3040

 COOLING
  TODAY            0                         0      0        0
  MONTH TO DATE    0                         0      0        0
  SINCE DEC 1      0                         0      0        0
  SINCE JAN 1      0                         0      0        0
..................................................................


WIND (MPH)
  HIGHEST WIND SPEED    21   HIGHEST WIND DIRECTION     S (200)
  HIGHEST GUST SPEED    24   HIGHEST GUST DIRECTION     S (190)
  AVERAGE WIND SPEED    12.0


SKY COVER
  POSSIBLE SUNSHINE  MM
  AVERAGE SKY COVER 0.0


WEATHER CONDITIONS
 THE FOLLOWING WEATHER WAS RECORDED TODAY.
  NO SIGNIFICANT WEATHER WAS OBSERVED.


RELATIVE HUMIDITY (PERCENT)
 HIGHEST    81          1200 AM
 LOWEST     53           100 PM
 AVERAGE    67

..........................................................


THE CEDAR RAPIDS IA CLIMATE NORMALS FOR TOMORROW
                         NORMAL    RECORD    YEAR
 MAXIMUM TEMPERATURE (F)   28        54      1921
 MINIMUM TEMPERATURE (F)   11       -22      1985


SUNRISE AND SUNSET
JANUARY 19 2018.......SUNRISE   730 AM CST   SUNSET   506 PM CST
JANUARY 20 2018.......SUNRISE   729 AM CST   SUNSET   507 PM CST


-  INDICATES NEGATIVE NUMBERS.
R  INDICATES RECORD WAS SET OR TIED.
MM INDICATES DATA IS MISSING.
T  INDICATES TRACE AMOUNT.




$$
