000
CDUS43 KDVN 230930
CLICID


CLIMATE REPORT
NATIONAL WEATHER SERVICE QUAD CITIES IA IL
427 AM CDT MON OCT 23 2017


...................................

...THE CEDAR RAPIDS IA CLIMATE SUMMARY FOR OCTOBER 22 2017...

CLIMATE NORMAL PERIOD 1981 TO 2010
CLIMATE RECORD PERIOD 1891 TO 2017


WEATHER ITEM   OBSERVED TIME   RECORD YEAR NORMAL DEPARTURE LAST
                VALUE   (LST)  VALUE       VALUE  FROM      YEAR
                                                  NORMAL
..................................................................
TEMPERATURE (F)
 YESTERDAY
  MAXIMUM         57   1217 AM  88    1899  59     -2       67
  MINIMUM         40   1153 PM  19    1976  38      2       42
  AVERAGE         49                        48      1       55

PRECIPITATION (IN)
  YESTERDAY        0.19         MM      MM   0.09   0.10     0.00
  MONTH TO DATE    3.85                      1.89   1.96     1.35
  SINCE SEP 1      4.82                      5.05  -0.23     8.27
  SINCE JAN 1     24.84                     30.35  -5.51    36.80

DEGREE DAYS
 HEATING
  YESTERDAY       16                        17     -1       10
  MONTH TO DATE  125                       289   -164      171
  SINCE SEP 1    189                       427   -238      206
  SINCE JUL 1    200                       446   -246      210

 COOLING
  YESTERDAY        0                         0      0        0
  MONTH TO DATE   18                         8     10       22
  SINCE SEP 1    148                        80     68      158
  SINCE JAN 1    747                       748     -1      969
..................................................................


WIND (MPH)
  HIGHEST WIND SPEED    21   HIGHEST WIND DIRECTION    NW (320)
  HIGHEST GUST SPEED    26   HIGHEST GUST DIRECTION    NW (320)
  AVERAGE WIND SPEED     7.2


SKY COVER
  POSSIBLE SUNSHINE  MM
  AVERAGE SKY COVER 0.6


WEATHER CONDITIONS
 THE FOLLOWING WEATHER WAS RECORDED YESTERDAY.
  HEAVY RAIN
  RAIN
  LIGHT RAIN
  FOG


RELATIVE HUMIDITY (PERCENT)
 HIGHEST   100          1200 AM
 LOWEST     72           200 PM
 AVERAGE    86

..........................................................


THE CEDAR RAPIDS IA CLIMATE NORMALS FOR TODAY
                         NORMAL    RECORD    YEAR
 MAXIMUM TEMPERATURE (F)   59        88      1899
 MINIMUM TEMPERATURE (F)   38        19      1981


SUNRISE AND SUNSET
OCTOBER 23 2017.......SUNRISE   729 AM CDT   SUNSET   613 PM CDT
OCTOBER 24 2017.......SUNRISE   730 AM CDT   SUNSET   611 PM CDT


-  INDICATES NEGATIVE NUMBERS.
R  INDICATES RECORD WAS SET OR TIED.
MM INDICATES DATA IS MISSING.
T  INDICATES TRACE AMOUNT.




$$
