000
CDUS43 KDVN 311020
CLICID


CLIMATE REPORT
NATIONAL WEATHER SERVICE QUAD CITIES IA IL
418 AM CST SAT JAN 31 2015


...................................

...THE CEDAR RAPIDS IA CLIMATE SUMMARY FOR JANUARY 30 2015...

CLIMATE NORMAL PERIOD 1981 TO 2010
CLIMATE RECORD PERIOD 1891 TO 2015


WEATHER ITEM   OBSERVED TIME   RECORD YEAR NORMAL DEPARTURE LAST
                VALUE   (LST)  VALUE       VALUE  FROM      YEAR
                                                  NORMAL
..................................................................
TEMPERATURE (F)
 YESTERDAY
  MAXIMUM         30    420 PM  56    2012  29      1       37
  MINIMUM         13    620 AM -22    1951  11      2        8
  AVERAGE         22                        20      2       23

PRECIPITATION (IN)
  YESTERDAY        0.00         MM      MM   0.03  -0.03     0.01
  MONTH TO DATE    0.48                      0.88  -0.40     0.44
  SINCE DEC 1      1.13                      2.30  -1.17     1.12
  SINCE JAN 1      0.48                      0.88  -0.40     0.44

DEGREE DAYS
 HEATING
  YESTERDAY       43                        45     -2       42
  MONTH TO DATE 1307                      1367    -60     1569
  SINCE DEC 1   2354                      2660   -306     3044
  SINCE JUL 1   4015                      4106    -91     4487

 COOLING
  YESTERDAY        0                         0      0        0
  MONTH TO DATE    0                         0      0        0
  SINCE DEC 1      0                         0      0        0
  SINCE JAN 1      0                         0      0        0
..................................................................


WIND (MPH)
  HIGHEST WIND SPEED    17   HIGHEST WIND DIRECTION     N (340)
  HIGHEST GUST SPEED    20   HIGHEST GUST DIRECTION     N (340)
  AVERAGE WIND SPEED     6.5


SKY COVER
  POSSIBLE SUNSHINE  MM
  AVERAGE SKY COVER 0.0


WEATHER CONDITIONS
 THE FOLLOWING WEATHER WAS RECORDED YESTERDAY.
  NO SIGNIFICANT WEATHER WAS OBSERVED.


RELATIVE HUMIDITY (PERCENT)
 HIGHEST    88           700 AM
 LOWEST     47           300 PM
 AVERAGE    68

..........................................................


THE CEDAR RAPIDS IA CLIMATE NORMALS FOR TODAY
                         NORMAL    RECORD    YEAR
 MAXIMUM TEMPERATURE (F)   29        65      1989
 MINIMUM TEMPERATURE (F)   12       -21      1996


SUNRISE AND SUNSET
JANUARY 31 2015.......SUNRISE   720 AM CST   SUNSET   520 PM CST
FEBRUARY  1 2015......SUNRISE   719 AM CST   SUNSET   522 PM CST


-  INDICATES NEGATIVE NUMBERS.
R  INDICATES RECORD WAS SET OR TIED.
MM INDICATES DATA IS MISSING.
T  INDICATES TRACE AMOUNT.




$$
