000
CDUS43 KDVN 011008
CLICID


CLIMATE REPORT
NATIONAL WEATHER SERVICE QUAD CITIES IA IL
406 AM CST WED MAR 1 2017


...................................

...THE CEDAR RAPIDS IA CLIMATE SUMMARY FOR FEBRUARY 28 2017...

CLIMATE NORMAL PERIOD 1981 TO 2010
CLIMATE RECORD PERIOD 1891 TO 2017


WEATHER ITEM   OBSERVED TIME   RECORD YEAR NORMAL DEPARTURE LAST
                VALUE   (LST)  VALUE       VALUE  FROM      YEAR
                                                  NORMAL
..................................................................
TEMPERATURE (F)
 YESTERDAY
  MAXIMUM         67R  1257 PM  64    1932  38     29       60
  MINIMUM         41    217 AM -17    1962  21     20       33
  AVERAGE         54                        30     24       47

PRECIPITATION (IN)
  YESTERDAY        0.05         MM      MM   0.05   0.00     0.00
  MONTH TO DATE    0.67                      1.22  -0.55     0.23
  SINCE DEC 1      3.42                      3.56  -0.14     4.67
  SINCE JAN 1      2.17                      2.14   0.03     0.60

DEGREE DAYS
 HEATING
  YESTERDAY       11                        36    -25       18
  MONTH TO DATE  825                      1135   -310      999
  SINCE DEC 1   3359                      3837   -478     3257
  SINCE JUL 1   4276                      5283  -1007     4288

 COOLING
  YESTERDAY        0                         0      0        0
  MONTH TO DATE    0                         0      0        0
  SINCE DEC 1      0                         0      0        0
  SINCE JAN 1      0                         0      0        0
..................................................................


WIND (MPH)
  HIGHEST WIND SPEED    20   HIGHEST WIND DIRECTION    NW (320)
  HIGHEST GUST SPEED    24   HIGHEST GUST DIRECTION    NW (310)
  AVERAGE WIND SPEED    10.8


SKY COVER
  POSSIBLE SUNSHINE  MM
  AVERAGE SKY COVER 0.6


WEATHER CONDITIONS
 THE FOLLOWING WEATHER WAS RECORDED YESTERDAY.
  THUNDERSTORM
  HEAVY RAIN
  FOG


RELATIVE HUMIDITY (PERCENT)
 HIGHEST   100           800 PM
 LOWEST     63           200 PM
 AVERAGE    82

..........................................................


THE CEDAR RAPIDS IA CLIMATE NORMALS FOR TODAY
                         NORMAL    RECORD    YEAR
 MAXIMUM TEMPERATURE (F)   39        71      1992
 MINIMUM TEMPERATURE (F)   21       -20      1962


SUNRISE AND SUNSET
MARCH  1 2017.........SUNRISE   641 AM CST   SUNSET   557 PM CST
MARCH  2 2017.........SUNRISE   640 AM CST   SUNSET   559 PM CST


-  INDICATES NEGATIVE NUMBERS.
R  INDICATES RECORD WAS SET OR TIED.
MM INDICATES DATA IS MISSING.
T  INDICATES TRACE AMOUNT.




$$
