000
CDUS43 KDVN 262136
CLICID


CLIMATE REPORT
NATIONAL WEATHER SERVICE QUAD CITIES IA IL
435 PM CDT THU MAR 26 2015


...................................

...THE CEDAR RAPIDS IA CLIMATE SUMMARY FOR MARCH 26 2015...
VALID TODAY AS OF 0400 PM LOCAL TIME.

CLIMATE NORMAL PERIOD 1981 TO 2010
CLIMATE RECORD PERIOD 1891 TO 2015


WEATHER ITEM   OBSERVED TIME   RECORD YEAR NORMAL DEPARTURE LAST
                VALUE   (LST)  VALUE       VALUE  FROM      YEAR
                                                  NORMAL
..................................................................
TEMPERATURE (F)
 TODAY
  MAXIMUM         47   1259 PM  85    1907  52     -5       45
  MINIMUM         25    613 AM   5    1955  30     -5       12
  AVERAGE         36                        41     -5       29

PRECIPITATION (IN)
  TODAY            0.00         MM      MM   0.07  -0.07     0.00
  MONTH TO DATE    0.46                      1.71  -1.25     0.21
  SINCE MAR 1      0.46                      1.71  -1.25     0.21
  SINCE JAN 1      1.79                      3.85  -2.06     1.96

DEGREE DAYS
 HEATING
  TODAY           29                        24      5       36
  MONTH TO DATE  755                       766    -11      964
  SINCE MAR 1    755                       766    -11      964
  SINCE JUL 1   6282                      6049    233     7003

 COOLING
  TODAY            0                         0      0        0
  MONTH TO DATE    0                         0      0        0
  SINCE MAR 1      0                         0      0        0
  SINCE JAN 1      0                         0      0        0
..................................................................


WIND (MPH)
  HIGHEST WIND SPEED    30   HIGHEST WIND DIRECTION    NW (310)
  HIGHEST GUST SPEED    35   HIGHEST GUST DIRECTION     W (290)
  AVERAGE WIND SPEED    15.6


SKY COVER
  POSSIBLE SUNSHINE  MM
  AVERAGE SKY COVER 0.0


WEATHER CONDITIONS
 THE FOLLOWING WEATHER WAS RECORDED TODAY.
  NO SIGNIFICANT WEATHER WAS OBSERVED.


RELATIVE HUMIDITY (PERCENT)
 HIGHEST    92           200 AM
 LOWEST     40           200 PM
 AVERAGE    66

..........................................................


THE CEDAR RAPIDS IA CLIMATE NORMALS FOR TOMORROW
                         NORMAL    RECORD    YEAR
 MAXIMUM TEMPERATURE (F)   52        81      1945
 MINIMUM TEMPERATURE (F)   31         3      1964


SUNRISE AND SUNSET
MARCH 26 2015.........SUNRISE   700 AM CDT   SUNSET   725 PM CDT
MARCH 27 2015.........SUNRISE   659 AM CDT   SUNSET   727 PM CDT


-  INDICATES NEGATIVE NUMBERS.
R  INDICATES RECORD WAS SET OR TIED.
MM INDICATES DATA IS MISSING.
T  INDICATES TRACE AMOUNT.




$$
