000
CDUS41 KCLE 250545
CLICLE


CLIMATE REPORT
NATIONAL WEATHER SERVICE CLEVELAND OH
145 AM EDT SAT OCT 25 2014


...................................

...THE CLEVELAND OH CLIMATE SUMMARY FOR OCTOBER 24 2014...

CLIMATE NORMAL PERIOD 1981 TO 2010
CLIMATE RECORD PERIOD 1871 TO 2014


WEATHER ITEM   OBSERVED TIME   RECORD YEAR NORMAL DEPARTURE LAST
                VALUE   (LST)  VALUE       VALUE  FROM      YEAR
                                                  NORMAL
..................................................................
TEMPERATURE (F)
 YESTERDAY
  MAXIMUM         62    408 PM  80    1963  60      2       47
                                      1920
  MINIMUM         36    310 AM  22    1969  43     -7       34
  AVERAGE         49                        51     -2       41

PRECIPITATION (IN)
  YESTERDAY        0.00                      0.09  -0.09     0.26
  MONTH TO DATE    2.39                      2.38   0.01     4.13
  SINCE SEP 1      6.86                      6.19   0.67     6.09
  SINCE JAN 1     37.97                     31.73   6.24    34.30

SNOWFALL (IN)
  YESTERDAY        0.0                       0.0    0.0       T
  MONTH TO DATE    0.0                       0.1   -0.1       T
  SINCE SEP 1      0.0                       0.1   -0.1       T
  SINCE JUL 1      0.0                       0.1   -0.1       T
  SNOW DEPTH       0

DEGREE DAYS
 HEATING
  YESTERDAY       16                        14      2       24
  MONTH TO DATE  266                       252     14      200
  SINCE SEP 1    384                       343     41      287
  SINCE JUL 1    409                       355     54      294

 COOLING
  YESTERDAY        0                         0      0        0
  MONTH TO DATE    4                        10     -6       34
  SINCE SEP 1     67                        99    -32      127
  SINCE JAN 1    657                       814   -157      889
..................................................................


WIND (MPH)
  HIGHEST WIND SPEED    10   HIGHEST WIND DIRECTION     N (10)
  HIGHEST GUST SPEED    14   HIGHEST GUST DIRECTION    SW (240)
  AVERAGE WIND SPEED     3.9


SKY COVER
  POSSIBLE SUNSHINE  MM
  AVERAGE SKY COVER 0.6


WEATHER CONDITIONS
 THE FOLLOWING WEATHER WAS RECORDED YESTERDAY.
  NO SIGNIFICANT WEATHER WAS OBSERVED.


RELATIVE HUMIDITY (PERCENT)
 HIGHEST    92           100 AM
 LOWEST     46           300 PM
 AVERAGE    69

..........................................................


THE CLEVELAND OH CLIMATE NORMALS FOR TODAY
                         NORMAL    RECORD    YEAR
 MAXIMUM TEMPERATURE (F)   59        80      1963
 MINIMUM TEMPERATURE (F)   43        28      1982
                                             1981
                                             1962


SUNRISE AND SUNSET
OCTOBER 25 2014.......SUNRISE   751 AM EDT   SUNSET   632 PM EDT
OCTOBER 26 2014.......SUNRISE   752 AM EDT   SUNSET   630 PM EDT


-  INDICATES NEGATIVE NUMBERS.
R  INDICATES RECORD WAS SET OR TIED.
MM INDICATES DATA IS MISSING.
T  INDICATES TRACE AMOUNT.




$$
