000
CDUS41 KCLE 060526
CLICLE


CLIMATE REPORT
NATIONAL WEATHER SERVICE CLEVELAND OH
1225 AM EST FRI MAR 6 2015


...................................

...THE CLEVELAND OH CLIMATE SUMMARY FOR MARCH 5 2015...

CLIMATE NORMAL PERIOD 1981 TO 2010
CLIMATE RECORD PERIOD 1871 TO 2015


WEATHER ITEM   OBSERVED TIME   RECORD YEAR NORMAL DEPARTURE LAST
                VALUE   (LST)  VALUE       VALUE  FROM      YEAR
                                                  NORMAL
..................................................................
TEMPERATURE (F)
 YESTERDAY
  MAXIMUM         21   1235 AM  81    1983  42    -21       24
  MINIMUM          5   1152 PM  -2    1873  27    -22       18
  AVERAGE         13                        35    -22       21

PRECIPITATION (IN)
  YESTERDAY        T                         0.08  -0.08     0.00
  MONTH TO DATE    0.56                      0.42   0.14     0.16
  SINCE MAR 1      0.56                      0.42   0.14     0.16
  SINCE JAN 1      5.36                      5.48  -0.12     5.19

SNOWFALL (IN)
  YESTERDAY        T                         0.4   -0.4      0.0
  MONTH TO DATE    4.5                       2.3    2.2      2.8
  SINCE MAR 1      4.5                       2.3    2.2      2.8
  SINCE JUL 1     65.9                      54.5   11.4     72.5
  SNOW DEPTH       8

DEGREE DAYS
 HEATING
  YESTERDAY       52                        30     22       44
  MONTH TO DATE  206                       154     52      235
  SINCE MAR 1    206                       154     52      235
  SINCE JUL 1   5156                      4371    785     4916

 COOLING
  YESTERDAY        0                         0      0        0
  MONTH TO DATE    0                         0      0        0
  SINCE MAR 1      0                         0      0        0
  SINCE JAN 1      0                         0      0        0
..................................................................


WIND (MPH)
  HIGHEST WIND SPEED    24   HIGHEST WIND DIRECTION     N (340)
  HIGHEST GUST SPEED    30   HIGHEST GUST DIRECTION     N (340)
  AVERAGE WIND SPEED    11.0


SKY COVER
  POSSIBLE SUNSHINE  MM
  AVERAGE SKY COVER 0.7


WEATHER CONDITIONS
 THE FOLLOWING WEATHER WAS RECORDED YESTERDAY.
  LIGHT SNOW


RELATIVE HUMIDITY (PERCENT)
 HIGHEST    69          1100 PM
 LOWEST     51           500 PM
 AVERAGE    60

..........................................................


THE CLEVELAND OH CLIMATE NORMALS FOR TODAY
                         NORMAL    RECORD    YEAR
 MAXIMUM TEMPERATURE (F)   43        74      1973
 MINIMUM TEMPERATURE (F)   27        -2      1960


SUNRISE AND SUNSET
MARCH  6 2015.........SUNRISE   654 AM EST   SUNSET   624 PM EST
MARCH  7 2015.........SUNRISE   653 AM EST   SUNSET   625 PM EST


-  INDICATES NEGATIVE NUMBERS.
R  INDICATES RECORD WAS SET OR TIED.
MM INDICATES DATA IS MISSING.
T  INDICATES TRACE AMOUNT.




$$
