000
CDUS41 KCLE 190545
CLICLE


CLIMATE REPORT
NATIONAL WEATHER SERVICE CLEVELAND OH
145 AM EDT THU OCT 19 2017


...................................

...THE CLEVELAND OH CLIMATE SUMMARY FOR OCTOBER 18 2017...

CLIMATE NORMAL PERIOD 1981 TO 2010
CLIMATE RECORD PERIOD 1871 TO 2017


WEATHER ITEM   OBSERVED TIME   RECORD YEAR NORMAL DEPARTURE LAST
                VALUE   (LST)  VALUE       VALUE  FROM      YEAR
                                                  NORMAL
..................................................................
TEMPERATURE (F)
 YESTERDAY
  MAXIMUM         70    350 PM  84    1950  62      8       82
  MINIMUM         47    708 AM  28    1876  45      2       68
  AVERAGE         59                        53      6       75

PRECIPITATION (IN)
  YESTERDAY        0.00                      0.09  -0.09     0.09
  MONTH TO DATE    2.94                      1.83   1.11     0.69
  SINCE SEP 1      3.75                      5.64  -1.89     6.07
  SINCE JAN 1     35.38                     31.18   4.20    29.44

SNOWFALL (IN)
  YESTERDAY        0.0                       0.0    0.0      0.0
  MONTH TO DATE    0.0                       0.0    0.0      0.0
  SINCE SEP 1      0.0                       0.0    0.0      0.0
  SINCE JUL 1      0.0                       0.0    0.0      0.0
  SNOW DEPTH       0

DEGREE DAYS
 HEATING
  YESTERDAY        6                        12     -6        0
  MONTH TO DATE   45                       173   -128       72
  SINCE SEP 1     93                       264   -171       83
  SINCE JUL 1     95                       276   -181       83

 COOLING
  YESTERDAY        0                         0      0       10
  MONTH TO DATE   44                        10     34       42
  SINCE SEP 1    221                        99    122      227
  SINCE JAN 1   1112                       814    298     1311
..................................................................


WIND (MPH)
  HIGHEST WIND SPEED    17   HIGHEST WIND DIRECTION     S (180)
  HIGHEST GUST SPEED    24   HIGHEST GUST DIRECTION     S (170)
  AVERAGE WIND SPEED     8.8


SKY COVER
  POSSIBLE SUNSHINE  MM
  AVERAGE SKY COVER 0.1


WEATHER CONDITIONS
 THE FOLLOWING WEATHER WAS RECORDED YESTERDAY.
  NO SIGNIFICANT WEATHER WAS OBSERVED.


RELATIVE HUMIDITY (PERCENT)
 HIGHEST    76           700 AM
 LOWEST     37           100 PM
 AVERAGE    57

..........................................................


THE CLEVELAND OH CLIMATE NORMALS FOR TODAY
                         NORMAL    RECORD    YEAR
 MAXIMUM TEMPERATURE (F)   61        84      1953
 MINIMUM TEMPERATURE (F)   44        29      1986


SUNRISE AND SUNSET
OCTOBER 19 2017.......SUNRISE   744 AM EDT   SUNSET   640 PM EDT
OCTOBER 20 2017.......SUNRISE   745 AM EDT   SUNSET   638 PM EDT


-  INDICATES NEGATIVE NUMBERS.
R  INDICATES RECORD WAS SET OR TIED.
MM INDICATES DATA IS MISSING.
T  INDICATES TRACE AMOUNT.




$$
