000
CDUS44 KHGX 280722
CLICLL


CLIMATE REPORT
NATIONAL WEATHER SERVICE HOUSTON/GALVESTON TX
122 AM CST TUE FEB 28 2017


...................................

...THE COLLEGE STATION CLIMATE SUMMARY FOR FEBRUARY 27 2017...

CLIMATE NORMAL PERIOD 1981 TO 2010
CLIMATE RECORD PERIOD 1902 TO 2017


WEATHER ITEM   OBSERVED TIME   RECORD YEAR NORMAL DEPARTURE LAST
                VALUE   (LST)  VALUE       VALUE  FROM      YEAR
                                                  NORMAL
..................................................................
TEMPERATURE (F)
 YESTERDAY
  MAXIMUM         84    353 PM  87    1917  67     17       71
  MINIMUM         67    740 AM  17    2002  47     20       40
  AVERAGE         76                        57     19       56

PRECIPITATION (IN)
  YESTERDAY        0.00          3.81 1927   0.10  -0.10     0.00
  MONTH TO DATE    3.26                      2.75   0.51     1.32
  SINCE DEC 1      9.77                      9.22   0.55    10.70
  SINCE JAN 1      7.00                      5.99   1.01     2.62

SNOWFALL (IN)
  YESTERDAY        0.0
  MONTH TO DATE    0.0
  SINCE JUL 1      T

DEGREE DAYS
 HEATING
  YESTERDAY        0                         9     -9        9
  MONTH TO DATE  103                       300   -197      211
  SINCE DEC 1    700                      1153   -453      897
  SINCE JUL 1    769                      1378   -609     1044

 COOLING
  YESTERDAY       11                         1     10        0
  MONTH TO DATE   84                        24     60       18
  SINCE DEC 1    163                        51    112       58
  SINCE JAN 1    119                        35     84       22
..................................................................


WIND (MPH)
  HIGHEST WIND SPEED    29   HIGHEST WIND DIRECTION     S (160)
  HIGHEST GUST SPEED    33   HIGHEST GUST DIRECTION     S (160)
  AVERAGE WIND SPEED    12.2


SKY COVER
  AVERAGE SKY COVER 0.7


WEATHER CONDITIONS
 THE FOLLOWING WEATHER WAS RECORDED YESTERDAY.
  FOG


RELATIVE HUMIDITY (PERCENT)
 HIGHEST   100           500 AM
 LOWEST     51           100 PM
 AVERAGE    76

..........................................................


THE COLLEGE STATION CLIMATE NORMALS FOR TODAY
                         NORMAL    RECORD    YEAR
 MAXIMUM TEMPERATURE (F)   68        88      1932
 MINIMUM TEMPERATURE (F)   47        28      1962


SUNRISE AND SUNSET
FEBRUARY 28 2017......SUNRISE   653 AM CST   SUNSET   624 PM CST
MARCH  1 2017.........SUNRISE   651 AM CST   SUNSET   624 PM CST


-  INDICATES NEGATIVE NUMBERS.
R  INDICATES RECORD WAS SET OR TIED.
MM INDICATES DATA IS MISSING.
T  INDICATES TRACE AMOUNT.




$$
