000
CDUS44 KHGX 280818
CLICLL


CLIMATE REPORT
NATIONAL WEATHER SERVICE HOUSTON/GALVESTON TX
217 AM CST WED JAN 28 2015


...................................

...THE COLLEGE STATION CLIMATE SUMMARY FOR JANUARY 27 2015...

CLIMATE NORMAL PERIOD 1981 TO 2010
CLIMATE RECORD PERIOD 1902 TO 2015


WEATHER ITEM   OBSERVED TIME   RECORD YEAR NORMAL DEPARTURE LAST
                VALUE   (LST)  VALUE       VALUE  FROM      YEAR
                                                  NORMAL
..................................................................
TEMPERATURE (F)
 YESTERDAY
  MAXIMUM         80    408 PM  82    1972  62     18       53
  MINIMUM         43    720 AM  19    1940  42      1       35
  AVERAGE         62                        52     10       44

PRECIPITATION (IN)
  YESTERDAY        0.00          1.90 1952   0.11  -0.11      T
  MONTH TO DATE    6.64                      2.83   3.81     1.24
  SINCE DEC 1      9.21                      6.06   3.15     2.00
  SINCE JAN 1      6.64                      2.83   3.81     1.24

SNOWFALL (IN)
  YESTERDAY        0.0
  MONTH TO DATE    0.0
  SINCE JUL 1      0.0

DEGREE DAYS
 HEATING
  YESTERDAY        3                        14    -11       21
  MONTH TO DATE  511                       391    120      447
  SINCE DEC 1    825                       802     23      963
  SINCE JUL 1   1120                      1027     93     1265

 COOLING
  YESTERDAY        0                         0      0        0
  MONTH TO DATE    0                         0      0        0
  SINCE DEC 1     10                        16     -6       14
  SINCE JAN 1      0                         0      0        0
..................................................................


WIND (MPH)
  HIGHEST WIND SPEED    10   HIGHEST WIND DIRECTION    NW (300)
  HIGHEST GUST SPEED    13   HIGHEST GUST DIRECTION     N (20)
  AVERAGE WIND SPEED     2.9


SKY COVER
  AVERAGE SKY COVER 0.0


WEATHER CONDITIONS
 THE FOLLOWING WEATHER WAS RECORDED YESTERDAY.
  NO SIGNIFICANT WEATHER WAS OBSERVED.


RELATIVE HUMIDITY (PERCENT)
 HIGHEST    77          1100 PM
 LOWEST     25           300 PM
 AVERAGE    51

..........................................................


THE COLLEGE STATION CLIMATE NORMALS FOR TODAY
                         NORMAL    RECORD    YEAR
 MAXIMUM TEMPERATURE (F)   62        82      2013
 MINIMUM TEMPERATURE (F)   42        20      1902


SUNRISE AND SUNSET
JANUARY 28 2015.......SUNRISE   719 AM CST   SUNSET   558 PM CST
JANUARY 29 2015.......SUNRISE   718 AM CST   SUNSET   559 PM CST


-  INDICATES NEGATIVE NUMBERS.
R  INDICATES RECORD WAS SET OR TIED.
MM INDICATES DATA IS MISSING.
T  INDICATES TRACE AMOUNT.




$$
