000
CDUS44 KHGX 260735
CLICLL


CLIMATE REPORT
NATIONAL WEATHER SERVICE HOUSTON/GALVESTON TX
235 AM CDT TUE MAY 26 2015


...................................

...THE COLLEGE STATION CLIMATE SUMMARY FOR MAY 25 2015...

CLIMATE NORMAL PERIOD 1981 TO 2010
CLIMATE RECORD PERIOD 1902 TO 2015


WEATHER ITEM   OBSERVED TIME   RECORD YEAR NORMAL DEPARTURE LAST
                VALUE   (LST)  VALUE       VALUE  FROM      YEAR
                                                  NORMAL
..................................................................
TEMPERATURE (F)
 YESTERDAY
  MAXIMUM         85   1152 AM  97    2011  88     -3       87
  MINIMUM         66   1159 PM  55    1947  69     -3       72
  AVERAGE         76                        78     -2       80

PRECIPITATION (IN)
  YESTERDAY        2.31R         1.61 1987   0.15   2.16     0.00
  MONTH TO DATE    8.61                      3.45   5.16     5.44
  SINCE MAR 1     19.24                      9.28   9.96     8.28
  SINCE JAN 1     26.65                     15.37  11.28    10.46

SNOWFALL (IN)
  YESTERDAY        0.0
  MONTH TO DATE    0.0
  SINCE JUL 1      T

DEGREE DAYS
 HEATING
  YESTERDAY        0                         0      0        0
  MONTH TO DATE    0                         0      0        8
  SINCE MAR 1    227                       219      8      340
  SINCE JUL 1   1768                      1606    162     2064

 COOLING
  YESTERDAY       11                        13     -2       15
  MONTH TO DATE  257                       265     -8      216
  SINCE MAR 1    495                       476     19      403
  SINCE JAN 1    496                       504     -8      424
..................................................................


WIND (MPH)
  HIGHEST WIND SPEED    26   HIGHEST WIND DIRECTION    SE (150)
  HIGHEST GUST SPEED    33   HIGHEST GUST DIRECTION    SE (150)
  AVERAGE WIND SPEED    12.2


SKY COVER
  AVERAGE SKY COVER 0.7


WEATHER CONDITIONS
 THE FOLLOWING WEATHER WAS RECORDED YESTERDAY.
  THUNDERSTORM
  HEAVY RAIN
  RAIN
  LIGHT RAIN
  FOG


RELATIVE HUMIDITY (PERCENT)
 HIGHEST    93          1200 AM
 LOWEST     69          1100 AM
 AVERAGE    81

..........................................................


THE COLLEGE STATION CLIMATE NORMALS FOR TODAY
                         NORMAL    RECORD    YEAR
 MAXIMUM TEMPERATURE (F)   88        96      1958
 MINIMUM TEMPERATURE (F)   69        56      1934


SUNRISE AND SUNSET
MAY 26 2015...........SUNRISE   625 AM CDT   SUNSET   820 PM CDT
MAY 27 2015...........SUNRISE   625 AM CDT   SUNSET   820 PM CDT


-  INDICATES NEGATIVE NUMBERS.
R  INDICATES RECORD WAS SET OR TIED.
MM INDICATES DATA IS MISSING.
T  INDICATES TRACE AMOUNT.




$$
