000
CDUS44 KHGX 210924
CLICLL


CLIMATE REPORT
NATIONAL WEATHER SERVICE
321 AM UTC WED FEB 21 2018


...................................

...THE COLLEGE STATION CLIMATE SUMMARY FOR FEBRUARY 20 2018...

CLIMATE NORMAL PERIOD 1981 TO 2010
CLIMATE RECORD PERIOD 1902 TO 2018


WEATHER ITEM   OBSERVED TIME   RECORD YEAR NORMAL DEPARTURE LAST
                VALUE   (LST)  VALUE       VALUE  FROM      YEAR
                                                  NORMAL
..................................................................
TEMPERATURE (F)
 YESTERDAY
  MAXIMUM         77    106 PM  95    1986  66     11       71
  MINIMUM         70    952 AM  28    1929  45     25       58
  AVERAGE         74                        56     18       65

PRECIPITATION (IN)
  YESTERDAY        0.23          4.76 2003   0.10   0.13     2.22
  MONTH TO DATE    0.95                      2.09  -1.14     3.26
  SINCE DEC 1      5.51                      8.56  -3.05     9.77
  SINCE JAN 1      2.01                      5.33  -3.32     7.00

SNOWFALL (IN)
  YESTERDAY        0.0
  MONTH TO DATE    0.0
  SINCE JUL 1      5.0

DEGREE DAYS
 HEATING
  YESTERDAY        0                        10    -10        0
  MONTH TO DATE  234                       235     -1       86
  SINCE DEC 1   1172                      1088     84      683
  SINCE JUL 1   1319                      1313      6      752

 COOLING
  YESTERDAY        9                         1      8        0
  MONTH TO DATE   24                        17      7       68
  SINCE DEC 1     40                        44     -4      147
  SINCE JAN 1     27                        28     -1      103
..................................................................


WIND (MPH)
  HIGHEST WIND SPEED    25   HIGHEST WIND DIRECTION     S (160)
  HIGHEST GUST SPEED    36   HIGHEST GUST DIRECTION     S (170)
  AVERAGE WIND SPEED    15.0


SKY COVER
  AVERAGE SKY COVER 0.9


WEATHER CONDITIONS
 THE FOLLOWING WEATHER WAS RECORDED YESTERDAY.
  THUNDERSTORM
  HEAVY RAIN
  RAIN
  LIGHT RAIN
  FOG


RELATIVE HUMIDITY (PERCENT)
 HIGHEST   100           600 PM
 LOWEST     69           100 PM
 AVERAGE    85

..........................................................


THE COLLEGE STATION CLIMATE NORMALS FOR TODAY
                         NORMAL    RECORD    YEAR
 MAXIMUM TEMPERATURE (F)   66        99      1996
 MINIMUM TEMPERATURE (F)   46        23      1918


SUNRISE AND SUNSET
FEBRUARY 21 2018......SUNRISE   700 AM CST   SUNSET   618 PM CST
FEBRUARY 22 2018......SUNRISE   659 AM CST   SUNSET   619 PM CST


-  INDICATES NEGATIVE NUMBERS.
R  INDICATES RECORD WAS SET OR TIED.
MM INDICATES DATA IS MISSING.
T  INDICATES TRACE AMOUNT.




$$
