000
CDUS44 KHGX 302123
CLICLL


CLIMATE REPORT
NATIONAL WEATHER SERVICE HOUSTON/GALVESTON TX
422 PM CDT FRI SEP 30 2016


...................................

...THE COLLEGE STATION CLIMATE SUMMARY FOR SEPTEMBER 30 2016...
VALID TODAY AS OF 400 PM LOCAL TIME.

CLIMATE NORMAL PERIOD 1981 TO 2010
CLIMATE RECORD PERIOD 1902 TO 2016


WEATHER ITEM   OBSERVED TIME   RECORD YEAR NORMAL DEPARTURE LAST
                VALUE   (LST)  VALUE       VALUE  FROM      YEAR
                                                  NORMAL
..................................................................
TEMPERATURE (F)
 TODAY
  MAXIMUM         81    256 PM  98    1938  86     -5       94
  MINIMUM         55    624 AM  44    1916  65    -10       70
  AVERAGE         68                        76     -8       82

PRECIPITATION (IN)
  TODAY            0.00          1.85 1927   0.11  -0.11     0.00
  MONTH TO DATE    2.00                      3.18  -1.18     1.74
  SINCE SEP 1      2.00                      3.18  -1.18     1.74
  SINCE JAN 1     39.14                     28.70  10.44    36.39

SNOWFALL (IN)
  TODAY            0.0
  MONTH TO DATE    0.0
  SINCE JUL 1      0.0

DEGREE DAYS
 HEATING
  TODAY            0                         0      0        0
  MONTH TO DATE    0                         0      0        0
  SINCE SEP 1      0                         2     -2        0
  SINCE JUL 1      0                         2     -2        0

 COOLING
  TODAY            3                        11     -8       17
  MONTH TO DATE  516                       450     66      503
  SINCE SEP 1    516                       450     66      503
  SINCE JAN 1   2890                      2796     94     2863
..................................................................


WIND (MPH)
  HIGHEST WIND SPEED    12   HIGHEST WIND DIRECTION     N (10)
  HIGHEST GUST SPEED    14   HIGHEST GUST DIRECTION     N (20)
  AVERAGE WIND SPEED     5.4


SKY COVER
  AVERAGE SKY COVER 0.0


WEATHER CONDITIONS
 THE FOLLOWING WEATHER WAS RECORDED TODAY.
  NO SIGNIFICANT WEATHER WAS OBSERVED.


RELATIVE HUMIDITY (PERCENT)
 HIGHEST    86           400 AM
 LOWEST     36           200 PM
 AVERAGE    61

..........................................................


THE COLLEGE STATION CLIMATE NORMALS FOR TOMORROW
                         NORMAL    RECORD    YEAR
 MAXIMUM TEMPERATURE (F)   86       100      1938
 MINIMUM TEMPERATURE (F)   65        43      1984


SUNRISE AND SUNSET
SEPTEMBER 30 2016.....SUNRISE   719 AM CDT   SUNSET   711 PM CDT
OCTOBER  1 2016.......SUNRISE   719 AM CDT   SUNSET   710 PM CDT


-  INDICATES NEGATIVE NUMBERS.
R  INDICATES RECORD WAS SET OR TIED.
MM INDICATES DATA IS MISSING.
T  INDICATES TRACE AMOUNT.




$$
