000
CDUS42 KGSP 172135
CLICLT

CLIMATE REPORT
NATIONAL WEATHER SERVICE GREENVILLE-SPARTANBURG SC
435 PM EST WED JAN 17 2018


...................................

...THE CHARLOTTE NC CLIMATE SUMMARY FOR JANUARY 17 2018...
VALID TODAY AS OF 0400 PM LOCAL TIME.

CLIMATE NORMAL PERIOD 1981 TO 2010
CLIMATE RECORD PERIOD 1878 TO 2018


WEATHER ITEM   OBSERVED TIME   RECORD YEAR NORMAL DEPARTURE LAST
                VALUE   (LST)  VALUE       VALUE  FROM      YEAR
                                                  NORMAL
..................................................................
TEMPERATURE (F)
 TODAY
  MAXIMUM         42    220 AM  75    1943  51     -9       64
  MINIMUM         28    429 PM   5    1977  29     -1       49
  AVERAGE         35                        40     -5       57

PRECIPITATION (IN)
  TODAY            0.38          2.38 2013   0.11   0.27      T
  MONTH TO DATE    0.96                      1.91  -0.95     2.71
  SINCE DEC 1      3.08                      5.16  -2.08     5.62
  SINCE JAN 1      0.96                      1.91  -0.95     2.71

SNOWFALL (IN)
  TODAY            3.5 R         1.4  2008   0.1    3.4      0.0
  MONTH TO DATE    3.5                       1.1    2.4      1.1
  SINCE DEC 1      3.6                       1.4    2.2      1.1
  SINCE JUL 1      3.6                       1.5    2.1      1.1
  SNOW DEPTH       0

DEGREE DAYS
 HEATING
  TODAY           30                        25      5        8
  MONTH TO DATE  532                       425    107      331
  SINCE DEC 1   1144                      1126     18      956
  SINCE JUL 1   1670                      1762    -92     1374

 COOLING
  TODAY            0                         0      0        0
  MONTH TO DATE    0                         0      0        0
  SINCE DEC 1      0                         1     -1        0
  SINCE JAN 1      0                         0      0        0
..................................................................


WIND (MPH)
  HIGHEST WIND SPEED    17   HIGHEST WIND DIRECTION     N (350)
  HIGHEST GUST SPEED    23   HIGHEST GUST DIRECTION    NE (30)
  AVERAGE WIND SPEED     7.8


SKY COVER
  POSSIBLE SUNSHINE  MM
  AVERAGE SKY COVER 1.0


WEATHER CONDITIONS
 THE FOLLOWING WEATHER WAS RECORDED TODAY.
  RAIN
  LIGHT RAIN
  LIGHT SNOW
  FOG


RELATIVE HUMIDITY (PERCENT)
 HIGHEST   100          1200 PM
 LOWEST     53           200 AM
 AVERAGE    77

..........................................................


THE CHARLOTTE NC CLIMATE NORMALS FOR TOMORROW
                         NORMAL    RECORD    YEAR
 MAXIMUM TEMPERATURE (F)   51        75      2017
 MINIMUM TEMPERATURE (F)   29        10      2003


SUNRISE AND SUNSET
JANUARY 17 2018.......SUNRISE   731 AM EST   SUNSET   537 PM EST
JANUARY 18 2018.......SUNRISE   731 AM EST   SUNSET   538 PM EST


-  INDICATES NEGATIVE NUMBERS.
R  INDICATES RECORD WAS SET OR TIED.
MM INDICATES DATA IS MISSING.
T  INDICATES TRACE AMOUNT.

$$
