000
CDUS42 KGSP 200631
CLICLT

CLIMATE REPORT
NATIONAL WEATHER SERVICE GREENVILLE-SPARTANBURG SC
128 AM EST SAT DEC 20 2014


...................................

...THE CHARLOTTE NC CLIMATE SUMMARY FOR DECEMBER 19 2014...

CLIMATE NORMAL PERIOD 1981 TO 2010
CLIMATE RECORD PERIOD 1878 TO 2014


WEATHER ITEM   OBSERVED TIME   RECORD YEAR NORMAL DEPARTURE LAST
                VALUE   (LST)  VALUE       VALUE  FROM      YEAR
                                                  NORMAL
..................................................................
TEMPERATURE (F)
 YESTERDAY
  MAXIMUM         56    304 PM  76    1984  52      4       63
  MINIMUM         30    646 AM  11    1963  31     -1       30
                                      1884
  AVERAGE         43                        42      1       47

PRECIPITATION (IN)
  YESTERDAY        0.00          0.85 1925   0.11  -0.11     0.00
  MONTH TO DATE    0.39                      2.00  -1.61     1.93
  SINCE DEC 1      0.39                      2.00  -1.61     1.93
  SINCE JAN 1     43.28                     40.38   2.90    44.42

SNOWFALL (IN)
  YESTERDAY        0.0           0.3  1901   0.0    0.0      0.0
  MONTH TO DATE    0.0                       0.1   -0.1      0.0
  SINCE DEC 1      0.0                       0.1   -0.1      0.0
  SINCE JUL 1      T                         0.2   -0.2       T
  SNOW DEPTH       0

DEGREE DAYS
 HEATING
  YESTERDAY       22                        23     -1       18
  MONTH TO DATE  356                       408    -52      349
  SINCE DEC 1    356                       408    -52      349
  SINCE JUL 1   1014                      1044    -30      999

 COOLING
  YESTERDAY        0                         0      0        0
  MONTH TO DATE    0                         0      0        6
  SINCE DEC 1      0                         0      0        6
  SINCE JAN 1   1655                      1517    138     1583
..................................................................


WIND (MPH)
  HIGHEST WIND SPEED     9   HIGHEST WIND DIRECTION     N (20)
  HIGHEST GUST SPEED    18   HIGHEST GUST DIRECTION     E (100)
  AVERAGE WIND SPEED     3.1


SKY COVER
  POSSIBLE SUNSHINE  MM
  AVERAGE SKY COVER 0.5


WEATHER CONDITIONS
 THE FOLLOWING WEATHER WAS RECORDED YESTERDAY.
  NO SIGNIFICANT WEATHER WAS OBSERVED.


RELATIVE HUMIDITY (PERCENT)
 HIGHEST    69           600 AM
 LOWEST     30          1100 AM
 AVERAGE    50

..........................................................


THE CHARLOTTE NC CLIMATE NORMALS FOR TODAY
                         NORMAL    RECORD    YEAR
 MAXIMUM TEMPERATURE (F)   52        79      1931
 MINIMUM TEMPERATURE (F)   31        12      2004
                                             1884


SUNRISE AND SUNSET
DECEMBER 20 2014......SUNRISE   728 AM EST   SUNSET   515 PM EST
DECEMBER 21 2014......SUNRISE   728 AM EST   SUNSET   515 PM EST


-  INDICATES NEGATIVE NUMBERS.
R  INDICATES RECORD WAS SET OR TIED.
MM INDICATES DATA IS MISSING.
T  INDICATES TRACE AMOUNT.

$$
07
