000
CDUS42 KGSP 270633
CLICLT

CLIMATE REPORT
NATIONAL WEATHER SERVICE GREENVILLE-SPARTANBURG SC
231 AM EDT WED MAY 27 2015


...................................

...THE CHARLOTTE NC CLIMATE SUMMARY FOR MAY 26 2015...

CLIMATE NORMAL PERIOD 1981 TO 2010
CLIMATE RECORD PERIOD 1878 TO 2015


WEATHER ITEM   OBSERVED TIME   RECORD YEAR NORMAL DEPARTURE LAST
                VALUE   (LST)  VALUE       VALUE  FROM      YEAR
                                                  NORMAL
..................................................................
TEMPERATURE (F)
 YESTERDAY
  MAXIMUM         88    437 PM  96    1926  81      7       85
  MINIMUM         67   1155 PM  45    1979  59      8       58
  AVERAGE         78                        70      8       72

PRECIPITATION (IN)
  YESTERDAY        0.32          3.03 1890   0.11   0.21     0.00
  MONTH TO DATE    0.32                      2.60  -2.28     2.70
  SINCE MAR 1      8.65                      9.65  -1.00    14.52
  SINCE JAN 1     14.47                     16.38  -1.91    21.44

SNOWFALL (IN)
  YESTERDAY        0.0           0.0    MM   0.0    0.0      0.0
  MONTH TO DATE    0.0                       0.0    0.0       T
  SINCE MAR 1      0.0                       0.6   -0.6       T
  SINCE JUL 1      3.1                       4.3   -1.2      9.3
  SNOW DEPTH       0

DEGREE DAYS
 HEATING
  YESTERDAY        0                         1     -1        0
  MONTH TO DATE   15                        50    -35       35
  SINCE MAR 1    483                       683   -200      721
  SINCE JUL 1   3254                      3382   -128     3397

 COOLING
  YESTERDAY       13                         6      7        7
  MONTH TO DATE  170                        93     77      136
  SINCE MAR 1    233                       130    103      174
  SINCE JAN 1    233                       130    103      175
..................................................................


WIND (MPH)
  HIGHEST WIND SPEED    26   HIGHEST WIND DIRECTION    SW (230)
  HIGHEST GUST SPEED    35   HIGHEST GUST DIRECTION    SW (230)
  AVERAGE WIND SPEED     7.0


SKY COVER
  POSSIBLE SUNSHINE  MM
  AVERAGE SKY COVER 0.8


WEATHER CONDITIONS
 THE FOLLOWING WEATHER WAS RECORDED YESTERDAY.
  THUNDERSTORM
  HEAVY RAIN
  RAIN
  LIGHT RAIN
  FOG


RELATIVE HUMIDITY (PERCENT)
 HIGHEST    87           500 AM
 LOWEST     34           400 PM
 AVERAGE    61

..........................................................


THE CHARLOTTE NC CLIMATE NORMALS FOR TODAY
                         NORMAL    RECORD    YEAR
 MAXIMUM TEMPERATURE (F)   82        96      1916
 MINIMUM TEMPERATURE (F)   59        41      1961


SUNRISE AND SUNSET
MAY 27 2015...........SUNRISE   613 AM EDT   SUNSET   830 PM EDT
MAY 28 2015...........SUNRISE   612 AM EDT   SUNSET   830 PM EDT


-  INDICATES NEGATIVE NUMBERS.
R  INDICATES RECORD WAS SET OR TIED.
MM INDICATES DATA IS MISSING.
T  INDICATES TRACE AMOUNT.




$$
