000
CDUS42 KGSP 302033 RRA
CLICLT

CLIMATE REPORT
NATIONAL WEATHER SERVICE GREENVILLE-SPARTANBURG SC
431 PM EDT SUN APR 30 2017


...................................

...THE CHARLOTTE NC CLIMATE SUMMARY FOR APRIL 30 2017...
VALID TODAY AS OF 0430 PM LOCAL TIME.

CLIMATE NORMAL PERIOD 1981 TO 2010
CLIMATE RECORD PERIOD 1878 TO 2017


WEATHER ITEM   OBSERVED TIME   RECORD YEAR NORMAL DEPARTURE LAST
                VALUE   (LST)  VALUE       VALUE  FROM      YEAR
                                                  NORMAL
..................................................................
TEMPERATURE (F)
 TODAY
  MAXIMUM         86    259 PM  91    1962  75     11       79
  MINIMUM         69    436 AM  37    2008  51     18       61
  AVERAGE         78                        63     15       70

PRECIPITATION (IN)
  TODAY            0.00          2.34 1924   0.09  -0.09     0.78
  MONTH TO DATE    5.54                      3.04   2.50     2.03
  SINCE MAR 1      8.25                      7.05   1.20     2.88
  SINCE JAN 1     15.16                     13.78   1.38     9.66

SNOWFALL (IN)
  TODAY            0.0           0.0    MM   0.0    0.0      0.0
  MONTH TO DATE    0.0                       T      0.0      0.0
  SINCE MAR 1      1.1                       0.6    0.5      0.0
  SINCE JUL 1      2.2                       4.3   -2.1      3.3
  SNOW DEPTH       0

DEGREE DAYS
 HEATING
  TODAY            0                         4     -4        0
  MONTH TO DATE   85                       199   -114      152
  SINCE MAR 1    468                       633   -165      383
  SINCE JUL 1   2366                      3332   -966     2525

 COOLING
  TODAY           13                         2     11        5
  MONTH TO DATE  107                        32     75       61
  SINCE MAR 1    125                        37     88       98
  SINCE JAN 1    130                        37     93       98
..................................................................


WIND (MPH)
  HIGHEST WIND SPEED    18   HIGHEST WIND DIRECTION     S (200)
  HIGHEST GUST SPEED    24   HIGHEST GUST DIRECTION     S (180)
  AVERAGE WIND SPEED    10.6


SKY COVER
  POSSIBLE SUNSHINE  MM
  AVERAGE SKY COVER 0.8


WEATHER CONDITIONS
 THE FOLLOWING WEATHER WAS RECORDED TODAY.
  NO SIGNIFICANT WEATHER WAS OBSERVED.


RELATIVE HUMIDITY (PERCENT)
 HIGHEST    90           200 AM
 LOWEST     48           200 PM
 AVERAGE    69

..........................................................


THE CHARLOTTE NC CLIMATE NORMALS FOR TOMORROW
                         NORMAL    RECORD    YEAR
 MAXIMUM TEMPERATURE (F)   76        92      1962
 MINIMUM TEMPERATURE (F)   51        37      1963
                                             1908


SUNRISE AND SUNSET
APRIL 30 2017.........SUNRISE   633 AM EDT   SUNSET   809 PM EDT
MAY  1 2017...........SUNRISE   632 AM EDT   SUNSET   810 PM EDT


-  INDICATES NEGATIVE NUMBERS.
R  INDICATES RECORD WAS SET OR TIED.
MM INDICATES DATA IS MISSING.
T  INDICATES TRACE AMOUNT.




$$
