000
CDUS42 KGSP 300628 RRA
CLICLT

CLIMATE REPORT
NATIONAL WEATHER SERVICE GREENVILLE-SPARTANBURG SC
227 AM EDT SAT APR 30 2016


...................................

...THE CHARLOTTE NC CLIMATE SUMMARY FOR APRIL 29 2016...

CLIMATE NORMAL PERIOD 1981 TO 2010
CLIMATE RECORD PERIOD 1878 TO 2016


WEATHER ITEM   OBSERVED TIME   RECORD YEAR NORMAL DEPARTURE LAST
                VALUE   (LST)  VALUE       VALUE  FROM      YEAR
                                                  NORMAL
..................................................................
TEMPERATURE (F)
 YESTERDAY
  MAXIMUM         86    309 PM  91    1888  75     11       64
  MINIMUM         58    238 AM  33    1973  51      7       45
  AVERAGE         72                        63      9       55

PRECIPITATION (IN)
  YESTERDAY        0.00          2.19 1880   0.09  -0.09      T
  MONTH TO DATE    1.25                      2.95  -1.70     6.14
  SINCE MAR 1      2.10                      6.96  -4.86     8.33
  SINCE JAN 1      8.88                     13.69  -4.81    14.15

SNOWFALL (IN)
  YESTERDAY        0.0           0.0    MM   0.0    0.0      0.0
  MONTH TO DATE    0.0                       0.1   -0.1      0.0
  SINCE MAR 1      0.0                       0.7   -0.7      0.0
  SINCE JUL 1      3.3                       4.4   -1.1      3.1
  SNOW DEPTH       0

DEGREE DAYS
 HEATING
  YESTERDAY        0                         4     -4       10
  MONTH TO DATE  152                       195    -43      130
  SINCE MAR 1    383                       628   -245      466
  SINCE JUL 1   2525                      3327   -802     3237

 COOLING
  YESTERDAY        7                         2      5        0
  MONTH TO DATE   56                        34     22       56
  SINCE MAR 1     93                        39     54       63
  SINCE JAN 1     93                        39     54       63
..................................................................


WIND (MPH)
  HIGHEST WIND SPEED    12   HIGHEST WIND DIRECTION     S (180)
  HIGHEST GUST SPEED    16   HIGHEST GUST DIRECTION    SW (220)
  AVERAGE WIND SPEED     4.8


SKY COVER
  POSSIBLE SUNSHINE  MM
  AVERAGE SKY COVER 0.5


WEATHER CONDITIONS
 THE FOLLOWING WEATHER WAS RECORDED YESTERDAY.
  NO SIGNIFICANT WEATHER WAS OBSERVED.


RELATIVE HUMIDITY (PERCENT)
 HIGHEST    93           500 AM
 LOWEST     30           200 PM
 AVERAGE    62

..........................................................


THE CHARLOTTE NC CLIMATE NORMALS FOR TODAY
                         NORMAL    RECORD    YEAR
 MAXIMUM TEMPERATURE (F)   75        91      1962
 MINIMUM TEMPERATURE (F)   51        37      2008


SUNRISE AND SUNSET
APRIL 30 2016.........SUNRISE   633 AM EDT   SUNSET   809 PM EDT
MAY  1 2016...........SUNRISE   632 AM EDT   SUNSET   810 PM EDT


-  INDICATES NEGATIVE NUMBERS.
R  INDICATES RECORD WAS SET OR TIED.
MM INDICATES DATA IS MISSING.
T  INDICATES TRACE AMOUNT.

$$
