000
CDUS42 KGSP 292037
CLICLT

CLIMATE REPORT
NATIONAL WEATHER SERVICE GREENVILLE-SPARTANBURG SC
433 PM EDT SUN MAR 29 2015


...................................

...THE CHARLOTTE NC CLIMATE SUMMARY FOR MARCH 29 2015...VALID TODAY
AS OF 430 PM LOCAL TIME.

CLIMATE NORMAL PERIOD 1981 TO 2010
CLIMATE RECORD PERIOD 1878 TO 2015


WEATHER ITEM   OBSERVED TIME   RECORD YEAR NORMAL DEPARTURE LAST
                VALUE   (LST)  VALUE       VALUE  FROM      YEAR
                                                  NORMAL
..................................................................
TEMPERATURE (F)
 TODAY
  MAXIMUM         53    259 PM  89    1907  67    -14       68
  MINIMUM         29    613 AM  26    2013  42    -13       50
  AVERAGE         41                        55    -14       59

PRECIPITATION (IN)
  TODAY            0.00          2.20 1991   0.12  -0.12     0.18
  MONTH TO DATE    1.93                      3.76  -1.83     4.48
  SINCE MAR 1      1.93                      3.76  -1.83     4.48
  SINCE JAN 1      7.75                     10.49  -2.74    11.40

SNOWFALL (IN)
  TODAY            0.0           T    1894   0.0    0.0      0.0
  MONTH TO DATE    0.0                       0.6   -0.6       T
  SINCE MAR 1      0.0                       0.6   -0.6       T
  SINCE JUL 1      3.1                       4.3   -1.2      9.3
  SNOW DEPTH       0

DEGREE DAYS
 HEATING
  TODAY           24                        11     13        6
  MONTH TO DATE  318                       414    -96      514
  SINCE MAR 1    318                       414    -96      514
  SINCE JUL 1   3089                      3113    -24     3190

 COOLING
  TODAY            0                         0      0        0
  MONTH TO DATE    7                         0      7        0
  SINCE MAR 1      7                         0      7        0
  SINCE JAN 1      7                         0      7        1
..................................................................


WIND (MPH)
  HIGHEST WIND SPEED    15   HIGHEST WIND DIRECTION     S (190)
  HIGHEST GUST SPEED    18   HIGHEST GUST DIRECTION     S (200)
  AVERAGE WIND SPEED     6.0


SKY COVER
  POSSIBLE SUNSHINE  MM
  AVERAGE SKY COVER 0.1


WEATHER CONDITIONS
 THE FOLLOWING WEATHER WAS RECORDED TODAY.
  NO SIGNIFICANT WEATHER WAS OBSERVED.


RELATIVE HUMIDITY (PERCENT)
 HIGHEST    39           600 AM
 LOWEST     16           100 PM
 AVERAGE    28

..........................................................


THE CHARLOTTE NC CLIMATE NORMALS FOR TOMORROW
                         NORMAL    RECORD    YEAR
 MAXIMUM TEMPERATURE (F)   67        86      1998
                                             1907
 MINIMUM TEMPERATURE (F)   43        24      1964


SUNRISE AND SUNSET
MARCH 29 2015.........SUNRISE   715 AM EDT   SUNSET   743 PM EDT
MARCH 30 2015.........SUNRISE   714 AM EDT   SUNSET   743 PM EDT


-  INDICATES NEGATIVE NUMBERS.
R  INDICATES RECORD WAS SET OR TIED.
MM INDICATES DATA IS MISSING.
T  INDICATES TRACE AMOUNT.




$$
