000
CDUS42 KGSP 230635
CLICLT

CLIMATE REPORT
NATIONAL WEATHER SERVICE GREENVILLE-SPARTANBURG SC
233 AM EDT MON OCT 23 2017


...................................

...THE CHARLOTTE NC CLIMATE SUMMARY FOR OCTOBER 22 2017...

CLIMATE NORMAL PERIOD 1981 TO 2010
CLIMATE RECORD PERIOD 1878 TO 2017


WEATHER ITEM   OBSERVED TIME   RECORD YEAR NORMAL DEPARTURE LAST
                VALUE   (LST)  VALUE       VALUE  FROM      YEAR
                                                  NORMAL
..................................................................
TEMPERATURE (F)
 YESTERDAY
  MAXIMUM         79    414 PM  85    1939  70      9       64
  MINIMUM         48    637 AM  29    1952  47      1       41
  AVERAGE         64                        58      6       53

PRECIPITATION (IN)
  YESTERDAY        0.00          4.52 1893   0.10  -0.10     0.00
  MONTH TO DATE    1.92                      2.51  -0.59     2.78
  SINCE SEP 1      4.64                      5.75  -1.11     8.22
  SINCE JAN 1     39.60                     34.35   5.25    29.76

SNOWFALL (IN)
  YESTERDAY        0.0           0.0    MM   0.0    0.0      0.0
  MONTH TO DATE    0.0                       0.0    0.0      0.0
  SINCE SEP 1      0.0                       0.0    0.0      0.0
  SINCE JUL 1      0.0                       0.0    0.0      0.0
  SNOW DEPTH       0

DEGREE DAYS
 HEATING
  YESTERDAY        1                         7     -6       12
  MONTH TO DATE   40                       106    -66       41
  SINCE SEP 1     49                       129    -80       41
  SINCE JUL 1     49                       129    -80       41

 COOLING
  YESTERDAY        0                         1     -1        0
  MONTH TO DATE  100                        35     65       52
  SINCE SEP 1    338                       233    105      415
  SINCE JAN 1   1899                      1510    389     2182
..................................................................


WIND (MPH)
  HIGHEST WIND SPEED    14   HIGHEST WIND DIRECTION    SE (140)
  HIGHEST GUST SPEED    17   HIGHEST GUST DIRECTION    SE (150)
  AVERAGE WIND SPEED     5.7


SKY COVER
  POSSIBLE SUNSHINE  MM
  AVERAGE SKY COVER 0.6


WEATHER CONDITIONS
 THE FOLLOWING WEATHER WAS RECORDED YESTERDAY.
  FOG


RELATIVE HUMIDITY (PERCENT)
 HIGHEST   100           200 AM
 LOWEST     48           200 PM
 AVERAGE    74

..........................................................


THE CHARLOTTE NC CLIMATE NORMALS FOR TODAY
                         NORMAL    RECORD    YEAR
 MAXIMUM TEMPERATURE (F)   70        88      1941
 MINIMUM TEMPERATURE (F)   46        31      1998


SUNRISE AND SUNSET
OCTOBER 23 2017.......SUNRISE   737 AM EDT   SUNSET   639 PM EDT
OCTOBER 24 2017.......SUNRISE   738 AM EDT   SUNSET   637 PM EDT


-  INDICATES NEGATIVE NUMBERS.
R  INDICATES RECORD WAS SET OR TIED.
MM INDICATES DATA IS MISSING.
T  INDICATES TRACE AMOUNT.

$$
