000
CDUS42 KGSP 300629
CLICLT

CLIMATE REPORT
NATIONAL WEATHER SERVICE GREENVILLE-SPARTANBURG SC
227 AM EDT TUE JUN 30 2015


...................................

...THE CHARLOTTE NC CLIMATE SUMMARY FOR JUNE 29 2015...

CLIMATE NORMAL PERIOD 1981 TO 2010
CLIMATE RECORD PERIOD 1878 TO 2015


WEATHER ITEM   OBSERVED TIME   RECORD YEAR NORMAL DEPARTURE LAST
                VALUE   (LST)  VALUE       VALUE  FROM      YEAR
                                                  NORMAL
..................................................................
TEMPERATURE (F)
 YESTERDAY
  MAXIMUM         87    449 PM 104    2012  88     -1       84
  MINIMUM         59    402 AM  54    1974  67     -8       70
  AVERAGE         73                        78     -5       77

PRECIPITATION (IN)
  YESTERDAY        0.00          2.39 1889   0.11  -0.11     0.00
  MONTH TO DATE    2.90                      3.63  -0.73     2.85
  SINCE JUN 1      2.90                      3.63  -0.73     2.85
  SINCE JAN 1     17.37                     20.59  -3.22    25.64

SNOWFALL (IN)
  YESTERDAY        0.0           0.0    MM   0.0    0.0      0.0
  MONTH TO DATE    0.0                       0.0    0.0      0.0
  SINCE JUN 1      0.0                       0.0    0.0      0.0
  SINCE JUL 1      3.1                       4.3   -1.2      9.3
  SNOW DEPTH       0

DEGREE DAYS
 HEATING
  YESTERDAY        0                         0      0        0
  MONTH TO DATE    0                         0      0        0
  SINCE JUN 1      0                         0      0        0
  SINCE JUL 1   3254                      3385   -131     3397

 COOLING
  YESTERDAY        8                        13     -5       12
  MONTH TO DATE  441                       298    143      361
  SINCE JUN 1    441                       298    143      361
  SINCE JAN 1    734                       461    273      589
..................................................................


WIND (MPH)
  HIGHEST WIND SPEED    13   HIGHEST WIND DIRECTION    NE (60)
  HIGHEST GUST SPEED    21   HIGHEST GUST DIRECTION     E (80)
  AVERAGE WIND SPEED     4.7


SKY COVER
  POSSIBLE SUNSHINE  MM
  AVERAGE SKY COVER 0.3


WEATHER CONDITIONS
 THE FOLLOWING WEATHER WAS RECORDED YESTERDAY.
  NO SIGNIFICANT WEATHER WAS OBSERVED.


RELATIVE HUMIDITY (PERCENT)
 HIGHEST    84           300 AM
 LOWEST     30           200 PM
 AVERAGE    57

..........................................................


THE CHARLOTTE NC CLIMATE NORMALS FOR TODAY
                         NORMAL    RECORD    YEAR
 MAXIMUM TEMPERATURE (F)   89       104      2012
 MINIMUM TEMPERATURE (F)   67        54      1962


SUNRISE AND SUNSET
JUNE 30 2015..........SUNRISE   612 AM EDT   SUNSET   842 PM EDT
JULY  1 2015..........SUNRISE   613 AM EDT   SUNSET   842 PM EDT


-  INDICATES NEGATIVE NUMBERS.
R  INDICATES RECORD WAS SET OR TIED.
MM INDICATES DATA IS MISSING.
T  INDICATES TRACE AMOUNT.

$$
07
