000
CDUS42 KGSP 040635
CLICLT

CLIMATE REPORT
NATIONAL WEATHER SERVICE GREENVILLE-SPARTANBURG SC
134 AM EST WED MAR 4 2015


...................................

...THE CHARLOTTE NC CLIMATE SUMMARY FOR MARCH 3 2015...

CLIMATE NORMAL PERIOD 1981 TO 2010
CLIMATE RECORD PERIOD 1878 TO 2015


WEATHER ITEM   OBSERVED TIME   RECORD YEAR NORMAL DEPARTURE LAST
                VALUE   (LST)  VALUE       VALUE  FROM      YEAR
                                                  NORMAL
..................................................................
TEMPERATURE (F)
 YESTERDAY
  MAXIMUM         51   1237 AM  84    1976  59     -8       62
  MINIMUM         40    234 PM   4    1980  36      4       27
  AVERAGE         46                        48     -2       45

PRECIPITATION (IN)
  YESTERDAY        0.06          3.04 1952   0.12  -0.06     0.15
  MONTH TO DATE    0.22                      0.39  -0.17     0.15
  SINCE MAR 1      0.22                      0.39  -0.17     0.15
  SINCE JAN 1      6.04                      7.12  -1.08     7.07

SNOWFALL (IN)
  YESTERDAY        0.0           1.5  1960   0.0    0.0       T
  MONTH TO DATE    0.0                       0.1   -0.1       T
  SINCE MAR 1      0.0                       0.1   -0.1       T
  SINCE JUL 1      3.1                       3.8   -0.7      9.3
  SNOW DEPTH       0

DEGREE DAYS
 HEATING
  YESTERDAY       19                        17      2       20
  MONTH TO DATE   58                        53      5       53
  SINCE MAR 1     58                        53      5       53
  SINCE JUL 1   2829                      2752     77     2729

 COOLING
  YESTERDAY        0                         0      0        0
  MONTH TO DATE    0                         0      0        0
  SINCE MAR 1      0                         0      0        0
  SINCE JAN 1      0                         0      0        1
..................................................................


WIND (MPH)
  HIGHEST WIND SPEED    15   HIGHEST WIND DIRECTION    NE (60)
  HIGHEST GUST SPEED    18   HIGHEST GUST DIRECTION     E (100)
  AVERAGE WIND SPEED     5.5


SKY COVER
  POSSIBLE SUNSHINE  MM
  AVERAGE SKY COVER 1.0


WEATHER CONDITIONS
 THE FOLLOWING WEATHER WAS RECORDED YESTERDAY.
  LIGHT RAIN
  FOG
  HAZE


RELATIVE HUMIDITY (PERCENT)
 HIGHEST    93          1000 PM
 LOWEST     29           100 AM
 AVERAGE    61

..........................................................


THE CHARLOTTE NC CLIMATE NORMALS FOR TODAY
                         NORMAL    RECORD    YEAR
 MAXIMUM TEMPERATURE (F)   59        82      1976
 MINIMUM TEMPERATURE (F)   36        15      1943


SUNRISE AND SUNSET
MARCH  4 2015.........SUNRISE   650 AM EST   SUNSET   622 PM EST
MARCH  5 2015.........SUNRISE   648 AM EST   SUNSET   623 PM EST


-  INDICATES NEGATIVE NUMBERS.
R  INDICATES RECORD WAS SET OR TIED.
MM INDICATES DATA IS MISSING.
T  INDICATES TRACE AMOUNT.

$$
07
