000
CDUS46 KLOX 240120
CLICMA


CLIMATE REPORT
NATIONAL WEATHER SERVICE LOS ANGELES/OXNARD CA
520 PM PST THU FEB 23 2017


...................................

...THE CAMARILLO CLIMATE SUMMARY FOR FEBRUARY 23 2017...
VALID TODAY AS OF 0500 PM LOCAL TIME.

CLIMATE NORMAL PERIOD 1981 TO 2010
CLIMATE RECORD PERIOD 1948 TO 2017


WEATHER ITEM   OBSERVED TIME   RECORD YEAR NORMAL DEPARTURE LAST
                VALUE   (LST)  VALUE       VALUE  FROM      YEAR
                                                  NORMAL
..................................................................
TEMPERATURE (F)
 TODAY
  MAXIMUM         60    339 PM  89    1954  65     -5       84
  MINIMUM         40    630 AM  31    1960  43     -3       48
  AVERAGE         50                        54     -4       66

PRECIPITATION (IN)
  TODAY            0.00          2.03 1998   0.15  -0.15     0.00
  MONTH TO DATE    5.92                      3.03   2.89     0.31
  SINCE OCT 1     18.83                     10.50   8.33     3.50
  SINCE JAN 1     14.17                      6.50   7.67     2.94

SNOWFALL (IN)
  TODAY            0.0
  MONTH TO DATE    0.0
  SINCE DEC 1      0.0
  SINCE JUL 1      0.0

DEGREE DAYS
 HEATING
  TODAY           15                        11      4        0
  MONTH TO DATE  165                       263    -98      105
  SINCE DEC 1    751                       950   -199      653
  SINCE JUL 1    914                      1282   -368      798

 COOLING
  TODAY            0                         0      0        1
  MONTH TO DATE    0                         0      0       54
  SINCE DEC 1      6                         9     -3       58
  SINCE JAN 1      1                         7     -6       54
..................................................................


WIND (MPH)
  HIGHEST WIND SPEED    21   HIGHEST WIND DIRECTION     W (270)
  HIGHEST GUST SPEED    26   HIGHEST GUST DIRECTION    NW (310)
  AVERAGE WIND SPEED     5.8


SKY COVER
  POSSIBLE SUNSHINE  MM
  AVERAGE SKY COVER 0.0


WEATHER CONDITIONS
 THE FOLLOWING WEATHER WAS RECORDED TODAY.
  NO SIGNIFICANT WEATHER WAS OBSERVED.


RELATIVE HUMIDITY (PERCENT)
 HIGHEST    85           500 AM
 LOWEST     36           200 PM
 AVERAGE    61

..........................................................


THE CAMARILLO CLIMATE NORMALS FOR TOMORROW
                         NORMAL    RECORD    YEAR
 MAXIMUM TEMPERATURE (F)   65        84      2016
 MINIMUM TEMPERATURE (F)   43        34      1964


SUNRISE AND SUNSET
FEBRUARY 23 2017......SUNRISE   632 AM PST   SUNSET   548 PM PST
FEBRUARY 24 2017......SUNRISE   631 AM PST   SUNSET   549 PM PST


-  INDICATES NEGATIVE NUMBERS.
R  INDICATES RECORD WAS SET OR TIED.
MM INDICATES DATA IS MISSING.
T  INDICATES TRACE AMOUNT.




$$
