000
CDUS46 KLOX 300113
CLICMA


CLIMATE REPORT
NATIONAL WEATHER SERVICE LOS ANGELES/OXNARD CA
613 PM PDT FRI MAY 29 2015


...................................

...THE CAMARILLO CLIMATE SUMMARY FOR MAY 29 2015...
VALID TODAY AS OF 0600 PM LOCAL TIME.

CLIMATE NORMAL PERIOD 1981 TO 2010
CLIMATE RECORD PERIOD 1948 TO 2015


WEATHER ITEM   OBSERVED TIME   RECORD YEAR NORMAL DEPARTURE LAST
                VALUE   (LST)  VALUE       VALUE  FROM      YEAR
                                                  NORMAL
..................................................................
TEMPERATURE (F)
 TODAY
  MAXIMUM         72    317 PM  90    2010  71      1       74
  MINIMUM         58    312 AM  43    1964  54      4       58
  AVERAGE         65                        63      2       66

PRECIPITATION (IN)
  TODAY            0.00          T    1966   0.00   0.00     0.00
  MONTH TO DATE    0.22                      0.31  -0.09     0.01
  SINCE OCT 1      8.35                     14.93  -6.58     4.97
  SINCE JAN 1      3.44                     10.93  -7.49     4.19

SNOWFALL (IN)
  TODAY            0.0
  MONTH TO DATE    0.0
  SINCE MAR 1      0.0
  SINCE JUL 1      0.0

DEGREE DAYS
 HEATING
  TODAY            0                         3     -3        0
  MONTH TO DATE  106                       118    -12       53
  SINCE MAR 1    314                       602   -288      349
  SINCE JUL 1    971                      1938   -967     1302

 COOLING
  TODAY            0                         0      0        1
  MONTH TO DATE    1                         0      1       86
  SINCE MAR 1     70                        11     59      120
  SINCE JAN 1    109                        20     89      148
..................................................................


WIND (MPH)
  HIGHEST WIND SPEED    14   HIGHEST WIND DIRECTION    SW (220)
  HIGHEST GUST SPEED    19   HIGHEST GUST DIRECTION    SW (220)
  AVERAGE WIND SPEED     5.0


SKY COVER
  POSSIBLE SUNSHINE  MM
  AVERAGE SKY COVER 0.6


WEATHER CONDITIONS
 THE FOLLOWING WEATHER WAS RECORDED TODAY.
  FOG
  HAZE


RELATIVE HUMIDITY (PERCENT)
 HIGHEST    86           100 AM
 LOWEST     57           100 PM
 AVERAGE    72

..........................................................


THE CAMARILLO CLIMATE NORMALS FOR TOMORROW
                         NORMAL    RECORD    YEAR
 MAXIMUM TEMPERATURE (F)   71        86      1978
 MINIMUM TEMPERATURE (F)   54        44      2011


SUNRISE AND SUNSET
MAY 29 2015...........SUNRISE   547 AM PDT   SUNSET   801 PM PDT
MAY 30 2015...........SUNRISE   546 AM PDT   SUNSET   802 PM PDT


-  INDICATES NEGATIVE NUMBERS.
R  INDICATES RECORD WAS SET OR TIED.
MM INDICATES DATA IS MISSING.
T  INDICATES TRACE AMOUNT.




$$
