000
CDUS46 KLOX 090904
CLICMA


CLIMATE REPORT
NATIONAL WEATHER SERVICE LOS ANGELES/OXNARD CA
103 AM PST FRI DEC 9 2016


...................................

...THE CAMARILLO AIRPORT CA CLIMATE SUMMARY FOR DECEMBER 8 2016...

CLIMATE NORMAL PERIOD 1981 TO 2010
CLIMATE RECORD PERIOD 1948 TO 2016


WEATHER ITEM   OBSERVED TIME   RECORD YEAR NORMAL DEPARTURE LAST
                VALUE   (LST)  VALUE       VALUE  FROM      YEAR
                                                  NORMAL
..................................................................
TEMPERATURE (F)
 YESTERDAY
  MAXIMUM         65    225 PM  86    2015  66     -1       86
  MINIMUM         44    242 AM  29    1960  42      2       52
  AVERAGE         55                        54      1       69

PRECIPITATION (IN)
  YESTERDAY        0.00          2.05 1949   0.04  -0.04     0.00
  MONTH TO DATE    0.00                      0.31  -0.31     0.00
  SINCE OCT 1      1.48                      2.25  -0.77     0.23
  SINCE JAN 1      6.90                     13.47  -6.57     4.64

SNOWFALL (IN)
  YESTERDAY        0.0
  MONTH TO DATE    0.0
  SINCE DEC 1      0.0
  SINCE JUL 1      0.0

DEGREE DAYS
 HEATING
  YESTERDAY       10                        11     -1        0
  MONTH TO DATE   79                        85     -6       20
  SINCE DEC 1     79                        85     -6       20
  SINCE JUL 1    242                       417   -175      165

 COOLING
  YESTERDAY        0                         0      0        4
  MONTH TO DATE    0                         0      0        4
  SINCE DEC 1      0                         0      0        4
  SINCE JAN 1    729                       330    399     1199
..................................................................


WIND (MPH)
  HIGHEST WIND SPEED    14   HIGHEST WIND DIRECTION     W (270)
  HIGHEST GUST SPEED    16   HIGHEST GUST DIRECTION     W (270)
  AVERAGE WIND SPEED     3.8


SKY COVER
  POSSIBLE SUNSHINE  MM
  AVERAGE SKY COVER 0.6


WEATHER CONDITIONS
 THE FOLLOWING WEATHER WAS RECORDED YESTERDAY.
  FOG


RELATIVE HUMIDITY (PERCENT)
 HIGHEST    89          1200 AM
 LOWEST     43          1100 AM
 AVERAGE    66

..........................................................


THE CAMARILLO AIRPORT CA CLIMATE NORMALS FOR TODAY
                         NORMAL    RECORD    YEAR
 MAXIMUM TEMPERATURE (F)   66        86      1975
 MINIMUM TEMPERATURE (F)   42        30      1972


SUNRISE AND SUNSET
DECEMBER  9 2016......SUNRISE   651 AM PST   SUNSET   447 PM PST
DECEMBER 10 2016......SUNRISE   652 AM PST   SUNSET   447 PM PST


-  INDICATES NEGATIVE NUMBERS.
R  INDICATES RECORD WAS SET OR TIED.
MM INDICATES DATA IS MISSING.
T  INDICATES TRACE AMOUNT.




$$
