000
CDUS46 KLOX 180903
CLICMA


CLIMATE REPORT
NATIONAL WEATHER SERVICE LOS ANGELES/OXNARD CA
203 AM PDT FRI AUG 18 2017


...................................

...THE CAMARILLO AIRPORT CA CLIMATE SUMMARY FOR AUGUST 17 2017...

CLIMATE NORMAL PERIOD 1981 TO 2010
CLIMATE RECORD PERIOD 1923 TO 2017


WEATHER ITEM   OBSERVED TIME   RECORD YEAR NORMAL DEPARTURE LAST
                VALUE   (LST)  VALUE       VALUE  FROM      YEAR
                                                  NORMAL
..................................................................
TEMPERATURE (F)
 YESTERDAY
  MAXIMUM         77    127 PM  86    1983  77      0       78
  MINIMUM         59    539 AM  44    1924  59      0       58
  AVERAGE         68                        68      0       68

PRECIPITATION (IN)
  YESTERDAY        0.00          0.14 1977   0.00   0.00     0.00
  MONTH TO DATE    0.00                      0.02  -0.02     0.00
  SINCE OCT 1     19.44                     15.02   4.42     5.98
  SINCE JAN 1     14.78                     11.02   3.76     5.42

SNOWFALL (IN)
  YESTERDAY        0.0
  MONTH TO DATE    0.0
  SINCE JUN 1      0.0
  SINCE JUL 1      0.0

DEGREE DAYS
 HEATING
  YESTERDAY        0                         0      0        0
  MONTH TO DATE    0                         0      0        0
  SINCE JUN 1     20                        53    -33       17
  SINCE JUL 1      1                        10     -9        0

 COOLING
  YESTERDAY        3                         3      0        3
  MONTH TO DATE  115                        51     64       90
  SINCE JUN 1    356                       145    211      336
  SINCE JAN 1    397                       176    221      407
..................................................................


WIND (MPH)
  HIGHEST WIND SPEED    13   HIGHEST WIND DIRECTION     W (260)
  HIGHEST GUST SPEED    18   HIGHEST GUST DIRECTION    SW (230)
  AVERAGE WIND SPEED     4.4


SKY COVER
  POSSIBLE SUNSHINE  MM
  AVERAGE SKY COVER 0.0


WEATHER CONDITIONS
 THE FOLLOWING WEATHER WAS RECORDED YESTERDAY.
  NO SIGNIFICANT WEATHER WAS OBSERVED.


RELATIVE HUMIDITY (PERCENT)
 HIGHEST    87           900 PM
 LOWEST     58           200 PM
 AVERAGE    73

..........................................................


THE CAMARILLO AIRPORT CA CLIMATE NORMALS FOR TODAY
                         NORMAL    RECORD    YEAR
 MAXIMUM TEMPERATURE (F)   77        85      2007
                                             1986
 MINIMUM TEMPERATURE (F)   59        47      1925


SUNRISE AND SUNSET
AUGUST 18 2017........SUNRISE   620 AM PDT   SUNSET   740 PM PDT
AUGUST 19 2017........SUNRISE   621 AM PDT   SUNSET   738 PM PDT


-  INDICATES NEGATIVE NUMBERS.
R  INDICATES RECORD WAS SET OR TIED.
MM INDICATES DATA IS MISSING.
T  INDICATES TRACE AMOUNT.




$$
