000
CDUS46 KLOX 180900
CLICMA


CLIMATE REPORT
NATIONAL WEATHER SERVICE LOS ANGELES/OXNARD CA
200 AM PDT WED OCT 18 2017


...................................

...THE CAMARILLO AIRPORT CA CLIMATE SUMMARY FOR OCTOBER 17 2017...

CLIMATE NORMAL PERIOD 1981 TO 2010
CLIMATE RECORD PERIOD 1923 TO 2017


WEATHER ITEM   OBSERVED TIME   RECORD YEAR NORMAL DEPARTURE LAST
                VALUE   (LST)  VALUE       VALUE  FROM      YEAR
                                                  NORMAL
..................................................................
TEMPERATURE (F)
 YESTERDAY
  MAXIMUM         87   1022 AM 100    1933  73     14       74
  MINIMUM         58    511 AM  38    1965  53      5       58
                                      1924
  AVERAGE         73                        63     10       66

PRECIPITATION (IN)
  YESTERDAY        0.00          1.10 1936   0.02  -0.02     0.09
  MONTH TO DATE    0.00                      0.24  -0.24     0.19
  SINCE OCT 1      0.00                      0.24  -0.24     0.19
  SINCE JAN 1     14.80                     11.46   3.34     5.61

SNOWFALL (IN)
  YESTERDAY        0.0
  MONTH TO DATE    0.0
  SINCE SEP 1      0.0
  SINCE JUL 1      0.0

DEGREE DAYS
 HEATING
  YESTERDAY        0                         3     -3        0
  MONTH TO DATE   10                        40    -30       18
  SINCE SEP 1     14                        57    -43       22
  SINCE JUL 1     15                        72    -57       22

 COOLING
  YESTERDAY        8                         1      7        1
  MONTH TO DATE   57                        17     40       28
  SINCE SEP 1    250                        88    162      177
  SINCE JAN 1    746                       300    446      642
..................................................................


WIND (MPH)
  HIGHEST WIND SPEED    18   HIGHEST WIND DIRECTION     W (260)
  HIGHEST GUST SPEED    21   HIGHEST GUST DIRECTION     W (260)
  AVERAGE WIND SPEED     3.6


SKY COVER
  POSSIBLE SUNSHINE  MM
  AVERAGE SKY COVER 0.0


WEATHER CONDITIONS
 THE FOLLOWING WEATHER WAS RECORDED YESTERDAY.
  NO SIGNIFICANT WEATHER WAS OBSERVED.


RELATIVE HUMIDITY (PERCENT)
 HIGHEST    68           900 PM
 LOWEST     15           900 AM
 AVERAGE    42

..........................................................


THE CAMARILLO AIRPORT CA CLIMATE NORMALS FOR TODAY
                         NORMAL    RECORD    YEAR
 MAXIMUM TEMPERATURE (F)   73        91      1942
                                             1935
 MINIMUM TEMPERATURE (F)   53        37      1938


SUNRISE AND SUNSET
OCTOBER 18 2017.......SUNRISE   704 AM PDT   SUNSET   618 PM PDT
OCTOBER 19 2017.......SUNRISE   705 AM PDT   SUNSET   617 PM PDT


-  INDICATES NEGATIVE NUMBERS.
R  INDICATES RECORD WAS SET OR TIED.
MM INDICATES DATA IS MISSING.
T  INDICATES TRACE AMOUNT.




$$
