000
CDUS46 KLOX 250116
CLICMA


CLIMATE REPORT
NATIONAL WEATHER SERVICE LOS ANGELES/OXNARD CA
616 PM PDT WED AUG 24 2016


...................................

...THE CAMARILLO CLIMATE SUMMARY FOR AUGUST 24 2016...
VALID TODAY AS OF 0600 PM LOCAL TIME.

CLIMATE NORMAL PERIOD 1981 TO 2010
CLIMATE RECORD PERIOD 1948 TO 2016


WEATHER ITEM   OBSERVED TIME   RECORD YEAR NORMAL DEPARTURE LAST
                VALUE   (LST)  VALUE       VALUE  FROM      YEAR
                                                  NORMAL
..................................................................
TEMPERATURE (F)
 TODAY
  MAXIMUM         78    122 PM  86    2010  77      1       82
                                      1968
  MINIMUM         60    550 AM  50    1972  59      1       61
  AVERAGE         69                        68      1       72

PRECIPITATION (IN)
  TODAY            0.00          T    1954   0.00   0.00     0.00
  MONTH TO DATE    0.00                      0.03  -0.03     0.00
  SINCE OCT 1      5.98                     15.03  -9.05     8.96
  SINCE JAN 1      5.42                     11.03  -5.61     4.05

SNOWFALL (IN)
  TODAY            0.0
  MONTH TO DATE    0.0
  SINCE JUN 1      0.0
  SINCE JUL 1      0.0

DEGREE DAYS
 HEATING
  TODAY            0                         0      0        0
  MONTH TO DATE    0                         0      0        0
  SINCE JUN 1     17                        53    -36        4
  SINCE JUL 1      0                        10    -10        0

 COOLING
  TODAY            4                         3      1        7
  MONTH TO DATE  117                        72     45      174
  SINCE JUN 1    363                       166    197      413
  SINCE JAN 1    434                       197    237      522
..................................................................


WIND (MPH)
  HIGHEST WIND SPEED    13   HIGHEST WIND DIRECTION     W (260)
  HIGHEST GUST SPEED    17   HIGHEST GUST DIRECTION     W (260)
  AVERAGE WIND SPEED     4.8


SKY COVER
  POSSIBLE SUNSHINE  MM
  AVERAGE SKY COVER 0.0


WEATHER CONDITIONS
 THE FOLLOWING WEATHER WAS RECORDED TODAY.
  NO SIGNIFICANT WEATHER WAS OBSERVED.


RELATIVE HUMIDITY (PERCENT)
 HIGHEST    90           300 AM
 LOWEST     50           100 PM
 AVERAGE    70

..........................................................


THE CAMARILLO CLIMATE NORMALS FOR TOMORROW
                         NORMAL    RECORD    YEAR
 MAXIMUM TEMPERATURE (F)   77        84      2015
                                             2011
 MINIMUM TEMPERATURE (F)   59        48      1949


SUNRISE AND SUNSET
AUGUST 24 2016........SUNRISE   625 AM PDT   SUNSET   732 PM PDT
AUGUST 25 2016........SUNRISE   625 AM PDT   SUNSET   731 PM PDT


-  INDICATES NEGATIVE NUMBERS.
R  INDICATES RECORD WAS SET OR TIED.
MM INDICATES DATA IS MISSING.
T  INDICATES TRACE AMOUNT.




$$
