000
CDUS46 KLOX 220114
CLICMA


CLIMATE REPORT
NATIONAL WEATHER SERVICE LOS ANGELES/OXNARD CA
614 PM PDT SUN SEP 21 2014


...................................

...THE CAMARILLO CLIMATE SUMMARY FOR SEPTEMBER 21 2014...
VALID TODAY AS OF 0600 PM LOCAL TIME.

CLIMATE NORMAL PERIOD 1981 TO 2010
CLIMATE RECORD PERIOD 1948 TO 2014


WEATHER ITEM   OBSERVED TIME   RECORD YEAR NORMAL DEPARTURE LAST
                VALUE   (LST)  VALUE       VALUE  FROM      YEAR
                                                  NORMAL
..................................................................
TEMPERATURE (F)
 TODAY
  MAXIMUM         81    104 PM  90    2004  76      5       76
  MINIMUM         66    618 AM  46    1968  56     10       59
  AVERAGE         74                        66      8       68

PRECIPITATION (IN)
  TODAY            0.00          0.14 2007   0.01  -0.01     0.00
  MONTH TO DATE    T                         0.10  -0.10     0.00
  SINCE JUL 1      0.03                      0.16  -0.13     0.04
  SINCE JAN 1      4.22                     11.14  -6.92     2.19

SNOWFALL (IN)
  TODAY            0.0
  MONTH TO DATE    0.0
  SINCE SEP 1      0.0
  SINCE JUL 1      0.0

DEGREE DAYS
 HEATING
  TODAY            0                         1     -1        0
  MONTH TO DATE    0                         3     -3        0
  SINCE SEP 1      0                         3     -3        0
  SINCE JUL 1      0                        18    -18        3

 COOLING
  TODAY            9                         2      7        3
  MONTH TO DATE  201                        55    146       99
  SINCE SEP 1    201                        55    146       99
  SINCE JAN 1    838                       267    571      568
..................................................................


WIND (MPH)
  HIGHEST WIND SPEED    14   HIGHEST WIND DIRECTION    SW (240)
  HIGHEST GUST SPEED    18   HIGHEST GUST DIRECTION     W (260)
  AVERAGE WIND SPEED     5.2


SKY COVER
  POSSIBLE SUNSHINE  MM
  AVERAGE SKY COVER 0.7


WEATHER CONDITIONS
 THE FOLLOWING WEATHER WAS RECORDED TODAY.
  HAZE


RELATIVE HUMIDITY (PERCENT)
 HIGHEST    81           300 AM
 LOWEST     51           300 PM
 AVERAGE    66

..........................................................


THE CAMARILLO CLIMATE NORMALS FOR TOMORROW
                         NORMAL    RECORD    YEAR
 MAXIMUM TEMPERATURE (F)   76        97      1978
 MINIMUM TEMPERATURE (F)   56        45      1968


SUNRISE AND SUNSET
SEPTEMBER 21 2014.....SUNRISE   644 AM PDT   SUNSET   654 PM PDT
SEPTEMBER 22 2014.....SUNRISE   644 AM PDT   SUNSET   653 PM PDT


-  INDICATES NEGATIVE NUMBERS.
R  INDICATES RECORD WAS SET OR TIED.
MM INDICATES DATA IS MISSING.
T  INDICATES TRACE AMOUNT.




$$
