852
CDUS46 KLOX 200116
CLICMA


CLIMATE REPORT
NATIONAL WEATHER SERVICE LOS ANGELES/OXNARD CA
516 PM PST MON FEB 19 2018


...................................

...THE CAMARILLO CLIMATE SUMMARY FOR FEBRUARY 19 2018...
VALID TODAY AS OF 0500 PM LOCAL TIME.

CLIMATE NORMAL PERIOD 1981 TO 2010
CLIMATE RECORD PERIOD 1923 TO 2018


WEATHER ITEM   OBSERVED TIME   RECORD YEAR NORMAL DEPARTURE LAST
                VALUE   (LST)  VALUE       VALUE  FROM      YEAR
                                                  NORMAL
..................................................................
TEMPERATURE (F)
 TODAY
  MAXIMUM         60    234 PM  88    1995  65     -5       63
  MINIMUM         44    623 AM  33    1956  42      2       47
  AVERAGE         52                        54     -2       55

PRECIPITATION (IN)
  TODAY            0.00          2.22 1944   0.16  -0.16     0.20
  MONTH TO DATE    0.12                      2.41  -2.29     5.68
  SINCE OCT 1      1.21                      9.88  -8.67    18.59
  SINCE JAN 1      1.14                      5.88  -4.74    13.93

SNOWFALL (IN)
  TODAY            0.0
  MONTH TO DATE    0.0
  SINCE DEC 1      0.0
  SINCE JUL 1      0.0

DEGREE DAYS
 HEATING
  TODAY           13                        11      2       10
  MONTH TO DATE  108                       219   -111      127
  SINCE DEC 1    447                       906   -459      713
  SINCE JUL 1    534                      1238   -704      876

 COOLING
  TODAY            0                         0      0        0
  MONTH TO DATE    3                         0      3        0
  SINCE DEC 1     69                         9     60        6
  SINCE JAN 1     42                         7     35        1
..................................................................


WIND (MPH)
  HIGHEST WIND SPEED    33   HIGHEST WIND DIRECTION     W (270)
  HIGHEST GUST SPEED    39   HIGHEST GUST DIRECTION     W (270)
  AVERAGE WIND SPEED    14.1


SKY COVER
  POSSIBLE SUNSHINE  MM
  AVERAGE SKY COVER 0.1


WEATHER CONDITIONS
 THE FOLLOWING WEATHER WAS RECORDED TODAY.
  NO SIGNIFICANT WEATHER WAS OBSERVED.


RELATIVE HUMIDITY (PERCENT)
 HIGHEST    76           300 AM
 LOWEST     13           400 PM
 AVERAGE    45

..........................................................


THE CAMARILLO CLIMATE NORMALS FOR TOMORROW
                         NORMAL    RECORD    YEAR
 MAXIMUM TEMPERATURE (F)   65        90      1995
 MINIMUM TEMPERATURE (F)   42        30      1955


SUNRISE AND SUNSET
FEBRUARY 19 2018......SUNRISE   637 AM PST   SUNSET   544 PM PST
FEBRUARY 20 2018......SUNRISE   636 AM PST   SUNSET   545 PM PST


-  INDICATES NEGATIVE NUMBERS.
R  INDICATES RECORD WAS SET OR TIED.
MM INDICATES DATA IS MISSING.
T  INDICATES TRACE AMOUNT.




$$
